[INFO] cloning repository https://github.com/Maillein/rust_coder
[INFO] running `Command { std: "git" "-c" "credential.helper=" "-c" "credential.helper=/workspace/cargo-home/bin/git-credential-null" "clone" "--bare" "https://github.com/Maillein/rust_coder" "/workspace/cache/git-repos/https%3A%2F%2Fgithub.com%2FMaillein%2Frust_coder", kill_on_drop: false }`
[INFO] [stderr] Cloning into bare repository '/workspace/cache/git-repos/https%3A%2F%2Fgithub.com%2FMaillein%2Frust_coder'...
[INFO] running `Command { std: "git" "rev-parse" "HEAD", kill_on_drop: false }`
[INFO] [stdout] 7bf58c49c2a6d618aaa65ebfef4cde39bc19bdca
[INFO] testing Maillein/rust_coder against 1.100.0-beta.1+cargoflags=--release for beta-release-1.100-3
[INFO] running `Command { std: "git" "clone" "/workspace/cache/git-repos/https%3A%2F%2Fgithub.com%2FMaillein%2Frust_coder" "/workspace/builds/worker-1-tc2/source", kill_on_drop: false }`
[INFO] [stderr] Cloning into '/workspace/builds/worker-1-tc2/source'...
[INFO] [stderr] done.
[INFO] removed /workspace/builds/worker-1-tc2/source/rust-toolchain
[INFO] started tweaking git repo https://github.com/Maillein/rust_coder
[INFO] finished tweaking git repo https://github.com/Maillein/rust_coder
[INFO] tweaked toml for git repo https://github.com/Maillein/rust_coder written to /workspace/builds/worker-1-tc2/source/Cargo.toml
[INFO] validating manifest of git repo https://github.com/Maillein/rust_coder on toolchain 1.100.0-beta.1
[INFO] running `Command { std: CARGO_HOME="/workspace/cargo-home" RUSTUP_HOME="/workspace/rustup-home" "/workspace/cargo-home/bin/cargo" "+1.100.0-beta.1" "metadata" "--manifest-path" "Cargo.toml" "--no-deps", kill_on_drop: false }`
[INFO] crate git repo https://github.com/Maillein/rust_coder already has a lockfile, it will not be regenerated
[INFO] running `Command { std: CARGO_HOME="/workspace/cargo-home" RUSTUP_HOME="/workspace/rustup-home" "/workspace/cargo-home/bin/cargo" "+1.100.0-beta.1" "fetch" "--manifest-path" "Cargo.toml", kill_on_drop: false }`
[INFO] [stderr]     Blocking waiting for file lock on package cache
[INFO] [stderr]     Blocking waiting for file lock on package cache
[INFO] running `Command { std: "docker" "create" "-v" "/var/lib/crater-agent-workspace/builds/worker-1-tc2/source:/opt/rustwide/workdir:ro,Z" "-v" "/var/lib/crater-agent-workspace/builds/worker-1-tc2/target:/opt/rustwide/target:rw,Z" "-v" "/var/lib/crater-agent-workspace/cargo-home:/opt/rustwide/cargo-home:ro,Z" "-v" "/var/lib/crater-agent-workspace/rustup-home:/opt/rustwide/rustup-home:ro,Z" "-m" "1610612736" "--network" "none" "ghcr.io/rust-lang/crates-build-env/linux@sha256:77db811e55d90add9212f6832c23229e3de5f1c1f9905e8cb07319ea15df73ac" "sleep" "infinity", kill_on_drop: false }`
[INFO] [stdout] 5ff3576bc0d6e1db742b659294d88e4d07ba4daea23eda72736f4ceaaf2f1ea8
[INFO] running `Command { std: "docker" "start" "5ff3576bc0d6e1db742b659294d88e4d07ba4daea23eda72736f4ceaaf2f1ea8", kill_on_drop: false }`
[INFO] running `Command { std: "docker" "inspect" "5ff3576bc0d6e1db742b659294d88e4d07ba4daea23eda72736f4ceaaf2f1ea8", kill_on_drop: false }`
[INFO] running `Command { std: "docker" "exec" "-e" "SOURCE_DIR=/opt/rustwide/workdir" "-e" "CARGO_HOME=/opt/rustwide/cargo-home" "-e" "RUSTUP_HOME=/opt/rustwide/rustup-home" "-e" "CARGO_TARGET_DIR=/opt/rustwide/target" "-w" "/opt/rustwide/workdir" "--user" "0:0" "5ff3576bc0d6e1db742b659294d88e4d07ba4daea23eda72736f4ceaaf2f1ea8" "/opt/rustwide/cargo-home/bin/cargo" "+1.100.0-beta.1" "metadata" "--no-deps" "--format-version=1", kill_on_drop: false }`
[INFO] running `Command { std: "docker" "inspect" "5ff3576bc0d6e1db742b659294d88e4d07ba4daea23eda72736f4ceaaf2f1ea8", kill_on_drop: false }`
[INFO] running `Command { std: "docker" "exec" "-e" "SOURCE_DIR=/opt/rustwide/workdir" "-e" "CARGO_HOME=/opt/rustwide/cargo-home" "-e" "RUSTUP_HOME=/opt/rustwide/rustup-home" "-e" "CARGO_TARGET_DIR=/opt/rustwide/target" "-e" "CARGO_INCREMENTAL=0" "-e" "RUST_BACKTRACE=full" "-e" "RUSTFLAGS=--cap-lints=warn" "-e" "RUSTDOCFLAGS=--cap-lints=warn" "-w" "/opt/rustwide/workdir" "--user" "0:0" "5ff3576bc0d6e1db742b659294d88e4d07ba4daea23eda72736f4ceaaf2f1ea8" "/opt/rustwide/cargo-home/bin/cargo" "+1.100.0-beta.1" "build" "--frozen" "--message-format=json" "--release", kill_on_drop: false }`
[INFO] [stderr]    Compiling syn v0.15.44
[INFO] [stderr]    Compiling proconio-derive v0.1.9
[INFO] [stderr]    Compiling proconio v0.3.6
[INFO] [stderr]    Compiling rust_coder v0.1.0 (/opt/rustwide/workdir)
[INFO] [stderr]     Finished `release` profile [optimized] target(s) in 5.57s
[INFO] running `Command { std: "docker" "inspect" "5ff3576bc0d6e1db742b659294d88e4d07ba4daea23eda72736f4ceaaf2f1ea8", kill_on_drop: false }`
[INFO] running `Command { std: "docker" "exec" "-e" "SOURCE_DIR=/opt/rustwide/workdir" "-e" "CARGO_HOME=/opt/rustwide/cargo-home" "-e" "RUSTUP_HOME=/opt/rustwide/rustup-home" "-e" "CARGO_TARGET_DIR=/opt/rustwide/target" "-e" "CARGO_INCREMENTAL=0" "-e" "RUST_BACKTRACE=full" "-e" "RUSTFLAGS=--cap-lints=warn" "-e" "RUSTDOCFLAGS=--cap-lints=warn" "-w" "/opt/rustwide/workdir" "--user" "0:0" "5ff3576bc0d6e1db742b659294d88e4d07ba4daea23eda72736f4ceaaf2f1ea8" "/opt/rustwide/cargo-home/bin/cargo" "+1.100.0-beta.1" "test" "--frozen" "--no-run" "--message-format=json" "--release", kill_on_drop: false }`
[INFO] [stderr]    Compiling cli_test_dir v0.1.7
[INFO] [stderr]    Compiling rust_coder v0.1.0 (/opt/rustwide/workdir)
[INFO] [stderr]     Finished `release` profile [optimized] target(s) in 1.38s
[INFO] running `Command { std: "docker" "inspect" "5ff3576bc0d6e1db742b659294d88e4d07ba4daea23eda72736f4ceaaf2f1ea8", kill_on_drop: false }`
[INFO] running `Command { std: "docker" "exec" "-e" "SOURCE_DIR=/opt/rustwide/workdir" "-e" "CARGO_HOME=/opt/rustwide/cargo-home" "-e" "RUSTUP_HOME=/opt/rustwide/rustup-home" "-e" "CARGO_TARGET_DIR=/opt/rustwide/target" "-e" "CARGO_INCREMENTAL=0" "-e" "RUST_BACKTRACE=full" "-e" "RUSTFLAGS=--cap-lints=warn" "-e" "RUSTDOCFLAGS=--cap-lints=warn" "-w" "/opt/rustwide/workdir" "--user" "0:0" "5ff3576bc0d6e1db742b659294d88e4d07ba4daea23eda72736f4ceaaf2f1ea8" "/opt/rustwide/cargo-home/bin/cargo" "+1.100.0-beta.1" "test" "--frozen" "--release", kill_on_drop: false }`
[INFO] [stderr]     Finished `release` profile [optimized] target(s) in 0.04s
[INFO] [stderr]      Running unittests src/main.rs (/opt/rustwide/target/release/build/rust_coder/40d99f8461f052a6/out/main-40d99f8461f052a6)
[INFO] [stdout] 
[INFO] [stdout] running 0 tests
[INFO] [stdout] 
[INFO] [stdout] test result: ok. 0 passed; 0 failed; 0 ignored; 0 measured; 0 filtered out; finished in 0.00s
[INFO] [stdout] 
[INFO] [stderr]      Running tests/sample_inputs.rs (/opt/rustwide/target/release/build/rust_coder/310dbdee05004bd6/out/sample_inputs-310dbdee05004bd6)
[INFO] [stdout] 
[INFO] [stdout] running 3 tests
[INFO] [stderr] WARNING: could not find /opt/rustwide/target/release/build/rust_coder/310dbdee05004bd6/out/./main, will search PATH
[INFO] [stderr] WARNING: could not find /opt/rustwide/target/release/build/rust_coder/310dbdee05004bd6/out/./main, will search PATH
[INFO] [stderr] WARNING: could not find /opt/rustwide/target/release/build/rust_coder/310dbdee05004bd6/out/./main, will search PATH
[INFO] [stdout] test sample1 ... FAILED
[INFO] [stdout] test sample3 ... FAILED
[INFO] [stdout] test sample2 ... FAILED
[INFO] [stdout] 
[INFO] [stdout] failures:
[INFO] [stdout] 
[INFO] [stdout] ---- sample1 stdout ----
[INFO] [stdout] 
[INFO] [stdout] thread 'sample1' (303) panicked at /opt/rustwide/cargo-home/registry/src/index.crates.io-1949cf8c6b5b557f/cli_test_dir-0.1.7/src/lib.rs:458:14:
[INFO] [stdout] error running command: Os { code: 2, kind: NotFound, message: "No such file or directory" }
[INFO] [stdout] stack backtrace:
[INFO] [stdout]    0:     0x5ce4b91ade21 - <<std[617be2ca0a6fd877]::sys::backtrace::BacktraceLock>::print::DisplayBacktrace as core[a373ad73a504971]::fmt::Display>::fmt
[INFO] [stdout]    1:     0x5ce4b91c248a - core[a373ad73a504971]::fmt::write
[INFO] [stdout]    2:     0x5ce4b91b26dc - <alloc[2e1b2a31b91974c5]::vec::Vec<u8> as core[a373ad73a504971]::io::write::Write>::write_fmt
[INFO] [stdout]    3:     0x5ce4b91889a6 - std[617be2ca0a6fd877]::panicking::default_hook::{closure#0}
[INFO] [stdout]    4:     0x5ce4b91a5d19 - std[617be2ca0a6fd877]::panicking::default_hook
[INFO] [stdout]    5:     0x5ce4b913f7c0 - test[aada8e7e76ba119b]::test_main_inner::{closure#0}
[INFO] [stdout]    6:     0x5ce4b91a5ed2 - std[617be2ca0a6fd877]::panicking::panic_with_hook
[INFO] [stdout]    7:     0x5ce4b9188a52 - std[617be2ca0a6fd877]::panicking::panic_handler::{closure#0}
[INFO] [stdout]    8:     0x5ce4b9181649 - std[617be2ca0a6fd877]::sys::backtrace::__rust_end_short_backtrace::<std[617be2ca0a6fd877]::panicking::panic_handler::{closure#0}, !>
[INFO] [stdout]    9:     0x5ce4b918965d - __rustc[ea4f61d10b84890b]::rust_begin_unwind
[INFO] [stdout]   10:     0x5ce4b91c2bbc - core[a373ad73a504971]::panicking::panic_fmt
[INFO] [stdout]   11:     0x5ce4b91c2992 - core[a373ad73a504971]::result::unwrap_failed
[INFO] [stdout]   12:     0x5ce4b9131a0f - <std[617be2ca0a6fd877]::process::Command as cli_test_dir[6bd1091965f82dc8]::CommandExt>::output_with_stdin::<&str>
[INFO] [stdout]   13:     0x5ce4b9132389 - <sample_inputs[db8c8c4991ad60d]::sample1::{closure#0} as core[a373ad73a504971]::ops::function::FnOnce<()>>::call_once
[INFO] [stdout]   14:     0x5ce4b9132c0b - test[aada8e7e76ba119b]::__rust_begin_short_backtrace::<core[a373ad73a504971]::result::Result<(), alloc[2e1b2a31b91974c5]::string::String>, fn() -> core[a373ad73a504971]::result::Result<(), alloc[2e1b2a31b91974c5]::string::String>>
[INFO] [stdout]   15:     0x5ce4b913fde5 - test[aada8e7e76ba119b]::run_test::{closure#0}
[INFO] [stdout]   16:     0x5ce4b91396d4 - std[617be2ca0a6fd877]::sys::backtrace::__rust_begin_short_backtrace::<test[aada8e7e76ba119b]::run_test::{closure#1}, ()>
[INFO] [stdout]   17:     0x5ce4b9142e72 - <std[617be2ca0a6fd877]::thread::lifecycle::spawn_unchecked<test[aada8e7e76ba119b]::run_test::{closure#1}, ()>::{closure#1} as core[a373ad73a504971]::ops::function::FnOnce<()>>::call_once::{shim:vtable#0}
[INFO] [stdout]   18:     0x5ce4b91ad67f - <std[617be2ca0a6fd877]::sys::thread::unix::Thread>::new::thread_start
[INFO] [stdout]   19:     0x7be832091dfa - <unknown>
[INFO] [stdout]   20:     0x7be8321253d4 - clone
[INFO] [stdout]   21:                0x0 - <unknown>
[INFO] [stdout] 
[INFO] [stdout] ---- sample3 stdout ----
[INFO] [stdout] 
[INFO] [stdout] thread 'sample3' (305) panicked at /opt/rustwide/cargo-home/registry/src/index.crates.io-1949cf8c6b5b557f/cli_test_dir-0.1.7/src/lib.rs:458:14:
[INFO] [stdout] error running command: Os { code: 2, kind: NotFound, message: "No such file or directory" }
[INFO] [stdout] stack backtrace:
[INFO] [stdout]    0:     0x5ce4b91ade21 - <<std[617be2ca0a6fd877]::sys::backtrace::BacktraceLock>::print::DisplayBacktrace as core[a373ad73a504971]::fmt::Display>::fmt
[INFO] [stdout]    1:     0x5ce4b91c248a - core[a373ad73a504971]::fmt::write
[INFO] [stdout]    2:     0x5ce4b91b26dc - <alloc[2e1b2a31b91974c5]::vec::Vec<u8> as core[a373ad73a504971]::io::write::Write>::write_fmt
[INFO] [stdout]    3:     0x5ce4b91889a6 - std[617be2ca0a6fd877]::panicking::default_hook::{closure#0}
[INFO] [stdout]    4:     0x5ce4b91a5d19 - std[617be2ca0a6fd877]::panicking::default_hook
[INFO] [stdout]    5:     0x5ce4b913f7c0 - test[aada8e7e76ba119b]::test_main_inner::{closure#0}
[INFO] [stdout]    6:     0x5ce4b91a5ed2 - std[617be2ca0a6fd877]::panicking::panic_with_hook
[INFO] [stdout]    7:     0x5ce4b9188a52 - std[617be2ca0a6fd877]::panicking::panic_handler::{closure#0}
[INFO] [stdout]    8:     0x5ce4b9181649 - std[617be2ca0a6fd877]::sys::backtrace::__rust_end_short_backtrace::<std[617be2ca0a6fd877]::panicking::panic_handler::{closure#0}, !>
[INFO] [stdout]    9:     0x5ce4b918965d - __rustc[ea4f61d10b84890b]::rust_begin_unwind
[INFO] [stdout]   10:     0x5ce4b91c2bbc - core[a373ad73a504971]::panicking::panic_fmt
[INFO] [stdout]   11:     0x5ce4b91c2992 - core[a373ad73a504971]::result::unwrap_failed
[INFO] [stdout]   12:     0x5ce4b9131a0f - <std[617be2ca0a6fd877]::process::Command as cli_test_dir[6bd1091965f82dc8]::CommandExt>::output_with_stdin::<&str>
[INFO] [stdout]   13:     0x5ce4b9132869 - <sample_inputs[db8c8c4991ad60d]::sample3::{closure#0} as core[a373ad73a504971]::ops::function::FnOnce<()>>::call_once
[INFO] [stdout]   14:     0x5ce4b9132c0b - test[aada8e7e76ba119b]::__rust_begin_short_backtrace::<core[a373ad73a504971]::result::Result<(), alloc[2e1b2a31b91974c5]::string::String>, fn() -> core[a373ad73a504971]::result::Result<(), alloc[2e1b2a31b91974c5]::string::String>>
[INFO] [stdout]   15:     0x5ce4b913fde5 - test[aada8e7e76ba119b]::run_test::{closure#0}
[INFO] [stdout]   16:     0x5ce4b91396d4 - std[617be2ca0a6fd877]::sys::backtrace::__rust_begin_short_backtrace::<test[aada8e7e76ba119b]::run_test::{closure#1}, ()>
[INFO] [stdout]   17:     0x5ce4b9142e72 - <std[617be2ca0a6fd877]::thread::lifecycle::spawn_unchecked<test[aada8e7e76ba119b]::run_test::{closure#1}, ()>::{closure#1} as core[a373ad73a504971]::ops::function::FnOnce<()>>::call_once::{shim:vtable#0}
[INFO] [stdout]   18:     0x5ce4b91ad67f - <std[617be2ca0a6fd877]::sys::thread::unix::Thread>::new::thread_start
[INFO] [stdout]   19:     0x7be832091dfa - <unknown>
[INFO] [stdout]   20:     0x7be8321253d4 - clone
[INFO] [stdout]   21:                0x0 - <unknown>
[INFO] [stdout] 
[INFO] [stdout] ---- sample2 stdout ----
[INFO] [stdout] 
[INFO] [stdout] thread 'sample2' (304) panicked at /opt/rustwide/cargo-home/registry/src/index.crates.io-1949cf8c6b5b557f/cli_test_dir-0.1.7/src/lib.rs:458:14:
[INFO] [stdout] error running command: Os { code: 2, kind: NotFound, message: "No such file or directory" }
[INFO] [stdout] stack backtrace:
[INFO] [stdout]    0:     0x5ce4b91ade21 - <<std[617be2ca0a6fd877]::sys::backtrace::BacktraceLock>::print::DisplayBacktrace as core[a373ad73a504971]::fmt::Display>::fmt
[INFO] [stdout]    1:     0x5ce4b91c248a - core[a373ad73a504971]::fmt::write
[INFO] [stdout]    2:     0x5ce4b91b26dc - <alloc[2e1b2a31b91974c5]::vec::Vec<u8> as core[a373ad73a504971]::io::write::Write>::write_fmt
[INFO] [stdout]    3:     0x5ce4b91889a6 - std[617be2ca0a6fd877]::panicking::default_hook::{closure#0}
[INFO] [stdout]    4:     0x5ce4b91a5d19 - std[617be2ca0a6fd877]::panicking::default_hook
[INFO] [stdout]    5:     0x5ce4b913f7c0 - test[aada8e7e76ba119b]::test_main_inner::{closure#0}
[INFO] [stdout]    6:     0x5ce4b91a5ed2 - std[617be2ca0a6fd877]::panicking::panic_with_hook
[INFO] [stdout]    7:     0x5ce4b9188a52 - std[617be2ca0a6fd877]::panicking::panic_handler::{closure#0}
[INFO] [stdout]    8:     0x5ce4b9181649 - std[617be2ca0a6fd877]::sys::backtrace::__rust_end_short_backtrace::<std[617be2ca0a6fd877]::panicking::panic_handler::{closure#0}, !>
[INFO] [stdout]    9:     0x5ce4b918965d - __rustc[ea4f61d10b84890b]::rust_begin_unwind
[INFO] [stdout]   10:     0x5ce4b91c2bbc - core[a373ad73a504971]::panicking::panic_fmt
[INFO] [stdout]   11:     0x5ce4b91c2992 - core[a373ad73a504971]::result::unwrap_failed
[INFO] [stdout]   12:     0x5ce4b9131a0f - <std[617be2ca0a6fd877]::process::Command as cli_test_dir[6bd1091965f82dc8]::CommandExt>::output_with_stdin::<&str>
[INFO] [stdout]   13:     0x5ce4b91325f9 - <sample_inputs[db8c8c4991ad60d]::sample2::{closure#0} as core[a373ad73a504971]::ops::function::FnOnce<()>>::call_once
[INFO] [stdout]   14:     0x5ce4b9132c0b - test[aada8e7e76ba119b]::__rust_begin_short_backtrace::<core[a373ad73a504971]::result::Result<(), alloc[2e1b2a31b91974c5]::string::String>, fn() -> core[a373ad73a504971]::result::Result<(), alloc[2e1b2a31b91974c5]::string::String>>
[INFO] [stdout]   15:     0x5ce4b913fde5 - test[aada8e7e76ba119b]::run_test::{closure#0}
[INFO] [stdout]   16:     0x5ce4b91396d4 - std[617be2ca0a6fd877]::sys::backtrace::__rust_begin_short_backtrace::<test[aada8e7e76ba119b]::run_test::{closure#1}, ()>
[INFO] [stdout]   17:     0x5ce4b9142e72 - <std[617be2ca0a6fd877]::thread::lifecycle::spawn_unchecked<test[aada8e7e76ba119b]::run_test::{closure#1}, ()>::{closure#1} as core[a373ad73a504971]::ops::function::FnOnce<()>>::call_once::{shim:vtable#0}
[INFO] [stdout]   18:     0x5ce4b91ad67f - <std[617be2ca0a6fd877]::sys::thread::unix::Thread>::new::thread_start
[INFO] [stdout]   19:     0x7be832091dfa - <unknown>
[INFO] [stdout]   20:     0x7be8321253d4 - clone
[INFO] [stdout]   21:                0x0 - <unknown>
[INFO] [stdout] 
[INFO] [stdout] 
[INFO] [stdout] failures:
[INFO] [stdout]     sample1
[INFO] [stdout]     sample2
[INFO] [stdout]     sample3
[INFO] [stdout] 
[INFO] [stdout] test result: FAILED. 0 passed; 3 failed; 0 ignored; 0 measured; 0 filtered out; finished in 0.01s
[INFO] [stdout] 
[INFO] [stderr] error: test failed, to rerun pass `--test sample_inputs`
[INFO] running `Command { std: "docker" "inspect" "5ff3576bc0d6e1db742b659294d88e4d07ba4daea23eda72736f4ceaaf2f1ea8", kill_on_drop: false }`
[INFO] running `Command { std: "docker" "rm" "-f" "5ff3576bc0d6e1db742b659294d88e4d07ba4daea23eda72736f4ceaaf2f1ea8", kill_on_drop: false }`
[INFO] [stdout] 5ff3576bc0d6e1db742b659294d88e4d07ba4daea23eda72736f4ceaaf2f1ea8
