[INFO] cloning repository https://github.com/LoganBarnett/nix-hapi
[INFO] running `Command { std: "git" "-c" "credential.helper=" "-c" "credential.helper=/workspace/cargo-home/bin/git-credential-null" "clone" "--bare" "https://github.com/LoganBarnett/nix-hapi" "/workspace/cache/git-repos/https%3A%2F%2Fgithub.com%2FLoganBarnett%2Fnix-hapi", kill_on_drop: false }`
[INFO] [stderr] Cloning into bare repository '/workspace/cache/git-repos/https%3A%2F%2Fgithub.com%2FLoganBarnett%2Fnix-hapi'...
[INFO] running `Command { std: "git" "rev-parse" "HEAD", kill_on_drop: false }`
[INFO] [stdout] a8f93ef215e3f03d5b521ced428f1bc0ce144a25
[INFO] testing LoganBarnett/nix-hapi against 1.100.0-beta.1+cargoflags=--release for beta-release-1.100-3
[INFO] running `Command { std: "git" "clone" "/workspace/cache/git-repos/https%3A%2F%2Fgithub.com%2FLoganBarnett%2Fnix-hapi" "/workspace/builds/worker-5-tc2/source", kill_on_drop: false }`
[INFO] [stderr] Cloning into '/workspace/builds/worker-5-tc2/source'...
[INFO] [stderr] done.
[INFO] started tweaking git repo https://github.com/LoganBarnett/nix-hapi
[INFO] finished tweaking git repo https://github.com/LoganBarnett/nix-hapi
[INFO] tweaked toml for git repo https://github.com/LoganBarnett/nix-hapi written to /workspace/builds/worker-5-tc2/source/Cargo.toml
[INFO] validating manifest of git repo https://github.com/LoganBarnett/nix-hapi on toolchain 1.100.0-beta.1
[INFO] running `Command { std: CARGO_HOME="/workspace/cargo-home" RUSTUP_HOME="/workspace/rustup-home" "/workspace/cargo-home/bin/cargo" "+1.100.0-beta.1" "metadata" "--manifest-path" "Cargo.toml" "--no-deps", kill_on_drop: false }`
[INFO] crate git repo https://github.com/LoganBarnett/nix-hapi already has a lockfile, it will not be regenerated
[INFO] running `Command { std: CARGO_HOME="/workspace/cargo-home" RUSTUP_HOME="/workspace/rustup-home" "/workspace/cargo-home/bin/cargo" "+1.100.0-beta.1" "fetch" "--manifest-path" "Cargo.toml", kill_on_drop: false }`
[INFO] [stderr] warning: unused workspace dependency `nix-hapi-fake`
[INFO] [stderr]   --> Cargo.toml:35:25
[INFO] [stderr]    |
[INFO] [stderr] 35 | [workspace.dependencies.nix-hapi-fake]
[INFO] [stderr]    |                         ^^^^^^^^^^^^^
[INFO] [stderr]    |
[INFO] [stderr]    = note: `cargo::unused_workspace_dependencies` is set to `warn` by default
[INFO] [stderr] help: consider removing the workspace dependency `nix-hapi-fake`
[INFO] [stderr] warning: unused workspace dependency `reqwest`
[INFO] [stderr]   --> Cargo.toml:41:25
[INFO] [stderr]    |
[INFO] [stderr] 41 | [workspace.dependencies.reqwest]
[INFO] [stderr]    |                         ^^^^^^^
[INFO] [stderr]    |
[INFO] [stderr] help: consider removing the workspace dependency `reqwest`
[INFO] [stderr] warning: unused workspace dependency `tempfile`
[INFO] [stderr]   --> Cargo.toml:22:1
[INFO] [stderr]    |
[INFO] [stderr] 22 | tempfile = "3"
[INFO] [stderr]    | ^^^^^^^^
[INFO] [stderr]    |
[INFO] [stderr] help: consider removing the workspace dependency `tempfile`
[INFO] [stderr] warning: workspace (manifest) generated 3 warnings
[INFO] running `Command { std: "docker" "create" "-v" "/var/lib/crater-agent-workspace/builds/worker-5-tc2/source:/opt/rustwide/workdir:ro,Z" "-v" "/var/lib/crater-agent-workspace/builds/worker-5-tc2/target:/opt/rustwide/target:rw,Z" "-v" "/var/lib/crater-agent-workspace/cargo-home:/opt/rustwide/cargo-home:ro,Z" "-v" "/var/lib/crater-agent-workspace/rustup-home:/opt/rustwide/rustup-home:ro,Z" "-m" "1610612736" "--network" "none" "ghcr.io/rust-lang/crates-build-env/linux@sha256:77db811e55d90add9212f6832c23229e3de5f1c1f9905e8cb07319ea15df73ac" "sleep" "infinity", kill_on_drop: false }`
[INFO] [stdout] f794dabd9bd85a668a0a10e6ea192175751fe6eac8c1dfd7eb3a70f9f0553afc
[INFO] running `Command { std: "docker" "start" "f794dabd9bd85a668a0a10e6ea192175751fe6eac8c1dfd7eb3a70f9f0553afc", kill_on_drop: false }`
[INFO] running `Command { std: "docker" "inspect" "f794dabd9bd85a668a0a10e6ea192175751fe6eac8c1dfd7eb3a70f9f0553afc", kill_on_drop: false }`
[INFO] running `Command { std: "docker" "exec" "-e" "SOURCE_DIR=/opt/rustwide/workdir" "-e" "CARGO_HOME=/opt/rustwide/cargo-home" "-e" "RUSTUP_HOME=/opt/rustwide/rustup-home" "-e" "CARGO_TARGET_DIR=/opt/rustwide/target" "-w" "/opt/rustwide/workdir" "--user" "0:0" "f794dabd9bd85a668a0a10e6ea192175751fe6eac8c1dfd7eb3a70f9f0553afc" "/opt/rustwide/cargo-home/bin/cargo" "+1.100.0-beta.1" "metadata" "--no-deps" "--format-version=1", kill_on_drop: false }`
[INFO] running `Command { std: "docker" "inspect" "f794dabd9bd85a668a0a10e6ea192175751fe6eac8c1dfd7eb3a70f9f0553afc", kill_on_drop: false }`
[INFO] running `Command { std: "docker" "exec" "-e" "SOURCE_DIR=/opt/rustwide/workdir" "-e" "CARGO_HOME=/opt/rustwide/cargo-home" "-e" "RUSTUP_HOME=/opt/rustwide/rustup-home" "-e" "CARGO_TARGET_DIR=/opt/rustwide/target" "-e" "CARGO_INCREMENTAL=0" "-e" "RUST_BACKTRACE=full" "-e" "RUSTFLAGS=--cap-lints=warn" "-e" "RUSTDOCFLAGS=--cap-lints=warn" "-w" "/opt/rustwide/workdir" "--user" "0:0" "f794dabd9bd85a668a0a10e6ea192175751fe6eac8c1dfd7eb3a70f9f0553afc" "/opt/rustwide/cargo-home/bin/cargo" "+1.100.0-beta.1" "build" "--frozen" "--message-format=json" "--release", kill_on_drop: false }`
[INFO] [stderr] warning: unused workspace dependency `nix-hapi-fake`
[INFO] [stderr]   --> Cargo.toml:35:25
[INFO] [stderr]    |
[INFO] [stderr] 35 | [workspace.dependencies.nix-hapi-fake]
[INFO] [stderr]    |                         ^^^^^^^^^^^^^
[INFO] [stderr]    |
[INFO] [stderr]    = note: `cargo::unused_workspace_dependencies` is set to `warn` by default
[INFO] [stderr] help: consider removing the workspace dependency `nix-hapi-fake`
[INFO] [stderr] warning: unused workspace dependency `reqwest`
[INFO] [stderr]   --> Cargo.toml:41:25
[INFO] [stderr]    |
[INFO] [stderr] 41 | [workspace.dependencies.reqwest]
[INFO] [stderr]    |                         ^^^^^^^
[INFO] [stderr]    |
[INFO] [stderr] help: consider removing the workspace dependency `reqwest`
[INFO] [stderr] warning: unused workspace dependency `tempfile`
[INFO] [stderr]   --> Cargo.toml:22:1
[INFO] [stderr]    |
[INFO] [stderr] 22 | tempfile = "3"
[INFO] [stderr]    | ^^^^^^^^
[INFO] [stderr]    |
[INFO] [stderr] help: consider removing the workspace dependency `tempfile`
[INFO] [stderr] warning: workspace (manifest) generated 3 warnings
[INFO] [stderr]    Compiling proc-macro2 v1.0.106
[INFO] [stderr]    Compiling quote v1.0.44
[INFO] [stderr]    Compiling unicode-ident v1.0.22
[INFO] [stderr]    Compiling serde_core v1.0.228
[INFO] [stderr]    Compiling once_cell v1.21.3
[INFO] [stderr]    Compiling serde v1.0.228
[INFO] [stderr]    Compiling memchr v2.8.0
[INFO] [stderr]    Compiling libc v0.2.180
[INFO] [stderr]    Compiling pin-project-lite v0.2.16
[INFO] [stderr]    Compiling autocfg v1.5.0
[INFO] [stderr]    Compiling zmij v1.0.19
[INFO] [stderr]    Compiling serde_json v1.0.149
[INFO] [stderr]    Compiling tracing-core v0.1.36
[INFO] [stderr]    Compiling libm v0.2.16
[INFO] [stderr]    Compiling log v0.4.29
[INFO] [stderr]    Compiling num-traits v0.2.19
[INFO] [stderr]    Compiling futures-sink v0.3.32
[INFO] [stderr]    Compiling equivalent v1.0.2
[INFO] [stderr]    Compiling futures-core v0.3.32
[INFO] [stderr]    Compiling hashbrown v0.16.1
[INFO] [stderr]    Compiling futures-channel v0.3.32
[INFO] [stderr]    Compiling itoa v1.0.17
[INFO] [stderr]    Compiling syn v2.0.114
[INFO] [stderr]    Compiling indexmap v2.13.0
[INFO] [stderr]    Compiling futures-io v0.3.32
[INFO] [stderr]    Compiling iana-time-zone v0.1.65
[INFO] [stderr]    Compiling dyn-clone v1.0.20
[INFO] [stderr]    Compiling futures-task v0.3.32
[INFO] [stderr]    Compiling slab v0.4.12
[INFO] [stderr]    Compiling typed-arena v2.0.2
[INFO] [stderr]    Compiling chrono v0.4.44
[INFO] [stderr]    Compiling errno v0.3.14
[INFO] [stderr]    Compiling jaq-core v2.2.1
[INFO] [stderr]    Compiling aho-corasick v1.1.4
[INFO] [stderr]    Compiling thiserror v2.0.18
[INFO] [stderr]    Compiling urlencoding v2.1.3
[INFO] [stderr]    Compiling base64 v0.22.1
[INFO] [stderr]    Compiling regex-lite v0.1.9
[INFO] [stderr]    Compiling signal-hook-registry v1.4.8
[INFO] [stderr]    Compiling mio v1.1.1
[INFO] [stderr]    Compiling jaq-std v2.1.2
[INFO] [stderr]    Compiling foldhash v0.1.5
[INFO] [stderr]    Compiling hifijson v0.2.3
[INFO] [stderr]    Compiling bytes v1.11.1
[INFO] [stderr]    Compiling utf8parse v0.2.2
[INFO] [stderr]    Compiling anstyle-parse v0.2.7
[INFO] [stderr]    Compiling jaq-json v1.1.3
[INFO] [stderr]    Compiling regex-syntax v0.8.9
[INFO] [stderr]    Compiling colorchoice v1.0.4
[INFO] [stderr]    Compiling anstyle v1.0.13
[INFO] [stderr]    Compiling is_terminal_polyfill v1.70.2
[INFO] [stderr]    Compiling anstyle-query v1.1.5
[INFO] [stderr]    Compiling tap v1.0.1
[INFO] [stderr]    Compiling anstream v0.6.21
[INFO] [stderr]    Compiling strsim v0.11.1
[INFO] [stderr]    Compiling heck v0.5.0
[INFO] [stderr]    Compiling lazy_static v1.5.0
[INFO] [stderr]    Compiling toml_write v0.1.2
[INFO] [stderr]    Compiling cfg-if v1.0.4
[INFO] [stderr]    Compiling winnow v0.7.14
[INFO] [stderr]    Compiling clap_lex v0.7.7
[INFO] [stderr]    Compiling clap_builder v4.5.57
[INFO] [stderr]    Compiling regex-automata v0.4.14
[INFO] [stderr]    Compiling thread_local v1.1.9
[INFO] [stderr]    Compiling serde_derive v1.0.228
[INFO] [stderr]    Compiling futures-macro v0.3.32
[INFO] [stderr]    Compiling futures-util v0.3.32
[INFO] [stderr]    Compiling tracing-attributes v0.1.31
[INFO] [stderr]    Compiling thiserror-impl v2.0.18
[INFO] [stderr]    Compiling tracing v0.1.44
[INFO] [stderr]    Compiling tokio-macros v2.6.1
[INFO] [stderr]    Compiling async-trait v0.1.89
[INFO] [stderr]    Compiling matchers v0.2.0
[INFO] [stderr]    Compiling tokio v1.50.0
[INFO] [stderr]    Compiling clap_derive v4.5.55
[INFO] [stderr]    Compiling sharded-slab v0.1.7
[INFO] [stderr]    Compiling futures-executor v0.3.32
[INFO] [stderr]    Compiling futures v0.3.32
[INFO] [stderr]    Compiling toml_datetime v0.6.11
[INFO] [stderr]    Compiling serde_spanned v0.6.9
[INFO] [stderr]    Compiling toml_edit v0.22.27
[INFO] [stderr]    Compiling tracing-serde v0.2.0
[INFO] [stderr]    Compiling tracing-log v0.2.0
[INFO] [stderr]    Compiling smallvec v1.15.1
[INFO] [stderr]    Compiling nu-ansi-term v0.50.3
[INFO] [stderr]    Compiling clap v4.5.57
[INFO] [stderr]    Compiling tracing-subscriber v0.3.22
[INFO] [stderr]    Compiling toml v0.8.23
[INFO] [stderr]    Compiling nix-hapi-lib v0.1.0 (/opt/rustwide/workdir/crates/lib)
[INFO] [stderr]    Compiling nix-hapi-fake v0.1.0 (/opt/rustwide/workdir/crates/fake)
[INFO] [stderr]    Compiling nix-hapi-cli v0.1.0 (/opt/rustwide/workdir/crates/cli)
[INFO] [stderr] warning: unused dependency `tap`
[INFO] [stderr]   --> crates/lib/Cargo.toml:15:1
[INFO] [stderr]    |
[INFO] [stderr] 15 | tap = { workspace = true }  # For method chaining, reduces superfluous locals
[INFO] [stderr]    | ^^^^^^^^^^^^^^^^^^^^^^^^^^
[INFO] [stderr]    |
[INFO] [stderr]    = note: `cargo::unused_dependencies` is set to `warn` by default
[INFO] [stderr] help: consider removing the dependency on `tap`
[INFO] [stderr] warning: `nix-hapi-lib` (manifest) generated 1 warning
[INFO] [stderr]     Finished `release` profile [optimized] target(s) in 2m 27s
[INFO] running `Command { std: "docker" "inspect" "f794dabd9bd85a668a0a10e6ea192175751fe6eac8c1dfd7eb3a70f9f0553afc", kill_on_drop: false }`
[INFO] running `Command { std: "docker" "exec" "-e" "SOURCE_DIR=/opt/rustwide/workdir" "-e" "CARGO_HOME=/opt/rustwide/cargo-home" "-e" "RUSTUP_HOME=/opt/rustwide/rustup-home" "-e" "CARGO_TARGET_DIR=/opt/rustwide/target" "-e" "CARGO_INCREMENTAL=0" "-e" "RUST_BACKTRACE=full" "-e" "RUSTFLAGS=--cap-lints=warn" "-e" "RUSTDOCFLAGS=--cap-lints=warn" "-w" "/opt/rustwide/workdir" "--user" "0:0" "f794dabd9bd85a668a0a10e6ea192175751fe6eac8c1dfd7eb3a70f9f0553afc" "/opt/rustwide/cargo-home/bin/cargo" "+1.100.0-beta.1" "test" "--frozen" "--no-run" "--message-format=json" "--release", kill_on_drop: false }`
[INFO] [stderr] warning: unused workspace dependency `nix-hapi-fake`
[INFO] [stderr]   --> Cargo.toml:35:25
[INFO] [stderr]    |
[INFO] [stderr] 35 | [workspace.dependencies.nix-hapi-fake]
[INFO] [stderr]    |                         ^^^^^^^^^^^^^
[INFO] [stderr]    |
[INFO] [stderr]    = note: `cargo::unused_workspace_dependencies` is set to `warn` by default
[INFO] [stderr] help: consider removing the workspace dependency `nix-hapi-fake`
[INFO] [stderr] warning: unused workspace dependency `reqwest`
[INFO] [stderr]   --> Cargo.toml:41:25
[INFO] [stderr]    |
[INFO] [stderr] 41 | [workspace.dependencies.reqwest]
[INFO] [stderr]    |                         ^^^^^^^
[INFO] [stderr]    |
[INFO] [stderr] help: consider removing the workspace dependency `reqwest`
[INFO] [stderr] warning: unused workspace dependency `tempfile`
[INFO] [stderr]   --> Cargo.toml:22:1
[INFO] [stderr]    |
[INFO] [stderr] 22 | tempfile = "3"
[INFO] [stderr]    | ^^^^^^^^
[INFO] [stderr]    |
[INFO] [stderr] help: consider removing the workspace dependency `tempfile`
[INFO] [stderr] warning: workspace (manifest) generated 3 warnings
[INFO] [stderr]    Compiling cargo-husky v1.5.0
[INFO] [stderr]    Compiling nix-hapi-fake v0.1.0 (/opt/rustwide/workdir/crates/fake)
[INFO] [stderr]    Compiling nix-hapi-cli v0.1.0 (/opt/rustwide/workdir/crates/cli)
[INFO] [stderr]    Compiling nix-hapi-lib v0.1.0 (/opt/rustwide/workdir/crates/lib)
[INFO] [stderr] warning: unused dependency `tap`
[INFO] [stderr]   --> crates/lib/Cargo.toml:15:1
[INFO] [stderr]    |
[INFO] [stderr] 15 | tap = { workspace = true }  # For method chaining, reduces superfluous locals
[INFO] [stderr]    | ^^^^^^^^^^^^^^^^^^^^^^^^^^
[INFO] [stderr]    |
[INFO] [stderr]    = note: `cargo::unused_dependencies` is set to `warn` by default
[INFO] [stderr] help: consider removing the dependency on `tap`
[INFO] [stderr] warning: `nix-hapi-lib` (manifest) generated 1 warning
[INFO] [stderr]     Finished `release` profile [optimized] target(s) in 41.54s
[INFO] running `Command { std: "docker" "inspect" "f794dabd9bd85a668a0a10e6ea192175751fe6eac8c1dfd7eb3a70f9f0553afc", kill_on_drop: false }`
[INFO] running `Command { std: "docker" "exec" "-e" "SOURCE_DIR=/opt/rustwide/workdir" "-e" "CARGO_HOME=/opt/rustwide/cargo-home" "-e" "RUSTUP_HOME=/opt/rustwide/rustup-home" "-e" "CARGO_TARGET_DIR=/opt/rustwide/target" "-e" "CARGO_INCREMENTAL=0" "-e" "RUST_BACKTRACE=full" "-e" "RUSTFLAGS=--cap-lints=warn" "-e" "RUSTDOCFLAGS=--cap-lints=warn" "-w" "/opt/rustwide/workdir" "--user" "0:0" "f794dabd9bd85a668a0a10e6ea192175751fe6eac8c1dfd7eb3a70f9f0553afc" "/opt/rustwide/cargo-home/bin/cargo" "+1.100.0-beta.1" "test" "--frozen" "--release", kill_on_drop: false }`
[INFO] [stderr] warning: unused workspace dependency `nix-hapi-fake`
[INFO] [stderr]   --> Cargo.toml:35:25
[INFO] [stderr]    |
[INFO] [stderr] 35 | [workspace.dependencies.nix-hapi-fake]
[INFO] [stderr]    |                         ^^^^^^^^^^^^^
[INFO] [stderr]    |
[INFO] [stderr]    = note: `cargo::unused_workspace_dependencies` is set to `warn` by default
[INFO] [stderr] help: consider removing the workspace dependency `nix-hapi-fake`
[INFO] [stderr] warning: unused workspace dependency `reqwest`
[INFO] [stderr]   --> Cargo.toml:41:25
[INFO] [stderr]    |
[INFO] [stderr] 41 | [workspace.dependencies.reqwest]
[INFO] [stderr]    |                         ^^^^^^^
[INFO] [stderr]    |
[INFO] [stderr] help: consider removing the workspace dependency `reqwest`
[INFO] [stderr] warning: unused workspace dependency `tempfile`
[INFO] [stderr]   --> Cargo.toml:22:1
[INFO] [stderr]    |
[INFO] [stderr] 22 | tempfile = "3"
[INFO] [stderr]    | ^^^^^^^^
[INFO] [stderr]    |
[INFO] [stderr] help: consider removing the workspace dependency `tempfile`
[INFO] [stderr] warning: workspace (manifest) generated 3 warnings
[INFO] [stderr] warning: unused dependency `tap`
[INFO] [stderr]   --> crates/lib/Cargo.toml:15:1
[INFO] [stderr]    |
[INFO] [stderr] 15 | tap = { workspace = true }  # For method chaining, reduces superfluous locals
[INFO] [stderr]    | ^^^^^^^^^^^^^^^^^^^^^^^^^^
[INFO] [stderr]    |
[INFO] [stderr]    = note: `cargo::unused_dependencies` is set to `warn` by default
[INFO] [stderr] help: consider removing the dependency on `tap`
[INFO] [stderr] warning: `nix-hapi-lib` (manifest) generated 1 warning
[INFO] [stderr]     Finished `release` profile [optimized] target(s) in 0.14s
[INFO] [stderr]      Running unittests src/main.rs (/opt/rustwide/target/release/build/nix-hapi-cli/c8ded7cf13787a93/out/nix_hapi-c8ded7cf13787a93)
[INFO] [stdout] 
[INFO] [stdout] running 0 tests
[INFO] [stdout] 
[INFO] [stdout] test result: ok. 0 passed; 0 failed; 0 ignored; 0 measured; 0 filtered out; finished in 0.00s
[INFO] [stdout] 
[INFO] [stderr]      Running tests/integration_test.rs (/opt/rustwide/target/release/build/nix-hapi-cli/12034740ea6b2e42/out/integration_test-12034740ea6b2e42)
[INFO] [stdout] 
[INFO] [stdout] running 3 tests
[INFO] [stdout] test version_flag_exits_zero_and_mentions_binary_name ... FAILED
[INFO] [stdout] test plan_with_empty_desired_state_reports_no_changes ... FAILED
[INFO] [stdout] test help_flag_exits_zero_and_mentions_usage ... FAILED
[INFO] [stdout] 
[INFO] [stdout] failures:
[INFO] [stdout] 
[INFO] [stdout] ---- version_flag_exits_zero_and_mentions_binary_name stdout ----
[INFO] [stdout] 
[INFO] [stdout] thread 'version_flag_exits_zero_and_mentions_binary_name' (2188) panicked at crates/cli/tests/integration_test.rs:48:6:
[INFO] [stdout] Failed to execute nix-hapi --version: Os { code: 2, kind: NotFound, message: "No such file or directory" }
[INFO] [stdout] stack backtrace:
[INFO] [stdout]    0:     0x5e382a9249f1 - <<std[617be2ca0a6fd877]::sys::backtrace::BacktraceLock>::print::DisplayBacktrace as core[a373ad73a504971]::fmt::Display>::fmt
[INFO] [stdout]    1:     0x5e382a93895a - core[a373ad73a504971]::fmt::write
[INFO] [stdout]    2:     0x5e382a928c7c - <alloc[2e1b2a31b91974c5]::vec::Vec<u8> as core[a373ad73a504971]::io::write::Write>::write_fmt
[INFO] [stdout]    3:     0x5e382a9009c6 - std[617be2ca0a6fd877]::panicking::default_hook::{closure#0}
[INFO] [stdout]    4:     0x5e382a91d089 - std[617be2ca0a6fd877]::panicking::default_hook
[INFO] [stdout]    5:     0x5e382a8b9250 - test[aada8e7e76ba119b]::test_main_inner::{closure#0}
[INFO] [stdout]    6:     0x5e382a91d242 - std[617be2ca0a6fd877]::panicking::panic_with_hook
[INFO] [stdout]    7:     0x5e382a900a72 - std[617be2ca0a6fd877]::panicking::panic_handler::{closure#0}
[INFO] [stdout]    8:     0x5e382a8f9789 - std[617be2ca0a6fd877]::sys::backtrace::__rust_end_short_backtrace::<std[617be2ca0a6fd877]::panicking::panic_handler::{closure#0}, !>
[INFO] [stdout]    9:     0x5e382a90167d - __rustc[ea4f61d10b84890b]::rust_begin_unwind
[INFO] [stdout]   10:     0x5e382a93908c - core[a373ad73a504971]::panicking::panic_fmt
[INFO] [stdout]   11:     0x5e382a938e62 - core[a373ad73a504971]::result::unwrap_failed
[INFO] [stdout]   12:     0x5e382a8ac52b - <integration_test[adf35bcb328d3f69]::version_flag_exits_zero_and_mentions_binary_name::{closure#0} as core[a373ad73a504971]::ops::function::FnOnce<()>>::call_once
[INFO] [stdout]   13:     0x5e382a8ac69b - test[aada8e7e76ba119b]::__rust_begin_short_backtrace::<core[a373ad73a504971]::result::Result<(), alloc[2e1b2a31b91974c5]::string::String>, fn() -> core[a373ad73a504971]::result::Result<(), alloc[2e1b2a31b91974c5]::string::String>>
[INFO] [stdout]   14:     0x5e382a8b9875 - test[aada8e7e76ba119b]::run_test::{closure#0}
[INFO] [stdout]   15:     0x5e382a8b3164 - std[617be2ca0a6fd877]::sys::backtrace::__rust_begin_short_backtrace::<test[aada8e7e76ba119b]::run_test::{closure#1}, ()>
[INFO] [stdout]   16:     0x5e382a8bc902 - <std[617be2ca0a6fd877]::thread::lifecycle::spawn_unchecked<test[aada8e7e76ba119b]::run_test::{closure#1}, ()>::{closure#1} as core[a373ad73a504971]::ops::function::FnOnce<()>>::call_once::{shim:vtable#0}
[INFO] [stdout]   17:     0x5e382a92424f - <std[617be2ca0a6fd877]::sys::thread::unix::Thread>::new::thread_start
[INFO] [stdout]   18:     0x78ba43029dfa - <unknown>
[INFO] [stdout]   19:     0x78ba430bd3d4 - clone
[INFO] [stdout]   20:                0x0 - <unknown>
[INFO] [stdout] 
[INFO] [stdout] ---- plan_with_empty_desired_state_reports_no_changes stdout ----
[INFO] [stdout] 
[INFO] [stdout] thread 'plan_with_empty_desired_state_reports_no_changes' (2187) panicked at crates/cli/tests/integration_test.rs:71:6:
[INFO] [stdout] Failed to spawn nix-hapi plan: Os { code: 2, kind: NotFound, message: "No such file or directory" }
[INFO] [stdout] stack backtrace:
[INFO] [stdout]    0:     0x5e382a9249f1 - <<std[617be2ca0a6fd877]::sys::backtrace::BacktraceLock>::print::DisplayBacktrace as core[a373ad73a504971]::fmt::Display>::fmt
[INFO] [stdout]    1:     0x5e382a93895a - core[a373ad73a504971]::fmt::write
[INFO] [stdout]    2:     0x5e382a928c7c - <alloc[2e1b2a31b91974c5]::vec::Vec<u8> as core[a373ad73a504971]::io::write::Write>::write_fmt
[INFO] [stdout]    3:     0x5e382a9009c6 - std[617be2ca0a6fd877]::panicking::default_hook::{closure#0}
[INFO] [stdout]    4:     0x5e382a91d089 - std[617be2ca0a6fd877]::panicking::default_hook
[INFO] [stdout]    5:     0x5e382a8b9250 - test[aada8e7e76ba119b]::test_main_inner::{closure#0}
[INFO] [stdout]    6:     0x5e382a91d242 - std[617be2ca0a6fd877]::panicking::panic_with_hook
[INFO] [stdout]    7:     0x5e382a900a72 - std[617be2ca0a6fd877]::panicking::panic_handler::{closure#0}
[INFO] [stdout]    8:     0x5e382a8f9789 - std[617be2ca0a6fd877]::sys::backtrace::__rust_end_short_backtrace::<std[617be2ca0a6fd877]::panicking::panic_handler::{closure#0}, !>
[INFO] [stdout]    9:     0x5e382a90167d - __rustc[ea4f61d10b84890b]::rust_begin_unwind
[INFO] [stdout]   10:     0x5e382a93908c - core[a373ad73a504971]::panicking::panic_fmt
[INFO] [stdout]   11:     0x5e382a938e62 - core[a373ad73a504971]::result::unwrap_failed
[INFO] [stdout]   12:     0x5e382a8ac184 - <integration_test[adf35bcb328d3f69]::plan_with_empty_desired_state_reports_no_changes::{closure#0} as core[a373ad73a504971]::ops::function::FnOnce<()>>::call_once
[INFO] [stdout]   13:     0x5e382a8ac69b - test[aada8e7e76ba119b]::__rust_begin_short_backtrace::<core[a373ad73a504971]::result::Result<(), alloc[2e1b2a31b91974c5]::string::String>, fn() -> core[a373ad73a504971]::result::Result<(), alloc[2e1b2a31b91974c5]::string::String>>
[INFO] [stdout]   14:     0x5e382a8b9875 - test[aada8e7e76ba119b]::run_test::{closure#0}
[INFO] [stdout]   15:     0x5e382a8b3164 - std[617be2ca0a6fd877]::sys::backtrace::__rust_begin_short_backtrace::<test[aada8e7e76ba119b]::run_test::{closure#1}, ()>
[INFO] [stdout]   16:     0x5e382a8bc902 - <std[617be2ca0a6fd877]::thread::lifecycle::spawn_unchecked<test[aada8e7e76ba119b]::run_test::{closure#1}, ()>::{closure#1} as core[a373ad73a504971]::ops::function::FnOnce<()>>::call_once::{shim:vtable#0}
[INFO] [stdout]   17:     0x5e382a92424f - <std[617be2ca0a6fd877]::sys::thread::unix::Thread>::new::thread_start
[INFO] [stdout]   18:     0x78ba43029dfa - <unknown>
[INFO] [stdout]   19:     0x78ba430bd3d4 - clone
[INFO] [stdout]   20:                0x0 - <unknown>
[INFO] [stdout] 
[INFO] [stdout] ---- help_flag_exits_zero_and_mentions_usage stdout ----
[INFO] [stdout] 
[INFO] [stdout] thread 'help_flag_exits_zero_and_mentions_usage' (2186) panicked at crates/cli/tests/integration_test.rs:27:6:
[INFO] [stdout] Failed to execute nix-hapi --help: Os { code: 2, kind: NotFound, message: "No such file or directory" }
[INFO] [stdout] stack backtrace:
[INFO] [stdout]    0:     0x5e382a9249f1 - <<std[617be2ca0a6fd877]::sys::backtrace::BacktraceLock>::print::DisplayBacktrace as core[a373ad73a504971]::fmt::Display>::fmt
[INFO] [stdout]    1:     0x5e382a93895a - core[a373ad73a504971]::fmt::write
[INFO] [stdout]    2:     0x5e382a928c7c - <alloc[2e1b2a31b91974c5]::vec::Vec<u8> as core[a373ad73a504971]::io::write::Write>::write_fmt
[INFO] [stdout]    3:     0x5e382a9009c6 - std[617be2ca0a6fd877]::panicking::default_hook::{closure#0}
[INFO] [stdout]    4:     0x5e382a91d089 - std[617be2ca0a6fd877]::panicking::default_hook
[INFO] [stdout]    5:     0x5e382a8b9250 - test[aada8e7e76ba119b]::test_main_inner::{closure#0}
[INFO] [stdout]    6:     0x5e382a91d242 - std[617be2ca0a6fd877]::panicking::panic_with_hook
[INFO] [stdout]    7:     0x5e382a900a72 - std[617be2ca0a6fd877]::panicking::panic_handler::{closure#0}
[INFO] [stdout]    8:     0x5e382a8f9789 - std[617be2ca0a6fd877]::sys::backtrace::__rust_end_short_backtrace::<std[617be2ca0a6fd877]::panicking::panic_handler::{closure#0}, !>
[INFO] [stdout]    9:     0x5e382a90167d - __rustc[ea4f61d10b84890b]::rust_begin_unwind
[INFO] [stdout]   10:     0x5e382a93908c - core[a373ad73a504971]::panicking::panic_fmt
[INFO] [stdout]   11:     0x5e382a938e62 - core[a373ad73a504971]::result::unwrap_failed
[INFO] [stdout]   12:     0x5e382a8abcc8 - <integration_test[adf35bcb328d3f69]::help_flag_exits_zero_and_mentions_usage::{closure#0} as core[a373ad73a504971]::ops::function::FnOnce<()>>::call_once
[INFO] [stdout]   13:     0x5e382a8ac69b - test[aada8e7e76ba119b]::__rust_begin_short_backtrace::<core[a373ad73a504971]::result::Result<(), alloc[2e1b2a31b91974c5]::string::String>, fn() -> core[a373ad73a504971]::result::Result<(), alloc[2e1b2a31b91974c5]::string::String>>
[INFO] [stdout]   14:     0x5e382a8b9875 - test[aada8e7e76ba119b]::run_test::{closure#0}
[INFO] [stdout]   15:     0x5e382a8b3164 - std[617be2ca0a6fd877]::sys::backtrace::__rust_begin_short_backtrace::<test[aada8e7e76ba119b]::run_test::{closure#1}, ()>
[INFO] [stdout]   16:     0x5e382a8bc902 - <std[617be2ca0a6fd877]::thread::lifecycle::spawn_unchecked<test[aada8e7e76ba119b]::run_test::{closure#1}, ()>::{closure#1} as core[a373ad73a504971]::ops::function::FnOnce<()>>::call_once::{shim:vtable#0}
[INFO] [stdout]   17:     0x5e382a92424f - <std[617be2ca0a6fd877]::sys::thread::unix::Thread>::new::thread_start
[INFO] [stdout]   18:     0x78ba43029dfa - <unknown>
[INFO] [stdout]   19:     0x78ba430bd3d4 - clone
[INFO] [stdout]   20:                0x0 - <unknown>
[INFO] [stdout] 
[INFO] [stdout] 
[INFO] [stdout] failures:
[INFO] [stdout]     help_flag_exits_zero_and_mentions_usage
[INFO] [stdout]     plan_with_empty_desired_state_reports_no_changes
[INFO] [stdout]     version_flag_exits_zero_and_mentions_binary_name
[INFO] [stdout] 
[INFO] [stdout] test result: FAILED. 0 passed; 3 failed; 0 ignored; 0 measured; 0 filtered out; finished in 0.00s
[INFO] [stdout] 
[INFO] [stderr] error: test failed, to rerun pass `-p nix-hapi-cli --test integration_test`
[INFO] running `Command { std: "docker" "inspect" "f794dabd9bd85a668a0a10e6ea192175751fe6eac8c1dfd7eb3a70f9f0553afc", kill_on_drop: false }`
[INFO] running `Command { std: "docker" "rm" "-f" "f794dabd9bd85a668a0a10e6ea192175751fe6eac8c1dfd7eb3a70f9f0553afc", kill_on_drop: false }`
[INFO] [stdout] f794dabd9bd85a668a0a10e6ea192175751fe6eac8c1dfd7eb3a70f9f0553afc
