[INFO] cloning repository https://github.com/Kevinlun9583/ifttt-lint
[INFO] running `Command { std: "git" "-c" "credential.helper=" "-c" "credential.helper=/workspace/cargo-home/bin/git-credential-null" "clone" "--bare" "https://github.com/Kevinlun9583/ifttt-lint" "/workspace/cache/git-repos/https%3A%2F%2Fgithub.com%2FKevinlun9583%2Fifttt-lint", kill_on_drop: false }`
[INFO] [stderr] Cloning into bare repository '/workspace/cache/git-repos/https%3A%2F%2Fgithub.com%2FKevinlun9583%2Fifttt-lint'...
[INFO] running `Command { std: "git" "rev-parse" "HEAD", kill_on_drop: false }`
[INFO] [stdout] 184875ad581ac4e3a4bfeaa14f5b54018b3d85d7
[INFO] testing Kevinlun9583/ifttt-lint against 1.100.0-beta.1+cargoflags=--release for beta-release-1.100-3
[INFO] running `Command { std: "git" "clone" "/workspace/cache/git-repos/https%3A%2F%2Fgithub.com%2FKevinlun9583%2Fifttt-lint" "/workspace/builds/worker-5-tc2/source", kill_on_drop: false }`
[INFO] [stderr] Cloning into '/workspace/builds/worker-5-tc2/source'...
[INFO] [stderr] done.
[INFO] started tweaking git repo https://github.com/Kevinlun9583/ifttt-lint
[INFO] finished tweaking git repo https://github.com/Kevinlun9583/ifttt-lint
[INFO] tweaked toml for git repo https://github.com/Kevinlun9583/ifttt-lint written to /workspace/builds/worker-5-tc2/source/Cargo.toml
[INFO] validating manifest of git repo https://github.com/Kevinlun9583/ifttt-lint on toolchain 1.100.0-beta.1
[INFO] running `Command { std: CARGO_HOME="/workspace/cargo-home" RUSTUP_HOME="/workspace/rustup-home" "/workspace/cargo-home/bin/cargo" "+1.100.0-beta.1" "metadata" "--manifest-path" "Cargo.toml" "--no-deps", kill_on_drop: false }`
[INFO] crate git repo https://github.com/Kevinlun9583/ifttt-lint already has a lockfile, it will not be regenerated
[INFO] running `Command { std: CARGO_HOME="/workspace/cargo-home" RUSTUP_HOME="/workspace/rustup-home" "/workspace/cargo-home/bin/cargo" "+1.100.0-beta.1" "fetch" "--manifest-path" "Cargo.toml", kill_on_drop: false }`
[INFO] running `Command { std: "docker" "create" "-v" "/var/lib/crater-agent-workspace/builds/worker-5-tc2/source:/opt/rustwide/workdir:ro,Z" "-v" "/var/lib/crater-agent-workspace/builds/worker-5-tc2/target:/opt/rustwide/target:rw,Z" "-v" "/var/lib/crater-agent-workspace/cargo-home:/opt/rustwide/cargo-home:ro,Z" "-v" "/var/lib/crater-agent-workspace/rustup-home:/opt/rustwide/rustup-home:ro,Z" "-m" "1610612736" "--network" "none" "ghcr.io/rust-lang/crates-build-env/linux@sha256:77db811e55d90add9212f6832c23229e3de5f1c1f9905e8cb07319ea15df73ac" "sleep" "infinity", kill_on_drop: false }`
[INFO] [stdout] 849031e81b2b35a6405ba7834a24a2e5aa37489465cd27028598650eeb576de6
[INFO] running `Command { std: "docker" "start" "849031e81b2b35a6405ba7834a24a2e5aa37489465cd27028598650eeb576de6", kill_on_drop: false }`
[INFO] running `Command { std: "docker" "inspect" "849031e81b2b35a6405ba7834a24a2e5aa37489465cd27028598650eeb576de6", kill_on_drop: false }`
[INFO] running `Command { std: "docker" "exec" "-e" "SOURCE_DIR=/opt/rustwide/workdir" "-e" "CARGO_HOME=/opt/rustwide/cargo-home" "-e" "RUSTUP_HOME=/opt/rustwide/rustup-home" "-e" "CARGO_TARGET_DIR=/opt/rustwide/target" "-w" "/opt/rustwide/workdir" "--user" "0:0" "849031e81b2b35a6405ba7834a24a2e5aa37489465cd27028598650eeb576de6" "/opt/rustwide/cargo-home/bin/cargo" "+1.100.0-beta.1" "metadata" "--no-deps" "--format-version=1", kill_on_drop: false }`
[INFO] running `Command { std: "docker" "inspect" "849031e81b2b35a6405ba7834a24a2e5aa37489465cd27028598650eeb576de6", kill_on_drop: false }`
[INFO] running `Command { std: "docker" "exec" "-e" "SOURCE_DIR=/opt/rustwide/workdir" "-e" "CARGO_HOME=/opt/rustwide/cargo-home" "-e" "RUSTUP_HOME=/opt/rustwide/rustup-home" "-e" "CARGO_TARGET_DIR=/opt/rustwide/target" "-e" "CARGO_INCREMENTAL=0" "-e" "RUST_BACKTRACE=full" "-e" "RUSTFLAGS=--cap-lints=warn" "-e" "RUSTDOCFLAGS=--cap-lints=warn" "-w" "/opt/rustwide/workdir" "--user" "0:0" "849031e81b2b35a6405ba7834a24a2e5aa37489465cd27028598650eeb576de6" "/opt/rustwide/cargo-home/bin/cargo" "+1.100.0-beta.1" "build" "--frozen" "--message-format=json" "--release", kill_on_drop: false }`
[INFO] [stderr]    Compiling memchr v2.8.0
[INFO] [stderr]    Compiling proc-macro2 v1.0.106
[INFO] [stderr]    Compiling quote v1.0.45
[INFO] [stderr]    Compiling unicode-ident v1.0.24
[INFO] [stderr]    Compiling crossbeam-utils v0.8.21
[INFO] [stderr]    Compiling autocfg v1.5.0
[INFO] [stderr]    Compiling serde_core v1.0.228
[INFO] [stderr]    Compiling utf8parse v0.2.2
[INFO] [stderr]    Compiling zmij v1.0.21
[INFO] [stderr]    Compiling rayon-core v1.13.0
[INFO] [stderr]    Compiling anstyle v1.0.14
[INFO] [stderr]    Compiling colorchoice v1.0.5
[INFO] [stderr]    Compiling regex-syntax v0.8.10
[INFO] [stderr]    Compiling anstyle-query v1.1.5
[INFO] [stderr]    Compiling is_terminal_polyfill v1.70.2
[INFO] [stderr]    Compiling serde v1.0.228
[INFO] [stderr]    Compiling serde_json v1.0.149
[INFO] [stderr]    Compiling anstyle-parse v1.0.0
[INFO] [stderr]    Compiling strsim v0.11.1
[INFO] [stderr]    Compiling iana-time-zone v0.1.65
[INFO] [stderr]    Compiling anyhow v1.0.102
[INFO] [stderr]    Compiling bytecount v0.6.9
[INFO] [stderr]    Compiling clap_lex v1.1.0
[INFO] [stderr]    Compiling heck v0.5.0
[INFO] [stderr]    Compiling either v1.15.0
[INFO] [stderr]    Compiling itoa v1.0.18
[INFO] [stderr]    Compiling anstream v1.0.0
[INFO] [stderr]    Compiling log v0.4.29
[INFO] [stderr]    Compiling num-traits v0.2.19
[INFO] [stderr]    Compiling clap_builder v4.6.0
[INFO] [stderr]    Compiling aho-corasick v1.1.4
[INFO] [stderr]    Compiling nom v7.1.3
[INFO] [stderr]    Compiling bstr v1.12.1
[INFO] [stderr]    Compiling crossbeam-epoch v0.9.18
[INFO] [stderr]    Compiling syn v2.0.117
[INFO] [stderr]    Compiling crossbeam-deque v0.8.6
[INFO] [stderr]    Compiling chrono v0.4.44
[INFO] [stderr]    Compiling rayon v1.11.0
[INFO] [stderr]    Compiling nom_locate v4.2.0
[INFO] [stderr]    Compiling regex-automata v0.4.14
[INFO] [stderr]    Compiling patch v0.7.0
[INFO] [stderr]    Compiling clap_derive v4.6.0
[INFO] [stderr]    Compiling serde_derive v1.0.228
[INFO] [stderr]    Compiling clap v4.6.0
[INFO] [stderr]    Compiling globset v0.4.18
[INFO] [stderr]    Compiling regex v1.12.3
[INFO] [stderr]    Compiling ifttt-lint v0.8.0 (/opt/rustwide/workdir)
[INFO] [stderr]     Finished `release` profile [optimized] target(s) in 48.14s
[INFO] running `Command { std: "docker" "inspect" "849031e81b2b35a6405ba7834a24a2e5aa37489465cd27028598650eeb576de6", kill_on_drop: false }`
[INFO] running `Command { std: "docker" "exec" "-e" "SOURCE_DIR=/opt/rustwide/workdir" "-e" "CARGO_HOME=/opt/rustwide/cargo-home" "-e" "RUSTUP_HOME=/opt/rustwide/rustup-home" "-e" "CARGO_TARGET_DIR=/opt/rustwide/target" "-e" "CARGO_INCREMENTAL=0" "-e" "RUST_BACKTRACE=full" "-e" "RUSTFLAGS=--cap-lints=warn" "-e" "RUSTDOCFLAGS=--cap-lints=warn" "-w" "/opt/rustwide/workdir" "--user" "0:0" "849031e81b2b35a6405ba7834a24a2e5aa37489465cd27028598650eeb576de6" "/opt/rustwide/cargo-home/bin/cargo" "+1.100.0-beta.1" "test" "--frozen" "--no-run" "--message-format=json" "--release", kill_on_drop: false }`
[INFO] [stderr]    Compiling libc v0.2.183
[INFO] [stderr]    Compiling bitflags v2.11.0
[INFO] [stderr]    Compiling rustix v1.1.4
[INFO] [stderr]    Compiling linux-raw-sys v0.12.1
[INFO] [stderr]    Compiling cfg-if v1.0.4
[INFO] [stderr]    Compiling num-traits v0.2.19
[INFO] [stderr]    Compiling regex-automata v0.4.14
[INFO] [stderr]    Compiling cfg_aliases v0.2.1
[INFO] [stderr]    Compiling syn v2.0.117
[INFO] [stderr]    Compiling find-msvc-tools v0.1.9
[INFO] [stderr]    Compiling shlex v1.3.0
[INFO] [stderr]    Compiling hashbrown v0.16.1
[INFO] [stderr]    Compiling equivalent v1.0.2
[INFO] [stderr]    Compiling winnow v1.0.0
[INFO] [stderr]    Compiling lazy_static v1.5.0
[INFO] [stderr]    Compiling toml_datetime v1.1.0+spec-1.1.0
[INFO] [stderr]    Compiling nix v0.31.2
[INFO] [stderr]    Compiling getrandom v0.4.2
[INFO] [stderr]    Compiling either v1.15.0
[INFO] [stderr]    Compiling colored v2.2.0
[INFO] [stderr]    Compiling predicates-core v1.0.10
[INFO] [stderr]    Compiling cc v1.2.57
[INFO] [stderr]    Compiling once_cell v1.21.4
[INFO] [stderr]    Compiling glob v0.3.3
[INFO] [stderr]    Compiling termtree v0.5.1
[INFO] [stderr]    Compiling itertools v0.14.0
[INFO] [stderr]    Compiling codspeed-divan-compat v4.4.1
[INFO] [stderr]    Compiling condtype v1.3.0
[INFO] [stderr]    Compiling assert_cmd v2.2.0
[INFO] [stderr]    Compiling difflib v0.4.0
[INFO] [stderr]    Compiling regex-lite v0.1.9
[INFO] [stderr]    Compiling fastrand v2.3.0
[INFO] [stderr]    Compiling predicates-tree v1.0.13
[INFO] [stderr]    Compiling similar v2.7.0
[INFO] [stderr]    Compiling unindent v0.2.4
[INFO] [stderr]    Compiling indexmap v2.13.0
[INFO] [stderr]    Compiling predicates v3.1.4
[INFO] [stderr]    Compiling codspeed v4.4.1
[INFO] [stderr]    Compiling approx v0.5.1
[INFO] [stderr]    Compiling statrs v0.18.0
[INFO] [stderr]    Compiling chrono v0.4.44
[INFO] [stderr]    Compiling toml_parser v1.1.0+spec-1.1.0
[INFO] [stderr]    Compiling toml_edit v0.25.8+spec-1.1.0
[INFO] [stderr]    Compiling getrandom v0.2.17
[INFO] [stderr]    Compiling wait-timeout v0.2.1
[INFO] [stderr]    Compiling console v0.15.11
[INFO] [stderr]    Compiling terminal_size v0.4.4
[INFO] [stderr]    Compiling tempfile v3.27.0
[INFO] [stderr]    Compiling proc-macro-crate v3.5.0
[INFO] [stderr]    Compiling clap_builder v4.6.0
[INFO] [stderr]    Compiling patch v0.7.0
[INFO] [stderr]    Compiling serde_derive v1.0.228
[INFO] [stderr]    Compiling clap_derive v4.6.0
[INFO] [stderr]    Compiling divan-macros v0.1.17
[INFO] [stderr]    Compiling yare-macro v3.0.0
[INFO] [stderr]    Compiling bstr v1.12.1
[INFO] [stderr]    Compiling regex v1.12.3
[INFO] [stderr]    Compiling yare v3.0.0
[INFO] [stderr]    Compiling codspeed-divan-compat-macros v4.4.1
[INFO] [stderr]    Compiling globset v0.4.18
[INFO] [stderr]    Compiling clap v4.6.0
[INFO] [stderr]    Compiling serde v1.0.228
[INFO] [stderr]    Compiling ifttt-lint v0.8.0 (/opt/rustwide/workdir)
[INFO] [stderr]    Compiling insta v1.46.3
[INFO] [stderr]    Compiling codspeed-divan-compat-walltime v4.4.1
[INFO] [stderr]     Finished `release` profile [optimized] target(s) in 1m 08s
[INFO] [stderr] warning: the following packages contain code that will be rejected by a future version of Rust: nix v0.31.2
[INFO] [stderr] note: to see what the problems were, use the option `--future-incompat-report`, or run `cargo report future-incompatibilities --id 1`
[INFO] running `Command { std: "docker" "inspect" "849031e81b2b35a6405ba7834a24a2e5aa37489465cd27028598650eeb576de6", kill_on_drop: false }`
[INFO] running `Command { std: "docker" "exec" "-e" "SOURCE_DIR=/opt/rustwide/workdir" "-e" "CARGO_HOME=/opt/rustwide/cargo-home" "-e" "RUSTUP_HOME=/opt/rustwide/rustup-home" "-e" "CARGO_TARGET_DIR=/opt/rustwide/target" "-e" "CARGO_INCREMENTAL=0" "-e" "RUST_BACKTRACE=full" "-e" "RUSTFLAGS=--cap-lints=warn" "-e" "RUSTDOCFLAGS=--cap-lints=warn" "-w" "/opt/rustwide/workdir" "--user" "0:0" "849031e81b2b35a6405ba7834a24a2e5aa37489465cd27028598650eeb576de6" "/opt/rustwide/cargo-home/bin/cargo" "+1.100.0-beta.1" "test" "--frozen" "--release", kill_on_drop: false }`
[INFO] [stderr]     Finished `release` profile [optimized] target(s) in 0.19s
[INFO] [stderr] warning: the following packages contain code that will be rejected by a future version of Rust: nix v0.31.2
[INFO] [stderr] note: to see what the problems were, use the option `--future-incompat-report`, or run `cargo report future-incompatibilities --id 1`
[INFO] [stderr]      Running unittests src/lib.rs (/opt/rustwide/target/release/build/ifttt-lint/8ccc5fb2598e80b9/out/ifttt_lint-8ccc5fb2598e80b9)
[INFO] [stdout] 
[INFO] [stdout] running 222 tests
[INFO] [stdout] test check::tests::binary_png_file_skipped ... ok
[INFO] [stdout] test check::tests::binary_file_skipped ... ok
[INFO] [stdout] test check::tests::change_detection::empty_then_change_is_valid ... ok
[INFO] [stdout] test check::tests::content_changes_trigger::content_removed_inside_block ... ok
[INFO] [stdout] test check::tests::change_detection::self_reference_without_label ... ok
[INFO] [stdout] test check::tests::change_detection::source_modified_target_unchanged ... ok
[INFO] [stdout] test check::tests::content_changes_trigger::content_removed_and_then_change_replaced ... ok
[INFO] [stdout] test check::tests::content_changes_trigger::content_modified_and_new_target ... ok
[INFO] [stdout] test check::tests::change_detection::source_and_target_both_modified ... ok
[INFO] [stdout] test check::tests::auto_populate_validation::auto_derive_non_triggered_labeled_target ... ok
[INFO] [stdout] test check::tests::change_detection::multiple_targets_all_modified ... ok
[INFO] [stdout] test check::tests::content_changes_trigger::content_removal_collapsed_to_then_change_line ... ok
[INFO] [stdout] test check::tests::deleted_file_detection::unchanged_file_references_deleted_target ... ok
[INFO] [stdout] test check::tests::change_detection::target_file_missing ... ok
[INFO] [stdout] test check::tests::content_changes_trigger::wrap_existing_code_with_modification ... ok
[INFO] [stdout] test check::tests::deleted_file_detection::deleted_file_no_error ... ok
[INFO] [stdout] test check::tests::deleted_file_detection::deleted_target_with_label ... ok
[INFO] [stdout] test check::tests::deleted_file_detection::no_deletions_no_findings ... ok
[INFO] [stdout] test check::tests::directive_only_changes::empty_block_then_change_substituted ... ok
[INFO] [stdout] test check::tests::content_changes_trigger::content_modified_target_untouched ... ok
[INFO] [stdout] test check::tests::change_detection::changes_outside_guarded_range_ignored ... ok
[INFO] [stdout] test check::tests::directive_only_changes::rename_if_change_label ... ok
[INFO] [stdout] test check::tests::directive_only_changes::new_pair_around_existing_code ... ok
[INFO] [stdout] test check::tests::change_detection::removed_lines_trigger_check ... ok
[INFO] [stdout] test check::tests::auto_populate_validation::auto_validate_staged_files ... ok
[INFO] [stdout] test check::tests::directive_only_changes::new_pair_with_new_content ... ok
[INFO] [stdout] test check::tests::change_detection::multiple_targets_one_not_modified ... ok
[INFO] [stdout] test check::tests::directive_only_changes::rename_if_change_label_with_content_change ... ok
[INFO] [stdout] test check::tests::change_detection::multiple_blocks_only_triggered_fires ... ok
[INFO] [stdout] test check::tests::directive_only_changes::empty_parens_content_changed ... ok
[INFO] [stdout] test check::tests::directive_recognition::decoy_if_change_in_string_ignored ... ok
[INFO] [stdout] test check::tests::directive_recognition::directive_in_double_quote_ignored_c ... ok
[INFO] [stdout] test check::tests::directive_recognition::directive_in_herestring_ignored_powershell ... ok
[INFO] [stdout] test check::tests::directive_recognition::directive_in_long_string_ignored_lua ... ok
[INFO] [stdout] test check::tests::directive_recognition::directive_in_backtick_ignored_js ... ok
[INFO] [stdout] test check::tests::directive_recognition::directive_in_multiline_string_ignored_nix ... ok
[INFO] [stdout] test check::tests::directive_only_changes::modify_then_change_only ... ok
[INFO] [stdout] test check::tests::directive_recognition::directive_in_multiline_string_ignored_swift ... ok
[INFO] [stdout] test check::tests::directive_recognition::directive_in_string_literal_ignored ... ok
[INFO] [stdout] test check::tests::directive_recognition::backtick_mention_in_doc_comment_ignored ... ok
[INFO] [stdout] test check::tests::directive_recognition::block_comment ... ok
[INFO] [stdout] test check::tests::directive_recognition::decoy_if_change_in_triple_quote_ignored ... ok
[INFO] [stdout] test check::tests::directive_recognition::directive_in_raw_string_ignored_rust ... ok
[INFO] [stdout] test check::tests::directive_recognition::c_style_slash_slash ... ok
[INFO] [stdout] test check::tests::directive_recognition::decoy_if_change_in_backtick_ignored ... ok
[INFO] [stdout] test check::tests::directive_recognition::directive_in_heredoc_ignored_ruby ... ok
[INFO] [stdout] test check::tests::directive_recognition::directive_in_heredoc_ignored_hcl ... ok
[INFO] [stdout] test check::tests::directive_recognition::directive_in_heredoc_ignored_perl ... ok
[INFO] [stdout] test check::tests::directive_recognition::directive_in_multiline_string_ignored_toml ... ok
[INFO] [stdout] test check::tests::directive_recognition::directive_in_raw_string_ignored_cpp ... ok
[INFO] [stdout] test check::tests::directive_recognition::directive_in_single_hash_extended_string_ignored_swift ... ok
[INFO] [stdout] test check::tests::directive_recognition::directive_in_multiline_string_ignored_rust ... ok
[INFO] [stdout] test check::tests::directive_recognition::directive_in_heredoc_ignored_php ... ok
[INFO] [stdout] test check::tests::directive_recognition::directive_in_heredoc_ignored_shell ... ok
[INFO] [stdout] test check::tests::directive_recognition::directive_in_triple_single_quote_ignored_dart ... ok
[INFO] [stdout] test check::tests::directive_recognition::directives_after_fenced_block_parsed ... ok
[INFO] [stdout] test check::tests::directive_recognition::directive_in_text_block_ignored_java ... ok
[INFO] [stdout] test check::tests::directive_recognition::directive_in_triple_quote_ignored_python ... ok
[INFO] [stdout] test check::tests::directive_recognition::dockerfile ... ok
[INFO] [stdout] test check::tests::directive_recognition::directive_in_triple_quote_ignored_groovy ... ok
[INFO] [stdout] test check::tests::directive_recognition::fenced_code_block_in_doc_comment_ignored ... ok
[INFO] [stdout] test check::tests::directive_recognition::directive_in_triple_quote_ignored_starlark ... ok
[INFO] [stdout] test check::tests::directive_recognition::fenced_code_block_in_markdown_ignored ... ok
[INFO] [stdout] test check::tests::directive_recognition::escaped_quote_at_eol_not_confused ... ok
[INFO] [stdout] test check::tests::directive_recognition::html_comment ... ok
[INFO] [stdout] test check::tests::directive_recognition::haskell_block_comment ... ok
[INFO] [stdout] test check::tests::directive_recognition::inline_backtick_fenced_code_not_swallowed ... ok
[INFO] [stdout] test check::tests::directive_recognition::multiline_block_comment_ignored ... ok
[INFO] [stdout] test check::tests::directive_recognition::multiline_then_change_block_comment ... ok
[INFO] [stdout] test check::tests::directive_recognition::percent ... ok
[INFO] [stdout] test check::tests::directive_recognition::prose_mention_not_parsed_as_multiline ... ok
[INFO] [stdout] test check::tests::directive_recognition::multiline_then_change_html_comment ... ok
[INFO] [stdout] test check::tests::directive_recognition::real_directive_pairs_around_backtick ... ok
[INFO] [stdout] test check::tests::directive_recognition::php_hash ... ok
[INFO] [stdout] test check::tests::directive_recognition::real_directive_pairs_around_string_literal ... ok
[INFO] [stdout] test check::tests::directive_recognition::real_directive_pairs_around_triple_quote ... ok
[INFO] [stdout] test check::tests::directive_recognition::prose_then_change_with_trailing_text_ignored ... ok
[INFO] [stdout] test check::tests::directive_recognition::prose_if_change_with_trailing_text_ignored ... ok
[INFO] [stdout] test check::tests::directive_recognition::semicolon ... ok
[INFO] [stdout] test check::tests::directive_recognition::makefile ... ok
[INFO] [stdout] test check::tests::directive_recognition::multibyte_utf8_parsed_correctly ... ok
[INFO] [stdout] test check::tests::directive_recognition::php_slash ... ok
[INFO] [stdout] test check::tests::directive_recognition::repeated_slash_prefix_not_recognized ... ok
[INFO] [stdout] test check::tests::directive_recognition::sql_dash ... ok
[INFO] [stdout] test check::tests::directive_recognition::string_ending_at_eol_not_treated_as_multiline ... ok
[INFO] [stdout] test check::tests::directive_recognition::sql_block_comment ... ok
[INFO] [stdout] test check::tests::directive_recognition::repeated_pct_prefix_not_recognized ... ok
[INFO] [stdout] test check::tests::directive_recognition::repeated_dash_prefix_not_recognized ... ok
[INFO] [stdout] test check::tests::directive_recognition::repeated_semi_prefix_not_recognized ... ok
[INFO] [stdout] test check::tests::directive_recognition::multiline_then_change_trailing_comma ... ok
[INFO] [stdout] test check::tests::directive_recognition::repeated_hash_prefix_not_recognized ... ok
[INFO] [stdout] test check::tests::directive_recognition::directive_in_verbatim_string_ignored_csharp ... ok
[INFO] [stdout] test check::tests::directive_recognition::escaped_quote_in_string_not_confused ... ok
[INFO] [stdout] test check::tests::directive_recognition::hash_comment ... ok
[INFO] [stdout] test check::tests::directive_recognition::nix_indented_string_closed_before_letter ... ok
[INFO] [stdout] test check::tests::file_list_validation::same_file_label_missing ... ok
[INFO] [stdout] test check::tests::file_list_validation::target_label_missing ... ok
[INFO] [stdout] test check::tests::file_list_validation::structural_and_diff_distinct ... ok
[INFO] [stdout] test check::tests::find_label_range_missing_label ... ok
[INFO] [stdout] test check::tests::find_label_range_with_interleaved_non_matching_if_change ... ok
[INFO] [stdout] test check::tests::finding_source_location_omits_label ... ok
[INFO] [stdout] test check::tests::directive_recognition::unicode_before_html_close_tag ... ok
[INFO] [stdout] test check::tests::file_list_validation::same_file_label_exists ... ok
[INFO] [stdout] test check::tests::directive_recognition::vue_html ... ok
[INFO] [stdout] test check::tests::file_list_validation::target_file_missing ... ok
[INFO] [stdout] test check::tests::directive_recognition::vue_slash ... ok
[INFO] [stdout] test check::tests::file_list_validation::deleted_target_no_duplicate_with_file_list ... ok
[INFO] [stdout] test check::tests::file_list_validation::file_itself_missing ... ok
[INFO] [stdout] test check::tests::file_list_validation::structural_and_diff_same_file ... ok
[INFO] [stdout] test check::tests::label_scoped_detection::same_file_label_both_modified ... ok
[INFO] [stdout] test check::tests::file_list_validation::valid_target ... ok
[INFO] [stdout] test check::tests::non_strict::bare_filename_diff_mode ... ok
[INFO] [stdout] test check::tests::non_strict::bare_filename_at_root ... ok
[INFO] [stdout] test check::tests::label_scoped_detection::full_path_self_reference_with_label ... ok
[INFO] [stdout] test check::tests::file_list_validation::in_file_list_and_diff_no_duplicate ... ok
[INFO] [stdout] test check::tests::ignore_patterns::matching_target_skipped ... ok
[INFO] [stdout] test check::tests::non_strict::bare_filename_same_dir ... ok
[INFO] [stdout] test check::tests::file_list_scoping::file_list_no_scope_reverse_lookup ... ok
[INFO] [stdout] test check::tests::non_strict::self_ref_suppressed ... ok
[INFO] [stdout] test check::tests::ignore_patterns::non_matching_still_checked ... ok
[INFO] [stdout] test check::tests::parse_errors::absolute_path_rejected ... ok
[INFO] [stdout] test check::tests::non_strict::then_change_empty_parens ... ok
[INFO] [stdout] test check::tests::label_scoped_detection::hyphenated_label_accepted ... ok
[INFO] [stdout] test check::tests::label_scoped_detection::dotted_label_accepted ... ok
[INFO] [stdout] test check::tests::file_list_validation::reverse_lookup_scoped_to_non_file_list ... ok
[INFO] [stdout] test check::tests::file_list_scoping::file_list_scopes_diff ... ok
[INFO] [stdout] test check::tests::non_strict::path_with_slash_stays_root_relative ... ok
[INFO] [stdout] test check::tests::label_scoped_detection::label_not_cleared_by_non_matching_if_change ... ok
[INFO] [stdout] test check::tests::label_scoped_detection::change_outside_label_range ... ok
[INFO] [stdout] test check::tests::label_scoped_detection::target_label_not_found ... ok
[INFO] [stdout] test check::tests::parse_errors::double_dot_in_filename_allowed ... ok
[INFO] [stdout] test check::tests::parse_errors::modified_but_missing_file ... ok
[INFO] [stdout] test check::tests::parse_errors::orphan_then_change ... ok
[INFO] [stdout] test check::tests::parse_errors::unclosed_if_change ... ok
[INFO] [stdout] test check::tests::removed_new_positions_merge_across_patches ... ok
[INFO] [stdout] test check::tests::parse_errors::path_traversal_rejected ... ok
[INFO] [stdout] test check::tests::stale_label_reverse_lookup::partial_label_removal ... ok
[INFO] [stdout] test check::tests::parse_errors::duplicate_label ... ok
[INFO] [stdout] test check::tests::parse_errors::nested_labeled_if_change_rejected ... ok
[INFO] [stdout] test check::tests::parse_errors::unlabeled_if_change_empty_then_change ... ok
[INFO] [stdout] test check::tests::stale_label_reverse_lookup::valid_label_no_false_positive ... ok
[INFO] [stdout] test check::tests::parse_errors::bare_path_missing_prefix ... ok
[INFO] [stdout] test check::tests::unclosed_paren_then_change_is_directive_not_prose ... ok
[INFO] [stdout] test check::tests::parse_errors::labeled_if_change_empty_then_change_ok ... ok
[INFO] [stdout] test check::tests::parse_errors::consecutive_if_change_reports_first_line ... ok
[INFO] [stdout] test check::tests::parse_errors::unknown_directive ... ok
[INFO] [stdout] test check::tests::parse_errors::malformed_label ... ok
[INFO] [stdout] test check::tests::stale_label_reverse_lookup::stale_label_removed ... ok
[INFO] [stdout] test check::tests::stale_label_reverse_lookup::stale_label_when_ref_file_also_in_diff ... ok
[INFO] [stdout] test check::tests::stale_label_reverse_lookup::moved_label ... ok
[INFO] [stdout] test check::tests::label_scoped_detection::labeled_target_modified_in_range ... ok
[INFO] [stdout] test check::tests::stale_label_reverse_lookup::renamed_label ... ok
[INFO] [stdout] test cli::tests::no_directives_exits_zero ... FAILED
[INFO] [stdout] test cli::tests::file_list_validates_targets ... FAILED
[INFO] [stdout] test cli::tests::precommit_skips_cochange_validation ... FAILED
[INFO] [stdout] test cli::tests::non_strict_resolves_bare_targets ... FAILED
[INFO] [stdout] test parser::tests::parse_target_colon_in_numeric_suffix_not_label ... ok
[INFO] [stdout] test parser::tests::parse_target_drive_letter_with_label ... ok
[INFO] [stdout] test parser::tests::parse_target_file_and_label ... ok
[INFO] [stdout] test parser::tests::parse_target_file_only ... ok
[INFO] [stdout] test parser::tests::parse_target_label_only ... ok
[INFO] [stdout] test parser::tests::parse_target_port_in_path_no_label ... ok
[INFO] [stdout] test parser::tests::parse_target_port_in_path_with_label ... ok
[INFO] [stdout] test parser::tests::parse_target_windows_drive_letter_forward_slash ... ok
[INFO] [stdout] test parser::tests::parse_target_windows_drive_letter_no_label ... ok
[INFO] [stdout] test cli::tests::no_ifttt_suppresses_diff_finding ... FAILED
[INFO] [stdout] test parser::tests::parse_target_windows_drive_letter_with_prefix ... ok
[INFO] [stdout] test reports::tests::finding_with_label_omits_label_from_location ... ok
[INFO] [stdout] test cli::tests::symlink_to_directory_is_skipped_in_glob_expansion ... FAILED
[INFO] [stdout] test reports::tests::format_has_output::empty_json ... ok
[INFO] [stdout] test reports::tests::format_has_output::empty_plain ... ok
[INFO] [stdout] test reports::tests::format_has_output::empty_pretty ... ok
[INFO] [stdout] test reports::tests::format_has_output::error_pretty ... ok
[INFO] [stdout] test cli::tests::json_format_produces_valid_json ... FAILED
[INFO] [stdout] test reports::tests::format_has_output::finding_plain ... ok
[INFO] [stdout] test reports::tests::format_has_output::finding_pretty ... ok
[INFO] [stdout] test reports::tests::json_contains_structure ... ok
[INFO] [stdout] test reports::tests::plain_format ... ok
[INFO] [stdout] test cli::tests::both_sides_changed_exits_zero ... FAILED
[INFO] [stdout] test reports::tests::pretty_no_color ... ok
[INFO] [stdout] test cli::tests::symlink_files_are_skipped_in_structural_validation ... FAILED
[INFO] [stdout] test reports::tests::pretty_with_color ... ok
[INFO] [stdout] test vcs_git::tests::read_file::existing_file ... ok
[INFO] [stdout] test reports::tests::format_has_output::error_plain ... ok
[INFO] [stdout] test vcs_git::tests::file_exists_present_and_absent ... ok
[INFO] [stdout] test vcs_git::tests::read_file::missing_file ... ok
[INFO] [stdout] test vcs_git::tests::read_file_utf8_boundary ... ok
[INFO] [stdout] test reports::tests::format_has_output::error_json ... ok
[INFO] [stdout] test reports::tests::format_has_output::finding_json ... ok
[INFO] [stdout] test vcs_git::tests::read_file_invalid_utf8_after_probe ... ok
[INFO] [stdout] Initialized empty Git repository in /tmp/.tmpWhk0YB/.git/
[INFO] [stdout] test cli::tests::ignore_glob_pattern ... FAILED
[INFO] [stdout] test vcs_git::tests::three_dot_to_log_range_cases::basic ... ok
[INFO] [stdout] test vcs_git::tests::three_dot_to_log_range_cases::no_separator ... ok
[INFO] [stdout] test vcs_git::tests::three_dot_to_log_range_cases::rightmost_wins ... ok
[INFO] [stdout] Initialized empty Git repository in /tmp/.tmpODmC01/.git/
[INFO] [stdout] test vcs_git::tests::three_dot_to_log_range_cases::sha_refs ... ok
[INFO] [stdout] test vcs_git::tests::three_dot_to_log_range_cases::two_dot_pass ... ok
[INFO] [stdout] test vcs_git::udiff::tests::parse_applies_normalize_to_paths ... ok
[INFO] [stdout] Initialized empty Git repository in /tmp/.tmpIFXItE/.git/
[INFO] [stdout] test vcs_git::udiff::tests::parse_deleted_file_marked ... ok
[INFO] [stdout] Initialized empty Git repository in /tmp/.tmprTamYK/.git/
[INFO] [stdout] test vcs_git::udiff::tests::parse_file_count::deleted_file ... ok
[INFO] [stdout] test vcs_git::udiff::tests::parse_file_count::empty ... ok
[INFO] [stdout] test vcs_git::udiff::tests::parse_file_count::one_add ... ok
[INFO] [stdout] test vcs_git::udiff::tests::parse_file_count::one_remove ... ok
[INFO] [stdout] test cli::tests::diff_ignores_structural_errors_in_untouched_target_files ... FAILED
[INFO] [stdout] test vcs_git::udiff::tests::parse_lines::add ... ok
[INFO] [stdout] test vcs_git::udiff::tests::parse_lines::remove ... ok
[INFO] [stdout] test vcs_git::udiff::tests::parse_file_count::rename ... ok
[INFO] [stdout] test vcs_git::udiff::tests::parse_merges_removed_new_positions_for_duplicate_file ... ok
[INFO] [stdout] test vcs_git::udiff::tests::parse_rename_includes_added_lines_in_old_path ... ok
[INFO] [stdout] [main (root-commit) f860b6a] baseline
[INFO] [stdout]  1 file changed, 1 insertion(+)
[INFO] [stdout]  create mode 100644 f.txt
[INFO] [stdout] Initialized empty Git repository in /tmp/.tmppRM3tU/.git/
[INFO] [stdout] [main 34b664c] ordinary commit message
[INFO] [stdout]  1 file changed, 1 insertion(+), 1 deletion(-)
[INFO] [stdout] [main (root-commit) 6f68d60] baseline
[INFO] [stdout]  1 file changed, 1 insertion(+)
[INFO] [stdout]  create mode 100644 f.txt
[INFO] [stdout] test cli::tests::ignore_suppresses_finding ... FAILED
[INFO] [stdout] test cli::tests::multi_thread_output_is_deterministically_sorted ... FAILED
[INFO] [stdout] test cli::tests::unpaired_directive_reports_error ... FAILED
[INFO] [stdout] test vcs_git::tests::suppressions::tag_absent ... ok
[INFO] [stdout] test cli::tests::no_ifttt_in_any_commit_suppresses_entire_range ... FAILED
[INFO] [stdout] Initialized empty Git repository in /tmp/.tmpXM6qan/.git/
[INFO] [stdout] [main (root-commit) 8624eb0] init
[INFO] [stdout]  2 files changed, 2 insertions(+)
[INFO] [stdout]  create mode 100644 a.txt
[INFO] [stdout]  create mode 100644 b.txt
[INFO] [stdout] [main (root-commit) bd6e52b] init
[INFO] [stdout]  1 file changed, 1 insertion(+)
[INFO] [stdout]  create mode 100644 x.txt
[INFO] [stdout] test cli::tests::no_ifttt_does_not_suppress_deleted_file_finding ... FAILED
[INFO] [stdout] [main 385fb1c] add line2
[INFO] [stdout]  1 file changed, 1 insertion(+)
[INFO] [stdout] test cli::tests::no_ifttt_inert_in_precommit_mode ... FAILED
[INFO] [stdout] test cli::tests::missing_change_reports_finding ... FAILED
[INFO] [stdout] test vcs_git::tests::search_files_lint::empty_when_no_match ... ok
[INFO] [stdout] [main (root-commit) f860b6a] baseline
[INFO] [stdout]  1 file changed, 1 insertion(+)
[INFO] [stdout]  create mode 100644 f.txt
[INFO] [stdout] [main (root-commit) 7a75c49] base
[INFO] [stdout]  1 file changed, 1 insertion(+)
[INFO] [stdout]  create mode 100644 shared.txt
[INFO] [stdout] test vcs_git::tests::search_files_lint::finds_matching ... ok
[INFO] [stdout] test cli::tests::diff_detects_stale_label_after_rename ... FAILED
[INFO] [stdout] test vcs_git::tests::diff_with_explicit_range_reports_added_lines ... ok
[INFO] [stdout] [main 00cf4ba] feat: update
[INFO] [stdout]  1 file changed, 1 insertion(+), 1 deletion(-)
[INFO] [stdout] test vcs_git::tests::suppressions::tag_present ... ok
[INFO] [stdout] [feature c40d5b2] feature start
[INFO] [stdout]  1 file changed, 1 insertion(+)
[INFO] [stdout]  create mode 100644 feature.txt
[INFO] [stdout] [main e1c6a07] main advances
[INFO] [stdout]  1 file changed, 1 insertion(+)
[INFO] [stdout]  create mode 100644 main_only.txt
[INFO] [stdout] [feature fdbc56c] feature update
[INFO] [stdout]  1 file changed, 1 insertion(+), 1 deletion(-)
[INFO] [stdout] test vcs_git::tests::three_dot_diff_ignores_base_only_changes ... ok
[INFO] [stdout] 
[INFO] [stdout] failures:
[INFO] [stdout] 
[INFO] [stdout] ---- cli::tests::no_directives_exits_zero stdout ----
[INFO] [stdout] 
[INFO] [stdout] thread 'cli::tests::no_directives_exits_zero' (2796) panicked at /opt/rustwide/cargo-home/registry/src/index.crates.io-1949cf8c6b5b557f/assert_cmd-2.2.0/src/cargo.rs:251:9:
[INFO] [stdout] `CARGO_BIN_EXE_ifttt-lint` is unset
[INFO] [stdout] help: if this is running within a unit test, move it to an integration test to gain access to `CARGO_BIN_EXE_ifttt-lint`
[INFO] [stdout] stack backtrace:
[INFO] [stdout]    0:     0x5dd18127af91 - <<std[617be2ca0a6fd877]::sys::backtrace::BacktraceLock>::print::DisplayBacktrace as core[a373ad73a504971]::fmt::Display>::fmt
[INFO] [stdout]    1:     0x5dd181292caa - core[a373ad73a504971]::fmt::write
[INFO] [stdout]    2:     0x5dd181280ddc - <alloc[2e1b2a31b91974c5]::vec::Vec<u8> as core[a373ad73a504971]::io::write::Write>::write_fmt
[INFO] [stdout]    3:     0x5dd1812548c6 - std[617be2ca0a6fd877]::panicking::default_hook::{closure#0}
[INFO] [stdout]    4:     0x5dd181272829 - std[617be2ca0a6fd877]::panicking::default_hook
[INFO] [stdout]    5:     0x5dd18112a380 - test[aada8e7e76ba119b]::test_main_inner::{closure#0}
[INFO] [stdout]    6:     0x5dd181272b52 - std[617be2ca0a6fd877]::panicking::panic_with_hook
[INFO] [stdout]    7:     0x5dd181254972 - std[617be2ca0a6fd877]::panicking::panic_handler::{closure#0}
[INFO] [stdout]    8:     0x5dd18124cf79 - std[617be2ca0a6fd877]::sys::backtrace::__rust_end_short_backtrace::<std[617be2ca0a6fd877]::panicking::panic_handler::{closure#0}, !>
[INFO] [stdout]    9:     0x5dd18125577d - __rustc[ea4f61d10b84890b]::rust_begin_unwind
[INFO] [stdout]   10:     0x5dd18129348c - core[a373ad73a504971]::panicking::panic_fmt
[INFO] [stdout]   11:     0x5dd181168f93 - assert_cmd[e412eb894112f228]::cargo::missing_cargo_bin
[INFO] [stdout]   12:     0x5dd181168d3b - assert_cmd[e412eb894112f228]::cargo::cargo_bin_str
[INFO] [stdout]   13:     0x5dd1810f827f - assert_cmd[e412eb894112f228]::cargo::cargo_bin_cmd::<&str>
[INFO] [stdout]   14:     0x5dd1810c7328 - <ifttt_lint[3b2d1699d775ac0f]::cli::tests::TestRepo>::run_with_threads
[INFO] [stdout]   15:     0x5dd1810c8f7a - <ifttt_lint[3b2d1699d775ac0f]::cli::tests::no_directives_exits_zero::{closure#0} as core[a373ad73a504971]::ops::function::FnOnce<()>>::call_once
[INFO] [stdout]   16:     0x5dd18111d7cb - test[aada8e7e76ba119b]::__rust_begin_short_backtrace::<core[a373ad73a504971]::result::Result<(), alloc[2e1b2a31b91974c5]::string::String>, fn() -> core[a373ad73a504971]::result::Result<(), alloc[2e1b2a31b91974c5]::string::String>>
[INFO] [stdout]   17:     0x5dd18112a9a5 - test[aada8e7e76ba119b]::run_test::{closure#0}
[INFO] [stdout]   18:     0x5dd181124294 - std[617be2ca0a6fd877]::sys::backtrace::__rust_begin_short_backtrace::<test[aada8e7e76ba119b]::run_test::{closure#1}, ()>
[INFO] [stdout]   19:     0x5dd18112da32 - <std[617be2ca0a6fd877]::thread::lifecycle::spawn_unchecked<test[aada8e7e76ba119b]::run_test::{closure#1}, ()>::{closure#1} as core[a373ad73a504971]::ops::function::FnOnce<()>>::call_once::{shim:vtable#0}
[INFO] [stdout]   20:     0x5dd18127a57f - <std[617be2ca0a6fd877]::sys::thread::unix::Thread>::new::thread_start
[INFO] [stdout]   21:     0x7dfa8ff32dfa - <unknown>
[INFO] [stdout]   22:     0x7dfa8ffc63d4 - clone
[INFO] [stdout]   23:                0x0 - <unknown>
[INFO] [stdout] 
[INFO] [stdout] ---- cli::tests::file_list_validates_targets stdout ----
[INFO] [stdout] 
[INFO] [stdout] thread 'cli::tests::file_list_validates_targets' (2784) panicked at /opt/rustwide/cargo-home/registry/src/index.crates.io-1949cf8c6b5b557f/assert_cmd-2.2.0/src/cargo.rs:251:9:
[INFO] [stdout] `CARGO_BIN_EXE_ifttt-lint` is unset
[INFO] [stdout] help: if this is running within a unit test, move it to an integration test to gain access to `CARGO_BIN_EXE_ifttt-lint`
[INFO] [stdout] stack backtrace:
[INFO] [stdout]    0:     0x5dd18127af91 - <<std[617be2ca0a6fd877]::sys::backtrace::BacktraceLock>::print::DisplayBacktrace as core[a373ad73a504971]::fmt::Display>::fmt
[INFO] [stdout]    1:     0x5dd181292caa - core[a373ad73a504971]::fmt::write
[INFO] [stdout]    2:     0x5dd181280ddc - <alloc[2e1b2a31b91974c5]::vec::Vec<u8> as core[a373ad73a504971]::io::write::Write>::write_fmt
[INFO] [stdout]    3:     0x5dd1812548c6 - std[617be2ca0a6fd877]::panicking::default_hook::{closure#0}
[INFO] [stdout]    4:     0x5dd181272829 - std[617be2ca0a6fd877]::panicking::default_hook
[INFO] [stdout]    5:     0x5dd18112a380 - test[aada8e7e76ba119b]::test_main_inner::{closure#0}
[INFO] [stdout]    6:     0x5dd181272b52 - std[617be2ca0a6fd877]::panicking::panic_with_hook
[INFO] [stdout]    7:     0x5dd181254972 - std[617be2ca0a6fd877]::panicking::panic_handler::{closure#0}
[INFO] [stdout]    8:     0x5dd18124cf79 - std[617be2ca0a6fd877]::sys::backtrace::__rust_end_short_backtrace::<std[617be2ca0a6fd877]::panicking::panic_handler::{closure#0}, !>
[INFO] [stdout]    9:     0x5dd18125577d - __rustc[ea4f61d10b84890b]::rust_begin_unwind
[INFO] [stdout]   10:     0x5dd18129348c - core[a373ad73a504971]::panicking::panic_fmt
[INFO] [stdout]   11:     0x5dd181168f93 - assert_cmd[e412eb894112f228]::cargo::missing_cargo_bin
[INFO] [stdout]   12:     0x5dd181168d3b - assert_cmd[e412eb894112f228]::cargo::cargo_bin_str
[INFO] [stdout]   13:     0x5dd1810f827f - assert_cmd[e412eb894112f228]::cargo::cargo_bin_cmd::<&str>
[INFO] [stdout]   14:     0x5dd1810c7328 - <ifttt_lint[3b2d1699d775ac0f]::cli::tests::TestRepo>::run_with_threads
[INFO] [stdout]   15:     0x5dd1810c959f - <ifttt_lint[3b2d1699d775ac0f]::cli::tests::file_list_validates_targets::{closure#0} as core[a373ad73a504971]::ops::function::FnOnce<()>>::call_once
[INFO] [stdout]   16:     0x5dd18111d7cb - test[aada8e7e76ba119b]::__rust_begin_short_backtrace::<core[a373ad73a504971]::result::Result<(), alloc[2e1b2a31b91974c5]::string::String>, fn() -> core[a373ad73a504971]::result::Result<(), alloc[2e1b2a31b91974c5]::string::String>>
[INFO] [stdout]   17:     0x5dd18112a9a5 - test[aada8e7e76ba119b]::run_test::{closure#0}
[INFO] [stdout]   18:     0x5dd181124294 - std[617be2ca0a6fd877]::sys::backtrace::__rust_begin_short_backtrace::<test[aada8e7e76ba119b]::run_test::{closure#1}, ()>
[INFO] [stdout]   19:     0x5dd18112da32 - <std[617be2ca0a6fd877]::thread::lifecycle::spawn_unchecked<test[aada8e7e76ba119b]::run_test::{closure#1}, ()>::{closure#1} as core[a373ad73a504971]::ops::function::FnOnce<()>>::call_once::{shim:vtable#0}
[INFO] [stdout]   20:     0x5dd18127a57f - <std[617be2ca0a6fd877]::sys::thread::unix::Thread>::new::thread_start
[INFO] [stdout]   21:     0x7dfa8ff32dfa - <unknown>
[INFO] [stdout]   22:     0x7dfa8ffc63d4 - clone
[INFO] [stdout]   23:                0x0 - <unknown>
[INFO] [stdout] 
[INFO] [stdout] ---- cli::tests::precommit_skips_cochange_validation stdout ----
[INFO] [stdout] 
[INFO] [stdout] thread 'cli::tests::precommit_skips_cochange_validation' (2811) panicked at /opt/rustwide/cargo-home/registry/src/index.crates.io-1949cf8c6b5b557f/assert_cmd-2.2.0/src/cargo.rs:251:9:
[INFO] [stdout] `CARGO_BIN_EXE_ifttt-lint` is unset
[INFO] [stdout] help: if this is running within a unit test, move it to an integration test to gain access to `CARGO_BIN_EXE_ifttt-lint`
[INFO] [stdout] stack backtrace:
[INFO] [stdout]    0:     0x5dd18127af91 - <<std[617be2ca0a6fd877]::sys::backtrace::BacktraceLock>::print::DisplayBacktrace as core[a373ad73a504971]::fmt::Display>::fmt
[INFO] [stdout]    1:     0x5dd181292caa - core[a373ad73a504971]::fmt::write
[INFO] [stdout]    2:     0x5dd181280ddc - <alloc[2e1b2a31b91974c5]::vec::Vec<u8> as core[a373ad73a504971]::io::write::Write>::write_fmt
[INFO] [stdout]    3:     0x5dd1812548c6 - std[617be2ca0a6fd877]::panicking::default_hook::{closure#0}
[INFO] [stdout]    4:     0x5dd181272829 - std[617be2ca0a6fd877]::panicking::default_hook
[INFO] [stdout]    5:     0x5dd18112a380 - test[aada8e7e76ba119b]::test_main_inner::{closure#0}
[INFO] [stdout]    6:     0x5dd181272b52 - std[617be2ca0a6fd877]::panicking::panic_with_hook
[INFO] [stdout]    7:     0x5dd181254972 - std[617be2ca0a6fd877]::panicking::panic_handler::{closure#0}
[INFO] [stdout]    8:     0x5dd18124cf79 - std[617be2ca0a6fd877]::sys::backtrace::__rust_end_short_backtrace::<std[617be2ca0a6fd877]::panicking::panic_handler::{closure#0}, !>
[INFO] [stdout]    9:     0x5dd18125577d - __rustc[ea4f61d10b84890b]::rust_begin_unwind
[INFO] [stdout]   10:     0x5dd18129348c - core[a373ad73a504971]::panicking::panic_fmt
[INFO] [stdout]   11:     0x5dd181168f93 - assert_cmd[e412eb894112f228]::cargo::missing_cargo_bin
[INFO] [stdout]   12:     0x5dd181168d3b - assert_cmd[e412eb894112f228]::cargo::cargo_bin_str
[INFO] [stdout]   13:     0x5dd1810f827f - assert_cmd[e412eb894112f228]::cargo::cargo_bin_cmd::<&str>
[INFO] [stdout]   14:     0x5dd1810c7328 - <ifttt_lint[3b2d1699d775ac0f]::cli::tests::TestRepo>::run_with_threads
[INFO] [stdout]   15:     0x5dd1810cbea0 - <ifttt_lint[3b2d1699d775ac0f]::cli::tests::precommit_skips_cochange_validation::{closure#0} as core[a373ad73a504971]::ops::function::FnOnce<()>>::call_once
[INFO] [stdout]   16:     0x5dd18111d7cb - test[aada8e7e76ba119b]::__rust_begin_short_backtrace::<core[a373ad73a504971]::result::Result<(), alloc[2e1b2a31b91974c5]::string::String>, fn() -> core[a373ad73a504971]::result::Result<(), alloc[2e1b2a31b91974c5]::string::String>>
[INFO] [stdout]   17:     0x5dd18112a9a5 - test[aada8e7e76ba119b]::run_test::{closure#0}
[INFO] [stdout]   18:     0x5dd181124294 - std[617be2ca0a6fd877]::sys::backtrace::__rust_begin_short_backtrace::<test[aada8e7e76ba119b]::run_test::{closure#1}, ()>
[INFO] [stdout]   19:     0x5dd18112da32 - <std[617be2ca0a6fd877]::thread::lifecycle::spawn_unchecked<test[aada8e7e76ba119b]::run_test::{closure#1}, ()>::{closure#1} as core[a373ad73a504971]::ops::function::FnOnce<()>>::call_once::{shim:vtable#0}
[INFO] [stdout]   20:     0x5dd18127a57f - <std[617be2ca0a6fd877]::sys::thread::unix::Thread>::new::thread_start
[INFO] [stdout]   21:     0x7dfa8ff32dfa - <unknown>
[INFO] [stdout]   22:     0x7dfa8ffc63d4 - clone
[INFO] [stdout]   23:                0x0 - <unknown>
[INFO] [stdout] 
[INFO] [stdout] ---- cli::tests::non_strict_resolves_bare_targets stdout ----
[INFO] [stdout] 
[INFO] [stdout] thread 'cli::tests::non_strict_resolves_bare_targets' (2805) panicked at /opt/rustwide/cargo-home/registry/src/index.crates.io-1949cf8c6b5b557f/assert_cmd-2.2.0/src/cargo.rs:251:9:
[INFO] [stdout] `CARGO_BIN_EXE_ifttt-lint` is unset
[INFO] [stdout] help: if this is running within a unit test, move it to an integration test to gain access to `CARGO_BIN_EXE_ifttt-lint`
[INFO] [stdout] stack backtrace:
[INFO] [stdout]    0:     0x5dd18127af91 - <<std[617be2ca0a6fd877]::sys::backtrace::BacktraceLock>::print::DisplayBacktrace as core[a373ad73a504971]::fmt::Display>::fmt
[INFO] [stdout]    1:     0x5dd181292caa - core[a373ad73a504971]::fmt::write
[INFO] [stdout]    2:     0x5dd181280ddc - <alloc[2e1b2a31b91974c5]::vec::Vec<u8> as core[a373ad73a504971]::io::write::Write>::write_fmt
[INFO] [stdout]    3:     0x5dd1812548c6 - std[617be2ca0a6fd877]::panicking::default_hook::{closure#0}
[INFO] [stdout]    4:     0x5dd181272829 - std[617be2ca0a6fd877]::panicking::default_hook
[INFO] [stdout]    5:     0x5dd18112a380 - test[aada8e7e76ba119b]::test_main_inner::{closure#0}
[INFO] [stdout]    6:     0x5dd181272b52 - std[617be2ca0a6fd877]::panicking::panic_with_hook
[INFO] [stdout]    7:     0x5dd181254972 - std[617be2ca0a6fd877]::panicking::panic_handler::{closure#0}
[INFO] [stdout]    8:     0x5dd18124cf79 - std[617be2ca0a6fd877]::sys::backtrace::__rust_end_short_backtrace::<std[617be2ca0a6fd877]::panicking::panic_handler::{closure#0}, !>
[INFO] [stdout]    9:     0x5dd18125577d - __rustc[ea4f61d10b84890b]::rust_begin_unwind
[INFO] [stdout]   10:     0x5dd18129348c - core[a373ad73a504971]::panicking::panic_fmt
[INFO] [stdout]   11:     0x5dd181168f93 - assert_cmd[e412eb894112f228]::cargo::missing_cargo_bin
[INFO] [stdout]   12:     0x5dd181168d3b - assert_cmd[e412eb894112f228]::cargo::cargo_bin_str
[INFO] [stdout]   13:     0x5dd1810f827f - assert_cmd[e412eb894112f228]::cargo::cargo_bin_cmd::<&str>
[INFO] [stdout]   14:     0x5dd1810c7328 - <ifttt_lint[3b2d1699d775ac0f]::cli::tests::TestRepo>::run_with_threads
[INFO] [stdout]   15:     0x5dd1810cb178 - <ifttt_lint[3b2d1699d775ac0f]::cli::tests::non_strict_resolves_bare_targets::{closure#0} as core[a373ad73a504971]::ops::function::FnOnce<()>>::call_once
[INFO] [stdout]   16:     0x5dd18111d7cb - test[aada8e7e76ba119b]::__rust_begin_short_backtrace::<core[a373ad73a504971]::result::Result<(), alloc[2e1b2a31b91974c5]::string::String>, fn() -> core[a373ad73a504971]::result::Result<(), alloc[2e1b2a31b91974c5]::string::String>>
[INFO] [stdout]   17:     0x5dd18112a9a5 - test[aada8e7e76ba119b]::run_test::{closure#0}
[INFO] [stdout]   18:     0x5dd181124294 - std[617be2ca0a6fd877]::sys::backtrace::__rust_begin_short_backtrace::<test[aada8e7e76ba119b]::run_test::{closure#1}, ()>
[INFO] [stdout]   19:     0x5dd18112da32 - <std[617be2ca0a6fd877]::thread::lifecycle::spawn_unchecked<test[aada8e7e76ba119b]::run_test::{closure#1}, ()>::{closure#1} as core[a373ad73a504971]::ops::function::FnOnce<()>>::call_once::{shim:vtable#0}
[INFO] [stdout]   20:     0x5dd18127a57f - <std[617be2ca0a6fd877]::sys::thread::unix::Thread>::new::thread_start
[INFO] [stdout]   21:     0x7dfa8ff32dfa - <unknown>
[INFO] [stdout]   22:     0x7dfa8ffc63d4 - clone
[INFO] [stdout]   23:                0x0 - <unknown>
[INFO] [stdout] 
[INFO] [stdout] ---- cli::tests::no_ifttt_suppresses_diff_finding stdout ----
[INFO] [stdout] 
[INFO] [stdout] thread 'cli::tests::no_ifttt_suppresses_diff_finding' (2804) panicked at /opt/rustwide/cargo-home/registry/src/index.crates.io-1949cf8c6b5b557f/assert_cmd-2.2.0/src/cargo.rs:251:9:
[INFO] [stdout] `CARGO_BIN_EXE_ifttt-lint` is unset
[INFO] [stdout] help: if this is running within a unit test, move it to an integration test to gain access to `CARGO_BIN_EXE_ifttt-lint`
[INFO] [stdout] stack backtrace:
[INFO] [stdout]    0:     0x5dd18127af91 - <<std[617be2ca0a6fd877]::sys::backtrace::BacktraceLock>::print::DisplayBacktrace as core[a373ad73a504971]::fmt::Display>::fmt
[INFO] [stdout]    1:     0x5dd181292caa - core[a373ad73a504971]::fmt::write
[INFO] [stdout]    2:     0x5dd181280ddc - <alloc[2e1b2a31b91974c5]::vec::Vec<u8> as core[a373ad73a504971]::io::write::Write>::write_fmt
[INFO] [stdout]    3:     0x5dd1812548c6 - std[617be2ca0a6fd877]::panicking::default_hook::{closure#0}
[INFO] [stdout]    4:     0x5dd181272829 - std[617be2ca0a6fd877]::panicking::default_hook
[INFO] [stdout]    5:     0x5dd18112a380 - test[aada8e7e76ba119b]::test_main_inner::{closure#0}
[INFO] [stdout]    6:     0x5dd181272b52 - std[617be2ca0a6fd877]::panicking::panic_with_hook
[INFO] [stdout]    7:     0x5dd181254972 - std[617be2ca0a6fd877]::panicking::panic_handler::{closure#0}
[INFO] [stdout]    8:     0x5dd18124cf79 - std[617be2ca0a6fd877]::sys::backtrace::__rust_end_short_backtrace::<std[617be2ca0a6fd877]::panicking::panic_handler::{closure#0}, !>
[INFO] [stdout]    9:     0x5dd18125577d - __rustc[ea4f61d10b84890b]::rust_begin_unwind
[INFO] [stdout]   10:     0x5dd18129348c - core[a373ad73a504971]::panicking::panic_fmt
[INFO] [stdout]   11:     0x5dd181168f93 - assert_cmd[e412eb894112f228]::cargo::missing_cargo_bin
[INFO] [stdout]   12:     0x5dd181168d3b - assert_cmd[e412eb894112f228]::cargo::cargo_bin_str
[INFO] [stdout]   13:     0x5dd1810f827f - assert_cmd[e412eb894112f228]::cargo::cargo_bin_cmd::<&str>
[INFO] [stdout]   14:     0x5dd1810c7328 - <ifttt_lint[3b2d1699d775ac0f]::cli::tests::TestRepo>::run_with_threads
[INFO] [stdout]   15:     0x5dd1810cae02 - <ifttt_lint[3b2d1699d775ac0f]::cli::tests::no_ifttt_suppresses_diff_finding::{closure#0} as core[a373ad73a504971]::ops::function::FnOnce<()>>::call_once
[INFO] [stdout]   16:     0x5dd18111d7cb - test[aada8e7e76ba119b]::__rust_begin_short_backtrace::<core[a373ad73a504971]::result::Result<(), alloc[2e1b2a31b91974c5]::string::String>, fn() -> core[a373ad73a504971]::result::Result<(), alloc[2e1b2a31b91974c5]::string::String>>
[INFO] [stdout]   17:     0x5dd18112a9a5 - test[aada8e7e76ba119b]::run_test::{closure#0}
[INFO] [stdout]   18:     0x5dd181124294 - std[617be2ca0a6fd877]::sys::backtrace::__rust_begin_short_backtrace::<test[aada8e7e76ba119b]::run_test::{closure#1}, ()>
[INFO] [stdout]   19:     0x5dd18112da32 - <std[617be2ca0a6fd877]::thread::lifecycle::spawn_unchecked<test[aada8e7e76ba119b]::run_test::{closure#1}, ()>::{closure#1} as core[a373ad73a504971]::ops::function::FnOnce<()>>::call_once::{shim:vtable#0}
[INFO] [stdout]   20:     0x5dd18127a57f - <std[617be2ca0a6fd877]::sys::thread::unix::Thread>::new::thread_start
[INFO] [stdout]   21:     0x7dfa8ff32dfa - <unknown>
[INFO] [stdout]   22:     0x7dfa8ffc63d4 - clone
[INFO] [stdout]   23:                0x0 - <unknown>
[INFO] [stdout] 
[INFO] [stdout] ---- cli::tests::symlink_to_directory_is_skipped_in_glob_expansion stdout ----
[INFO] [stdout] 
[INFO] [stdout] thread 'cli::tests::symlink_to_directory_is_skipped_in_glob_expansion' (2892) panicked at /opt/rustwide/cargo-home/registry/src/index.crates.io-1949cf8c6b5b557f/assert_cmd-2.2.0/src/cargo.rs:251:9:
[INFO] [stdout] `CARGO_BIN_EXE_ifttt-lint` is unset
[INFO] [stdout] help: if this is running within a unit test, move it to an integration test to gain access to `CARGO_BIN_EXE_ifttt-lint`
[INFO] [stdout] stack backtrace:
[INFO] [stdout]    0:     0x5dd18127af91 - <<std[617be2ca0a6fd877]::sys::backtrace::BacktraceLock>::print::DisplayBacktrace as core[a373ad73a504971]::fmt::Display>::fmt
[INFO] [stdout]    1:     0x5dd181292caa - core[a373ad73a504971]::fmt::write
[INFO] [stdout]    2:     0x5dd181280ddc - <alloc[2e1b2a31b91974c5]::vec::Vec<u8> as core[a373ad73a504971]::io::write::Write>::write_fmt
[INFO] [stdout]    3:     0x5dd1812548c6 - std[617be2ca0a6fd877]::panicking::default_hook::{closure#0}
[INFO] [stdout]    4:     0x5dd181272829 - std[617be2ca0a6fd877]::panicking::default_hook
[INFO] [stdout]    5:     0x5dd18112a380 - test[aada8e7e76ba119b]::test_main_inner::{closure#0}
[INFO] [stdout]    6:     0x5dd181272b52 - std[617be2ca0a6fd877]::panicking::panic_with_hook
[INFO] [stdout]    7:     0x5dd181254972 - std[617be2ca0a6fd877]::panicking::panic_handler::{closure#0}
[INFO] [stdout]    8:     0x5dd18124cf79 - std[617be2ca0a6fd877]::sys::backtrace::__rust_end_short_backtrace::<std[617be2ca0a6fd877]::panicking::panic_handler::{closure#0}, !>
[INFO] [stdout]    9:     0x5dd18125577d - __rustc[ea4f61d10b84890b]::rust_begin_unwind
[INFO] [stdout]   10:     0x5dd18129348c - core[a373ad73a504971]::panicking::panic_fmt
[INFO] [stdout]   11:     0x5dd181168f93 - assert_cmd[e412eb894112f228]::cargo::missing_cargo_bin
[INFO] [stdout]   12:     0x5dd181168d3b - assert_cmd[e412eb894112f228]::cargo::cargo_bin_str
[INFO] [stdout]   13:     0x5dd1810f827f - assert_cmd[e412eb894112f228]::cargo::cargo_bin_cmd::<&str>
[INFO] [stdout]   14:     0x5dd1810c7328 - <ifttt_lint[3b2d1699d775ac0f]::cli::tests::TestRepo>::run_with_threads
[INFO] [stdout]   15:     0x5dd1810cd988 - <ifttt_lint[3b2d1699d775ac0f]::cli::tests::symlink_to_directory_is_skipped_in_glob_expansion::{closure#0} as core[a373ad73a504971]::ops::function::FnOnce<()>>::call_once
[INFO] [stdout]   16:     0x5dd18111d7cb - test[aada8e7e76ba119b]::__rust_begin_short_backtrace::<core[a373ad73a504971]::result::Result<(), alloc[2e1b2a31b91974c5]::string::String>, fn() -> core[a373ad73a504971]::result::Result<(), alloc[2e1b2a31b91974c5]::string::String>>
[INFO] [stdout]   17:     0x5dd18112a9a5 - test[aada8e7e76ba119b]::run_test::{closure#0}
[INFO] [stdout]   18:     0x5dd181124294 - std[617be2ca0a6fd877]::sys::backtrace::__rust_begin_short_backtrace::<test[aada8e7e76ba119b]::run_test::{closure#1}, ()>
[INFO] [stdout]   19:     0x5dd18112da32 - <std[617be2ca0a6fd877]::thread::lifecycle::spawn_unchecked<test[aada8e7e76ba119b]::run_test::{closure#1}, ()>::{closure#1} as core[a373ad73a504971]::ops::function::FnOnce<()>>::call_once::{shim:vtable#0}
[INFO] [stdout]   20:     0x5dd18127a57f - <std[617be2ca0a6fd877]::sys::thread::unix::Thread>::new::thread_start
[INFO] [stdout]   21:     0x7dfa8ff32dfa - <unknown>
[INFO] [stdout]   22:     0x7dfa8ffc63d4 - clone
[INFO] [stdout]   23:                0x0 - <unknown>
[INFO] [stdout] 
[INFO] [stdout] ---- cli::tests::json_format_produces_valid_json stdout ----
[INFO] [stdout] 
[INFO] [stdout] thread 'cli::tests::json_format_produces_valid_json' (2787) panicked at /opt/rustwide/cargo-home/registry/src/index.crates.io-1949cf8c6b5b557f/assert_cmd-2.2.0/src/cargo.rs:251:9:
[INFO] [stdout] `CARGO_BIN_EXE_ifttt-lint` is unset
[INFO] [stdout] help: if this is running within a unit test, move it to an integration test to gain access to `CARGO_BIN_EXE_ifttt-lint`
[INFO] [stdout] stack backtrace:
[INFO] [stdout]    0:     0x5dd18127af91 - <<std[617be2ca0a6fd877]::sys::backtrace::BacktraceLock>::print::DisplayBacktrace as core[a373ad73a504971]::fmt::Display>::fmt
[INFO] [stdout]    1:     0x5dd181292caa - core[a373ad73a504971]::fmt::write
[INFO] [stdout]    2:     0x5dd181280ddc - <alloc[2e1b2a31b91974c5]::vec::Vec<u8> as core[a373ad73a504971]::io::write::Write>::write_fmt
[INFO] [stdout]    3:     0x5dd1812548c6 - std[617be2ca0a6fd877]::panicking::default_hook::{closure#0}
[INFO] [stdout]    4:     0x5dd181272829 - std[617be2ca0a6fd877]::panicking::default_hook
[INFO] [stdout]    5:     0x5dd18112a380 - test[aada8e7e76ba119b]::test_main_inner::{closure#0}
[INFO] [stdout]    6:     0x5dd181272b52 - std[617be2ca0a6fd877]::panicking::panic_with_hook
[INFO] [stdout]    7:     0x5dd181254972 - std[617be2ca0a6fd877]::panicking::panic_handler::{closure#0}
[INFO] [stdout]    8:     0x5dd18124cf79 - std[617be2ca0a6fd877]::sys::backtrace::__rust_end_short_backtrace::<std[617be2ca0a6fd877]::panicking::panic_handler::{closure#0}, !>
[INFO] [stdout]    9:     0x5dd18125577d - __rustc[ea4f61d10b84890b]::rust_begin_unwind
[INFO] [stdout]   10:     0x5dd18129348c - core[a373ad73a504971]::panicking::panic_fmt
[INFO] [stdout]   11:     0x5dd181168f93 - assert_cmd[e412eb894112f228]::cargo::missing_cargo_bin
[INFO] [stdout]   12:     0x5dd181168d3b - assert_cmd[e412eb894112f228]::cargo::cargo_bin_str
[INFO] [stdout]   13:     0x5dd1810f827f - assert_cmd[e412eb894112f228]::cargo::cargo_bin_cmd::<&str>
[INFO] [stdout]   14:     0x5dd1810c7328 - <ifttt_lint[3b2d1699d775ac0f]::cli::tests::TestRepo>::run_with_threads
[INFO] [stdout]   15:     0x5dd1810ca32d - <ifttt_lint[3b2d1699d775ac0f]::cli::tests::json_format_produces_valid_json::{closure#0} as core[a373ad73a504971]::ops::function::FnOnce<()>>::call_once
[INFO] [stdout]   16:     0x5dd18111d7cb - test[aada8e7e76ba119b]::__rust_begin_short_backtrace::<core[a373ad73a504971]::result::Result<(), alloc[2e1b2a31b91974c5]::string::String>, fn() -> core[a373ad73a504971]::result::Result<(), alloc[2e1b2a31b91974c5]::string::String>>
[INFO] [stdout]   17:     0x5dd18112a9a5 - test[aada8e7e76ba119b]::run_test::{closure#0}
[INFO] [stdout]   18:     0x5dd181124294 - std[617be2ca0a6fd877]::sys::backtrace::__rust_begin_short_backtrace::<test[aada8e7e76ba119b]::run_test::{closure#1}, ()>
[INFO] [stdout]   19:     0x5dd18112da32 - <std[617be2ca0a6fd877]::thread::lifecycle::spawn_unchecked<test[aada8e7e76ba119b]::run_test::{closure#1}, ()>::{closure#1} as core[a373ad73a504971]::ops::function::FnOnce<()>>::call_once::{shim:vtable#0}
[INFO] [stdout]   20:     0x5dd18127a57f - <std[617be2ca0a6fd877]::sys::thread::unix::Thread>::new::thread_start
[INFO] [stdout]   21:     0x7dfa8ff32dfa - <unknown>
[INFO] [stdout]   22:     0x7dfa8ffc63d4 - clone
[INFO] [stdout]   23:                0x0 - <unknown>
[INFO] [stdout] 
[INFO] [stdout] ---- cli::tests::both_sides_changed_exits_zero stdout ----
[INFO] [stdout] 
[INFO] [stdout] thread 'cli::tests::both_sides_changed_exits_zero' (2781) panicked at /opt/rustwide/cargo-home/registry/src/index.crates.io-1949cf8c6b5b557f/assert_cmd-2.2.0/src/cargo.rs:251:9:
[INFO] [stdout] `CARGO_BIN_EXE_ifttt-lint` is unset
[INFO] [stdout] help: if this is running within a unit test, move it to an integration test to gain access to `CARGO_BIN_EXE_ifttt-lint`
[INFO] [stdout] stack backtrace:
[INFO] [stdout]    0:     0x5dd18127af91 - <<std[617be2ca0a6fd877]::sys::backtrace::BacktraceLock>::print::DisplayBacktrace as core[a373ad73a504971]::fmt::Display>::fmt
[INFO] [stdout]    1:     0x5dd181292caa - core[a373ad73a504971]::fmt::write
[INFO] [stdout]    2:     0x5dd181280ddc - <alloc[2e1b2a31b91974c5]::vec::Vec<u8> as core[a373ad73a504971]::io::write::Write>::write_fmt
[INFO] [stdout]    3:     0x5dd1812548c6 - std[617be2ca0a6fd877]::panicking::default_hook::{closure#0}
[INFO] [stdout]    4:     0x5dd181272829 - std[617be2ca0a6fd877]::panicking::default_hook
[INFO] [stdout]    5:     0x5dd18112a380 - test[aada8e7e76ba119b]::test_main_inner::{closure#0}
[INFO] [stdout]    6:     0x5dd181272b52 - std[617be2ca0a6fd877]::panicking::panic_with_hook
[INFO] [stdout]    7:     0x5dd181254972 - std[617be2ca0a6fd877]::panicking::panic_handler::{closure#0}
[INFO] [stdout]    8:     0x5dd18124cf79 - std[617be2ca0a6fd877]::sys::backtrace::__rust_end_short_backtrace::<std[617be2ca0a6fd877]::panicking::panic_handler::{closure#0}, !>
[INFO] [stdout]    9:     0x5dd18125577d - __rustc[ea4f61d10b84890b]::rust_begin_unwind
[INFO] [stdout]   10:     0x5dd18129348c - core[a373ad73a504971]::panicking::panic_fmt
[INFO] [stdout]   11:     0x5dd181168f93 - assert_cmd[e412eb894112f228]::cargo::missing_cargo_bin
[INFO] [stdout]   12:     0x5dd181168d3b - assert_cmd[e412eb894112f228]::cargo::cargo_bin_str
[INFO] [stdout]   13:     0x5dd1810f827f - assert_cmd[e412eb894112f228]::cargo::cargo_bin_cmd::<&str>
[INFO] [stdout]   14:     0x5dd1810c7328 - <ifttt_lint[3b2d1699d775ac0f]::cli::tests::TestRepo>::run_with_threads
[INFO] [stdout]   15:     0x5dd1810c9aca - <ifttt_lint[3b2d1699d775ac0f]::cli::tests::both_sides_changed_exits_zero::{closure#0} as core[a373ad73a504971]::ops::function::FnOnce<()>>::call_once
[INFO] [stdout]   16:     0x5dd18111d7cb - test[aada8e7e76ba119b]::__rust_begin_short_backtrace::<core[a373ad73a504971]::result::Result<(), alloc[2e1b2a31b91974c5]::string::String>, fn() -> core[a373ad73a504971]::result::Result<(), alloc[2e1b2a31b91974c5]::string::String>>
[INFO] [stdout]   17:     0x5dd18112a9a5 - test[aada8e7e76ba119b]::run_test::{closure#0}
[INFO] [stdout]   18:     0x5dd181124294 - std[617be2ca0a6fd877]::sys::backtrace::__rust_begin_short_backtrace::<test[aada8e7e76ba119b]::run_test::{closure#1}, ()>
[INFO] [stdout]   19:     0x5dd18112da32 - <std[617be2ca0a6fd877]::thread::lifecycle::spawn_unchecked<test[aada8e7e76ba119b]::run_test::{closure#1}, ()>::{closure#1} as core[a373ad73a504971]::ops::function::FnOnce<()>>::call_once::{shim:vtable#0}
[INFO] [stdout]   20:     0x5dd18127a57f - <std[617be2ca0a6fd877]::sys::thread::unix::Thread>::new::thread_start
[INFO] [stdout]   21:     0x7dfa8ff32dfa - <unknown>
[INFO] [stdout]   22:     0x7dfa8ffc63d4 - clone
[INFO] [stdout]   23:                0x0 - <unknown>
[INFO] [stdout] 
[INFO] [stdout] ---- cli::tests::symlink_files_are_skipped_in_structural_validation stdout ----
[INFO] [stdout] 
[INFO] [stdout] thread 'cli::tests::symlink_files_are_skipped_in_structural_validation' (2864) panicked at /opt/rustwide/cargo-home/registry/src/index.crates.io-1949cf8c6b5b557f/assert_cmd-2.2.0/src/cargo.rs:251:9:
[INFO] [stdout] `CARGO_BIN_EXE_ifttt-lint` is unset
[INFO] [stdout] help: if this is running within a unit test, move it to an integration test to gain access to `CARGO_BIN_EXE_ifttt-lint`
[INFO] [stdout] stack backtrace:
[INFO] [stdout]    0:     0x5dd18127af91 - <<std[617be2ca0a6fd877]::sys::backtrace::BacktraceLock>::print::DisplayBacktrace as core[a373ad73a504971]::fmt::Display>::fmt
[INFO] [stdout]    1:     0x5dd181292caa - core[a373ad73a504971]::fmt::write
[INFO] [stdout]    2:     0x5dd181280ddc - <alloc[2e1b2a31b91974c5]::vec::Vec<u8> as core[a373ad73a504971]::io::write::Write>::write_fmt
[INFO] [stdout]    3:     0x5dd1812548c6 - std[617be2ca0a6fd877]::panicking::default_hook::{closure#0}
[INFO] [stdout]    4:     0x5dd181272829 - std[617be2ca0a6fd877]::panicking::default_hook
[INFO] [stdout]    5:     0x5dd18112a380 - test[aada8e7e76ba119b]::test_main_inner::{closure#0}
[INFO] [stdout]    6:     0x5dd181272b52 - std[617be2ca0a6fd877]::panicking::panic_with_hook
[INFO] [stdout]    7:     0x5dd181254972 - std[617be2ca0a6fd877]::panicking::panic_handler::{closure#0}
[INFO] [stdout]    8:     0x5dd18124cf79 - std[617be2ca0a6fd877]::sys::backtrace::__rust_end_short_backtrace::<std[617be2ca0a6fd877]::panicking::panic_handler::{closure#0}, !>
[INFO] [stdout]    9:     0x5dd18125577d - __rustc[ea4f61d10b84890b]::rust_begin_unwind
[INFO] [stdout]   10:     0x5dd18129348c - core[a373ad73a504971]::panicking::panic_fmt
[INFO] [stdout]   11:     0x5dd181168f93 - assert_cmd[e412eb894112f228]::cargo::missing_cargo_bin
[INFO] [stdout]   12:     0x5dd181168d3b - assert_cmd[e412eb894112f228]::cargo::cargo_bin_str
[INFO] [stdout]   13:     0x5dd1810f827f - assert_cmd[e412eb894112f228]::cargo::cargo_bin_cmd::<&str>
[INFO] [stdout]   14:     0x5dd1810c7328 - <ifttt_lint[3b2d1699d775ac0f]::cli::tests::TestRepo>::run_with_threads
[INFO] [stdout]   15:     0x5dd1810cdd33 - <ifttt_lint[3b2d1699d775ac0f]::cli::tests::symlink_files_are_skipped_in_structural_validation::{closure#0} as core[a373ad73a504971]::ops::function::FnOnce<()>>::call_once
[INFO] [stdout]   16:     0x5dd18111d7cb - test[aada8e7e76ba119b]::__rust_begin_short_backtrace::<core[a373ad73a504971]::result::Result<(), alloc[2e1b2a31b91974c5]::string::String>, fn() -> core[a373ad73a504971]::result::Result<(), alloc[2e1b2a31b91974c5]::string::String>>
[INFO] [stdout]   17:     0x5dd18112a9a5 - test[aada8e7e76ba119b]::run_test::{closure#0}
[INFO] [stdout]   18:     0x5dd181124294 - std[617be2ca0a6fd877]::sys::backtrace::__rust_begin_short_backtrace::<test[aada8e7e76ba119b]::run_test::{closure#1}, ()>
[INFO] [stdout]   19:     0x5dd18112da32 - <std[617be2ca0a6fd877]::thread::lifecycle::spawn_unchecked<test[aada8e7e76ba119b]::run_test::{closure#1}, ()>::{closure#1} as core[a373ad73a504971]::ops::function::FnOnce<()>>::call_once::{shim:vtable#0}
[INFO] [stdout]   20:     0x5dd18127a57f - <std[617be2ca0a6fd877]::sys::thread::unix::Thread>::new::thread_start
[INFO] [stdout]   21:     0x7dfa8ff32dfa - <unknown>
[INFO] [stdout]   22:     0x7dfa8ffc63d4 - clone
[INFO] [stdout]   23:                0x0 - <unknown>
[INFO] [stdout] 
[INFO] [stdout] ---- cli::tests::ignore_glob_pattern stdout ----
[INFO] [stdout] 
[INFO] [stdout] thread 'cli::tests::ignore_glob_pattern' (2785) panicked at /opt/rustwide/cargo-home/registry/src/index.crates.io-1949cf8c6b5b557f/assert_cmd-2.2.0/src/cargo.rs:251:9:
[INFO] [stdout] `CARGO_BIN_EXE_ifttt-lint` is unset
[INFO] [stdout] help: if this is running within a unit test, move it to an integration test to gain access to `CARGO_BIN_EXE_ifttt-lint`
[INFO] [stdout] stack backtrace:
[INFO] [stdout]    0:     0x5dd18127af91 - <<std[617be2ca0a6fd877]::sys::backtrace::BacktraceLock>::print::DisplayBacktrace as core[a373ad73a504971]::fmt::Display>::fmt
[INFO] [stdout]    1:     0x5dd181292caa - core[a373ad73a504971]::fmt::write
[INFO] [stdout]    2:     0x5dd181280ddc - <alloc[2e1b2a31b91974c5]::vec::Vec<u8> as core[a373ad73a504971]::io::write::Write>::write_fmt
[INFO] [stdout]    3:     0x5dd1812548c6 - std[617be2ca0a6fd877]::panicking::default_hook::{closure#0}
[INFO] [stdout]    4:     0x5dd181272829 - std[617be2ca0a6fd877]::panicking::default_hook
[INFO] [stdout]    5:     0x5dd18112a380 - test[aada8e7e76ba119b]::test_main_inner::{closure#0}
[INFO] [stdout]    6:     0x5dd181272b52 - std[617be2ca0a6fd877]::panicking::panic_with_hook
[INFO] [stdout]    7:     0x5dd181254972 - std[617be2ca0a6fd877]::panicking::panic_handler::{closure#0}
[INFO] [stdout]    8:     0x5dd18124cf79 - std[617be2ca0a6fd877]::sys::backtrace::__rust_end_short_backtrace::<std[617be2ca0a6fd877]::panicking::panic_handler::{closure#0}, !>
[INFO] [stdout]    9:     0x5dd18125577d - __rustc[ea4f61d10b84890b]::rust_begin_unwind
[INFO] [stdout]   10:     0x5dd18129348c - core[a373ad73a504971]::panicking::panic_fmt
[INFO] [stdout]   11:     0x5dd181168f93 - assert_cmd[e412eb894112f228]::cargo::missing_cargo_bin
[INFO] [stdout]   12:     0x5dd181168d3b - assert_cmd[e412eb894112f228]::cargo::cargo_bin_str
[INFO] [stdout]   13:     0x5dd1810f827f - assert_cmd[e412eb894112f228]::cargo::cargo_bin_cmd::<&str>
[INFO] [stdout]   14:     0x5dd1810c7328 - <ifttt_lint[3b2d1699d775ac0f]::cli::tests::TestRepo>::run_with_threads
[INFO] [stdout]   15:     0x5dd1810c89b5 - <ifttt_lint[3b2d1699d775ac0f]::cli::tests::ignore_glob_pattern::{closure#0} as core[a373ad73a504971]::ops::function::FnOnce<()>>::call_once
[INFO] [stdout]   16:     0x5dd18111d7cb - test[aada8e7e76ba119b]::__rust_begin_short_backtrace::<core[a373ad73a504971]::result::Result<(), alloc[2e1b2a31b91974c5]::string::String>, fn() -> core[a373ad73a504971]::result::Result<(), alloc[2e1b2a31b91974c5]::string::String>>
[INFO] [stdout]   17:     0x5dd18112a9a5 - test[aada8e7e76ba119b]::run_test::{closure#0}
[INFO] [stdout]   18:     0x5dd181124294 - std[617be2ca0a6fd877]::sys::backtrace::__rust_begin_short_backtrace::<test[aada8e7e76ba119b]::run_test::{closure#1}, ()>
[INFO] [stdout]   19:     0x5dd18112da32 - <std[617be2ca0a6fd877]::thread::lifecycle::spawn_unchecked<test[aada8e7e76ba119b]::run_test::{closure#1}, ()>::{closure#1} as core[a373ad73a504971]::ops::function::FnOnce<()>>::call_once::{shim:vtable#0}
[INFO] [stdout]   20:     0x5dd18127a57f - <std[617be2ca0a6fd877]::sys::thread::unix::Thread>::new::thread_start
[INFO] [stdout]   21:     0x7dfa8ff32dfa - <unknown>
[INFO] [stdout]   22:     0x7dfa8ffc63d4 - clone
[INFO] [stdout]   23:                0x0 - <unknown>
[INFO] [stdout] 
[INFO] [stdout] ---- cli::tests::diff_ignores_structural_errors_in_untouched_target_files stdout ----
[INFO] [stdout] 
[INFO] [stdout] thread 'cli::tests::diff_ignores_structural_errors_in_untouched_target_files' (2783) panicked at /opt/rustwide/cargo-home/registry/src/index.crates.io-1949cf8c6b5b557f/assert_cmd-2.2.0/src/cargo.rs:251:9:
[INFO] [stdout] `CARGO_BIN_EXE_ifttt-lint` is unset
[INFO] [stdout] help: if this is running within a unit test, move it to an integration test to gain access to `CARGO_BIN_EXE_ifttt-lint`
[INFO] [stdout] stack backtrace:
[INFO] [stdout]    0:     0x5dd18127af91 - <<std[617be2ca0a6fd877]::sys::backtrace::BacktraceLock>::print::DisplayBacktrace as core[a373ad73a504971]::fmt::Display>::fmt
[INFO] [stdout]    1:     0x5dd181292caa - core[a373ad73a504971]::fmt::write
[INFO] [stdout]    2:     0x5dd181280ddc - <alloc[2e1b2a31b91974c5]::vec::Vec<u8> as core[a373ad73a504971]::io::write::Write>::write_fmt
[INFO] [stdout]    3:     0x5dd1812548c6 - std[617be2ca0a6fd877]::panicking::default_hook::{closure#0}
[INFO] [stdout]    4:     0x5dd181272829 - std[617be2ca0a6fd877]::panicking::default_hook
[INFO] [stdout]    5:     0x5dd18112a380 - test[aada8e7e76ba119b]::test_main_inner::{closure#0}
[INFO] [stdout]    6:     0x5dd181272b52 - std[617be2ca0a6fd877]::panicking::panic_with_hook
[INFO] [stdout]    7:     0x5dd181254972 - std[617be2ca0a6fd877]::panicking::panic_handler::{closure#0}
[INFO] [stdout]    8:     0x5dd18124cf79 - std[617be2ca0a6fd877]::sys::backtrace::__rust_end_short_backtrace::<std[617be2ca0a6fd877]::panicking::panic_handler::{closure#0}, !>
[INFO] [stdout]    9:     0x5dd18125577d - __rustc[ea4f61d10b84890b]::rust_begin_unwind
[INFO] [stdout]   10:     0x5dd18129348c - core[a373ad73a504971]::panicking::panic_fmt
[INFO] [stdout]   11:     0x5dd181168f93 - assert_cmd[e412eb894112f228]::cargo::missing_cargo_bin
[INFO] [stdout]   12:     0x5dd181168d3b - assert_cmd[e412eb894112f228]::cargo::cargo_bin_str
[INFO] [stdout]   13:     0x5dd1810f827f - assert_cmd[e412eb894112f228]::cargo::cargo_bin_cmd::<&str>
[INFO] [stdout]   14:     0x5dd1810c7328 - <ifttt_lint[3b2d1699d775ac0f]::cli::tests::TestRepo>::run_with_threads
[INFO] [stdout]   15:     0x5dd1810ce0e6 - <ifttt_lint[3b2d1699d775ac0f]::cli::tests::diff_ignores_structural_errors_in_untouched_target_files::{closure#0} as core[a373ad73a504971]::ops::function::FnOnce<()>>::call_once
[INFO] [stdout]   16:     0x5dd18111d7cb - test[aada8e7e76ba119b]::__rust_begin_short_backtrace::<core[a373ad73a504971]::result::Result<(), alloc[2e1b2a31b91974c5]::string::String>, fn() -> core[a373ad73a504971]::result::Result<(), alloc[2e1b2a31b91974c5]::string::String>>
[INFO] [stdout]   17:     0x5dd18112a9a5 - test[aada8e7e76ba119b]::run_test::{closure#0}
[INFO] [stdout]   18:     0x5dd181124294 - std[617be2ca0a6fd877]::sys::backtrace::__rust_begin_short_backtrace::<test[aada8e7e76ba119b]::run_test::{closure#1}, ()>
[INFO] [stdout]   19:     0x5dd18112da32 - <std[617be2ca0a6fd877]::thread::lifecycle::spawn_unchecked<test[aada8e7e76ba119b]::run_test::{closure#1}, ()>::{closure#1} as core[a373ad73a504971]::ops::function::FnOnce<()>>::call_once::{shim:vtable#0}
[INFO] [stdout]   20:     0x5dd18127a57f - <std[617be2ca0a6fd877]::sys::thread::unix::Thread>::new::thread_start
[INFO] [stdout]   21:     0x7dfa8ff32dfa - <unknown>
[INFO] [stdout]   22:     0x7dfa8ffc63d4 - clone
[INFO] [stdout]   23:                0x0 - <unknown>
[INFO] [stdout] 
[INFO] [stdout] ---- cli::tests::ignore_suppresses_finding stdout ----
[INFO] [stdout] 
[INFO] [stdout] thread 'cli::tests::ignore_suppresses_finding' (2786) panicked at /opt/rustwide/cargo-home/registry/src/index.crates.io-1949cf8c6b5b557f/assert_cmd-2.2.0/src/cargo.rs:251:9:
[INFO] [stdout] `CARGO_BIN_EXE_ifttt-lint` is unset
[INFO] [stdout] help: if this is running within a unit test, move it to an integration test to gain access to `CARGO_BIN_EXE_ifttt-lint`
[INFO] [stdout] stack backtrace:
[INFO] [stdout]    0:     0x5dd18127af91 - <<std[617be2ca0a6fd877]::sys::backtrace::BacktraceLock>::print::DisplayBacktrace as core[a373ad73a504971]::fmt::Display>::fmt
[INFO] [stdout]    1:     0x5dd181292caa - core[a373ad73a504971]::fmt::write
[INFO] [stdout]    2:     0x5dd181280ddc - <alloc[2e1b2a31b91974c5]::vec::Vec<u8> as core[a373ad73a504971]::io::write::Write>::write_fmt
[INFO] [stdout]    3:     0x5dd1812548c6 - std[617be2ca0a6fd877]::panicking::default_hook::{closure#0}
[INFO] [stdout]    4:     0x5dd181272829 - std[617be2ca0a6fd877]::panicking::default_hook
[INFO] [stdout]    5:     0x5dd18112a380 - test[aada8e7e76ba119b]::test_main_inner::{closure#0}
[INFO] [stdout]    6:     0x5dd181272b52 - std[617be2ca0a6fd877]::panicking::panic_with_hook
[INFO] [stdout]    7:     0x5dd181254972 - std[617be2ca0a6fd877]::panicking::panic_handler::{closure#0}
[INFO] [stdout]    8:     0x5dd18124cf79 - std[617be2ca0a6fd877]::sys::backtrace::__rust_end_short_backtrace::<std[617be2ca0a6fd877]::panicking::panic_handler::{closure#0}, !>
[INFO] [stdout]    9:     0x5dd18125577d - __rustc[ea4f61d10b84890b]::rust_begin_unwind
[INFO] [stdout]   10:     0x5dd18129348c - core[a373ad73a504971]::panicking::panic_fmt
[INFO] [stdout]   11:     0x5dd181168f93 - assert_cmd[e412eb894112f228]::cargo::missing_cargo_bin
[INFO] [stdout]   12:     0x5dd181168d3b - assert_cmd[e412eb894112f228]::cargo::cargo_bin_str
[INFO] [stdout]   13:     0x5dd1810f827f - assert_cmd[e412eb894112f228]::cargo::cargo_bin_cmd::<&str>
[INFO] [stdout]   14:     0x5dd1810c7328 - <ifttt_lint[3b2d1699d775ac0f]::cli::tests::TestRepo>::run_with_threads
[INFO] [stdout]   15:     0x5dd1810c92e2 - <ifttt_lint[3b2d1699d775ac0f]::cli::tests::ignore_suppresses_finding::{closure#0} as core[a373ad73a504971]::ops::function::FnOnce<()>>::call_once
[INFO] [stdout]   16:     0x5dd18111d7cb - test[aada8e7e76ba119b]::__rust_begin_short_backtrace::<core[a373ad73a504971]::result::Result<(), alloc[2e1b2a31b91974c5]::string::String>, fn() -> core[a373ad73a504971]::result::Result<(), alloc[2e1b2a31b91974c5]::string::String>>
[INFO] [stdout]   17:     0x5dd18112a9a5 - test[aada8e7e76ba119b]::run_test::{closure#0}
[INFO] [stdout]   18:     0x5dd181124294 - std[617be2ca0a6fd877]::sys::backtrace::__rust_begin_short_backtrace::<test[aada8e7e76ba119b]::run_test::{closure#1}, ()>
[INFO] [stdout]   19:     0x5dd18112da32 - <std[617be2ca0a6fd877]::thread::lifecycle::spawn_unchecked<test[aada8e7e76ba119b]::run_test::{closure#1}, ()>::{closure#1} as core[a373ad73a504971]::ops::function::FnOnce<()>>::call_once::{shim:vtable#0}
[INFO] [stdout]   20:     0x5dd18127a57f - <std[617be2ca0a6fd877]::sys::thread::unix::Thread>::new::thread_start
[INFO] [stdout]   21:     0x7dfa8ff32dfa - <unknown>
[INFO] [stdout]   22:     0x7dfa8ffc63d4 - clone
[INFO] [stdout]   23:                0x0 - <unknown>
[INFO] [stdout] 
[INFO] [stdout] ---- cli::tests::multi_thread_output_is_deterministically_sorted stdout ----
[INFO] [stdout] 
[INFO] [stdout] thread 'cli::tests::multi_thread_output_is_deterministically_sorted' (2795) panicked at /opt/rustwide/cargo-home/registry/src/index.crates.io-1949cf8c6b5b557f/assert_cmd-2.2.0/src/cargo.rs:251:9:
[INFO] [stdout] `CARGO_BIN_EXE_ifttt-lint` is unset
[INFO] [stdout] help: if this is running within a unit test, move it to an integration test to gain access to `CARGO_BIN_EXE_ifttt-lint`
[INFO] [stdout] stack backtrace:
[INFO] [stdout]    0:     0x5dd18127af91 - <<std[617be2ca0a6fd877]::sys::backtrace::BacktraceLock>::print::DisplayBacktrace as core[a373ad73a504971]::fmt::Display>::fmt
[INFO] [stdout]    1:     0x5dd181292caa - core[a373ad73a504971]::fmt::write
[INFO] [stdout]    2:     0x5dd181280ddc - <alloc[2e1b2a31b91974c5]::vec::Vec<u8> as core[a373ad73a504971]::io::write::Write>::write_fmt
[INFO] [stdout]    3:     0x5dd1812548c6 - std[617be2ca0a6fd877]::panicking::default_hook::{closure#0}
[INFO] [stdout]    4:     0x5dd181272829 - std[617be2ca0a6fd877]::panicking::default_hook
[INFO] [stdout]    5:     0x5dd18112a380 - test[aada8e7e76ba119b]::test_main_inner::{closure#0}
[INFO] [stdout]    6:     0x5dd181272b52 - std[617be2ca0a6fd877]::panicking::panic_with_hook
[INFO] [stdout]    7:     0x5dd181254972 - std[617be2ca0a6fd877]::panicking::panic_handler::{closure#0}
[INFO] [stdout]    8:     0x5dd18124cf79 - std[617be2ca0a6fd877]::sys::backtrace::__rust_end_short_backtrace::<std[617be2ca0a6fd877]::panicking::panic_handler::{closure#0}, !>
[INFO] [stdout]    9:     0x5dd18125577d - __rustc[ea4f61d10b84890b]::rust_begin_unwind
[INFO] [stdout]   10:     0x5dd18129348c - core[a373ad73a504971]::panicking::panic_fmt
[INFO] [stdout]   11:     0x5dd181168f93 - assert_cmd[e412eb894112f228]::cargo::missing_cargo_bin
[INFO] [stdout]   12:     0x5dd181168d3b - assert_cmd[e412eb894112f228]::cargo::cargo_bin_str
[INFO] [stdout]   13:     0x5dd1810f827f - assert_cmd[e412eb894112f228]::cargo::cargo_bin_cmd::<&str>
[INFO] [stdout]   14:     0x5dd1810c7328 - <ifttt_lint[3b2d1699d775ac0f]::cli::tests::TestRepo>::run_with_threads
[INFO] [stdout]   15:     0x5dd1810cce20 - <ifttt_lint[3b2d1699d775ac0f]::cli::tests::multi_thread_output_is_deterministically_sorted::{closure#0} as core[a373ad73a504971]::ops::function::FnOnce<()>>::call_once
[INFO] [stdout]   16:     0x5dd18111d7cb - test[aada8e7e76ba119b]::__rust_begin_short_backtrace::<core[a373ad73a504971]::result::Result<(), alloc[2e1b2a31b91974c5]::string::String>, fn() -> core[a373ad73a504971]::result::Result<(), alloc[2e1b2a31b91974c5]::string::String>>
[INFO] [stdout]   17:     0x5dd18112a9a5 - test[aada8e7e76ba119b]::run_test::{closure#0}
[INFO] [stdout]   18:     0x5dd181124294 - std[617be2ca0a6fd877]::sys::backtrace::__rust_begin_short_backtrace::<test[aada8e7e76ba119b]::run_test::{closure#1}, ()>
[INFO] [stdout]   19:     0x5dd18112da32 - <std[617be2ca0a6fd877]::thread::lifecycle::spawn_unchecked<test[aada8e7e76ba119b]::run_test::{closure#1}, ()>::{closure#1} as core[a373ad73a504971]::ops::function::FnOnce<()>>::call_once::{shim:vtable#0}
[INFO] [stdout]   20:     0x5dd18127a57f - <std[617be2ca0a6fd877]::sys::thread::unix::Thread>::new::thread_start
[INFO] [stdout]   21:     0x7dfa8ff32dfa - <unknown>
[INFO] [stdout]   22:     0x7dfa8ffc63d4 - clone
[INFO] [stdout]   23:                0x0 - <unknown>
[INFO] [stdout] 
[INFO] [stdout] ---- cli::tests::unpaired_directive_reports_error stdout ----
[INFO] [stdout] 
[INFO] [stdout] thread 'cli::tests::unpaired_directive_reports_error' (2944) panicked at /opt/rustwide/cargo-home/registry/src/index.crates.io-1949cf8c6b5b557f/assert_cmd-2.2.0/src/cargo.rs:251:9:
[INFO] [stdout] `CARGO_BIN_EXE_ifttt-lint` is unset
[INFO] [stdout] help: if this is running within a unit test, move it to an integration test to gain access to `CARGO_BIN_EXE_ifttt-lint`
[INFO] [stdout] stack backtrace:
[INFO] [stdout]    0:     0x5dd18127af91 - <<std[617be2ca0a6fd877]::sys::backtrace::BacktraceLock>::print::DisplayBacktrace as core[a373ad73a504971]::fmt::Display>::fmt
[INFO] [stdout]    1:     0x5dd181292caa - core[a373ad73a504971]::fmt::write
[INFO] [stdout]    2:     0x5dd181280ddc - <alloc[2e1b2a31b91974c5]::vec::Vec<u8> as core[a373ad73a504971]::io::write::Write>::write_fmt
[INFO] [stdout]    3:     0x5dd1812548c6 - std[617be2ca0a6fd877]::panicking::default_hook::{closure#0}
[INFO] [stdout]    4:     0x5dd181272829 - std[617be2ca0a6fd877]::panicking::default_hook
[INFO] [stdout]    5:     0x5dd18112a380 - test[aada8e7e76ba119b]::test_main_inner::{closure#0}
[INFO] [stdout]    6:     0x5dd181272b52 - std[617be2ca0a6fd877]::panicking::panic_with_hook
[INFO] [stdout]    7:     0x5dd181254972 - std[617be2ca0a6fd877]::panicking::panic_handler::{closure#0}
[INFO] [stdout]    8:     0x5dd18124cf79 - std[617be2ca0a6fd877]::sys::backtrace::__rust_end_short_backtrace::<std[617be2ca0a6fd877]::panicking::panic_handler::{closure#0}, !>
[INFO] [stdout]    9:     0x5dd18125577d - __rustc[ea4f61d10b84890b]::rust_begin_unwind
[INFO] [stdout]   10:     0x5dd18129348c - core[a373ad73a504971]::panicking::panic_fmt
[INFO] [stdout]   11:     0x5dd181168f93 - assert_cmd[e412eb894112f228]::cargo::missing_cargo_bin
[INFO] [stdout]   12:     0x5dd181168d3b - assert_cmd[e412eb894112f228]::cargo::cargo_bin_str
[INFO] [stdout]   13:     0x5dd1810f827f - assert_cmd[e412eb894112f228]::cargo::cargo_bin_cmd::<&str>
[INFO] [stdout]   14:     0x5dd1810c7328 - <ifttt_lint[3b2d1699d775ac0f]::cli::tests::TestRepo>::run_with_threads
[INFO] [stdout]   15:     0x5dd1810cb9ee - <ifttt_lint[3b2d1699d775ac0f]::cli::tests::unpaired_directive_reports_error::{closure#0} as core[a373ad73a504971]::ops::function::FnOnce<()>>::call_once
[INFO] [stdout]   16:     0x5dd18111d7cb - test[aada8e7e76ba119b]::__rust_begin_short_backtrace::<core[a373ad73a504971]::result::Result<(), alloc[2e1b2a31b91974c5]::string::String>, fn() -> core[a373ad73a504971]::result::Result<(), alloc[2e1b2a31b91974c5]::string::String>>
[INFO] [stdout]   17:     0x5dd18112a9a5 - test[aada8e7e76ba119b]::run_test::{closure#0}
[INFO] [stdout]   18:     0x5dd181124294 - std[617be2ca0a6fd877]::sys::backtrace::__rust_begin_short_backtrace::<test[aada8e7e76ba119b]::run_test::{closure#1}, ()>
[INFO] [stdout]   19:     0x5dd18112da32 - <std[617be2ca0a6fd877]::thread::lifecycle::spawn_unchecked<test[aada8e7e76ba119b]::run_test::{closure#1}, ()>::{closure#1} as core[a373ad73a504971]::ops::function::FnOnce<()>>::call_once::{shim:vtable#0}
[INFO] [stdout]   20:     0x5dd18127a57f - <std[617be2ca0a6fd877]::sys::thread::unix::Thread>::new::thread_start
[INFO] [stdout]   21:     0x7dfa8ff32dfa - <unknown>
[INFO] [stdout]   22:     0x7dfa8ffc63d4 - clone
[INFO] [stdout]   23:                0x0 - <unknown>
[INFO] [stdout] 
[INFO] [stdout] ---- cli::tests::no_ifttt_in_any_commit_suppresses_entire_range stdout ----
[INFO] [stdout] 
[INFO] [stdout] thread 'cli::tests::no_ifttt_in_any_commit_suppresses_entire_range' (2802) panicked at /opt/rustwide/cargo-home/registry/src/index.crates.io-1949cf8c6b5b557f/assert_cmd-2.2.0/src/cargo.rs:251:9:
[INFO] [stdout] `CARGO_BIN_EXE_ifttt-lint` is unset
[INFO] [stdout] help: if this is running within a unit test, move it to an integration test to gain access to `CARGO_BIN_EXE_ifttt-lint`
[INFO] [stdout] stack backtrace:
[INFO] [stdout]    0:     0x5dd18127af91 - <<std[617be2ca0a6fd877]::sys::backtrace::BacktraceLock>::print::DisplayBacktrace as core[a373ad73a504971]::fmt::Display>::fmt
[INFO] [stdout]    1:     0x5dd181292caa - core[a373ad73a504971]::fmt::write
[INFO] [stdout]    2:     0x5dd181280ddc - <alloc[2e1b2a31b91974c5]::vec::Vec<u8> as core[a373ad73a504971]::io::write::Write>::write_fmt
[INFO] [stdout]    3:     0x5dd1812548c6 - std[617be2ca0a6fd877]::panicking::default_hook::{closure#0}
[INFO] [stdout]    4:     0x5dd181272829 - std[617be2ca0a6fd877]::panicking::default_hook
[INFO] [stdout]    5:     0x5dd18112a380 - test[aada8e7e76ba119b]::test_main_inner::{closure#0}
[INFO] [stdout]    6:     0x5dd181272b52 - std[617be2ca0a6fd877]::panicking::panic_with_hook
[INFO] [stdout]    7:     0x5dd181254972 - std[617be2ca0a6fd877]::panicking::panic_handler::{closure#0}
[INFO] [stdout]    8:     0x5dd18124cf79 - std[617be2ca0a6fd877]::sys::backtrace::__rust_end_short_backtrace::<std[617be2ca0a6fd877]::panicking::panic_handler::{closure#0}, !>
[INFO] [stdout]    9:     0x5dd18125577d - __rustc[ea4f61d10b84890b]::rust_begin_unwind
[INFO] [stdout]   10:     0x5dd18129348c - core[a373ad73a504971]::panicking::panic_fmt
[INFO] [stdout]   11:     0x5dd181168f93 - assert_cmd[e412eb894112f228]::cargo::missing_cargo_bin
[INFO] [stdout]   12:     0x5dd181168d3b - assert_cmd[e412eb894112f228]::cargo::cargo_bin_str
[INFO] [stdout]   13:     0x5dd1810f827f - assert_cmd[e412eb894112f228]::cargo::cargo_bin_cmd::<&str>
[INFO] [stdout]   14:     0x5dd1810c7328 - <ifttt_lint[3b2d1699d775ac0f]::cli::tests::TestRepo>::run_with_threads
[INFO] [stdout]   15:     0x5dd1810cc799 - <ifttt_lint[3b2d1699d775ac0f]::cli::tests::no_ifttt_in_any_commit_suppresses_entire_range::{closure#0} as core[a373ad73a504971]::ops::function::FnOnce<()>>::call_once
[INFO] [stdout]   16:     0x5dd18111d7cb - test[aada8e7e76ba119b]::__rust_begin_short_backtrace::<core[a373ad73a504971]::result::Result<(), alloc[2e1b2a31b91974c5]::string::String>, fn() -> core[a373ad73a504971]::result::Result<(), alloc[2e1b2a31b91974c5]::string::String>>
[INFO] [stdout]   17:     0x5dd18112a9a5 - test[aada8e7e76ba119b]::run_test::{closure#0}
[INFO] [stdout]   18:     0x5dd181124294 - std[617be2ca0a6fd877]::sys::backtrace::__rust_begin_short_backtrace::<test[aada8e7e76ba119b]::run_test::{closure#1}, ()>
[INFO] [stdout]   19:     0x5dd18112da32 - <std[617be2ca0a6fd877]::thread::lifecycle::spawn_unchecked<test[aada8e7e76ba119b]::run_test::{closure#1}, ()>::{closure#1} as core[a373ad73a504971]::ops::function::FnOnce<()>>::call_once::{shim:vtable#0}
[INFO] [stdout]   20:     0x5dd18127a57f - <std[617be2ca0a6fd877]::sys::thread::unix::Thread>::new::thread_start
[INFO] [stdout]   21:     0x7dfa8ff32dfa - <unknown>
[INFO] [stdout]   22:     0x7dfa8ffc63d4 - clone
[INFO] [stdout]   23:                0x0 - <unknown>
[INFO] [stdout] 
[INFO] [stdout] ---- cli::tests::no_ifttt_does_not_suppress_deleted_file_finding stdout ----
[INFO] [stdout] 
[INFO] [stdout] thread 'cli::tests::no_ifttt_does_not_suppress_deleted_file_finding' (2801) panicked at /opt/rustwide/cargo-home/registry/src/index.crates.io-1949cf8c6b5b557f/assert_cmd-2.2.0/src/cargo.rs:251:9:
[INFO] [stdout] `CARGO_BIN_EXE_ifttt-lint` is unset
[INFO] [stdout] help: if this is running within a unit test, move it to an integration test to gain access to `CARGO_BIN_EXE_ifttt-lint`
[INFO] [stdout] stack backtrace:
[INFO] [stdout]    0:     0x5dd18127af91 - <<std[617be2ca0a6fd877]::sys::backtrace::BacktraceLock>::print::DisplayBacktrace as core[a373ad73a504971]::fmt::Display>::fmt
[INFO] [stdout]    1:     0x5dd181292caa - core[a373ad73a504971]::fmt::write
[INFO] [stdout]    2:     0x5dd181280ddc - <alloc[2e1b2a31b91974c5]::vec::Vec<u8> as core[a373ad73a504971]::io::write::Write>::write_fmt
[INFO] [stdout]    3:     0x5dd1812548c6 - std[617be2ca0a6fd877]::panicking::default_hook::{closure#0}
[INFO] [stdout]    4:     0x5dd181272829 - std[617be2ca0a6fd877]::panicking::default_hook
[INFO] [stdout]    5:     0x5dd18112a380 - test[aada8e7e76ba119b]::test_main_inner::{closure#0}
[INFO] [stdout]    6:     0x5dd181272b52 - std[617be2ca0a6fd877]::panicking::panic_with_hook
[INFO] [stdout]    7:     0x5dd181254972 - std[617be2ca0a6fd877]::panicking::panic_handler::{closure#0}
[INFO] [stdout]    8:     0x5dd18124cf79 - std[617be2ca0a6fd877]::sys::backtrace::__rust_end_short_backtrace::<std[617be2ca0a6fd877]::panicking::panic_handler::{closure#0}, !>
[INFO] [stdout]    9:     0x5dd18125577d - __rustc[ea4f61d10b84890b]::rust_begin_unwind
[INFO] [stdout]   10:     0x5dd18129348c - core[a373ad73a504971]::panicking::panic_fmt
[INFO] [stdout]   11:     0x5dd181168f93 - assert_cmd[e412eb894112f228]::cargo::missing_cargo_bin
[INFO] [stdout]   12:     0x5dd181168d3b - assert_cmd[e412eb894112f228]::cargo::cargo_bin_str
[INFO] [stdout]   13:     0x5dd1810f827f - assert_cmd[e412eb894112f228]::cargo::cargo_bin_cmd::<&str>
[INFO] [stdout]   14:     0x5dd1810c7328 - <ifttt_lint[3b2d1699d775ac0f]::cli::tests::TestRepo>::run_with_threads
[INFO] [stdout]   15:     0x5dd1810cd46d - <ifttt_lint[3b2d1699d775ac0f]::cli::tests::no_ifttt_does_not_suppress_deleted_file_finding::{closure#0} as core[a373ad73a504971]::ops::function::FnOnce<()>>::call_once
[INFO] [stdout]   16:     0x5dd18111d7cb - test[aada8e7e76ba119b]::__rust_begin_short_backtrace::<core[a373ad73a504971]::result::Result<(), alloc[2e1b2a31b91974c5]::string::String>, fn() -> core[a373ad73a504971]::result::Result<(), alloc[2e1b2a31b91974c5]::string::String>>
[INFO] [stdout]   17:     0x5dd18112a9a5 - test[aada8e7e76ba119b]::run_test::{closure#0}
[INFO] [stdout]   18:     0x5dd181124294 - std[617be2ca0a6fd877]::sys::backtrace::__rust_begin_short_backtrace::<test[aada8e7e76ba119b]::run_test::{closure#1}, ()>
[INFO] [stdout]   19:     0x5dd18112da32 - <std[617be2ca0a6fd877]::thread::lifecycle::spawn_unchecked<test[aada8e7e76ba119b]::run_test::{closure#1}, ()>::{closure#1} as core[a373ad73a504971]::ops::function::FnOnce<()>>::call_once::{shim:vtable#0}
[INFO] [stdout]   20:     0x5dd18127a57f - <std[617be2ca0a6fd877]::sys::thread::unix::Thread>::new::thread_start
[INFO] [stdout]   21:     0x7dfa8ff32dfa - <unknown>
[INFO] [stdout]   22:     0x7dfa8ffc63d4 - clone
[INFO] [stdout]   23:                0x0 - <unknown>
[INFO] [stdout] 
[INFO] [stdout] ---- cli::tests::no_ifttt_inert_in_precommit_mode stdout ----
[INFO] [stdout] 
[INFO] [stdout] thread 'cli::tests::no_ifttt_inert_in_precommit_mode' (2803) panicked at /opt/rustwide/cargo-home/registry/src/index.crates.io-1949cf8c6b5b557f/assert_cmd-2.2.0/src/cargo.rs:251:9:
[INFO] [stdout] `CARGO_BIN_EXE_ifttt-lint` is unset
[INFO] [stdout] help: if this is running within a unit test, move it to an integration test to gain access to `CARGO_BIN_EXE_ifttt-lint`
[INFO] [stdout] stack backtrace:
[INFO] [stdout]    0:     0x5dd18127af91 - <<std[617be2ca0a6fd877]::sys::backtrace::BacktraceLock>::print::DisplayBacktrace as core[a373ad73a504971]::fmt::Display>::fmt
[INFO] [stdout]    1:     0x5dd181292caa - core[a373ad73a504971]::fmt::write
[INFO] [stdout]    2:     0x5dd181280ddc - <alloc[2e1b2a31b91974c5]::vec::Vec<u8> as core[a373ad73a504971]::io::write::Write>::write_fmt
[INFO] [stdout]    3:     0x5dd1812548c6 - std[617be2ca0a6fd877]::panicking::default_hook::{closure#0}
[INFO] [stdout]    4:     0x5dd181272829 - std[617be2ca0a6fd877]::panicking::default_hook
[INFO] [stdout]    5:     0x5dd18112a380 - test[aada8e7e76ba119b]::test_main_inner::{closure#0}
[INFO] [stdout]    6:     0x5dd181272b52 - std[617be2ca0a6fd877]::panicking::panic_with_hook
[INFO] [stdout]    7:     0x5dd181254972 - std[617be2ca0a6fd877]::panicking::panic_handler::{closure#0}
[INFO] [stdout]    8:     0x5dd18124cf79 - std[617be2ca0a6fd877]::sys::backtrace::__rust_end_short_backtrace::<std[617be2ca0a6fd877]::panicking::panic_handler::{closure#0}, !>
[INFO] [stdout]    9:     0x5dd18125577d - __rustc[ea4f61d10b84890b]::rust_begin_unwind
[INFO] [stdout]   10:     0x5dd18129348c - core[a373ad73a504971]::panicking::panic_fmt
[INFO] [stdout]   11:     0x5dd181168f93 - assert_cmd[e412eb894112f228]::cargo::missing_cargo_bin
[INFO] [stdout]   12:     0x5dd181168d3b - assert_cmd[e412eb894112f228]::cargo::cargo_bin_str
[INFO] [stdout]   13:     0x5dd1810f827f - assert_cmd[e412eb894112f228]::cargo::cargo_bin_cmd::<&str>
[INFO] [stdout]   14:     0x5dd1810c7328 - <ifttt_lint[3b2d1699d775ac0f]::cli::tests::TestRepo>::run_with_threads
[INFO] [stdout]   15:     0x5dd1810caa9f - <ifttt_lint[3b2d1699d775ac0f]::cli::tests::no_ifttt_inert_in_precommit_mode::{closure#0} as core[a373ad73a504971]::ops::function::FnOnce<()>>::call_once
[INFO] [stdout]   16:     0x5dd18111d7cb - test[aada8e7e76ba119b]::__rust_begin_short_backtrace::<core[a373ad73a504971]::result::Result<(), alloc[2e1b2a31b91974c5]::string::String>, fn() -> core[a373ad73a504971]::result::Result<(), alloc[2e1b2a31b91974c5]::string::String>>
[INFO] [stdout]   17:     0x5dd18112a9a5 - test[aada8e7e76ba119b]::run_test::{closure#0}
[INFO] [stdout]   18:     0x5dd181124294 - std[617be2ca0a6fd877]::sys::backtrace::__rust_begin_short_backtrace::<test[aada8e7e76ba119b]::run_test::{closure#1}, ()>
[INFO] [stdout]   19:     0x5dd18112da32 - <std[617be2ca0a6fd877]::thread::lifecycle::spawn_unchecked<test[aada8e7e76ba119b]::run_test::{closure#1}, ()>::{closure#1} as core[a373ad73a504971]::ops::function::FnOnce<()>>::call_once::{shim:vtable#0}
[INFO] [stdout]   20:     0x5dd18127a57f - <std[617be2ca0a6fd877]::sys::thread::unix::Thread>::new::thread_start
[INFO] [stdout]   21:     0x7dfa8ff32dfa - <unknown>
[INFO] [stdout]   22:     0x7dfa8ffc63d4 - clone
[INFO] [stdout]   23:                0x0 - <unknown>
[INFO] [stdout] 
[INFO] [stdout] ---- cli::tests::missing_change_reports_finding stdout ----
[INFO] [stdout] 
[INFO] [stdout] thread 'cli::tests::missing_change_reports_finding' (2794) panicked at /opt/rustwide/cargo-home/registry/src/index.crates.io-1949cf8c6b5b557f/assert_cmd-2.2.0/src/cargo.rs:251:9:
[INFO] [stdout] `CARGO_BIN_EXE_ifttt-lint` is unset
[INFO] [stdout] help: if this is running within a unit test, move it to an integration test to gain access to `CARGO_BIN_EXE_ifttt-lint`
[INFO] [stdout] stack backtrace:
[INFO] [stdout]    0:     0x5dd18127af91 - <<std[617be2ca0a6fd877]::sys::backtrace::BacktraceLock>::print::DisplayBacktrace as core[a373ad73a504971]::fmt::Display>::fmt
[INFO] [stdout]    1:     0x5dd181292caa - core[a373ad73a504971]::fmt::write
[INFO] [stdout]    2:     0x5dd181280ddc - <alloc[2e1b2a31b91974c5]::vec::Vec<u8> as core[a373ad73a504971]::io::write::Write>::write_fmt
[INFO] [stdout]    3:     0x5dd1812548c6 - std[617be2ca0a6fd877]::panicking::default_hook::{closure#0}
[INFO] [stdout]    4:     0x5dd181272829 - std[617be2ca0a6fd877]::panicking::default_hook
[INFO] [stdout]    5:     0x5dd18112a380 - test[aada8e7e76ba119b]::test_main_inner::{closure#0}
[INFO] [stdout]    6:     0x5dd181272b52 - std[617be2ca0a6fd877]::panicking::panic_with_hook
[INFO] [stdout]    7:     0x5dd181254972 - std[617be2ca0a6fd877]::panicking::panic_handler::{closure#0}
[INFO] [stdout]    8:     0x5dd18124cf79 - std[617be2ca0a6fd877]::sys::backtrace::__rust_end_short_backtrace::<std[617be2ca0a6fd877]::panicking::panic_handler::{closure#0}, !>
[INFO] [stdout]    9:     0x5dd18125577d - __rustc[ea4f61d10b84890b]::rust_begin_unwind
[INFO] [stdout]   10:     0x5dd18129348c - core[a373ad73a504971]::panicking::panic_fmt
[INFO] [stdout]   11:     0x5dd181168f93 - assert_cmd[e412eb894112f228]::cargo::missing_cargo_bin
[INFO] [stdout]   12:     0x5dd181168d3b - assert_cmd[e412eb894112f228]::cargo::cargo_bin_str
[INFO] [stdout]   13:     0x5dd1810f827f - assert_cmd[e412eb894112f228]::cargo::cargo_bin_cmd::<&str>
[INFO] [stdout]   14:     0x5dd1810c7328 - <ifttt_lint[3b2d1699d775ac0f]::cli::tests::TestRepo>::run_with_threads
[INFO] [stdout]   15:     0x5dd1810c9e15 - <ifttt_lint[3b2d1699d775ac0f]::cli::tests::missing_change_reports_finding::{closure#0} as core[a373ad73a504971]::ops::function::FnOnce<()>>::call_once
[INFO] [stdout]   16:     0x5dd18111d7cb - test[aada8e7e76ba119b]::__rust_begin_short_backtrace::<core[a373ad73a504971]::result::Result<(), alloc[2e1b2a31b91974c5]::string::String>, fn() -> core[a373ad73a504971]::result::Result<(), alloc[2e1b2a31b91974c5]::string::String>>
[INFO] [stdout]   17:     0x5dd18112a9a5 - test[aada8e7e76ba119b]::run_test::{closure#0}
[INFO] [stdout]   18:     0x5dd181124294 - std[617be2ca0a6fd877]::sys::backtrace::__rust_begin_short_backtrace::<test[aada8e7e76ba119b]::run_test::{closure#1}, ()>
[INFO] [stdout]   19:     0x5dd18112da32 - <std[617be2ca0a6fd877]::thread::lifecycle::spawn_unchecked<test[aada8e7e76ba119b]::run_test::{closure#1}, ()>::{closure#1} as core[a373ad73a504971]::ops::function::FnOnce<()>>::call_once::{shim:vtable#0}
[INFO] [stdout]   20:     0x5dd18127a57f - <std[617be2ca0a6fd877]::sys::thread::unix::Thread>::new::thread_start
[INFO] [stdout]   21:     0x7dfa8ff32dfa - <unknown>
[INFO] [stdout]   22:     0x7dfa8ffc63d4 - clone
[INFO] [stdout]   23:                0x0 - <unknown>
[INFO] [stdout] 
[INFO] [stdout] ---- cli::tests::diff_detects_stale_label_after_rename stdout ----
[INFO] [stdout] 
[INFO] [stdout] thread 'cli::tests::diff_detects_stale_label_after_rename' (2782) panicked at /opt/rustwide/cargo-home/registry/src/index.crates.io-1949cf8c6b5b557f/assert_cmd-2.2.0/src/cargo.rs:251:9:
[INFO] [stdout] `CARGO_BIN_EXE_ifttt-lint` is unset
[INFO] [stdout] help: if this is running within a unit test, move it to an integration test to gain access to `CARGO_BIN_EXE_ifttt-lint`
[INFO] [stdout] stack backtrace:
[INFO] [stdout]    0:     0x5dd18127af91 - <<std[617be2ca0a6fd877]::sys::backtrace::BacktraceLock>::print::DisplayBacktrace as core[a373ad73a504971]::fmt::Display>::fmt
[INFO] [stdout]    1:     0x5dd181292caa - core[a373ad73a504971]::fmt::write
[INFO] [stdout]    2:     0x5dd181280ddc - <alloc[2e1b2a31b91974c5]::vec::Vec<u8> as core[a373ad73a504971]::io::write::Write>::write_fmt
[INFO] [stdout]    3:     0x5dd1812548c6 - std[617be2ca0a6fd877]::panicking::default_hook::{closure#0}
[INFO] [stdout]    4:     0x5dd181272829 - std[617be2ca0a6fd877]::panicking::default_hook
[INFO] [stdout]    5:     0x5dd18112a380 - test[aada8e7e76ba119b]::test_main_inner::{closure#0}
[INFO] [stdout]    6:     0x5dd181272b52 - std[617be2ca0a6fd877]::panicking::panic_with_hook
[INFO] [stdout]    7:     0x5dd181254972 - std[617be2ca0a6fd877]::panicking::panic_handler::{closure#0}
[INFO] [stdout]    8:     0x5dd18124cf79 - std[617be2ca0a6fd877]::sys::backtrace::__rust_end_short_backtrace::<std[617be2ca0a6fd877]::panicking::panic_handler::{closure#0}, !>
[INFO] [stdout]    9:     0x5dd18125577d - __rustc[ea4f61d10b84890b]::rust_begin_unwind
[INFO] [stdout]   10:     0x5dd18129348c - core[a373ad73a504971]::panicking::panic_fmt
[INFO] [stdout]   11:     0x5dd181168f93 - assert_cmd[e412eb894112f228]::cargo::missing_cargo_bin
[INFO] [stdout]   12:     0x5dd181168d3b - assert_cmd[e412eb894112f228]::cargo::cargo_bin_str
[INFO] [stdout]   13:     0x5dd1810f827f - assert_cmd[e412eb894112f228]::cargo::cargo_bin_cmd::<&str>
[INFO] [stdout]   14:     0x5dd1810c7328 - <ifttt_lint[3b2d1699d775ac0f]::cli::tests::TestRepo>::run_with_threads
[INFO] [stdout]   15:     0x5dd1810cc20c - <ifttt_lint[3b2d1699d775ac0f]::cli::tests::diff_detects_stale_label_after_rename::{closure#0} as core[a373ad73a504971]::ops::function::FnOnce<()>>::call_once
[INFO] [stdout]   16:     0x5dd18111d7cb - test[aada8e7e76ba119b]::__rust_begin_short_backtrace::<core[a373ad73a504971]::result::Result<(), alloc[2e1b2a31b91974c5]::string::String>, fn() -> core[a373ad73a504971]::result::Result<(), alloc[2e1b2a31b91974c5]::string::String>>
[INFO] [stdout]   17:     0x5dd18112a9a5 - test[aada8e7e76ba119b]::run_test::{closure#0}
[INFO] [stdout]   18:     0x5dd181124294 - std[617be2ca0a6fd877]::sys::backtrace::__rust_begin_short_backtrace::<test[aada8e7e76ba119b]::run_test::{closure#1}, ()>
[INFO] [stdout]   19:     0x5dd18112da32 - <std[617be2ca0a6fd877]::thread::lifecycle::spawn_unchecked<test[aada8e7e76ba119b]::run_test::{closure#1}, ()>::{closure#1} as core[a373ad73a504971]::ops::function::FnOnce<()>>::call_once::{shim:vtable#0}
[INFO] [stdout]   20:     0x5dd18127a57f - <std[617be2ca0a6fd877]::sys::thread::unix::Thread>::new::thread_start
[INFO] [stdout]   21:     0x7dfa8ff32dfa - <unknown>
[INFO] [stdout]   22:     0x7dfa8ffc63d4 - clone
[INFO] [stdout]   23:                0x0 - <unknown>
[INFO] [stdout] 
[INFO] [stdout] 
[INFO] [stdout] failures:
[INFO] [stdout]     cli::tests::both_sides_changed_exits_zero
[INFO] [stdout]     cli::tests::diff_detects_stale_label_after_rename
[INFO] [stdout]     cli::tests::diff_ignores_structural_errors_in_untouched_target_files
[INFO] [stdout]     cli::tests::file_list_validates_targets
[INFO] [stdout]     cli::tests::ignore_glob_pattern
[INFO] [stdout]     cli::tests::ignore_suppresses_finding
[INFO] [stdout]     cli::tests::json_format_produces_valid_json
[INFO] [stdout]     cli::tests::missing_change_reports_finding
[INFO] [stdout]     cli::tests::multi_thread_output_is_deterministically_sorted
[INFO] [stdout]     cli::tests::no_directives_exits_zero
[INFO] [stdout]     cli::tests::no_ifttt_does_not_suppress_deleted_file_finding
[INFO] [stdout]     cli::tests::no_ifttt_in_any_commit_suppresses_entire_range
[INFO] [stdout]     cli::tests::no_ifttt_inert_in_precommit_mode
[INFO] [stdout]     cli::tests::no_ifttt_suppresses_diff_finding
[INFO] [stdout]     cli::tests::non_strict_resolves_bare_targets
[INFO] [stdout]     cli::tests::precommit_skips_cochange_validation
[INFO] [stdout]     cli::tests::symlink_files_are_skipped_in_structural_validation
[INFO] [stdout]     cli::tests::symlink_to_directory_is_skipped_in_glob_expansion
[INFO] [stdout]     cli::tests::unpaired_directive_reports_error
[INFO] [stdout] 
[INFO] [stdout] test result: FAILED. 203 passed; 19 failed; 0 ignored; 0 measured; 0 filtered out; finished in 0.41s
[INFO] [stdout] 
[INFO] [stderr] error: test failed, to rerun pass `--lib`
[INFO] running `Command { std: "docker" "inspect" "849031e81b2b35a6405ba7834a24a2e5aa37489465cd27028598650eeb576de6", kill_on_drop: false }`
[INFO] running `Command { std: "docker" "rm" "-f" "849031e81b2b35a6405ba7834a24a2e5aa37489465cd27028598650eeb576de6", kill_on_drop: false }`
[INFO] [stdout] 849031e81b2b35a6405ba7834a24a2e5aa37489465cd27028598650eeb576de6
