[INFO] cloning repository https://github.com/Kembec/substack-mcp
[INFO] running `Command { std: "git" "-c" "credential.helper=" "-c" "credential.helper=/workspace/cargo-home/bin/git-credential-null" "clone" "--bare" "https://github.com/Kembec/substack-mcp" "/workspace/cache/git-repos/https%3A%2F%2Fgithub.com%2FKembec%2Fsubstack-mcp", kill_on_drop: false }`
[INFO] [stderr] Cloning into bare repository '/workspace/cache/git-repos/https%3A%2F%2Fgithub.com%2FKembec%2Fsubstack-mcp'...
[INFO] running `Command { std: "git" "rev-parse" "HEAD", kill_on_drop: false }`
[INFO] [stdout] ebe974e67ebae27c6c1518d380bd5cb3bc151354
[INFO] testing Kembec/substack-mcp against 1.100.0-beta.1+cargoflags=--release for beta-release-1.100-3
[INFO] running `Command { std: "git" "clone" "/workspace/cache/git-repos/https%3A%2F%2Fgithub.com%2FKembec%2Fsubstack-mcp" "/workspace/builds/worker-0-tc2/source", kill_on_drop: false }`
[INFO] [stderr] Cloning into '/workspace/builds/worker-0-tc2/source'...
[INFO] [stderr] done.
[INFO] started tweaking git repo https://github.com/Kembec/substack-mcp
[INFO] finished tweaking git repo https://github.com/Kembec/substack-mcp
[INFO] tweaked toml for git repo https://github.com/Kembec/substack-mcp written to /workspace/builds/worker-0-tc2/source/Cargo.toml
[INFO] validating manifest of git repo https://github.com/Kembec/substack-mcp on toolchain 1.100.0-beta.1
[INFO] running `Command { std: CARGO_HOME="/workspace/cargo-home" RUSTUP_HOME="/workspace/rustup-home" "/workspace/cargo-home/bin/cargo" "+1.100.0-beta.1" "metadata" "--manifest-path" "Cargo.toml" "--no-deps", kill_on_drop: false }`
[INFO] crate git repo https://github.com/Kembec/substack-mcp already has a lockfile, it will not be regenerated
[INFO] running `Command { std: CARGO_HOME="/workspace/cargo-home" RUSTUP_HOME="/workspace/rustup-home" "/workspace/cargo-home/bin/cargo" "+1.100.0-beta.1" "fetch" "--manifest-path" "Cargo.toml", kill_on_drop: false }`
[INFO] running `Command { std: "docker" "create" "-v" "/var/lib/crater-agent-workspace/builds/worker-0-tc2/source:/opt/rustwide/workdir:ro,Z" "-v" "/var/lib/crater-agent-workspace/builds/worker-0-tc2/target:/opt/rustwide/target:rw,Z" "-v" "/var/lib/crater-agent-workspace/cargo-home:/opt/rustwide/cargo-home:ro,Z" "-v" "/var/lib/crater-agent-workspace/rustup-home:/opt/rustwide/rustup-home:ro,Z" "-m" "1610612736" "--network" "none" "ghcr.io/rust-lang/crates-build-env/linux@sha256:77db811e55d90add9212f6832c23229e3de5f1c1f9905e8cb07319ea15df73ac" "sleep" "infinity", kill_on_drop: false }`
[INFO] [stdout] 1f620e7eedb3944d3b89c402ccb3a9950c8951eb662ebec2f3269338bc86dbe8
[INFO] running `Command { std: "docker" "start" "1f620e7eedb3944d3b89c402ccb3a9950c8951eb662ebec2f3269338bc86dbe8", kill_on_drop: false }`
[INFO] running `Command { std: "docker" "inspect" "1f620e7eedb3944d3b89c402ccb3a9950c8951eb662ebec2f3269338bc86dbe8", kill_on_drop: false }`
[INFO] running `Command { std: "docker" "exec" "-e" "SOURCE_DIR=/opt/rustwide/workdir" "-e" "CARGO_HOME=/opt/rustwide/cargo-home" "-e" "RUSTUP_HOME=/opt/rustwide/rustup-home" "-e" "CARGO_TARGET_DIR=/opt/rustwide/target" "-w" "/opt/rustwide/workdir" "--user" "0:0" "1f620e7eedb3944d3b89c402ccb3a9950c8951eb662ebec2f3269338bc86dbe8" "/opt/rustwide/cargo-home/bin/cargo" "+1.100.0-beta.1" "metadata" "--no-deps" "--format-version=1", kill_on_drop: false }`
[INFO] running `Command { std: "docker" "inspect" "1f620e7eedb3944d3b89c402ccb3a9950c8951eb662ebec2f3269338bc86dbe8", kill_on_drop: false }`
[INFO] running `Command { std: "docker" "exec" "-e" "SOURCE_DIR=/opt/rustwide/workdir" "-e" "CARGO_HOME=/opt/rustwide/cargo-home" "-e" "RUSTUP_HOME=/opt/rustwide/rustup-home" "-e" "CARGO_TARGET_DIR=/opt/rustwide/target" "-e" "CARGO_INCREMENTAL=0" "-e" "RUST_BACKTRACE=full" "-e" "RUSTFLAGS=--cap-lints=warn" "-e" "RUSTDOCFLAGS=--cap-lints=warn" "-w" "/opt/rustwide/workdir" "--user" "0:0" "1f620e7eedb3944d3b89c402ccb3a9950c8951eb662ebec2f3269338bc86dbe8" "/opt/rustwide/cargo-home/bin/cargo" "+1.100.0-beta.1" "build" "--frozen" "--message-format=json" "--release", kill_on_drop: false }`
[INFO] [stderr]    Compiling quote v1.0.45
[INFO] [stderr]    Compiling libc v0.2.186
[INFO] [stderr]    Compiling stable_deref_trait v1.2.1
[INFO] [stderr]    Compiling smallvec v1.15.1
[INFO] [stderr]    Compiling itoa v1.0.18
[INFO] [stderr]    Compiling parking_lot_core v0.9.12
[INFO] [stderr]    Compiling litemap v0.8.2
[INFO] [stderr]    Compiling writeable v0.6.3
[INFO] [stderr]    Compiling bytes v1.11.1
[INFO] [stderr]    Compiling icu_normalizer_data v2.2.0
[INFO] [stderr]    Compiling scopeguard v1.2.0
[INFO] [stderr]    Compiling utf8_iter v1.0.4
[INFO] [stderr]    Compiling futures-core v0.3.32
[INFO] [stderr]    Compiling icu_properties_data v2.2.0
[INFO] [stderr]    Compiling percent-encoding v2.3.2
[INFO] [stderr]    Compiling cc v1.2.62
[INFO] [stderr]    Compiling serde_core v1.0.228
[INFO] [stderr]    Compiling lock_api v0.4.14
[INFO] [stderr]    Compiling zeroize v1.8.2
[INFO] [stderr]    Compiling httparse v1.10.1
[INFO] [stderr]    Compiling slab v0.4.12
[INFO] [stderr]    Compiling futures-task v0.3.32
[INFO] [stderr]    Compiling serde v1.0.228
[INFO] [stderr]    Compiling form_urlencoded v1.2.2
[INFO] [stderr]    Compiling futures-util v0.3.32
[INFO] [stderr]    Compiling rustls-pki-types v1.14.1
[INFO] [stderr]    Compiling powerfmt v0.2.0
[INFO] [stderr]    Compiling time-core v0.1.8
[INFO] [stderr]    Compiling rustls v0.23.40
[INFO] [stderr]    Compiling tower-service v0.3.3
[INFO] [stderr]    Compiling zmij v1.0.21
[INFO] [stderr]    Compiling try-lock v0.2.5
[INFO] [stderr]    Compiling time-macros v0.2.27
[INFO] [stderr]    Compiling cookie v0.18.1
[INFO] [stderr]    Compiling want v0.3.1
[INFO] [stderr]    Compiling syn v2.0.117
[INFO] [stderr]    Compiling deranged v0.5.8
[INFO] [stderr]    Compiling futures-channel v0.3.32
[INFO] [stderr]    Compiling unicase v2.9.0
[INFO] [stderr]    Compiling atomic-waker v1.1.2
[INFO] [stderr]    Compiling serde_json v1.0.149
[INFO] [stderr]    Compiling autocfg v1.5.0
[INFO] [stderr]    Compiling subtle v2.6.1
[INFO] [stderr]    Compiling mime_guess v2.0.5
[INFO] [stderr]    Compiling tracing v0.1.44
[INFO] [stderr]    Compiling sync_wrapper v1.0.2
[INFO] [stderr]    Compiling psl-types v2.0.11
[INFO] [stderr]    Compiling base64 v0.22.1
[INFO] [stderr]    Compiling litrs v1.0.0
[INFO] [stderr]    Compiling tower-layer v0.3.3
[INFO] [stderr]    Compiling num-traits v0.2.19
[INFO] [stderr]    Compiling memchr v2.8.0
[INFO] [stderr]    Compiling ipnet v2.12.0
[INFO] [stderr]    Compiling http v1.4.0
[INFO] [stderr]    Compiling webpki-roots v1.0.7
[INFO] [stderr]    Compiling mime v0.3.17
[INFO] [stderr]    Compiling log v0.4.29
[INFO] [stderr]    Compiling document-features v0.2.12
[INFO] [stderr]    Compiling bitflags v2.11.1
[INFO] [stderr]    Compiling ryu v1.0.23
[INFO] [stderr]    Compiling anyhow v1.0.102
[INFO] [stderr]    Compiling iana-time-zone v0.1.65
[INFO] [stderr]    Compiling ring v0.17.14
[INFO] [stderr]    Compiling errno v0.3.14
[INFO] [stderr]    Compiling mio v1.2.0
[INFO] [stderr]    Compiling signal-hook-registry v1.4.8
[INFO] [stderr]    Compiling socket2 v0.6.3
[INFO] [stderr]    Compiling parking_lot v0.12.5
[INFO] [stderr]    Compiling getrandom v0.2.17
[INFO] [stderr]    Compiling time v0.3.47
[INFO] [stderr]    Compiling http-body v1.0.1
[INFO] [stderr]    Compiling http-body-util v0.1.3
[INFO] [stderr]    Compiling synstructure v0.13.2
[INFO] [stderr]    Compiling zerofrom-derive v0.1.7
[INFO] [stderr]    Compiling yoke-derive v0.8.2
[INFO] [stderr]    Compiling zerovec-derive v0.11.3
[INFO] [stderr]    Compiling displaydoc v0.2.5
[INFO] [stderr]    Compiling tokio-macros v2.7.0
[INFO] [stderr]    Compiling serde_derive v1.0.228
[INFO] [stderr]    Compiling tokio v1.52.3
[INFO] [stderr]    Compiling zerofrom v0.1.8
[INFO] [stderr]    Compiling yoke v0.8.2
[INFO] [stderr]    Compiling zerotrie v0.2.4
[INFO] [stderr]    Compiling zerovec v0.11.6
[INFO] [stderr]    Compiling tinystr v0.8.3
[INFO] [stderr]    Compiling potential_utf v0.1.5
[INFO] [stderr]    Compiling icu_locale_core v2.2.0
[INFO] [stderr]    Compiling icu_collections v2.2.0
[INFO] [stderr]    Compiling icu_provider v2.2.0
[INFO] [stderr]    Compiling icu_normalizer v2.2.0
[INFO] [stderr]    Compiling icu_properties v2.2.0
[INFO] [stderr]    Compiling serde_urlencoded v0.7.1
[INFO] [stderr]    Compiling chrono v0.4.44
[INFO] [stderr]    Compiling idna_adapter v1.2.2
[INFO] [stderr]    Compiling idna v1.1.0
[INFO] [stderr]    Compiling url v2.5.8
[INFO] [stderr]    Compiling publicsuffix v2.3.0
[INFO] [stderr]    Compiling cookie_store v0.22.1
[INFO] [stderr]    Compiling hyper v1.9.0
[INFO] [stderr]    Compiling tower v0.5.3
[INFO] [stderr]    Compiling tower-http v0.6.11
[INFO] [stderr]    Compiling hyper-util v0.1.20
[INFO] [stderr]    Compiling rustls-webpki v0.103.13
[INFO] [stderr]    Compiling tokio-rustls v0.26.4
[INFO] [stderr]    Compiling hyper-rustls v0.27.9
[INFO] [stderr]    Compiling reqwest v0.12.28
[INFO] [stderr]    Compiling substack-mcp v0.1.13 (/opt/rustwide/workdir)
[INFO] [stderr] warning: unused dependency `chrono`
[INFO] [stderr]  --> Cargo.toml:9:15
[INFO] [stderr]   |
[INFO] [stderr] 9 | [dependencies.chrono]
[INFO] [stderr]   |               ^^^^^^^
[INFO] [stderr]   |
[INFO] [stderr]   = note: `cargo::unused_dependencies` is set to `warn` by default
[INFO] [stderr] help: consider removing the dependency on `chrono`
[INFO] [stderr] warning: `substack-mcp` (manifest) generated 1 warning
[INFO] [stderr]     Finished `release` profile [optimized] target(s) in 1m 32s
[INFO] running `Command { std: "docker" "inspect" "1f620e7eedb3944d3b89c402ccb3a9950c8951eb662ebec2f3269338bc86dbe8", kill_on_drop: false }`
[INFO] running `Command { std: "docker" "exec" "-e" "SOURCE_DIR=/opt/rustwide/workdir" "-e" "CARGO_HOME=/opt/rustwide/cargo-home" "-e" "RUSTUP_HOME=/opt/rustwide/rustup-home" "-e" "CARGO_TARGET_DIR=/opt/rustwide/target" "-e" "CARGO_INCREMENTAL=0" "-e" "RUST_BACKTRACE=full" "-e" "RUSTFLAGS=--cap-lints=warn" "-e" "RUSTDOCFLAGS=--cap-lints=warn" "-w" "/opt/rustwide/workdir" "--user" "0:0" "1f620e7eedb3944d3b89c402ccb3a9950c8951eb662ebec2f3269338bc86dbe8" "/opt/rustwide/cargo-home/bin/cargo" "+1.100.0-beta.1" "test" "--frozen" "--no-run" "--message-format=json" "--release", kill_on_drop: false }`
[INFO] [stderr]    Compiling substack-mcp v0.1.13 (/opt/rustwide/workdir)
[INFO] [stderr]     Finished `release` profile [optimized] target(s) in 3.46s
[INFO] running `Command { std: "docker" "inspect" "1f620e7eedb3944d3b89c402ccb3a9950c8951eb662ebec2f3269338bc86dbe8", kill_on_drop: false }`
[INFO] running `Command { std: "docker" "exec" "-e" "SOURCE_DIR=/opt/rustwide/workdir" "-e" "CARGO_HOME=/opt/rustwide/cargo-home" "-e" "RUSTUP_HOME=/opt/rustwide/rustup-home" "-e" "CARGO_TARGET_DIR=/opt/rustwide/target" "-e" "CARGO_INCREMENTAL=0" "-e" "RUST_BACKTRACE=full" "-e" "RUSTFLAGS=--cap-lints=warn" "-e" "RUSTDOCFLAGS=--cap-lints=warn" "-w" "/opt/rustwide/workdir" "--user" "0:0" "1f620e7eedb3944d3b89c402ccb3a9950c8951eb662ebec2f3269338bc86dbe8" "/opt/rustwide/cargo-home/bin/cargo" "+1.100.0-beta.1" "test" "--frozen" "--release", kill_on_drop: false }`
[INFO] [stderr]     Finished `release` profile [optimized] target(s) in 0.17s
[INFO] [stderr]      Running unittests src/main.rs (/opt/rustwide/target/release/build/substack-mcp/f5a2775ea3ccb7dc/out/substack_mcp-f5a2775ea3ccb7dc)
[INFO] [stdout] 
[INFO] [stdout] running 17 tests
[INFO] [stdout] test auth::tests::debug_redacts_sid ... ok
[INFO] [stdout] test auth::tests::sid_trimmed_of_whitespace ... ok
[INFO] [stdout] test tools::tests::tools_list_all_have_additional_properties_false ... ok
[INFO] [stdout] test tools::tests::tools_list_count_is_14 ... ok
[INFO] [stdout] test tools_validation::tests::validate_limit_bounds ... ok
[INFO] [stdout] test tools_validation::tests::validate_numeric_id_rejects_letters ... ok
[INFO] [stdout] test tools_validation::tests::validate_slug_rejects_empty ... ok
[INFO] [stdout] test auth::tests::sid_url_encoded_is_decoded ... ok
[INFO] [stdout] test tools_validation::tests::validate_pub_url_rejects_non_substack ... ok
[INFO] [stdout] test tools_validation::tests::validate_slug_rejects_invalid_chars ... ok
[INFO] [stdout] test tools_validation::tests::require_str_rejects_missing ... ok
[INFO] [stdout] test tools_validation::tests::validate_pub_url_extracts_host ... ok
[INFO] [stdout] test tools::tests::publish_post_description_contains_irreversible ... ok
[INFO] [stdout] test auth::tests::sid_plain_is_unchanged ... ok
[INFO] [stdout] test tools_validation::tests::validate_audience_allowlist ... ok
[INFO] [stdout] test tools_validation::tests::validate_slug_accepts_valid ... ok
[INFO] [stdout] test auth::tests::pub_base_url_appends_api_v1 ... ok
[INFO] [stdout] 
[INFO] [stdout] test result: ok. 17 passed; 0 failed; 0 ignored; 0 measured; 0 filtered out; finished in 0.03s
[INFO] [stdout] 
[INFO] [stderr]      Running tests/tools.rs (/opt/rustwide/target/release/build/substack-mcp/cd1722dca74380c4/out/tools-cd1722dca74380c4)
[INFO] [stdout] 
[INFO] [stdout] running 5 tests
[INFO] [stdout] test test_unknown_method ... FAILED
[INFO] [stdout] test test_initialize ... FAILED
[INFO] [stdout] test test_notification_no_response ... FAILED
[INFO] [stdout] test test_invalid_json ... FAILED
[INFO] [stdout] test test_tools_list ... FAILED
[INFO] [stdout] 
[INFO] [stdout] failures:
[INFO] [stdout] 
[INFO] [stdout] ---- test_unknown_method stdout ----
[INFO] [stdout] 
[INFO] [stdout] thread 'test_unknown_method' (2350) panicked at tests/tools.rs:29:9:
[INFO] [stdout] binary not built: /opt/rustwide/target/release/build/substack-mcp/cd1722dca74380c4/out/substack-mcp
[INFO] [stdout] stack backtrace:
[INFO] [stdout]    0:     0x58fa6ced33c1 - <<std[617be2ca0a6fd877]::sys::backtrace::BacktraceLock>::print::DisplayBacktrace as core[a373ad73a504971]::fmt::Display>::fmt
[INFO] [stdout]    1:     0x58fa6cee7d4a - core[a373ad73a504971]::fmt::write
[INFO] [stdout]    2:     0x58fa6ced766c - <alloc[2e1b2a31b91974c5]::vec::Vec<u8> as core[a373ad73a504971]::io::write::Write>::write_fmt
[INFO] [stdout]    3:     0x58fa6ceaf246 - std[617be2ca0a6fd877]::panicking::default_hook::{closure#0}
[INFO] [stdout]    4:     0x58fa6cecb999 - std[617be2ca0a6fd877]::panicking::default_hook
[INFO] [stdout]    5:     0x58fa6ce63140 - test[aada8e7e76ba119b]::test_main_inner::{closure#0}
[INFO] [stdout]    6:     0x58fa6cecbb52 - std[617be2ca0a6fd877]::panicking::panic_with_hook
[INFO] [stdout]    7:     0x58fa6ceaf2f2 - std[617be2ca0a6fd877]::panicking::panic_handler::{closure#0}
[INFO] [stdout]    8:     0x58fa6cea8009 - std[617be2ca0a6fd877]::sys::backtrace::__rust_end_short_backtrace::<std[617be2ca0a6fd877]::panicking::panic_handler::{closure#0}, !>
[INFO] [stdout]    9:     0x58fa6ceafefd - __rustc[ea4f61d10b84890b]::rust_begin_unwind
[INFO] [stdout]   10:     0x58fa6cee847c - core[a373ad73a504971]::panicking::panic_fmt
[INFO] [stdout]   11:     0x58fa6ce54a6f - <tools[b82299c68a27cf4b]::Server>::spawn
[INFO] [stdout]   12:     0x58fa6ce55be9 - <tools[b82299c68a27cf4b]::test_unknown_method::{closure#0} as core[a373ad73a504971]::ops::function::FnOnce<()>>::call_once
[INFO] [stdout]   13:     0x58fa6ce5658b - test[aada8e7e76ba119b]::__rust_begin_short_backtrace::<core[a373ad73a504971]::result::Result<(), alloc[2e1b2a31b91974c5]::string::String>, fn() -> core[a373ad73a504971]::result::Result<(), alloc[2e1b2a31b91974c5]::string::String>>
[INFO] [stdout]   14:     0x58fa6ce63765 - test[aada8e7e76ba119b]::run_test::{closure#0}
[INFO] [stdout]   15:     0x58fa6ce5d054 - std[617be2ca0a6fd877]::sys::backtrace::__rust_begin_short_backtrace::<test[aada8e7e76ba119b]::run_test::{closure#1}, ()>
[INFO] [stdout]   16:     0x58fa6ce667f2 - <std[617be2ca0a6fd877]::thread::lifecycle::spawn_unchecked<test[aada8e7e76ba119b]::run_test::{closure#1}, ()>::{closure#1} as core[a373ad73a504971]::ops::function::FnOnce<()>>::call_once::{shim:vtable#0}
[INFO] [stdout]   17:     0x58fa6ced2c1f - <std[617be2ca0a6fd877]::sys::thread::unix::Thread>::new::thread_start
[INFO] [stdout]   18:     0x7bf6db364dfa - <unknown>
[INFO] [stdout]   19:     0x7bf6db3f83d4 - clone
[INFO] [stdout]   20:                0x0 - <unknown>
[INFO] [stdout] 
[INFO] [stdout] ---- test_initialize stdout ----
[INFO] [stdout] 
[INFO] [stdout] thread 'test_initialize' (2346) panicked at tests/tools.rs:29:9:
[INFO] [stdout] binary not built: /opt/rustwide/target/release/build/substack-mcp/cd1722dca74380c4/out/substack-mcp
[INFO] [stdout] stack backtrace:
[INFO] [stdout]    0:     0x58fa6ced33c1 - <<std[617be2ca0a6fd877]::sys::backtrace::BacktraceLock>::print::DisplayBacktrace as core[a373ad73a504971]::fmt::Display>::fmt
[INFO] [stdout]    1:     0x58fa6cee7d4a - core[a373ad73a504971]::fmt::write
[INFO] [stdout]    2:     0x58fa6ced766c - <alloc[2e1b2a31b91974c5]::vec::Vec<u8> as core[a373ad73a504971]::io::write::Write>::write_fmt
[INFO] [stdout]    3:     0x58fa6ceaf246 - std[617be2ca0a6fd877]::panicking::default_hook::{closure#0}
[INFO] [stdout]    4:     0x58fa6cecb999 - std[617be2ca0a6fd877]::panicking::default_hook
[INFO] [stdout]    5:     0x58fa6ce63140 - test[aada8e7e76ba119b]::test_main_inner::{closure#0}
[INFO] [stdout]    6:     0x58fa6cecbb52 - std[617be2ca0a6fd877]::panicking::panic_with_hook
[INFO] [stdout]    7:     0x58fa6ceaf2f2 - std[617be2ca0a6fd877]::panicking::panic_handler::{closure#0}
[INFO] [stdout]    8:     0x58fa6cea8009 - std[617be2ca0a6fd877]::sys::backtrace::__rust_end_short_backtrace::<std[617be2ca0a6fd877]::panicking::panic_handler::{closure#0}, !>
[INFO] [stdout]    9:     0x58fa6ceafefd - __rustc[ea4f61d10b84890b]::rust_begin_unwind
[INFO] [stdout]   10:     0x58fa6cee847c - core[a373ad73a504971]::panicking::panic_fmt
[INFO] [stdout]   11:     0x58fa6ce54a6f - <tools[b82299c68a27cf4b]::Server>::spawn
[INFO] [stdout]   12:     0x58fa6ce54b5c - <tools[b82299c68a27cf4b]::test_initialize::{closure#0} as core[a373ad73a504971]::ops::function::FnOnce<()>>::call_once
[INFO] [stdout]   13:     0x58fa6ce5658b - test[aada8e7e76ba119b]::__rust_begin_short_backtrace::<core[a373ad73a504971]::result::Result<(), alloc[2e1b2a31b91974c5]::string::String>, fn() -> core[a373ad73a504971]::result::Result<(), alloc[2e1b2a31b91974c5]::string::String>>
[INFO] [stdout]   14:     0x58fa6ce63765 - test[aada8e7e76ba119b]::run_test::{closure#0}
[INFO] [stdout]   15:     0x58fa6ce5d054 - std[617be2ca0a6fd877]::sys::backtrace::__rust_begin_short_backtrace::<test[aada8e7e76ba119b]::run_test::{closure#1}, ()>
[INFO] [stdout]   16:     0x58fa6ce667f2 - <std[617be2ca0a6fd877]::thread::lifecycle::spawn_unchecked<test[aada8e7e76ba119b]::run_test::{closure#1}, ()>::{closure#1} as core[a373ad73a504971]::ops::function::FnOnce<()>>::call_once::{shim:vtable#0}
[INFO] [stdout]   17:     0x58fa6ced2c1f - <std[617be2ca0a6fd877]::sys::thread::unix::Thread>::new::thread_start
[INFO] [stdout]   18:     0x7bf6db364dfa - <unknown>
[INFO] [stdout]   19:     0x7bf6db3f83d4 - clone
[INFO] [stdout]   20:                0x0 - <unknown>
[INFO] [stdout] 
[INFO] [stdout] ---- test_notification_no_response stdout ----
[INFO] [stdout] 
[INFO] [stdout] thread 'test_notification_no_response' (2348) panicked at tests/tools.rs:29:9:
[INFO] [stdout] binary not built: /opt/rustwide/target/release/build/substack-mcp/cd1722dca74380c4/out/substack-mcp
[INFO] [stdout] stack backtrace:
[INFO] [stdout]    0:     0x58fa6ced33c1 - <<std[617be2ca0a6fd877]::sys::backtrace::BacktraceLock>::print::DisplayBacktrace as core[a373ad73a504971]::fmt::Display>::fmt
[INFO] [stdout]    1:     0x58fa6cee7d4a - core[a373ad73a504971]::fmt::write
[INFO] [stdout]    2:     0x58fa6ced766c - <alloc[2e1b2a31b91974c5]::vec::Vec<u8> as core[a373ad73a504971]::io::write::Write>::write_fmt
[INFO] [stdout]    3:     0x58fa6ceaf246 - std[617be2ca0a6fd877]::panicking::default_hook::{closure#0}
[INFO] [stdout]    4:     0x58fa6cecb999 - std[617be2ca0a6fd877]::panicking::default_hook
[INFO] [stdout]    5:     0x58fa6ce63140 - test[aada8e7e76ba119b]::test_main_inner::{closure#0}
[INFO] [stdout]    6:     0x58fa6cecbb52 - std[617be2ca0a6fd877]::panicking::panic_with_hook
[INFO] [stdout]    7:     0x58fa6ceaf2f2 - std[617be2ca0a6fd877]::panicking::panic_handler::{closure#0}
[INFO] [stdout]    8:     0x58fa6cea8009 - std[617be2ca0a6fd877]::sys::backtrace::__rust_end_short_backtrace::<std[617be2ca0a6fd877]::panicking::panic_handler::{closure#0}, !>
[INFO] [stdout]    9:     0x58fa6ceafefd - __rustc[ea4f61d10b84890b]::rust_begin_unwind
[INFO] [stdout]   10:     0x58fa6cee847c - core[a373ad73a504971]::panicking::panic_fmt
[INFO] [stdout]   11:     0x58fa6ce54a6f - <tools[b82299c68a27cf4b]::Server>::spawn
[INFO] [stdout]   12:     0x58fa6ce55f89 - <tools[b82299c68a27cf4b]::test_notification_no_response::{closure#0} as core[a373ad73a504971]::ops::function::FnOnce<()>>::call_once
[INFO] [stdout]   13:     0x58fa6ce5658b - test[aada8e7e76ba119b]::__rust_begin_short_backtrace::<core[a373ad73a504971]::result::Result<(), alloc[2e1b2a31b91974c5]::string::String>, fn() -> core[a373ad73a504971]::result::Result<(), alloc[2e1b2a31b91974c5]::string::String>>
[INFO] [stdout]   14:     0x58fa6ce63765 - test[aada8e7e76ba119b]::run_test::{closure#0}
[INFO] [stdout]   15:     0x58fa6ce5d054 - std[617be2ca0a6fd877]::sys::backtrace::__rust_begin_short_backtrace::<test[aada8e7e76ba119b]::run_test::{closure#1}, ()>
[INFO] [stdout]   16:     0x58fa6ce667f2 - <std[617be2ca0a6fd877]::thread::lifecycle::spawn_unchecked<test[aada8e7e76ba119b]::run_test::{closure#1}, ()>::{closure#1} as core[a373ad73a504971]::ops::function::FnOnce<()>>::call_once::{shim:vtable#0}
[INFO] [stdout]   17:     0x58fa6ced2c1f - <std[617be2ca0a6fd877]::sys::thread::unix::Thread>::new::thread_start
[INFO] [stdout]   18:     0x7bf6db364dfa - <unknown>
[INFO] [stdout]   19:     0x7bf6db3f83d4 - clone
[INFO] [stdout]   20:                0x0 - <unknown>
[INFO] [stdout] 
[INFO] [stdout] ---- test_invalid_json stdout ----
[INFO] [stdout] 
[INFO] [stdout] thread 'test_invalid_json' (2347) panicked at tests/tools.rs:29:9:
[INFO] [stdout] binary not built: /opt/rustwide/target/release/build/substack-mcp/cd1722dca74380c4/out/substack-mcp
[INFO] [stdout] stack backtrace:
[INFO] [stdout]    0:     0x58fa6ced33c1 - <<std[617be2ca0a6fd877]::sys::backtrace::BacktraceLock>::print::DisplayBacktrace as core[a373ad73a504971]::fmt::Display>::fmt
[INFO] [stdout]    1:     0x58fa6cee7d4a - core[a373ad73a504971]::fmt::write
[INFO] [stdout]    2:     0x58fa6ced766c - <alloc[2e1b2a31b91974c5]::vec::Vec<u8> as core[a373ad73a504971]::io::write::Write>::write_fmt
[INFO] [stdout]    3:     0x58fa6ceaf246 - std[617be2ca0a6fd877]::panicking::default_hook::{closure#0}
[INFO] [stdout]    4:     0x58fa6cecb999 - std[617be2ca0a6fd877]::panicking::default_hook
[INFO] [stdout]    5:     0x58fa6ce63140 - test[aada8e7e76ba119b]::test_main_inner::{closure#0}
[INFO] [stdout]    6:     0x58fa6cecbb52 - std[617be2ca0a6fd877]::panicking::panic_with_hook
[INFO] [stdout]    7:     0x58fa6ceaf2f2 - std[617be2ca0a6fd877]::panicking::panic_handler::{closure#0}
[INFO] [stdout]    8:     0x58fa6cea8009 - std[617be2ca0a6fd877]::sys::backtrace::__rust_end_short_backtrace::<std[617be2ca0a6fd877]::panicking::panic_handler::{closure#0}, !>
[INFO] [stdout]    9:     0x58fa6ceafefd - __rustc[ea4f61d10b84890b]::rust_begin_unwind
[INFO] [stdout]   10:     0x58fa6cee847c - core[a373ad73a504971]::panicking::panic_fmt
[INFO] [stdout]   11:     0x58fa6ce54a6f - <tools[b82299c68a27cf4b]::Server>::spawn
[INFO] [stdout]   12:     0x58fa6ce55a34 - <tools[b82299c68a27cf4b]::test_invalid_json::{closure#0} as core[a373ad73a504971]::ops::function::FnOnce<()>>::call_once
[INFO] [stdout]   13:     0x58fa6ce5658b - test[aada8e7e76ba119b]::__rust_begin_short_backtrace::<core[a373ad73a504971]::result::Result<(), alloc[2e1b2a31b91974c5]::string::String>, fn() -> core[a373ad73a504971]::result::Result<(), alloc[2e1b2a31b91974c5]::string::String>>
[INFO] [stdout]   14:     0x58fa6ce63765 - test[aada8e7e76ba119b]::run_test::{closure#0}
[INFO] [stdout]   15:     0x58fa6ce5d054 - std[617be2ca0a6fd877]::sys::backtrace::__rust_begin_short_backtrace::<test[aada8e7e76ba119b]::run_test::{closure#1}, ()>
[INFO] [stdout]   16:     0x58fa6ce667f2 - <std[617be2ca0a6fd877]::thread::lifecycle::spawn_unchecked<test[aada8e7e76ba119b]::run_test::{closure#1}, ()>::{closure#1} as core[a373ad73a504971]::ops::function::FnOnce<()>>::call_once::{shim:vtable#0}
[INFO] [stdout]   17:     0x58fa6ced2c1f - <std[617be2ca0a6fd877]::sys::thread::unix::Thread>::new::thread_start
[INFO] [stdout]   18:     0x7bf6db364dfa - <unknown>
[INFO] [stdout]   19:     0x7bf6db3f83d4 - clone
[INFO] [stdout]   20:                0x0 - <unknown>
[INFO] [stdout] 
[INFO] [stdout] ---- test_tools_list stdout ----
[INFO] [stdout] 
[INFO] [stdout] thread 'test_tools_list' (2349) panicked at tests/tools.rs:29:9:
[INFO] [stdout] binary not built: /opt/rustwide/target/release/build/substack-mcp/cd1722dca74380c4/out/substack-mcp
[INFO] [stdout] stack backtrace:
[INFO] [stdout]    0:     0x58fa6ced33c1 - <<std[617be2ca0a6fd877]::sys::backtrace::BacktraceLock>::print::DisplayBacktrace as core[a373ad73a504971]::fmt::Display>::fmt
[INFO] [stdout]    1:     0x58fa6cee7d4a - core[a373ad73a504971]::fmt::write
[INFO] [stdout]    2:     0x58fa6ced766c - <alloc[2e1b2a31b91974c5]::vec::Vec<u8> as core[a373ad73a504971]::io::write::Write>::write_fmt
[INFO] [stdout]    3:     0x58fa6ceaf246 - std[617be2ca0a6fd877]::panicking::default_hook::{closure#0}
[INFO] [stdout]    4:     0x58fa6cecb999 - std[617be2ca0a6fd877]::panicking::default_hook
[INFO] [stdout]    5:     0x58fa6ce63140 - test[aada8e7e76ba119b]::test_main_inner::{closure#0}
[INFO] [stdout]    6:     0x58fa6cecbb52 - std[617be2ca0a6fd877]::panicking::panic_with_hook
[INFO] [stdout]    7:     0x58fa6ceaf2f2 - std[617be2ca0a6fd877]::panicking::panic_handler::{closure#0}
[INFO] [stdout]    8:     0x58fa6cea8009 - std[617be2ca0a6fd877]::sys::backtrace::__rust_end_short_backtrace::<std[617be2ca0a6fd877]::panicking::panic_handler::{closure#0}, !>
[INFO] [stdout]    9:     0x58fa6ceafefd - __rustc[ea4f61d10b84890b]::rust_begin_unwind
[INFO] [stdout]   10:     0x58fa6cee847c - core[a373ad73a504971]::panicking::panic_fmt
[INFO] [stdout]   11:     0x58fa6ce54a6f - <tools[b82299c68a27cf4b]::Server>::spawn
[INFO] [stdout]   12:     0x58fa6ce5527e - <tools[b82299c68a27cf4b]::test_tools_list::{closure#0} as core[a373ad73a504971]::ops::function::FnOnce<()>>::call_once
[INFO] [stdout]   13:     0x58fa6ce5658b - test[aada8e7e76ba119b]::__rust_begin_short_backtrace::<core[a373ad73a504971]::result::Result<(), alloc[2e1b2a31b91974c5]::string::String>, fn() -> core[a373ad73a504971]::result::Result<(), alloc[2e1b2a31b91974c5]::string::String>>
[INFO] [stdout]   14:     0x58fa6ce63765 - test[aada8e7e76ba119b]::run_test::{closure#0}
[INFO] [stdout]   15:     0x58fa6ce5d054 - std[617be2ca0a6fd877]::sys::backtrace::__rust_begin_short_backtrace::<test[aada8e7e76ba119b]::run_test::{closure#1}, ()>
[INFO] [stdout]   16:     0x58fa6ce667f2 - <std[617be2ca0a6fd877]::thread::lifecycle::spawn_unchecked<test[aada8e7e76ba119b]::run_test::{closure#1}, ()>::{closure#1} as core[a373ad73a504971]::ops::function::FnOnce<()>>::call_once::{shim:vtable#0}
[INFO] [stdout]   17:     0x58fa6ced2c1f - <std[617be2ca0a6fd877]::sys::thread::unix::Thread>::new::thread_start
[INFO] [stdout]   18:     0x7bf6db364dfa - <unknown>
[INFO] [stdout]   19:     0x7bf6db3f83d4 - clone
[INFO] [stdout]   20:                0x0 - <unknown>
[INFO] [stdout] 
[INFO] [stdout] 
[INFO] [stdout] failures:
[INFO] [stdout]     test_initialize
[INFO] [stdout]     test_invalid_json
[INFO] [stdout]     test_notification_no_response
[INFO] [stdout]     test_tools_list
[INFO] [stdout]     test_unknown_method
[INFO] [stdout] 
[INFO] [stdout] test result: FAILED. 0 passed; 5 failed; 0 ignored; 0 measured; 0 filtered out; finished in 0.01s
[INFO] [stdout] 
[INFO] [stderr] error: test failed, to rerun pass `--test tools`
[INFO] running `Command { std: "docker" "inspect" "1f620e7eedb3944d3b89c402ccb3a9950c8951eb662ebec2f3269338bc86dbe8", kill_on_drop: false }`
[INFO] running `Command { std: "docker" "rm" "-f" "1f620e7eedb3944d3b89c402ccb3a9950c8951eb662ebec2f3269338bc86dbe8", kill_on_drop: false }`
[INFO] [stdout] 1f620e7eedb3944d3b89c402ccb3a9950c8951eb662ebec2f3269338bc86dbe8
