[INFO] cloning repository https://github.com/Kembec/ruc-mcp
[INFO] running `Command { std: "git" "-c" "credential.helper=" "-c" "credential.helper=/workspace/cargo-home/bin/git-credential-null" "clone" "--bare" "https://github.com/Kembec/ruc-mcp" "/workspace/cache/git-repos/https%3A%2F%2Fgithub.com%2FKembec%2Fruc-mcp", kill_on_drop: false }`
[INFO] [stderr] Cloning into bare repository '/workspace/cache/git-repos/https%3A%2F%2Fgithub.com%2FKembec%2Fruc-mcp'...
[INFO] running `Command { std: "git" "rev-parse" "HEAD", kill_on_drop: false }`
[INFO] [stdout] d7e4e05adce70fdee79a07e94d877d77565fefef
[INFO] testing Kembec/ruc-mcp against 1.100.0-beta.1+cargoflags=--release for beta-release-1.100-3
[INFO] running `Command { std: "git" "clone" "/workspace/cache/git-repos/https%3A%2F%2Fgithub.com%2FKembec%2Fruc-mcp" "/workspace/builds/worker-3-tc2/source", kill_on_drop: false }`
[INFO] [stderr] Cloning into '/workspace/builds/worker-3-tc2/source'...
[INFO] [stderr] done.
[INFO] started tweaking git repo https://github.com/Kembec/ruc-mcp
[INFO] finished tweaking git repo https://github.com/Kembec/ruc-mcp
[INFO] tweaked toml for git repo https://github.com/Kembec/ruc-mcp written to /workspace/builds/worker-3-tc2/source/Cargo.toml
[INFO] validating manifest of git repo https://github.com/Kembec/ruc-mcp on toolchain 1.100.0-beta.1
[INFO] running `Command { std: CARGO_HOME="/workspace/cargo-home" RUSTUP_HOME="/workspace/rustup-home" "/workspace/cargo-home/bin/cargo" "+1.100.0-beta.1" "metadata" "--manifest-path" "Cargo.toml" "--no-deps", kill_on_drop: false }`
[INFO] crate git repo https://github.com/Kembec/ruc-mcp already has a lockfile, it will not be regenerated
[INFO] running `Command { std: CARGO_HOME="/workspace/cargo-home" RUSTUP_HOME="/workspace/rustup-home" "/workspace/cargo-home/bin/cargo" "+1.100.0-beta.1" "fetch" "--manifest-path" "Cargo.toml", kill_on_drop: false }`
[INFO] [stderr]     Blocking waiting for file lock on package cache
[INFO] [stderr]     Blocking waiting for file lock on package cache
[INFO] running `Command { std: "docker" "create" "-v" "/var/lib/crater-agent-workspace/builds/worker-3-tc2/source:/opt/rustwide/workdir:ro,Z" "-v" "/var/lib/crater-agent-workspace/builds/worker-3-tc2/target:/opt/rustwide/target:rw,Z" "-v" "/var/lib/crater-agent-workspace/cargo-home:/opt/rustwide/cargo-home:ro,Z" "-v" "/var/lib/crater-agent-workspace/rustup-home:/opt/rustwide/rustup-home:ro,Z" "-m" "1610612736" "--network" "none" "ghcr.io/rust-lang/crates-build-env/linux@sha256:77db811e55d90add9212f6832c23229e3de5f1c1f9905e8cb07319ea15df73ac" "sleep" "infinity", kill_on_drop: false }`
[INFO] [stdout] a1046a66ce00f1ceef5ea3bdd67b043608c128c2071dcf1f6e5738e8ce405efc
[INFO] running `Command { std: "docker" "start" "a1046a66ce00f1ceef5ea3bdd67b043608c128c2071dcf1f6e5738e8ce405efc", kill_on_drop: false }`
[INFO] running `Command { std: "docker" "inspect" "a1046a66ce00f1ceef5ea3bdd67b043608c128c2071dcf1f6e5738e8ce405efc", kill_on_drop: false }`
[INFO] running `Command { std: "docker" "exec" "-e" "SOURCE_DIR=/opt/rustwide/workdir" "-e" "CARGO_HOME=/opt/rustwide/cargo-home" "-e" "RUSTUP_HOME=/opt/rustwide/rustup-home" "-e" "CARGO_TARGET_DIR=/opt/rustwide/target" "-w" "/opt/rustwide/workdir" "--user" "0:0" "a1046a66ce00f1ceef5ea3bdd67b043608c128c2071dcf1f6e5738e8ce405efc" "/opt/rustwide/cargo-home/bin/cargo" "+1.100.0-beta.1" "metadata" "--no-deps" "--format-version=1", kill_on_drop: false }`
[INFO] running `Command { std: "docker" "inspect" "a1046a66ce00f1ceef5ea3bdd67b043608c128c2071dcf1f6e5738e8ce405efc", kill_on_drop: false }`
[INFO] running `Command { std: "docker" "exec" "-e" "SOURCE_DIR=/opt/rustwide/workdir" "-e" "CARGO_HOME=/opt/rustwide/cargo-home" "-e" "RUSTUP_HOME=/opt/rustwide/rustup-home" "-e" "CARGO_TARGET_DIR=/opt/rustwide/target" "-e" "CARGO_INCREMENTAL=0" "-e" "RUST_BACKTRACE=full" "-e" "RUSTFLAGS=--cap-lints=warn" "-e" "RUSTDOCFLAGS=--cap-lints=warn" "-w" "/opt/rustwide/workdir" "--user" "0:0" "a1046a66ce00f1ceef5ea3bdd67b043608c128c2071dcf1f6e5738e8ce405efc" "/opt/rustwide/cargo-home/bin/cargo" "+1.100.0-beta.1" "build" "--frozen" "--message-format=json" "--release", kill_on_drop: false }`
[INFO] [stderr]    Compiling proc-macro2 v1.0.106
[INFO] [stderr]    Compiling quote v1.0.45
[INFO] [stderr]    Compiling unicode-ident v1.0.24
[INFO] [stderr]    Compiling libc v0.2.186
[INFO] [stderr]    Compiling stable_deref_trait v1.2.1
[INFO] [stderr]    Compiling cfg-if v1.0.4
[INFO] [stderr]    Compiling smallvec v1.15.1
[INFO] [stderr]    Compiling parking_lot_core v0.9.12
[INFO] [stderr]    Compiling pin-project-lite v0.2.17
[INFO] [stderr]    Compiling bytes v1.11.1
[INFO] [stderr]    Compiling find-msvc-tools v0.1.9
[INFO] [stderr]    Compiling futures-core v0.3.32
[INFO] [stderr]    Compiling itoa v1.0.18
[INFO] [stderr]    Compiling shlex v1.3.0
[INFO] [stderr]    Compiling litemap v0.8.2
[INFO] [stderr]    Compiling lock_api v0.4.14
[INFO] [stderr]    Compiling writeable v0.6.3
[INFO] [stderr]    Compiling icu_normalizer_data v2.2.0
[INFO] [stderr]    Compiling utf8_iter v1.0.4
[INFO] [stderr]    Compiling icu_properties_data v2.2.0
[INFO] [stderr]    Compiling zeroize v1.8.2
[INFO] [stderr]    Compiling cc v1.2.62
[INFO] [stderr]    Compiling percent-encoding v2.3.2
[INFO] [stderr]    Compiling once_cell v1.21.4
[INFO] [stderr]    Compiling serde_core v1.0.228
[INFO] [stderr]    Compiling futures-task v0.3.32
[INFO] [stderr]    Compiling slab v0.4.12
[INFO] [stderr]    Compiling httparse v1.10.1
[INFO] [stderr]    Compiling rustls-pki-types v1.14.1
[INFO] [stderr]    Compiling try-lock v0.2.5
[INFO] [stderr]    Compiling tower-service v0.3.3
[INFO] [stderr]    Compiling rustls v0.23.40
[INFO] [stderr]    Compiling form_urlencoded v1.2.2
[INFO] [stderr]    Compiling want v0.3.1
[INFO] [stderr]    Compiling futures-channel v0.3.32
[INFO] [stderr]    Compiling tracing-core v0.1.36
[INFO] [stderr]    Compiling futures-util v0.3.32
[INFO] [stderr]    Compiling subtle v2.6.1
[INFO] [stderr]    Compiling serde v1.0.228
[INFO] [stderr]    Compiling atomic-waker v1.1.2
[INFO] [stderr]    Compiling zmij v1.0.21
[INFO] [stderr]    Compiling sync_wrapper v1.0.2
[INFO] [stderr]    Compiling base64 v0.22.1
[INFO] [stderr]    Compiling serde_json v1.0.149
[INFO] [stderr]    Compiling tower-layer v0.3.3
[INFO] [stderr]    Compiling ipnet v2.12.0
[INFO] [stderr]    Compiling anyhow v1.0.102
[INFO] [stderr]    Compiling bitflags v2.11.1
[INFO] [stderr]    Compiling memchr v2.8.0
[INFO] [stderr]    Compiling http v1.4.0
[INFO] [stderr]    Compiling syn v2.0.117
[INFO] [stderr]    Compiling webpki-roots v1.0.7
[INFO] [stderr]    Compiling ryu v1.0.23
[INFO] [stderr]    Compiling log v0.4.29
[INFO] [stderr]    Compiling tracing v0.1.44
[INFO] [stderr]    Compiling errno v0.3.14
[INFO] [stderr]    Compiling mio v1.2.0
[INFO] [stderr]    Compiling signal-hook-registry v1.4.8
[INFO] [stderr]    Compiling socket2 v0.6.3
[INFO] [stderr]    Compiling http-body v1.0.1
[INFO] [stderr]    Compiling getrandom v0.2.17
[INFO] [stderr]    Compiling http-body-util v0.1.3
[INFO] [stderr]    Compiling parking_lot v0.12.5
[INFO] [stderr]    Compiling ring v0.17.14
[INFO] [stderr]    Compiling serde_urlencoded v0.7.1
[INFO] [stderr]    Compiling synstructure v0.13.2
[INFO] [stderr]    Compiling zerovec-derive v0.11.3
[INFO] [stderr]    Compiling displaydoc v0.2.5
[INFO] [stderr]    Compiling tokio-macros v2.7.0
[INFO] [stderr]    Compiling zerofrom-derive v0.1.7
[INFO] [stderr]    Compiling yoke-derive v0.8.2
[INFO] [stderr]    Compiling tokio v1.52.3
[INFO] [stderr]    Compiling zerofrom v0.1.8
[INFO] [stderr]    Compiling yoke v0.8.2
[INFO] [stderr]    Compiling zerovec v0.11.6
[INFO] [stderr]    Compiling zerotrie v0.2.4
[INFO] [stderr]    Compiling tinystr v0.8.3
[INFO] [stderr]    Compiling potential_utf v0.1.5
[INFO] [stderr]    Compiling icu_collections v2.2.0
[INFO] [stderr]    Compiling icu_locale_core v2.2.0
[INFO] [stderr]    Compiling icu_provider v2.2.0
[INFO] [stderr]    Compiling icu_normalizer v2.2.0
[INFO] [stderr]    Compiling icu_properties v2.2.0
[INFO] [stderr]    Compiling idna_adapter v1.2.2
[INFO] [stderr]    Compiling idna v1.1.0
[INFO] [stderr]    Compiling url v2.5.8
[INFO] [stderr]    Compiling hyper v1.9.0
[INFO] [stderr]    Compiling tower v0.5.3
[INFO] [stderr]    Compiling tower-http v0.6.11
[INFO] [stderr]    Compiling hyper-util v0.1.20
[INFO] [stderr]    Compiling rustls-webpki v0.103.13
[INFO] [stderr]    Compiling tokio-rustls v0.26.4
[INFO] [stderr]    Compiling hyper-rustls v0.27.9
[INFO] [stderr]    Compiling reqwest v0.12.28
[INFO] [stderr]    Compiling ruc-mcp v0.1.5 (/opt/rustwide/workdir)
[INFO] [stderr]     Finished `release` profile [optimized] target(s) in 46.86s
[INFO] running `Command { std: "docker" "inspect" "a1046a66ce00f1ceef5ea3bdd67b043608c128c2071dcf1f6e5738e8ce405efc", kill_on_drop: false }`
[INFO] running `Command { std: "docker" "exec" "-e" "SOURCE_DIR=/opt/rustwide/workdir" "-e" "CARGO_HOME=/opt/rustwide/cargo-home" "-e" "RUSTUP_HOME=/opt/rustwide/rustup-home" "-e" "CARGO_TARGET_DIR=/opt/rustwide/target" "-e" "CARGO_INCREMENTAL=0" "-e" "RUST_BACKTRACE=full" "-e" "RUSTFLAGS=--cap-lints=warn" "-e" "RUSTDOCFLAGS=--cap-lints=warn" "-w" "/opt/rustwide/workdir" "--user" "0:0" "a1046a66ce00f1ceef5ea3bdd67b043608c128c2071dcf1f6e5738e8ce405efc" "/opt/rustwide/cargo-home/bin/cargo" "+1.100.0-beta.1" "test" "--frozen" "--no-run" "--message-format=json" "--release", kill_on_drop: false }`
[INFO] [stderr]    Compiling ruc-mcp v0.1.5 (/opt/rustwide/workdir)
[INFO] [stderr]     Finished `release` profile [optimized] target(s) in 0.74s
[INFO] running `Command { std: "docker" "inspect" "a1046a66ce00f1ceef5ea3bdd67b043608c128c2071dcf1f6e5738e8ce405efc", kill_on_drop: false }`
[INFO] running `Command { std: "docker" "exec" "-e" "SOURCE_DIR=/opt/rustwide/workdir" "-e" "CARGO_HOME=/opt/rustwide/cargo-home" "-e" "RUSTUP_HOME=/opt/rustwide/rustup-home" "-e" "CARGO_TARGET_DIR=/opt/rustwide/target" "-e" "CARGO_INCREMENTAL=0" "-e" "RUST_BACKTRACE=full" "-e" "RUSTFLAGS=--cap-lints=warn" "-e" "RUSTDOCFLAGS=--cap-lints=warn" "-w" "/opt/rustwide/workdir" "--user" "0:0" "a1046a66ce00f1ceef5ea3bdd67b043608c128c2071dcf1f6e5738e8ce405efc" "/opt/rustwide/cargo-home/bin/cargo" "+1.100.0-beta.1" "test" "--frozen" "--release", kill_on_drop: false }`
[INFO] [stderr]     Finished `release` profile [optimized] target(s) in 0.08s
[INFO] [stderr]      Running unittests src/main.rs (/opt/rustwide/target/release/build/ruc-mcp/5a37d80972269f33/out/ruc_mcp-5a37d80972269f33)
[INFO] [stdout] 
[INFO] [stdout] running 0 tests
[INFO] [stdout] 
[INFO] [stdout] test result: ok. 0 passed; 0 failed; 0 ignored; 0 measured; 0 filtered out; finished in 0.00s
[INFO] [stdout] 
[INFO] [stderr]      Running tests/protocol.rs (/opt/rustwide/target/release/build/ruc-mcp/e844d45d0a364774/out/protocol-e844d45d0a364774)
[INFO] [stdout] 
[INFO] [stdout] running 8 tests
[INFO] [stdout] test test_initialize ... FAILED
[INFO] [stdout] test test_invalid_json_returns_error ... FAILED
[INFO] [stdout] test test_notification_no_response ... FAILED
[INFO] [stdout] test test_tools_call_missing_params ... FAILED
[INFO] [stdout] test test_tools_call_unknown_tool ... FAILED
[INFO] [stdout] test test_tools_list ... FAILED
[INFO] [stdout] test test_ping ... FAILED
[INFO] [stdout] test test_unknown_method_returns_error ... FAILED
[INFO] [stdout] 
[INFO] [stdout] failures:
[INFO] [stdout] 
[INFO] [stdout] ---- test_initialize stdout ----
[INFO] [stdout] 
[INFO] [stdout] thread 'test_initialize' (2026) panicked at tests/protocol.rs:29:9:
[INFO] [stdout] binary not built: /opt/rustwide/target/release/build/ruc-mcp/e844d45d0a364774/out/ruc-mcp
[INFO] [stdout] stack backtrace:
[INFO] [stdout]    0:     0x5a1fb06d4261 - <<std[617be2ca0a6fd877]::sys::backtrace::BacktraceLock>::print::DisplayBacktrace as core[a373ad73a504971]::fmt::Display>::fmt
[INFO] [stdout]    1:     0x5a1fb06e8bea - core[a373ad73a504971]::fmt::write
[INFO] [stdout]    2:     0x5a1fb06d850c - <alloc[2e1b2a31b91974c5]::vec::Vec<u8> as core[a373ad73a504971]::io::write::Write>::write_fmt
[INFO] [stdout]    3:     0x5a1fb06b00e6 - std[617be2ca0a6fd877]::panicking::default_hook::{closure#0}
[INFO] [stdout]    4:     0x5a1fb06cc839 - std[617be2ca0a6fd877]::panicking::default_hook
[INFO] [stdout]    5:     0x5a1fb0663fe0 - test[aada8e7e76ba119b]::test_main_inner::{closure#0}
[INFO] [stdout]    6:     0x5a1fb06cc9f2 - std[617be2ca0a6fd877]::panicking::panic_with_hook
[INFO] [stdout]    7:     0x5a1fb06b0192 - std[617be2ca0a6fd877]::panicking::panic_handler::{closure#0}
[INFO] [stdout]    8:     0x5a1fb06a8ea9 - std[617be2ca0a6fd877]::sys::backtrace::__rust_end_short_backtrace::<std[617be2ca0a6fd877]::panicking::panic_handler::{closure#0}, !>
[INFO] [stdout]    9:     0x5a1fb06b0d9d - __rustc[ea4f61d10b84890b]::rust_begin_unwind
[INFO] [stdout]   10:     0x5a1fb06e931c - core[a373ad73a504971]::panicking::panic_fmt
[INFO] [stdout]   11:     0x5a1fb0653c10 - <protocol[14ebe8d45b6e6137]::Server>::spawn
[INFO] [stdout]   12:     0x5a1fb0653cfc - <protocol[14ebe8d45b6e6137]::test_initialize::{closure#0} as core[a373ad73a504971]::ops::function::FnOnce<()>>::call_once
[INFO] [stdout]   13:     0x5a1fb065742b - test[aada8e7e76ba119b]::__rust_begin_short_backtrace::<core[a373ad73a504971]::result::Result<(), alloc[2e1b2a31b91974c5]::string::String>, fn() -> core[a373ad73a504971]::result::Result<(), alloc[2e1b2a31b91974c5]::string::String>>
[INFO] [stdout]   14:     0x5a1fb0664605 - test[aada8e7e76ba119b]::run_test::{closure#0}
[INFO] [stdout]   15:     0x5a1fb065def4 - std[617be2ca0a6fd877]::sys::backtrace::__rust_begin_short_backtrace::<test[aada8e7e76ba119b]::run_test::{closure#1}, ()>
[INFO] [stdout]   16:     0x5a1fb0667692 - <std[617be2ca0a6fd877]::thread::lifecycle::spawn_unchecked<test[aada8e7e76ba119b]::run_test::{closure#1}, ()>::{closure#1} as core[a373ad73a504971]::ops::function::FnOnce<()>>::call_once::{shim:vtable#0}
[INFO] [stderr] error: test failed, to rerun pass `--test protocol`
[INFO] [stdout]   17:     0x5a1fb06d3abf - <std[617be2ca0a6fd877]::sys::thread::unix::Thread>::new::thread_start
[INFO] [stdout]   18:     0x708babc0edfa - <unknown>
[INFO] [stdout]   19:     0x708babca23d4 - clone
[INFO] [stdout]   20:                0x0 - <unknown>
[INFO] [stdout] 
[INFO] [stdout] ---- test_invalid_json_returns_error stdout ----
[INFO] [stdout] 
[INFO] [stdout] thread 'test_invalid_json_returns_error' (2027) panicked at tests/protocol.rs:29:9:
[INFO] [stdout] binary not built: /opt/rustwide/target/release/build/ruc-mcp/e844d45d0a364774/out/ruc-mcp
[INFO] [stdout] stack backtrace:
[INFO] [stdout]    0:     0x5a1fb06d4261 - <<std[617be2ca0a6fd877]::sys::backtrace::BacktraceLock>::print::DisplayBacktrace as core[a373ad73a504971]::fmt::Display>::fmt
[INFO] [stdout]    1:     0x5a1fb06e8bea - core[a373ad73a504971]::fmt::write
[INFO] [stdout]    2:     0x5a1fb06d850c - <alloc[2e1b2a31b91974c5]::vec::Vec<u8> as core[a373ad73a504971]::io::write::Write>::write_fmt
[INFO] [stdout]    3:     0x5a1fb06b00e6 - std[617be2ca0a6fd877]::panicking::default_hook::{closure#0}
[INFO] [stdout]    4:     0x5a1fb06cc839 - std[617be2ca0a6fd877]::panicking::default_hook
[INFO] [stdout]    5:     0x5a1fb0663fe0 - test[aada8e7e76ba119b]::test_main_inner::{closure#0}
[INFO] [stdout]    6:     0x5a1fb06cc9f2 - std[617be2ca0a6fd877]::panicking::panic_with_hook
[INFO] [stdout]    7:     0x5a1fb06b0192 - std[617be2ca0a6fd877]::panicking::panic_handler::{closure#0}
[INFO] [stdout]    8:     0x5a1fb06a8ea9 - std[617be2ca0a6fd877]::sys::backtrace::__rust_end_short_backtrace::<std[617be2ca0a6fd877]::panicking::panic_handler::{closure#0}, !>
[INFO] [stdout]    9:     0x5a1fb06b0d9d - __rustc[ea4f61d10b84890b]::rust_begin_unwind
[INFO] [stdout]   10:     0x5a1fb06e931c - core[a373ad73a504971]::panicking::panic_fmt
[INFO] [stdout]   11:     0x5a1fb0653c10 - <protocol[14ebe8d45b6e6137]::Server>::spawn
[INFO] [stdout]   12:     0x5a1fb0655824 - <protocol[14ebe8d45b6e6137]::test_invalid_json_returns_error::{closure#0} as core[a373ad73a504971]::ops::function::FnOnce<()>>::call_once
[INFO] [stdout]   13:     0x5a1fb065742b - test[aada8e7e76ba119b]::__rust_begin_short_backtrace::<core[a373ad73a504971]::result::Result<(), alloc[2e1b2a31b91974c5]::string::String>, fn() -> core[a373ad73a504971]::result::Result<(), alloc[2e1b2a31b91974c5]::string::String>>
[INFO] [stdout]   14:     0x5a1fb0664605 - test[aada8e7e76ba119b]::run_test::{closure#0}
[INFO] [stdout]   15:     0x5a1fb065def4 - std[617be2ca0a6fd877]::sys::backtrace::__rust_begin_short_backtrace::<test[aada8e7e76ba119b]::run_test::{closure#1}, ()>
[INFO] [stdout]   16:     0x5a1fb0667692 - <std[617be2ca0a6fd877]::thread::lifecycle::spawn_unchecked<test[aada8e7e76ba119b]::run_test::{closure#1}, ()>::{closure#1} as core[a373ad73a504971]::ops::function::FnOnce<()>>::call_once::{shim:vtable#0}
[INFO] [stdout]   17:     0x5a1fb06d3abf - <std[617be2ca0a6fd877]::sys::thread::unix::Thread>::new::thread_start
[INFO] [stdout]   18:     0x708babc0edfa - <unknown>
[INFO] [stdout]   19:     0x708babca23d4 - clone
[INFO] [stdout]   20:                0x0 - <unknown>
[INFO] [stdout] 
[INFO] [stdout] ---- test_notification_no_response stdout ----
[INFO] [stdout] 
[INFO] [stdout] thread 'test_notification_no_response' (2028) panicked at tests/protocol.rs:29:9:
[INFO] [stdout] binary not built: /opt/rustwide/target/release/build/ruc-mcp/e844d45d0a364774/out/ruc-mcp
[INFO] [stdout] stack backtrace:
[INFO] [stdout]    0:     0x5a1fb06d4261 - <<std[617be2ca0a6fd877]::sys::backtrace::BacktraceLock>::print::DisplayBacktrace as core[a373ad73a504971]::fmt::Display>::fmt
[INFO] [stdout]    1:     0x5a1fb06e8bea - core[a373ad73a504971]::fmt::write
[INFO] [stdout]    2:     0x5a1fb06d850c - <alloc[2e1b2a31b91974c5]::vec::Vec<u8> as core[a373ad73a504971]::io::write::Write>::write_fmt
[INFO] [stdout]    3:     0x5a1fb06b00e6 - std[617be2ca0a6fd877]::panicking::default_hook::{closure#0}
[INFO] [stdout]    4:     0x5a1fb06cc839 - std[617be2ca0a6fd877]::panicking::default_hook
[INFO] [stdout]    5:     0x5a1fb0663fe0 - test[aada8e7e76ba119b]::test_main_inner::{closure#0}
[INFO] [stdout]    6:     0x5a1fb06cc9f2 - std[617be2ca0a6fd877]::panicking::panic_with_hook
[INFO] [stdout]    7:     0x5a1fb06b0192 - std[617be2ca0a6fd877]::panicking::panic_handler::{closure#0}
[INFO] [stdout]    8:     0x5a1fb06a8ea9 - std[617be2ca0a6fd877]::sys::backtrace::__rust_end_short_backtrace::<std[617be2ca0a6fd877]::panicking::panic_handler::{closure#0}, !>
[INFO] [stdout]    9:     0x5a1fb06b0d9d - __rustc[ea4f61d10b84890b]::rust_begin_unwind
[INFO] [stdout]   10:     0x5a1fb06e931c - core[a373ad73a504971]::panicking::panic_fmt
[INFO] [stdout]   11:     0x5a1fb0653c10 - <protocol[14ebe8d45b6e6137]::Server>::spawn
[INFO] [stdout]   12:     0x5a1fb0654ed9 - <protocol[14ebe8d45b6e6137]::test_notification_no_response::{closure#0} as core[a373ad73a504971]::ops::function::FnOnce<()>>::call_once
[INFO] [stdout]   13:     0x5a1fb065742b - test[aada8e7e76ba119b]::__rust_begin_short_backtrace::<core[a373ad73a504971]::result::Result<(), alloc[2e1b2a31b91974c5]::string::String>, fn() -> core[a373ad73a504971]::result::Result<(), alloc[2e1b2a31b91974c5]::string::String>>
[INFO] [stdout]   14:     0x5a1fb0664605 - test[aada8e7e76ba119b]::run_test::{closure#0}
[INFO] [stdout]   15:     0x5a1fb065def4 - std[617be2ca0a6fd877]::sys::backtrace::__rust_begin_short_backtrace::<test[aada8e7e76ba119b]::run_test::{closure#1}, ()>
[INFO] [stdout]   16:     0x5a1fb0667692 - <std[617be2ca0a6fd877]::thread::lifecycle::spawn_unchecked<test[aada8e7e76ba119b]::run_test::{closure#1}, ()>::{closure#1} as core[a373ad73a504971]::ops::function::FnOnce<()>>::call_once::{shim:vtable#0}
[INFO] [stdout]   17:     0x5a1fb06d3abf - <std[617be2ca0a6fd877]::sys::thread::unix::Thread>::new::thread_start
[INFO] [stdout]   18:     0x708babc0edfa - <unknown>
[INFO] [stdout]   19:     0x708babca23d4 - clone
[INFO] [stdout]   20:                0x0 - <unknown>
[INFO] [stdout] 
[INFO] [stdout] ---- test_tools_call_missing_params stdout ----
[INFO] [stdout] 
[INFO] [stdout] thread 'test_tools_call_missing_params' (2030) panicked at tests/protocol.rs:29:9:
[INFO] [stdout] binary not built: /opt/rustwide/target/release/build/ruc-mcp/e844d45d0a364774/out/ruc-mcp
[INFO] [stdout] stack backtrace:
[INFO] [stdout]    0:     0x5a1fb06d4261 - <<std[617be2ca0a6fd877]::sys::backtrace::BacktraceLock>::print::DisplayBacktrace as core[a373ad73a504971]::fmt::Display>::fmt
[INFO] [stdout]    1:     0x5a1fb06e8bea - core[a373ad73a504971]::fmt::write
[INFO] [stdout]    2:     0x5a1fb06d850c - <alloc[2e1b2a31b91974c5]::vec::Vec<u8> as core[a373ad73a504971]::io::write::Write>::write_fmt
[INFO] [stdout]    3:     0x5a1fb06b00e6 - std[617be2ca0a6fd877]::panicking::default_hook::{closure#0}
[INFO] [stdout]    4:     0x5a1fb06cc839 - std[617be2ca0a6fd877]::panicking::default_hook
[INFO] [stdout]    5:     0x5a1fb0663fe0 - test[aada8e7e76ba119b]::test_main_inner::{closure#0}
[INFO] [stdout]    6:     0x5a1fb06cc9f2 - std[617be2ca0a6fd877]::panicking::panic_with_hook
[INFO] [stdout]    7:     0x5a1fb06b0192 - std[617be2ca0a6fd877]::panicking::panic_handler::{closure#0}
[INFO] [stdout]    8:     0x5a1fb06a8ea9 - std[617be2ca0a6fd877]::sys::backtrace::__rust_end_short_backtrace::<std[617be2ca0a6fd877]::panicking::panic_handler::{closure#0}, !>
[INFO] [stdout]    9:     0x5a1fb06b0d9d - __rustc[ea4f61d10b84890b]::rust_begin_unwind
[INFO] [stdout]   10:     0x5a1fb06e931c - core[a373ad73a504971]::panicking::panic_fmt
[INFO] [stdout]   11:     0x5a1fb0653c10 - <protocol[14ebe8d45b6e6137]::Server>::spawn
[INFO] [stdout]   12:     0x5a1fb0655489 - <protocol[14ebe8d45b6e6137]::test_tools_call_missing_params::{closure#0} as core[a373ad73a504971]::ops::function::FnOnce<()>>::call_once
[INFO] [stdout]   13:     0x5a1fb065742b - test[aada8e7e76ba119b]::__rust_begin_short_backtrace::<core[a373ad73a504971]::result::Result<(), alloc[2e1b2a31b91974c5]::string::String>, fn() -> core[a373ad73a504971]::result::Result<(), alloc[2e1b2a31b91974c5]::string::String>>
[INFO] [stdout]   14:     0x5a1fb0664605 - test[aada8e7e76ba119b]::run_test::{closure#0}
[INFO] [stdout]   15:     0x5a1fb065def4 - std[617be2ca0a6fd877]::sys::backtrace::__rust_begin_short_backtrace::<test[aada8e7e76ba119b]::run_test::{closure#1}, ()>
[INFO] [stdout]   16:     0x5a1fb0667692 - <std[617be2ca0a6fd877]::thread::lifecycle::spawn_unchecked<test[aada8e7e76ba119b]::run_test::{closure#1}, ()>::{closure#1} as core[a373ad73a504971]::ops::function::FnOnce<()>>::call_once::{shim:vtable#0}
[INFO] [stdout]   17:     0x5a1fb06d3abf - <std[617be2ca0a6fd877]::sys::thread::unix::Thread>::new::thread_start
[INFO] [stdout]   18:     0x708babc0edfa - <unknown>
[INFO] [stdout]   19:     0x708babca23d4 - clone
[INFO] [stdout]   20:                0x0 - <unknown>
[INFO] [stdout] 
[INFO] [stdout] ---- test_tools_call_unknown_tool stdout ----
[INFO] [stdout] 
[INFO] [stdout] thread 'test_tools_call_unknown_tool' (2031) panicked at tests/protocol.rs:29:9:
[INFO] [stdout] binary not built: /opt/rustwide/target/release/build/ruc-mcp/e844d45d0a364774/out/ruc-mcp
[INFO] [stdout] stack backtrace:
[INFO] [stdout]    0:     0x5a1fb06d4261 - <<std[617be2ca0a6fd877]::sys::backtrace::BacktraceLock>::print::DisplayBacktrace as core[a373ad73a504971]::fmt::Display>::fmt
[INFO] [stdout]    1:     0x5a1fb06e8bea - core[a373ad73a504971]::fmt::write
[INFO] [stdout]    2:     0x5a1fb06d850c - <alloc[2e1b2a31b91974c5]::vec::Vec<u8> as core[a373ad73a504971]::io::write::Write>::write_fmt
[INFO] [stdout]    3:     0x5a1fb06b00e6 - std[617be2ca0a6fd877]::panicking::default_hook::{closure#0}
[INFO] [stdout]    4:     0x5a1fb06cc839 - std[617be2ca0a6fd877]::panicking::default_hook
[INFO] [stdout]    5:     0x5a1fb0663fe0 - test[aada8e7e76ba119b]::test_main_inner::{closure#0}
[INFO] [stdout]    6:     0x5a1fb06cc9f2 - std[617be2ca0a6fd877]::panicking::panic_with_hook
[INFO] [stdout]    7:     0x5a1fb06b0192 - std[617be2ca0a6fd877]::panicking::panic_handler::{closure#0}
[INFO] [stdout]    8:     0x5a1fb06a8ea9 - std[617be2ca0a6fd877]::sys::backtrace::__rust_end_short_backtrace::<std[617be2ca0a6fd877]::panicking::panic_handler::{closure#0}, !>
[INFO] [stdout]    9:     0x5a1fb06b0d9d - __rustc[ea4f61d10b84890b]::rust_begin_unwind
[INFO] [stdout]   10:     0x5a1fb06e931c - core[a373ad73a504971]::panicking::panic_fmt
[INFO] [stdout]   11:     0x5a1fb0653c10 - <protocol[14ebe8d45b6e6137]::Server>::spawn
[INFO] [stdout]   12:     0x5a1fb06548ce - <protocol[14ebe8d45b6e6137]::test_tools_call_unknown_tool::{closure#0} as core[a373ad73a504971]::ops::function::FnOnce<()>>::call_once
[INFO] [stdout]   13:     0x5a1fb065742b - test[aada8e7e76ba119b]::__rust_begin_short_backtrace::<core[a373ad73a504971]::result::Result<(), alloc[2e1b2a31b91974c5]::string::String>, fn() -> core[a373ad73a504971]::result::Result<(), alloc[2e1b2a31b91974c5]::string::String>>
[INFO] [stdout]   14:     0x5a1fb0664605 - test[aada8e7e76ba119b]::run_test::{closure#0}
[INFO] [stdout]   15:     0x5a1fb065def4 - std[617be2ca0a6fd877]::sys::backtrace::__rust_begin_short_backtrace::<test[aada8e7e76ba119b]::run_test::{closure#1}, ()>
[INFO] [stdout]   16:     0x5a1fb0667692 - <std[617be2ca0a6fd877]::thread::lifecycle::spawn_unchecked<test[aada8e7e76ba119b]::run_test::{closure#1}, ()>::{closure#1} as core[a373ad73a504971]::ops::function::FnOnce<()>>::call_once::{shim:vtable#0}
[INFO] [stdout]   17:     0x5a1fb06d3abf - <std[617be2ca0a6fd877]::sys::thread::unix::Thread>::new::thread_start
[INFO] [stdout]   18:     0x708babc0edfa - <unknown>
[INFO] [stdout]   19:     0x708babca23d4 - clone
[INFO] [stdout]   20:                0x0 - <unknown>
[INFO] [stdout] 
[INFO] [stdout] ---- test_tools_list stdout ----
[INFO] [stdout] 
[INFO] [stdout] thread 'test_tools_list' (2032) panicked at tests/protocol.rs:29:9:
[INFO] [stdout] binary not built: /opt/rustwide/target/release/build/ruc-mcp/e844d45d0a364774/out/ruc-mcp
[INFO] [stdout] stack backtrace:
[INFO] [stdout]    0:     0x5a1fb06d4261 - <<std[617be2ca0a6fd877]::sys::backtrace::BacktraceLock>::print::DisplayBacktrace as core[a373ad73a504971]::fmt::Display>::fmt
[INFO] [stdout]    1:     0x5a1fb06e8bea - core[a373ad73a504971]::fmt::write
[INFO] [stdout]    2:     0x5a1fb06d850c - <alloc[2e1b2a31b91974c5]::vec::Vec<u8> as core[a373ad73a504971]::io::write::Write>::write_fmt
[INFO] [stdout]    3:     0x5a1fb06b00e6 - std[617be2ca0a6fd877]::panicking::default_hook::{closure#0}
[INFO] [stdout]    4:     0x5a1fb06cc839 - std[617be2ca0a6fd877]::panicking::default_hook
[INFO] [stdout]    5:     0x5a1fb0663fe0 - test[aada8e7e76ba119b]::test_main_inner::{closure#0}
[INFO] [stdout]    6:     0x5a1fb06cc9f2 - std[617be2ca0a6fd877]::panicking::panic_with_hook
[INFO] [stdout]    7:     0x5a1fb06b0192 - std[617be2ca0a6fd877]::panicking::panic_handler::{closure#0}
[INFO] [stdout]    8:     0x5a1fb06a8ea9 - std[617be2ca0a6fd877]::sys::backtrace::__rust_end_short_backtrace::<std[617be2ca0a6fd877]::panicking::panic_handler::{closure#0}, !>
[INFO] [stdout]    9:     0x5a1fb06b0d9d - __rustc[ea4f61d10b84890b]::rust_begin_unwind
[INFO] [stdout]   10:     0x5a1fb06e931c - core[a373ad73a504971]::panicking::panic_fmt
[INFO] [stdout]   11:     0x5a1fb0653c10 - <protocol[14ebe8d45b6e6137]::Server>::spawn
[INFO] [stdout]   12:     0x5a1fb0654409 - <protocol[14ebe8d45b6e6137]::test_tools_list::{closure#0} as core[a373ad73a504971]::ops::function::FnOnce<()>>::call_once
[INFO] [stdout]   13:     0x5a1fb065742b - test[aada8e7e76ba119b]::__rust_begin_short_backtrace::<core[a373ad73a504971]::result::Result<(), alloc[2e1b2a31b91974c5]::string::String>, fn() -> core[a373ad73a504971]::result::Result<(), alloc[2e1b2a31b91974c5]::string::String>>
[INFO] [stdout]   14:     0x5a1fb0664605 - test[aada8e7e76ba119b]::run_test::{closure#0}
[INFO] [stdout]   15:     0x5a1fb065def4 - std[617be2ca0a6fd877]::sys::backtrace::__rust_begin_short_backtrace::<test[aada8e7e76ba119b]::run_test::{closure#1}, ()>
[INFO] [stdout]   16:     0x5a1fb0667692 - <std[617be2ca0a6fd877]::thread::lifecycle::spawn_unchecked<test[aada8e7e76ba119b]::run_test::{closure#1}, ()>::{closure#1} as core[a373ad73a504971]::ops::function::FnOnce<()>>::call_once::{shim:vtable#0}
[INFO] [stdout]   17:     0x5a1fb06d3abf - <std[617be2ca0a6fd877]::sys::thread::unix::Thread>::new::thread_start
[INFO] [stdout]   18:     0x708babc0edfa - <unknown>
[INFO] [stdout]   19:     0x708babca23d4 - clone
[INFO] [stdout]   20:                0x0 - <unknown>
[INFO] [stdout] 
[INFO] [stdout] ---- test_ping stdout ----
[INFO] [stdout] 
[INFO] [stdout] thread 'test_ping' (2029) panicked at tests/protocol.rs:29:9:
[INFO] [stdout] binary not built: /opt/rustwide/target/release/build/ruc-mcp/e844d45d0a364774/out/ruc-mcp
[INFO] [stdout] stack backtrace:
[INFO] [stdout]    0:     0x5a1fb06d4261 - <<std[617be2ca0a6fd877]::sys::backtrace::BacktraceLock>::print::DisplayBacktrace as core[a373ad73a504971]::fmt::Display>::fmt
[INFO] [stdout]    1:     0x5a1fb06e8bea - core[a373ad73a504971]::fmt::write
[INFO] [stdout]    2:     0x5a1fb06d850c - <alloc[2e1b2a31b91974c5]::vec::Vec<u8> as core[a373ad73a504971]::io::write::Write>::write_fmt
[INFO] [stdout]    3:     0x5a1fb06b00e6 - std[617be2ca0a6fd877]::panicking::default_hook::{closure#0}
[INFO] [stdout]    4:     0x5a1fb06cc839 - std[617be2ca0a6fd877]::panicking::default_hook
[INFO] [stdout]    5:     0x5a1fb0663fe0 - test[aada8e7e76ba119b]::test_main_inner::{closure#0}
[INFO] [stdout]    6:     0x5a1fb06cc9f2 - std[617be2ca0a6fd877]::panicking::panic_with_hook
[INFO] [stdout]    7:     0x5a1fb06b0192 - std[617be2ca0a6fd877]::panicking::panic_handler::{closure#0}
[INFO] [stdout]    8:     0x5a1fb06a8ea9 - std[617be2ca0a6fd877]::sys::backtrace::__rust_end_short_backtrace::<std[617be2ca0a6fd877]::panicking::panic_handler::{closure#0}, !>
[INFO] [stdout]    9:     0x5a1fb06b0d9d - __rustc[ea4f61d10b84890b]::rust_begin_unwind
[INFO] [stdout]   10:     0x5a1fb06e931c - core[a373ad73a504971]::panicking::panic_fmt
[INFO] [stdout]   11:     0x5a1fb0653c10 - <protocol[14ebe8d45b6e6137]::Server>::spawn
[INFO] [stdout]   12:     0x5a1fb0655d79 - <protocol[14ebe8d45b6e6137]::test_ping::{closure#0} as core[a373ad73a504971]::ops::function::FnOnce<()>>::call_once
[INFO] [stdout]   13:     0x5a1fb065742b - test[aada8e7e76ba119b]::__rust_begin_short_backtrace::<core[a373ad73a504971]::result::Result<(), alloc[2e1b2a31b91974c5]::string::String>, fn() -> core[a373ad73a504971]::result::Result<(), alloc[2e1b2a31b91974c5]::string::String>>
[INFO] [stdout]   14:     0x5a1fb0664605 - test[aada8e7e76ba119b]::run_test::{closure#0}
[INFO] [stdout]   15:     0x5a1fb065def4 - std[617be2ca0a6fd877]::sys::backtrace::__rust_begin_short_backtrace::<test[aada8e7e76ba119b]::run_test::{closure#1}, ()>
[INFO] [stdout]   16:     0x5a1fb0667692 - <std[617be2ca0a6fd877]::thread::lifecycle::spawn_unchecked<test[aada8e7e76ba119b]::run_test::{closure#1}, ()>::{closure#1} as core[a373ad73a504971]::ops::function::FnOnce<()>>::call_once::{shim:vtable#0}
[INFO] [stdout]   17:     0x5a1fb06d3abf - <std[617be2ca0a6fd877]::sys::thread::unix::Thread>::new::thread_start
[INFO] [stdout]   18:     0x708babc0edfa - <unknown>
[INFO] [stdout]   19:     0x708babca23d4 - clone
[INFO] [stdout]   20:                0x0 - <unknown>
[INFO] [stdout] 
[INFO] [stdout] ---- test_unknown_method_returns_error stdout ----
[INFO] [stdout] 
[INFO] [stdout] thread 'test_unknown_method_returns_error' (2033) panicked at tests/protocol.rs:29:9:
[INFO] [stdout] binary not built: /opt/rustwide/target/release/build/ruc-mcp/e844d45d0a364774/out/ruc-mcp
[INFO] [stdout] stack backtrace:
[INFO] [stdout]    0:     0x5a1fb06d4261 - <<std[617be2ca0a6fd877]::sys::backtrace::BacktraceLock>::print::DisplayBacktrace as core[a373ad73a504971]::fmt::Display>::fmt
[INFO] [stdout]    1:     0x5a1fb06e8bea - core[a373ad73a504971]::fmt::write
[INFO] [stdout]    2:     0x5a1fb06d850c - <alloc[2e1b2a31b91974c5]::vec::Vec<u8> as core[a373ad73a504971]::io::write::Write>::write_fmt
[INFO] [stdout]    3:     0x5a1fb06b00e6 - std[617be2ca0a6fd877]::panicking::default_hook::{closure#0}
[INFO] [stdout]    4:     0x5a1fb06cc839 - std[617be2ca0a6fd877]::panicking::default_hook
[INFO] [stdout]    5:     0x5a1fb0663fe0 - test[aada8e7e76ba119b]::test_main_inner::{closure#0}
[INFO] [stdout]    6:     0x5a1fb06cc9f2 - std[617be2ca0a6fd877]::panicking::panic_with_hook
[INFO] [stdout]    7:     0x5a1fb06b0192 - std[617be2ca0a6fd877]::panicking::panic_handler::{closure#0}
[INFO] [stdout]    8:     0x5a1fb06a8ea9 - std[617be2ca0a6fd877]::sys::backtrace::__rust_end_short_backtrace::<std[617be2ca0a6fd877]::panicking::panic_handler::{closure#0}, !>
[INFO] [stdout]    9:     0x5a1fb06b0d9d - __rustc[ea4f61d10b84890b]::rust_begin_unwind
[INFO] [stdout]   10:     0x5a1fb06e931c - core[a373ad73a504971]::panicking::panic_fmt
[INFO] [stdout]   11:     0x5a1fb0653c10 - <protocol[14ebe8d45b6e6137]::Server>::spawn
[INFO] [stdout]   12:     0x5a1fb06559d9 - <protocol[14ebe8d45b6e6137]::test_unknown_method_returns_error::{closure#0} as core[a373ad73a504971]::ops::function::FnOnce<()>>::call_once
[INFO] [stdout]   13:     0x5a1fb065742b - test[aada8e7e76ba119b]::__rust_begin_short_backtrace::<core[a373ad73a504971]::result::Result<(), alloc[2e1b2a31b91974c5]::string::String>, fn() -> core[a373ad73a504971]::result::Result<(), alloc[2e1b2a31b91974c5]::string::String>>
[INFO] [stdout]   14:     0x5a1fb0664605 - test[aada8e7e76ba119b]::run_test::{closure#0}
[INFO] [stdout]   15:     0x5a1fb065def4 - std[617be2ca0a6fd877]::sys::backtrace::__rust_begin_short_backtrace::<test[aada8e7e76ba119b]::run_test::{closure#1}, ()>
[INFO] [stdout]   16:     0x5a1fb0667692 - <std[617be2ca0a6fd877]::thread::lifecycle::spawn_unchecked<test[aada8e7e76ba119b]::run_test::{closure#1}, ()>::{closure#1} as core[a373ad73a504971]::ops::function::FnOnce<()>>::call_once::{shim:vtable#0}
[INFO] [stdout]   17:     0x5a1fb06d3abf - <std[617be2ca0a6fd877]::sys::thread::unix::Thread>::new::thread_start
[INFO] [stdout]   18:     0x708babc0edfa - <unknown>
[INFO] [stdout]   19:     0x708babca23d4 - clone
[INFO] [stdout]   20:                0x0 - <unknown>
[INFO] [stdout] 
[INFO] [stdout] 
[INFO] [stdout] failures:
[INFO] [stdout]     test_initialize
[INFO] [stdout]     test_invalid_json_returns_error
[INFO] [stdout]     test_notification_no_response
[INFO] [stdout]     test_ping
[INFO] [stdout]     test_tools_call_missing_params
[INFO] [stdout]     test_tools_call_unknown_tool
[INFO] [stdout]     test_tools_list
[INFO] [stdout]     test_unknown_method_returns_error
[INFO] [stdout] 
[INFO] [stdout] test result: FAILED. 0 passed; 8 failed; 0 ignored; 0 measured; 0 filtered out; finished in 0.00s
[INFO] [stdout] 
[INFO] running `Command { std: "docker" "inspect" "a1046a66ce00f1ceef5ea3bdd67b043608c128c2071dcf1f6e5738e8ce405efc", kill_on_drop: false }`
[INFO] running `Command { std: "docker" "rm" "-f" "a1046a66ce00f1ceef5ea3bdd67b043608c128c2071dcf1f6e5738e8ce405efc", kill_on_drop: false }`
[INFO] [stdout] a1046a66ce00f1ceef5ea3bdd67b043608c128c2071dcf1f6e5738e8ce405efc
