[INFO] cloning repository https://github.com/JoaoValentimTheo/orvane
[INFO] running `Command { std: "git" "-c" "credential.helper=" "-c" "credential.helper=/workspace/cargo-home/bin/git-credential-null" "clone" "--bare" "https://github.com/JoaoValentimTheo/orvane" "/workspace/cache/git-repos/https%3A%2F%2Fgithub.com%2FJoaoValentimTheo%2Forvane", kill_on_drop: false }`
[INFO] [stderr] Cloning into bare repository '/workspace/cache/git-repos/https%3A%2F%2Fgithub.com%2FJoaoValentimTheo%2Forvane'...
[INFO] running `Command { std: "git" "rev-parse" "HEAD", kill_on_drop: false }`
[INFO] [stdout] 668d8a0aa4bc86fe6fe36b2fe7b89e61ea1996bd
[INFO] testing JoaoValentimTheo/orvane against 1.100.0-beta.1+cargoflags=--release for beta-release-1.100-3
[INFO] running `Command { std: "git" "clone" "/workspace/cache/git-repos/https%3A%2F%2Fgithub.com%2FJoaoValentimTheo%2Forvane" "/workspace/builds/worker-5-tc2/source", kill_on_drop: false }`
[INFO] [stderr] Cloning into '/workspace/builds/worker-5-tc2/source'...
[INFO] [stderr] done.
[INFO] removed /workspace/builds/worker-5-tc2/source/rust-toolchain.toml
[INFO] started tweaking git repo https://github.com/JoaoValentimTheo/orvane
[INFO] finished tweaking git repo https://github.com/JoaoValentimTheo/orvane
[INFO] tweaked toml for git repo https://github.com/JoaoValentimTheo/orvane written to /workspace/builds/worker-5-tc2/source/Cargo.toml
[INFO] validating manifest of git repo https://github.com/JoaoValentimTheo/orvane on toolchain 1.100.0-beta.1
[INFO] running `Command { std: CARGO_HOME="/workspace/cargo-home" RUSTUP_HOME="/workspace/rustup-home" "/workspace/cargo-home/bin/cargo" "+1.100.0-beta.1" "metadata" "--manifest-path" "Cargo.toml" "--no-deps", kill_on_drop: false }`
[INFO] crate git repo https://github.com/JoaoValentimTheo/orvane already has a lockfile, it will not be regenerated
[INFO] running `Command { std: CARGO_HOME="/workspace/cargo-home" RUSTUP_HOME="/workspace/rustup-home" "/workspace/cargo-home/bin/cargo" "+1.100.0-beta.1" "fetch" "--manifest-path" "Cargo.toml", kill_on_drop: false }`
[INFO] [stderr] warning: unused workspace dependency `orv-py`
[INFO] [stderr]   --> Cargo.toml:15:25
[INFO] [stderr]    |
[INFO] [stderr] 15 | [workspace.dependencies.orv-py]
[INFO] [stderr]    |                         ^^^^^^
[INFO] [stderr]    |
[INFO] [stderr]    = note: `cargo::unused_workspace_dependencies` is set to `warn` by default
[INFO] [stderr] help: consider removing the workspace dependency `orv-py`
[INFO] [stderr] warning: unused workspace dependency `orv-pymod`
[INFO] [stderr]   --> Cargo.toml:18:25
[INFO] [stderr]    |
[INFO] [stderr] 18 | [workspace.dependencies.orv-pymod]
[INFO] [stderr]    |                         ^^^^^^^^^
[INFO] [stderr]    |
[INFO] [stderr] help: consider removing the workspace dependency `orv-pymod`
[INFO] [stderr] warning: unused workspace dependency `orv-tools`
[INFO] [stderr]   --> Cargo.toml:30:25
[INFO] [stderr]    |
[INFO] [stderr] 30 | [workspace.dependencies.orv-tools]
[INFO] [stderr]    |                         ^^^^^^^^^
[INFO] [stderr]    |
[INFO] [stderr] help: consider removing the workspace dependency `orv-tools`
[INFO] [stderr] warning: unused workspace dependency `serde`
[INFO] [stderr]   --> Cargo.toml:33:25
[INFO] [stderr]    |
[INFO] [stderr] 33 | [workspace.dependencies.serde]
[INFO] [stderr]    |                         ^^^^^
[INFO] [stderr]    |
[INFO] [stderr] help: consider removing the workspace dependency `serde`
[INFO] [stderr] warning: unused workspace dependency `serde_json`
[INFO] [stderr]  --> Cargo.toml:8:1
[INFO] [stderr]   |
[INFO] [stderr] 8 | serde_json = "1"
[INFO] [stderr]   | ^^^^^^^^^^
[INFO] [stderr]   |
[INFO] [stderr] help: consider removing the workspace dependency `serde_json`
[INFO] [stderr] warning: unused field `authors` in `workspace.package`
[INFO] [stderr]   --> Cargo.toml:38:1
[INFO] [stderr]    |
[INFO] [stderr] 38 | authors = ["Orvane contributors"]
[INFO] [stderr]    | ^^^^^^^
[INFO] [stderr]    |
[INFO] [stderr]    = note: `cargo::unused_workspace_package_fields` is set to `warn` by default
[INFO] [stderr] help: consider removing the field `workspace.package.authors`
[INFO] [stderr] warning: unused field `description` in `workspace.package`
[INFO] [stderr]   --> Cargo.toml:39:1
[INFO] [stderr]    |
[INFO] [stderr] 39 | description = "Orvane: an intent-oriented language with bidirectional Python interop."
[INFO] [stderr]    | ^^^^^^^^^^^
[INFO] [stderr]    |
[INFO] [stderr] help: consider removing the field `workspace.package.description`
[INFO] [stderr] warning: workspace (manifest) generated 7 warnings
[INFO] running `Command { std: "docker" "create" "-v" "/var/lib/crater-agent-workspace/builds/worker-5-tc2/source:/opt/rustwide/workdir:ro,Z" "-v" "/var/lib/crater-agent-workspace/builds/worker-5-tc2/target:/opt/rustwide/target:rw,Z" "-v" "/var/lib/crater-agent-workspace/cargo-home:/opt/rustwide/cargo-home:ro,Z" "-v" "/var/lib/crater-agent-workspace/rustup-home:/opt/rustwide/rustup-home:ro,Z" "-m" "1610612736" "--network" "none" "ghcr.io/rust-lang/crates-build-env/linux@sha256:77db811e55d90add9212f6832c23229e3de5f1c1f9905e8cb07319ea15df73ac" "sleep" "infinity", kill_on_drop: false }`
[INFO] [stdout] b5e2194f54e3ad79c60010055aa90da06c332d6db85d7f31ad91e1850d626588
[INFO] running `Command { std: "docker" "start" "b5e2194f54e3ad79c60010055aa90da06c332d6db85d7f31ad91e1850d626588", kill_on_drop: false }`
[INFO] running `Command { std: "docker" "inspect" "b5e2194f54e3ad79c60010055aa90da06c332d6db85d7f31ad91e1850d626588", kill_on_drop: false }`
[INFO] running `Command { std: "docker" "exec" "-e" "SOURCE_DIR=/opt/rustwide/workdir" "-e" "CARGO_HOME=/opt/rustwide/cargo-home" "-e" "RUSTUP_HOME=/opt/rustwide/rustup-home" "-e" "CARGO_TARGET_DIR=/opt/rustwide/target" "-w" "/opt/rustwide/workdir" "--user" "0:0" "b5e2194f54e3ad79c60010055aa90da06c332d6db85d7f31ad91e1850d626588" "/opt/rustwide/cargo-home/bin/cargo" "+1.100.0-beta.1" "metadata" "--no-deps" "--format-version=1", kill_on_drop: false }`
[INFO] running `Command { std: "docker" "inspect" "b5e2194f54e3ad79c60010055aa90da06c332d6db85d7f31ad91e1850d626588", kill_on_drop: false }`
[INFO] running `Command { std: "docker" "exec" "-e" "SOURCE_DIR=/opt/rustwide/workdir" "-e" "CARGO_HOME=/opt/rustwide/cargo-home" "-e" "RUSTUP_HOME=/opt/rustwide/rustup-home" "-e" "CARGO_TARGET_DIR=/opt/rustwide/target" "-e" "CARGO_INCREMENTAL=0" "-e" "RUST_BACKTRACE=full" "-e" "RUSTFLAGS=--cap-lints=warn" "-e" "RUSTDOCFLAGS=--cap-lints=warn" "-w" "/opt/rustwide/workdir" "--user" "0:0" "b5e2194f54e3ad79c60010055aa90da06c332d6db85d7f31ad91e1850d626588" "/opt/rustwide/cargo-home/bin/cargo" "+1.100.0-beta.1" "build" "--frozen" "--message-format=json" "--release", kill_on_drop: false }`
[INFO] [stderr] warning: unused workspace dependency `orv-py`
[INFO] [stderr]   --> Cargo.toml:15:25
[INFO] [stderr]    |
[INFO] [stderr] 15 | [workspace.dependencies.orv-py]
[INFO] [stderr]    |                         ^^^^^^
[INFO] [stderr]    |
[INFO] [stderr]    = note: `cargo::unused_workspace_dependencies` is set to `warn` by default
[INFO] [stderr] help: consider removing the workspace dependency `orv-py`
[INFO] [stderr] warning: unused workspace dependency `orv-pymod`
[INFO] [stderr]   --> Cargo.toml:18:25
[INFO] [stderr]    |
[INFO] [stderr] 18 | [workspace.dependencies.orv-pymod]
[INFO] [stderr]    |                         ^^^^^^^^^
[INFO] [stderr]    |
[INFO] [stderr] help: consider removing the workspace dependency `orv-pymod`
[INFO] [stderr] warning: unused workspace dependency `orv-tools`
[INFO] [stderr]   --> Cargo.toml:30:25
[INFO] [stderr]    |
[INFO] [stderr] 30 | [workspace.dependencies.orv-tools]
[INFO] [stderr]    |                         ^^^^^^^^^
[INFO] [stderr]    |
[INFO] [stderr] help: consider removing the workspace dependency `orv-tools`
[INFO] [stderr] warning: unused workspace dependency `serde`
[INFO] [stderr]   --> Cargo.toml:33:25
[INFO] [stderr]    |
[INFO] [stderr] 33 | [workspace.dependencies.serde]
[INFO] [stderr]    |                         ^^^^^
[INFO] [stderr]    |
[INFO] [stderr] help: consider removing the workspace dependency `serde`
[INFO] [stderr] warning: unused workspace dependency `serde_json`
[INFO] [stderr]  --> Cargo.toml:8:1
[INFO] [stderr]   |
[INFO] [stderr] 8 | serde_json = "1"
[INFO] [stderr]   | ^^^^^^^^^^
[INFO] [stderr]   |
[INFO] [stderr] help: consider removing the workspace dependency `serde_json`
[INFO] [stderr] warning: unused field `authors` in `workspace.package`
[INFO] [stderr]   --> Cargo.toml:38:1
[INFO] [stderr]    |
[INFO] [stderr] 38 | authors = ["Orvane contributors"]
[INFO] [stderr]    | ^^^^^^^
[INFO] [stderr]    |
[INFO] [stderr]    = note: `cargo::unused_workspace_package_fields` is set to `warn` by default
[INFO] [stderr] help: consider removing the field `workspace.package.authors`
[INFO] [stderr] warning: unused field `description` in `workspace.package`
[INFO] [stderr]   --> Cargo.toml:39:1
[INFO] [stderr]    |
[INFO] [stderr] 39 | description = "Orvane: an intent-oriented language with bidirectional Python interop."
[INFO] [stderr]    | ^^^^^^^^^^^
[INFO] [stderr]    |
[INFO] [stderr] help: consider removing the field `workspace.package.description`
[INFO] [stderr] warning: workspace (manifest) generated 7 warnings
[INFO] [stderr]    Compiling proc-macro2 v1.0.107
[INFO] [stderr]    Compiling quote v1.0.47
[INFO] [stderr]    Compiling unicode-ident v1.0.26
[INFO] [stderr]    Compiling thiserror v2.0.20
[INFO] [stderr]    Compiling yansi v1.0.1
[INFO] [stderr]    Compiling unicode-width v0.2.2
[INFO] [stderr]    Compiling colorchoice v1.0.5
[INFO] [stderr]    Compiling is_terminal_polyfill v1.70.2
[INFO] [stderr]    Compiling anstyle v1.0.14
[INFO] [stderr]    Compiling anstyle-query v1.1.5
[INFO] [stderr]    Compiling clap_lex v1.1.1
[INFO] [stderr]    Compiling orv-py v0.1.0 (/opt/rustwide/workdir/crates/orv-py)
[INFO] [stderr]    Compiling anstyle-parse v1.0.0
[INFO] [stderr]    Compiling anstream v1.0.0
[INFO] [stderr]    Compiling ariadne v0.6.0
[INFO] [stderr]    Compiling clap_builder v4.6.7
[INFO] [stderr]    Compiling syn v3.0.6
[INFO] [stderr]    Compiling thiserror-impl v2.0.20
[INFO] [stderr]    Compiling clap_derive v4.6.7
[INFO] [stderr]    Compiling orv-syntax v0.1.0 (/opt/rustwide/workdir/crates/orv-syntax)
[INFO] [stderr]    Compiling clap v4.6.7
[INFO] [stderr]    Compiling orv-sema v0.1.0 (/opt/rustwide/workdir/crates/orv-sema)
[INFO] [stderr]    Compiling orv-runtime v0.1.0 (/opt/rustwide/workdir/crates/orv-runtime)
[INFO] [stderr]    Compiling orv-tools v0.1.0 (/opt/rustwide/workdir/crates/orv-tools)
[INFO] [stderr]    Compiling orv-cli v0.1.0 (/opt/rustwide/workdir/crates/orv-cli)
[INFO] [stderr]    Compiling orv-pymod v0.1.0 (/opt/rustwide/workdir/crates/orv-pymod)
[INFO] [stderr] warning: unused dependency `orv-syntax`
[INFO] [stderr]   --> crates/orv-pymod/Cargo.toml:15:1
[INFO] [stderr]    |
[INFO] [stderr] 15 | orv-syntax.workspace = true
[INFO] [stderr]    | ^^^^^^^^^^
[INFO] [stderr]    |
[INFO] [stderr]    = note: `cargo::unused_dependencies` is set to `warn` by default
[INFO] [stderr] help: consider removing the dependency on `orv-syntax`
[INFO] [stderr] warning: `orv-pymod` (manifest) generated 1 warning
[INFO] [stderr] warning: unused dependency `thiserror`
[INFO] [stderr]   --> crates/orv-syntax/Cargo.toml:12:1
[INFO] [stderr]    |
[INFO] [stderr] 12 | thiserror.workspace = true
[INFO] [stderr]    | ^^^^^^^^^
[INFO] [stderr]    |
[INFO] [stderr]    = note: `cargo::unused_dependencies` is set to `warn` by default
[INFO] [stderr] help: consider removing the dependency on `thiserror`
[INFO] [stderr] warning: `orv-syntax` (manifest) generated 1 warning
[INFO] [stderr]     Finished `release` profile [optimized] target(s) in 24.74s
[INFO] running `Command { std: "docker" "inspect" "b5e2194f54e3ad79c60010055aa90da06c332d6db85d7f31ad91e1850d626588", kill_on_drop: false }`
[INFO] running `Command { std: "docker" "exec" "-e" "SOURCE_DIR=/opt/rustwide/workdir" "-e" "CARGO_HOME=/opt/rustwide/cargo-home" "-e" "RUSTUP_HOME=/opt/rustwide/rustup-home" "-e" "CARGO_TARGET_DIR=/opt/rustwide/target" "-e" "CARGO_INCREMENTAL=0" "-e" "RUST_BACKTRACE=full" "-e" "RUSTFLAGS=--cap-lints=warn" "-e" "RUSTDOCFLAGS=--cap-lints=warn" "-w" "/opt/rustwide/workdir" "--user" "0:0" "b5e2194f54e3ad79c60010055aa90da06c332d6db85d7f31ad91e1850d626588" "/opt/rustwide/cargo-home/bin/cargo" "+1.100.0-beta.1" "test" "--frozen" "--no-run" "--message-format=json" "--release", kill_on_drop: false }`
[INFO] [stderr] warning: unused workspace dependency `orv-py`
[INFO] [stderr]   --> Cargo.toml:15:25
[INFO] [stderr]    |
[INFO] [stderr] 15 | [workspace.dependencies.orv-py]
[INFO] [stderr]    |                         ^^^^^^
[INFO] [stderr]    |
[INFO] [stderr]    = note: `cargo::unused_workspace_dependencies` is set to `warn` by default
[INFO] [stderr] help: consider removing the workspace dependency `orv-py`
[INFO] [stderr] warning: unused workspace dependency `orv-pymod`
[INFO] [stderr]   --> Cargo.toml:18:25
[INFO] [stderr]    |
[INFO] [stderr] 18 | [workspace.dependencies.orv-pymod]
[INFO] [stderr]    |                         ^^^^^^^^^
[INFO] [stderr]    |
[INFO] [stderr] help: consider removing the workspace dependency `orv-pymod`
[INFO] [stderr] warning: unused workspace dependency `orv-tools`
[INFO] [stderr]   --> Cargo.toml:30:25
[INFO] [stderr]    |
[INFO] [stderr] 30 | [workspace.dependencies.orv-tools]
[INFO] [stderr]    |                         ^^^^^^^^^
[INFO] [stderr]    |
[INFO] [stderr] help: consider removing the workspace dependency `orv-tools`
[INFO] [stderr] warning: unused workspace dependency `serde`
[INFO] [stderr]   --> Cargo.toml:33:25
[INFO] [stderr]    |
[INFO] [stderr] 33 | [workspace.dependencies.serde]
[INFO] [stderr]    |                         ^^^^^
[INFO] [stderr]    |
[INFO] [stderr] help: consider removing the workspace dependency `serde`
[INFO] [stderr] warning: unused workspace dependency `serde_json`
[INFO] [stderr]  --> Cargo.toml:8:1
[INFO] [stderr]   |
[INFO] [stderr] 8 | serde_json = "1"
[INFO] [stderr]   | ^^^^^^^^^^
[INFO] [stderr]   |
[INFO] [stderr] help: consider removing the workspace dependency `serde_json`
[INFO] [stderr] warning: unused field `authors` in `workspace.package`
[INFO] [stderr]   --> Cargo.toml:38:1
[INFO] [stderr]    |
[INFO] [stderr] 38 | authors = ["Orvane contributors"]
[INFO] [stderr]    | ^^^^^^^
[INFO] [stderr]    |
[INFO] [stderr]    = note: `cargo::unused_workspace_package_fields` is set to `warn` by default
[INFO] [stderr] help: consider removing the field `workspace.package.authors`
[INFO] [stderr] warning: unused field `description` in `workspace.package`
[INFO] [stderr]   --> Cargo.toml:39:1
[INFO] [stderr]    |
[INFO] [stderr] 39 | description = "Orvane: an intent-oriented language with bidirectional Python interop."
[INFO] [stderr]    | ^^^^^^^^^^^
[INFO] [stderr]    |
[INFO] [stderr] help: consider removing the field `workspace.package.description`
[INFO] [stderr] warning: workspace (manifest) generated 7 warnings
[INFO] [stderr]    Compiling libc v0.2.189
[INFO] [stderr]    Compiling cfg-if v1.0.5
[INFO] [stderr]    Compiling getrandom v0.3.4
[INFO] [stderr]    Compiling getrandom v0.4.3
[INFO] [stderr]    Compiling rustix v1.1.5
[INFO] [stderr]    Compiling zerocopy v0.8.57
[INFO] [stderr]    Compiling linux-raw-sys v0.12.1
[INFO] [stderr]    Compiling bitflags v2.13.2
[INFO] [stderr]    Compiling autocfg v1.5.1
[INFO] [stderr]    Compiling fastrand v2.5.0
[INFO] [stderr]    Compiling once_cell v1.21.4
[INFO] [stderr]    Compiling bit-vec v0.8.0
[INFO] [stderr]    Compiling quick-error v1.2.3
[INFO] [stderr]    Compiling unarray v0.1.4
[INFO] [stderr]    Compiling regex-syntax v0.8.11
[INFO] [stderr]    Compiling orv-cli v0.1.0 (/opt/rustwide/workdir/crates/orv-cli)
[INFO] [stderr]    Compiling orv-pymod v0.1.0 (/opt/rustwide/workdir/crates/orv-pymod)
[INFO] [stderr]    Compiling orv-py v0.1.0 (/opt/rustwide/workdir/crates/orv-py)
[INFO] [stderr]    Compiling bit-set v0.8.0
[INFO] [stderr]    Compiling num-traits v0.2.19
[INFO] [stderr]    Compiling wait-timeout v0.2.1
[INFO] [stderr]    Compiling rand_core v0.9.5
[INFO] [stderr]    Compiling rand_xorshift v0.4.0
[INFO] [stderr]    Compiling rand v0.9.5
[INFO] [stderr]    Compiling tempfile v3.27.0
[INFO] [stderr]    Compiling rusty-fork v0.3.1
[INFO] [stderr]    Compiling ppv-lite86 v0.2.21
[INFO] [stderr]    Compiling rand_chacha v0.9.0
[INFO] [stderr]    Compiling proptest v1.11.0
[INFO] [stderr]    Compiling orv-tools v0.1.0 (/opt/rustwide/workdir/crates/orv-tools)
[INFO] [stderr]    Compiling orv-syntax v0.1.0 (/opt/rustwide/workdir/crates/orv-syntax)
[INFO] [stderr]    Compiling orv-runtime v0.1.0 (/opt/rustwide/workdir/crates/orv-runtime)
[INFO] [stderr]    Compiling orv-sema v0.1.0 (/opt/rustwide/workdir/crates/orv-sema)
[INFO] [stderr] warning: unused dependency `orv-syntax`
[INFO] [stderr]   --> crates/orv-pymod/Cargo.toml:15:1
[INFO] [stderr]    |
[INFO] [stderr] 15 | orv-syntax.workspace = true
[INFO] [stderr]    | ^^^^^^^^^^
[INFO] [stderr]    |
[INFO] [stderr]    = note: `cargo::unused_dependencies` is set to `warn` by default
[INFO] [stderr] help: consider removing the dependency on `orv-syntax`
[INFO] [stderr] warning: `orv-pymod` (manifest) generated 1 warning
[INFO] [stderr] warning: unused dependency `thiserror`
[INFO] [stderr]   --> crates/orv-syntax/Cargo.toml:12:1
[INFO] [stderr]    |
[INFO] [stderr] 12 | thiserror.workspace = true
[INFO] [stderr]    | ^^^^^^^^^
[INFO] [stderr]    |
[INFO] [stderr]    = note: `cargo::unused_dependencies` is set to `warn` by default
[INFO] [stderr] help: consider removing the dependency on `thiserror`
[INFO] [stderr] warning: `orv-syntax` (manifest) generated 1 warning
[INFO] [stderr]     Finished `release` profile [optimized] target(s) in 47.54s
[INFO] running `Command { std: "docker" "inspect" "b5e2194f54e3ad79c60010055aa90da06c332d6db85d7f31ad91e1850d626588", kill_on_drop: false }`
[INFO] running `Command { std: "docker" "exec" "-e" "SOURCE_DIR=/opt/rustwide/workdir" "-e" "CARGO_HOME=/opt/rustwide/cargo-home" "-e" "RUSTUP_HOME=/opt/rustwide/rustup-home" "-e" "CARGO_TARGET_DIR=/opt/rustwide/target" "-e" "CARGO_INCREMENTAL=0" "-e" "RUST_BACKTRACE=full" "-e" "RUSTFLAGS=--cap-lints=warn" "-e" "RUSTDOCFLAGS=--cap-lints=warn" "-w" "/opt/rustwide/workdir" "--user" "0:0" "b5e2194f54e3ad79c60010055aa90da06c332d6db85d7f31ad91e1850d626588" "/opt/rustwide/cargo-home/bin/cargo" "+1.100.0-beta.1" "test" "--frozen" "--release", kill_on_drop: false }`
[INFO] [stderr] warning: unused workspace dependency `orv-py`
[INFO] [stderr]   --> Cargo.toml:15:25
[INFO] [stderr]    |
[INFO] [stderr] 15 | [workspace.dependencies.orv-py]
[INFO] [stderr]    |                         ^^^^^^
[INFO] [stderr]    |
[INFO] [stderr]    = note: `cargo::unused_workspace_dependencies` is set to `warn` by default
[INFO] [stderr] help: consider removing the workspace dependency `orv-py`
[INFO] [stderr] warning: unused workspace dependency `orv-pymod`
[INFO] [stderr]   --> Cargo.toml:18:25
[INFO] [stderr]    |
[INFO] [stderr] 18 | [workspace.dependencies.orv-pymod]
[INFO] [stderr]    |                         ^^^^^^^^^
[INFO] [stderr]    |
[INFO] [stderr] help: consider removing the workspace dependency `orv-pymod`
[INFO] [stderr] warning: unused workspace dependency `orv-tools`
[INFO] [stderr]   --> Cargo.toml:30:25
[INFO] [stderr]    |
[INFO] [stderr] 30 | [workspace.dependencies.orv-tools]
[INFO] [stderr]    |                         ^^^^^^^^^
[INFO] [stderr]    |
[INFO] [stderr] help: consider removing the workspace dependency `orv-tools`
[INFO] [stderr] warning: unused workspace dependency `serde`
[INFO] [stderr]   --> Cargo.toml:33:25
[INFO] [stderr]    |
[INFO] [stderr] 33 | [workspace.dependencies.serde]
[INFO] [stderr]    |                         ^^^^^
[INFO] [stderr]    |
[INFO] [stderr] help: consider removing the workspace dependency `serde`
[INFO] [stderr] warning: unused workspace dependency `serde_json`
[INFO] [stderr]  --> Cargo.toml:8:1
[INFO] [stderr]   |
[INFO] [stderr] 8 | serde_json = "1"
[INFO] [stderr]   | ^^^^^^^^^^
[INFO] [stderr]   |
[INFO] [stderr] help: consider removing the workspace dependency `serde_json`
[INFO] [stderr] warning: unused field `authors` in `workspace.package`
[INFO] [stderr]   --> Cargo.toml:38:1
[INFO] [stderr]    |
[INFO] [stderr] 38 | authors = ["Orvane contributors"]
[INFO] [stderr]    | ^^^^^^^
[INFO] [stderr]    |
[INFO] [stderr]    = note: `cargo::unused_workspace_package_fields` is set to `warn` by default
[INFO] [stderr] help: consider removing the field `workspace.package.authors`
[INFO] [stderr] warning: unused field `description` in `workspace.package`
[INFO] [stderr]   --> Cargo.toml:39:1
[INFO] [stderr]    |
[INFO] [stderr] 39 | description = "Orvane: an intent-oriented language with bidirectional Python interop."
[INFO] [stderr]    | ^^^^^^^^^^^
[INFO] [stderr]    |
[INFO] [stderr] help: consider removing the field `workspace.package.description`
[INFO] [stderr] warning: workspace (manifest) generated 7 warnings
[INFO] [stderr] warning: unused dependency `orv-syntax`
[INFO] [stderr]   --> crates/orv-pymod/Cargo.toml:15:1
[INFO] [stderr]    |
[INFO] [stderr] 15 | orv-syntax.workspace = true
[INFO] [stderr]    | ^^^^^^^^^^
[INFO] [stderr]    |
[INFO] [stderr]    = note: `cargo::unused_dependencies` is set to `warn` by default
[INFO] [stderr] help: consider removing the dependency on `orv-syntax`
[INFO] [stderr] warning: `orv-pymod` (manifest) generated 1 warning
[INFO] [stderr] warning: unused dependency `thiserror`
[INFO] [stderr]   --> crates/orv-syntax/Cargo.toml:12:1
[INFO] [stderr]    |
[INFO] [stderr] 12 | thiserror.workspace = true
[INFO] [stderr]    | ^^^^^^^^^
[INFO] [stderr]    |
[INFO] [stderr]    = note: `cargo::unused_dependencies` is set to `warn` by default
[INFO] [stderr] help: consider removing the dependency on `thiserror`
[INFO] [stderr] warning: `orv-syntax` (manifest) generated 1 warning
[INFO] [stderr]     Finished `release` profile [optimized] target(s) in 0.10s
[INFO] [stderr]      Running unittests src/main.rs (/opt/rustwide/target/release/build/orv-cli/f42ee68c816dae4a/out/orv-f42ee68c816dae4a)
[INFO] [stdout] 
[INFO] [stdout] running 8 tests
[INFO] [stdout] test cli::tests::outcome_exit_codes_match_spec ... ok
[INFO] [stdout] test cli::tests::tokens_subcommand_parses_with_a_file ... ok
[INFO] [stdout] test cli::tests::unknown_subcommand_is_a_usage_error ... ok
[INFO] [stdout] test cli::tests::version_line_matches_crate_version ... ok
[INFO] [stdout] test cli::tests::no_subcommand_is_a_usage_error ... ok
[INFO] [stdout] test cli::tests::tokens_requires_a_file_argument ... ok
[INFO] [stdout] test cli::tests::version_subcommand_parses ... ok
[INFO] [stderr]      Running tests/golden_runner.rs (/opt/rustwide/target/release/build/orv-cli/f5bf123a44b491ce/out/golden_runner-f5bf123a44b491ce)
[INFO] [stdout] test cli::tests::cli_definition_is_valid ... ok
[INFO] [stdout] 
[INFO] [stdout] test result: ok. 8 passed; 0 failed; 0 ignored; 0 measured; 0 filtered out; finished in 0.01s
[INFO] [stdout] 
[INFO] [stdout] 
[INFO] [stdout] running 24 tests
[INFO] [stdout] test harness_unit_tests::argv_without_placeholder_is_unchanged ... ok
[INFO] [stdout] test harness_unit_tests::decode_output_keeps_lf_and_lone_cr ... ok
[INFO] [stdout] test harness_unit_tests::diagnostic_line_detection_is_strict ... ok
[INFO] [stdout] test harness_unit_tests::diagnostic_normalization_keeps_only_stable_lines ... ok
[INFO] [stdout] test harness_unit_tests::empty_expectation_renders_placeholder ... ok
[INFO] [stdout] test harness_unit_tests::missing_err_requires_zero_diagnostics ... ok
[INFO] [stdout] test harness_unit_tests::missing_out_requires_empty_stdout ... ok
[INFO] [stdout] test harness_unit_tests::header_parses_exit_override ... ok
[INFO] [stdout] test harness_unit_tests::present_out_must_match_exactly ... ok
[INFO] [stdout] test harness_unit_tests::header_ignores_unknown_and_malformed_directives ... ok
[INFO] [stdout] test harness_unit_tests::header_parses_signal_exit_code ... ok
[INFO] [stdout] test harness_unit_tests::header_supports_arguments ... ok
[INFO] [stdout] test harness_unit_tests::file_placeholder_expands_to_a_workspace_relative_path ... ok
[INFO] [stdout] test harness_unit_tests::header_defaults_exit_to_zero ... ok
[INFO] [stdout] test harness_unit_tests::file_placeholder_expands_in_any_position_and_leaves_other_args_alone ... ok
[INFO] [stdout] test harness_unit_tests::header_parsing_ignores_blank_lines ... ok
[INFO] [stdout] test harness_unit_tests::decode_output_normalizes_crlf ... ok
[INFO] [stdout] test harness_unit_tests::header_requires_the_command_line_to_come_first ... ok
[INFO] [stdout] test version_stdout_contains_no_carriage_return ... FAILED
[INFO] [stdout] test harness_unit_tests::exit_code_check_rejects_matching_status_when_header_disagrees ... FAILED
[INFO] [stdout] test harness_unit_tests::exit_code_check_accepts_matching_status ... FAILED
[INFO] [stdout] test harness_unit_tests::header_requires_the_marker ... ok
[INFO] [stdout] test harness_unit_tests::an_unknown_subcommand_actually_exits_nonzero ... FAILED
[INFO] [stderr] error: test failed, to rerun pass `-p orv-cli --test golden_runner`
[INFO] [stdout] test golden_suite ... FAILED
[INFO] [stdout] 
[INFO] [stdout] failures:
[INFO] [stdout] 
[INFO] [stdout] ---- version_stdout_contains_no_carriage_return stdout ----
[INFO] [stdout] 
[INFO] [stdout] thread 'version_stdout_contains_no_carriage_return' (1666) panicked at crates/orv-cli/tests/golden_runner.rs:57:70:
[INFO] [stdout] running orv version: Os { code: 2, kind: NotFound, message: "No such file or directory" }
[INFO] [stdout] stack backtrace:
[INFO] [stdout]    0:     0x5ded8848eab1 - <<std[617be2ca0a6fd877]::sys::backtrace::BacktraceLock>::print::DisplayBacktrace as core[a373ad73a504971]::fmt::Display>::fmt
[INFO] [stdout]    1:     0x5ded884a2efa - core[a373ad73a504971]::fmt::write
[INFO] [stdout]    2:     0x5ded88492fbc - <alloc[2e1b2a31b91974c5]::vec::Vec<u8> as core[a373ad73a504971]::io::write::Write>::write_fmt
[INFO] [stdout]    3:     0x5ded88469b16 - std[617be2ca0a6fd877]::panicking::default_hook::{closure#0}
[INFO] [stdout]    4:     0x5ded88486bd9 - std[617be2ca0a6fd877]::panicking::default_hook
[INFO] [stdout]    5:     0x5ded88421da0 - test[aada8e7e76ba119b]::test_main_inner::{closure#0}
[INFO] [stdout]    6:     0x5ded88486d92 - std[617be2ca0a6fd877]::panicking::panic_with_hook
[INFO] [stdout]    7:     0x5ded88469bc2 - std[617be2ca0a6fd877]::panicking::panic_handler::{closure#0}
[INFO] [stdout]    8:     0x5ded884626a9 - std[617be2ca0a6fd877]::sys::backtrace::__rust_end_short_backtrace::<std[617be2ca0a6fd877]::panicking::panic_handler::{closure#0}, !>
[INFO] [stdout]    9:     0x5ded8846a7cd - __rustc[ea4f61d10b84890b]::rust_begin_unwind
[INFO] [stdout]   10:     0x5ded884a362c - core[a373ad73a504971]::panicking::panic_fmt
[INFO] [stdout]   11:     0x5ded884a3402 - core[a373ad73a504971]::result::unwrap_failed
[INFO] [stdout]   12:     0x5ded8840d15f - <golden_runner[45345fcc5c818479]::version_stdout_contains_no_carriage_return::{closure#0} as core[a373ad73a504971]::ops::function::FnOnce<()>>::call_once
[INFO] [stdout]   13:     0x5ded884151eb - test[aada8e7e76ba119b]::__rust_begin_short_backtrace::<core[a373ad73a504971]::result::Result<(), alloc[2e1b2a31b91974c5]::string::String>, fn() -> core[a373ad73a504971]::result::Result<(), alloc[2e1b2a31b91974c5]::string::String>>
[INFO] [stdout]   14:     0x5ded884223c5 - test[aada8e7e76ba119b]::run_test::{closure#0}
[INFO] [stdout]   15:     0x5ded8841bcb4 - std[617be2ca0a6fd877]::sys::backtrace::__rust_begin_short_backtrace::<test[aada8e7e76ba119b]::run_test::{closure#1}, ()>
[INFO] [stdout]   16:     0x5ded88425452 - <std[617be2ca0a6fd877]::thread::lifecycle::spawn_unchecked<test[aada8e7e76ba119b]::run_test::{closure#1}, ()>::{closure#1} as core[a373ad73a504971]::ops::function::FnOnce<()>>::call_once::{shim:vtable#0}
[INFO] [stdout]   17:     0x5ded8848dfaf - <std[617be2ca0a6fd877]::sys::thread::unix::Thread>::new::thread_start
[INFO] [stdout]   18:     0x7b314dd31dfa - <unknown>
[INFO] [stdout]   19:     0x7b314ddc53d4 - clone
[INFO] [stdout]   20:                0x0 - <unknown>
[INFO] [stdout] 
[INFO] [stdout] ---- harness_unit_tests::exit_code_check_rejects_matching_status_when_header_disagrees stdout ----
[INFO] [stdout] 
[INFO] [stdout] thread 'harness_unit_tests::exit_code_check_rejects_matching_status_when_header_disagrees' (1650) panicked at crates/orv-cli/tests/golden_runner.rs:643:43:
[INFO] [stdout] running the orv binary: Os { code: 2, kind: NotFound, message: "No such file or directory" }
[INFO] [stdout] stack backtrace:
[INFO] [stdout]    0:     0x5ded8848eab1 - <<std[617be2ca0a6fd877]::sys::backtrace::BacktraceLock>::print::DisplayBacktrace as core[a373ad73a504971]::fmt::Display>::fmt
[INFO] [stdout]    1:     0x5ded884a2efa - core[a373ad73a504971]::fmt::write
[INFO] [stdout]    2:     0x5ded88492fbc - <alloc[2e1b2a31b91974c5]::vec::Vec<u8> as core[a373ad73a504971]::io::write::Write>::write_fmt
[INFO] [stdout]    3:     0x5ded88469b16 - std[617be2ca0a6fd877]::panicking::default_hook::{closure#0}
[INFO] [stdout]    4:     0x5ded88486bd9 - std[617be2ca0a6fd877]::panicking::default_hook
[INFO] [stdout]    5:     0x5ded88421da0 - test[aada8e7e76ba119b]::test_main_inner::{closure#0}
[INFO] [stdout]    6:     0x5ded88486d92 - std[617be2ca0a6fd877]::panicking::panic_with_hook
[INFO] [stdout]    7:     0x5ded88469bc2 - std[617be2ca0a6fd877]::panicking::panic_handler::{closure#0}
[INFO] [stdout]    8:     0x5ded884626a9 - std[617be2ca0a6fd877]::sys::backtrace::__rust_end_short_backtrace::<std[617be2ca0a6fd877]::panicking::panic_handler::{closure#0}, !>
[INFO] [stdout]    9:     0x5ded8846a7cd - __rustc[ea4f61d10b84890b]::rust_begin_unwind
[INFO] [stdout]   10:     0x5ded884a362c - core[a373ad73a504971]::panicking::panic_fmt
[INFO] [stdout]   11:     0x5ded884a3402 - core[a373ad73a504971]::result::unwrap_failed
[INFO] [stdout]   12:     0x5ded8840d795 - golden_runner[45345fcc5c818479]::harness_unit_tests::command_output
[INFO] [stdout]   13:     0x5ded884105d4 - <golden_runner[45345fcc5c818479]::harness_unit_tests::exit_code_check_rejects_matching_status_when_header_disagrees::{closure#0} as core[a373ad73a504971]::ops::function::FnOnce<()>>::call_once
[INFO] [stdout]   14:     0x5ded884151eb - test[aada8e7e76ba119b]::__rust_begin_short_backtrace::<core[a373ad73a504971]::result::Result<(), alloc[2e1b2a31b91974c5]::string::String>, fn() -> core[a373ad73a504971]::result::Result<(), alloc[2e1b2a31b91974c5]::string::String>>
[INFO] [stdout]   15:     0x5ded884223c5 - test[aada8e7e76ba119b]::run_test::{closure#0}
[INFO] [stdout]   16:     0x5ded8841bcb4 - std[617be2ca0a6fd877]::sys::backtrace::__rust_begin_short_backtrace::<test[aada8e7e76ba119b]::run_test::{closure#1}, ()>
[INFO] [stdout]   17:     0x5ded88425452 - <std[617be2ca0a6fd877]::thread::lifecycle::spawn_unchecked<test[aada8e7e76ba119b]::run_test::{closure#1}, ()>::{closure#1} as core[a373ad73a504971]::ops::function::FnOnce<()>>::call_once::{shim:vtable#0}
[INFO] [stdout]   18:     0x5ded8848dfaf - <std[617be2ca0a6fd877]::sys::thread::unix::Thread>::new::thread_start
[INFO] [stdout]   19:     0x7b314dd31dfa - <unknown>
[INFO] [stdout]   20:     0x7b314ddc53d4 - clone
[INFO] [stdout]   21:                0x0 - <unknown>
[INFO] [stdout] 
[INFO] [stdout] ---- harness_unit_tests::exit_code_check_accepts_matching_status stdout ----
[INFO] [stdout] 
[INFO] [stdout] thread 'harness_unit_tests::exit_code_check_accepts_matching_status' (1649) panicked at crates/orv-cli/tests/golden_runner.rs:643:43:
[INFO] [stdout] running the orv binary: Os { code: 2, kind: NotFound, message: "No such file or directory" }
[INFO] [stdout] stack backtrace:
[INFO] [stdout]    0:     0x5ded8848eab1 - <<std[617be2ca0a6fd877]::sys::backtrace::BacktraceLock>::print::DisplayBacktrace as core[a373ad73a504971]::fmt::Display>::fmt
[INFO] [stdout]    1:     0x5ded884a2efa - core[a373ad73a504971]::fmt::write
[INFO] [stdout]    2:     0x5ded88492fbc - <alloc[2e1b2a31b91974c5]::vec::Vec<u8> as core[a373ad73a504971]::io::write::Write>::write_fmt
[INFO] [stdout]    3:     0x5ded88469b16 - std[617be2ca0a6fd877]::panicking::default_hook::{closure#0}
[INFO] [stdout]    4:     0x5ded88486bd9 - std[617be2ca0a6fd877]::panicking::default_hook
[INFO] [stdout]    5:     0x5ded88421da0 - test[aada8e7e76ba119b]::test_main_inner::{closure#0}
[INFO] [stdout]    6:     0x5ded88486d92 - std[617be2ca0a6fd877]::panicking::panic_with_hook
[INFO] [stdout]    7:     0x5ded88469bc2 - std[617be2ca0a6fd877]::panicking::panic_handler::{closure#0}
[INFO] [stdout]    8:     0x5ded884626a9 - std[617be2ca0a6fd877]::sys::backtrace::__rust_end_short_backtrace::<std[617be2ca0a6fd877]::panicking::panic_handler::{closure#0}, !>
[INFO] [stdout]    9:     0x5ded8846a7cd - __rustc[ea4f61d10b84890b]::rust_begin_unwind
[INFO] [stdout]   10:     0x5ded884a362c - core[a373ad73a504971]::panicking::panic_fmt
[INFO] [stdout]   11:     0x5ded884a3402 - core[a373ad73a504971]::result::unwrap_failed
[INFO] [stdout]   12:     0x5ded8840d795 - golden_runner[45345fcc5c818479]::harness_unit_tests::command_output
[INFO] [stdout]   13:     0x5ded8840f984 - <golden_runner[45345fcc5c818479]::harness_unit_tests::exit_code_check_accepts_matching_status::{closure#0} as core[a373ad73a504971]::ops::function::FnOnce<()>>::call_once
[INFO] [stdout]   14:     0x5ded884151eb - test[aada8e7e76ba119b]::__rust_begin_short_backtrace::<core[a373ad73a504971]::result::Result<(), alloc[2e1b2a31b91974c5]::string::String>, fn() -> core[a373ad73a504971]::result::Result<(), alloc[2e1b2a31b91974c5]::string::String>>
[INFO] [stdout]   15:     0x5ded884223c5 - test[aada8e7e76ba119b]::run_test::{closure#0}
[INFO] [stdout]   16:     0x5ded8841bcb4 - std[617be2ca0a6fd877]::sys::backtrace::__rust_begin_short_backtrace::<test[aada8e7e76ba119b]::run_test::{closure#1}, ()>
[INFO] [stdout]   17:     0x5ded88425452 - <std[617be2ca0a6fd877]::thread::lifecycle::spawn_unchecked<test[aada8e7e76ba119b]::run_test::{closure#1}, ()>::{closure#1} as core[a373ad73a504971]::ops::function::FnOnce<()>>::call_once::{shim:vtable#0}
[INFO] [stdout]   18:     0x5ded8848dfaf - <std[617be2ca0a6fd877]::sys::thread::unix::Thread>::new::thread_start
[INFO] [stdout]   19:     0x7b314dd31dfa - <unknown>
[INFO] [stdout]   20:     0x7b314ddc53d4 - clone
[INFO] [stdout]   21:                0x0 - <unknown>
[INFO] [stdout] 
[INFO] [stdout] ---- harness_unit_tests::an_unknown_subcommand_actually_exits_nonzero stdout ----
[INFO] [stdout] 
[INFO] [stdout] thread 'harness_unit_tests::an_unknown_subcommand_actually_exits_nonzero' (1642) panicked at crates/orv-cli/tests/golden_runner.rs:643:43:
[INFO] [stdout] running the orv binary: Os { code: 2, kind: NotFound, message: "No such file or directory" }
[INFO] [stdout] stack backtrace:
[INFO] [stdout]    0:     0x5ded8848eab1 - <<std[617be2ca0a6fd877]::sys::backtrace::BacktraceLock>::print::DisplayBacktrace as core[a373ad73a504971]::fmt::Display>::fmt
[INFO] [stdout]    1:     0x5ded884a2efa - core[a373ad73a504971]::fmt::write
[INFO] [stdout]    2:     0x5ded88492fbc - <alloc[2e1b2a31b91974c5]::vec::Vec<u8> as core[a373ad73a504971]::io::write::Write>::write_fmt
[INFO] [stdout]    3:     0x5ded88469b16 - std[617be2ca0a6fd877]::panicking::default_hook::{closure#0}
[INFO] [stdout]    4:     0x5ded88486bd9 - std[617be2ca0a6fd877]::panicking::default_hook
[INFO] [stdout]    5:     0x5ded88421da0 - test[aada8e7e76ba119b]::test_main_inner::{closure#0}
[INFO] [stdout]    6:     0x5ded88486d92 - std[617be2ca0a6fd877]::panicking::panic_with_hook
[INFO] [stdout]    7:     0x5ded88469bc2 - std[617be2ca0a6fd877]::panicking::panic_handler::{closure#0}
[INFO] [stdout]    8:     0x5ded884626a9 - std[617be2ca0a6fd877]::sys::backtrace::__rust_end_short_backtrace::<std[617be2ca0a6fd877]::panicking::panic_handler::{closure#0}, !>
[INFO] [stdout]    9:     0x5ded8846a7cd - __rustc[ea4f61d10b84890b]::rust_begin_unwind
[INFO] [stdout]   10:     0x5ded884a362c - core[a373ad73a504971]::panicking::panic_fmt
[INFO] [stdout]   11:     0x5ded884a3402 - core[a373ad73a504971]::result::unwrap_failed
[INFO] [stdout]   12:     0x5ded8840d795 - golden_runner[45345fcc5c818479]::harness_unit_tests::command_output
[INFO] [stdout]   13:     0x5ded8840fb29 - <golden_runner[45345fcc5c818479]::harness_unit_tests::an_unknown_subcommand_actually_exits_nonzero::{closure#0} as core[a373ad73a504971]::ops::function::FnOnce<()>>::call_once
[INFO] [stdout]   14:     0x5ded884151eb - test[aada8e7e76ba119b]::__rust_begin_short_backtrace::<core[a373ad73a504971]::result::Result<(), alloc[2e1b2a31b91974c5]::string::String>, fn() -> core[a373ad73a504971]::result::Result<(), alloc[2e1b2a31b91974c5]::string::String>>
[INFO] [stdout]   15:     0x5ded884223c5 - test[aada8e7e76ba119b]::run_test::{closure#0}
[INFO] [stdout]   16:     0x5ded8841bcb4 - std[617be2ca0a6fd877]::sys::backtrace::__rust_begin_short_backtrace::<test[aada8e7e76ba119b]::run_test::{closure#1}, ()>
[INFO] [stdout]   17:     0x5ded88425452 - <std[617be2ca0a6fd877]::thread::lifecycle::spawn_unchecked<test[aada8e7e76ba119b]::run_test::{closure#1}, ()>::{closure#1} as core[a373ad73a504971]::ops::function::FnOnce<()>>::call_once::{shim:vtable#0}
[INFO] [stdout]   18:     0x5ded8848dfaf - <std[617be2ca0a6fd877]::sys::thread::unix::Thread>::new::thread_start
[INFO] [stdout]   19:     0x7b314dd31dfa - <unknown>
[INFO] [stdout]   20:     0x7b314ddc53d4 - clone
[INFO] [stdout]   21:                0x0 - <unknown>
[INFO] [stdout] 
[INFO] [stdout] ---- golden_suite stdout ----
[INFO] [stdout] 
[INFO] [stdout] thread 'golden_suite' (1641) panicked at crates/orv-cli/tests/golden_runner.rs:98:5:
[INFO] [stdout] 68 golden case(s) failed:
[INFO] [stdout] 
[INFO] [stdout] ast_fizzbuzz.orv: cannot run `"orv" ast tests/golden/ast_fizzbuzz.orv`: No such file or directory (os error 2)
[INFO] [stdout] ast_hello.orv: cannot run `"orv" ast tests/golden/ast_hello.orv`: No such file or directory (os error 2)
[INFO] [stdout] ast_shape.orv: cannot run `"orv" ast tests/golden/ast_shape.orv`: No such file or directory (os error 2)
[INFO] [stdout] check_break_in_lambda.orv: cannot run `"orv" check tests/golden/check_break_in_lambda.orv`: No such file or directory (os error 2)
[INFO] [stdout] check_errors.orv: cannot run `"orv" check tests/golden/check_errors.orv`: No such file or directory (os error 2)
[INFO] [stdout] check_ok.orv: cannot run `"orv" check tests/golden/check_ok.orv`: No such file or directory (os error 2)
[INFO] [stdout] check_unclosed_block.orv: cannot run `"orv" check tests/golden/check_unclosed_block.orv`: No such file or directory (os error 2)
[INFO] [stdout] example_closures.orv: cannot run `"orv" run tests/golden/example_closures.orv`: No such file or directory (os error 2)
[INFO] [stdout] example_data.orv: cannot run `"orv" run tests/golden/example_data.orv`: No such file or directory (os error 2)
[INFO] [stdout] example_enum_flags.orv: cannot run `"orv" run tests/golden/example_enum_flags.orv`: No such file or directory (os error 2)
[INFO] [stdout] example_fib.orv: cannot run `"orv" run tests/golden/example_fib.orv`: No such file or directory (os error 2)
[INFO] [stdout] example_fizzbuzz.orv: cannot run `"orv" run tests/golden/example_fizzbuzz.orv`: No such file or directory (os error 2)
[INFO] [stdout] example_hello.orv: cannot run `"orv" run tests/golden/example_hello.orv`: No such file or directory (os error 2)
[INFO] [stdout] example_shapes.orv: cannot run `"orv" run tests/golden/example_shapes.orv`: No such file or directory (os error 2)
[INFO] [stdout] matrix_m01_hello.orv: cannot run `"orv" run tests/golden/matrix_m01_hello.orv`: No such file or directory (os error 2)
[INFO] [stdout] matrix_m02_let_infer.orv: cannot run `"orv" run tests/golden/matrix_m02_let_infer.orv`: No such file or directory (os error 2)
[INFO] [stdout] matrix_m03_let_annot.orv: cannot run `"orv" run tests/golden/matrix_m03_let_annot.orv`: No such file or directory (os error 2)
[INFO] [stdout] matrix_m04_let_mut.orv: cannot run `"orv" run tests/golden/matrix_m04_let_mut.orv`: No such file or directory (os error 2)
[INFO] [stdout] matrix_m05_arith.orv: cannot run `"orv" run tests/golden/matrix_m05_arith.orv`: No such file or directory (os error 2)
[INFO] [stdout] matrix_m06_compare_logic.orv: cannot run `"orv" run tests/golden/matrix_m06_compare_logic.orv`: No such file or directory (os error 2)
[INFO] [stdout] matrix_m07_string.orv: cannot run `"orv" run tests/golden/matrix_m07_string.orv`: No such file or directory (os error 2)
[INFO] [stdout] matrix_m08_if.orv: cannot run `"orv" run tests/golden/matrix_m08_if.orv`: No such file or directory (os error 2)
[INFO] [stdout] matrix_m09_while.orv: cannot run `"orv" run tests/golden/matrix_m09_while.orv`: No such file or directory (os error 2)
[INFO] [stdout] matrix_m10_for_range.orv: cannot run `"orv" run tests/golden/matrix_m10_for_range.orv`: No such file or directory (os error 2)
[INFO] [stdout] matrix_m11_break_continue.orv: cannot run `"orv" run tests/golden/matrix_m11_break_continue.orv`: No such file or directory (os error 2)
[INFO] [stdout] matrix_m12_list.orv: cannot run `"orv" run tests/golden/matrix_m12_list.orv`: No such file or directory (os error 2)
[INFO] [stdout] matrix_m13_map.orv: cannot run `"orv" run tests/golden/matrix_m13_map.orv`: No such file or directory (os error 2)
[INFO] [stdout] matrix_m14_fn.orv: cannot run `"orv" run tests/golden/matrix_m14_fn.orv`: No such file or directory (os error 2)
[INFO] [stdout] matrix_m15_lambda.orv: cannot run `"orv" run tests/golden/matrix_m15_lambda.orv`: No such file or directory (os error 2)
[INFO] [stdout] matrix_m16_closure.orv: cannot run `"orv" run tests/golden/matrix_m16_closure.orv`: No such file or directory (os error 2)
[INFO] [stdout] matrix_m17_recursion.orv: cannot run `"orv" run tests/golden/matrix_m17_recursion.orv`: No such file or directory (os error 2)
[INFO] [stdout] matrix_m18_data.orv: cannot run `"orv" run tests/golden/matrix_m18_data.orv`: No such file or directory (os error 2)
[INFO] [stdout] matrix_m19_enum_match.orv: cannot run `"orv" run tests/golden/matrix_m19_enum_match.orv`: No such file or directory (os error 2)
[INFO] [stdout] matrix_m20_match_guard_wild.orv: cannot run `"orv" run tests/golden/matrix_m20_match_guard_wild.orv`: No such file or directory (os error 2)
[INFO] [stdout] matrix_m21_optional.orv: cannot run `"orv" run tests/golden/matrix_m21_optional.orv`: No such file or directory (os error 2)
[INFO] [stdout] matrix_m22_cast.orv: cannot run `"orv" run tests/golden/matrix_m22_cast.orv`: No such file or directory (os error 2)
[INFO] [stdout] matrix_m23_tuple.orv: cannot run `"orv" run tests/golden/matrix_m23_tuple.orv`: No such file or directory (os error 2)
[INFO] [stdout] matrix_m24_prelude.orv: cannot run `"orv" run tests/golden/matrix_m24_prelude.orv`: No such file or directory (os error 2)
[INFO] [stdout] matrix_m25_match_unit_variant_in_data.orv: cannot run `"orv" run tests/golden/matrix_m25_match_unit_variant_in_data.orv`: No such file or directory (os error 2)
[INFO] [stdout] matrix_m26_enum_in_list.orv: cannot run `"orv" run tests/golden/matrix_m26_enum_in_list.orv`: No such file or directory (os error 2)
[INFO] [stdout] matrix_m27_closure_constructor.orv: cannot run `"orv" run tests/golden/matrix_m27_closure_constructor.orv`: No such file or directory (os error 2)
[INFO] [stdout] matrix_m28_lambda_from_frame.orv: cannot run `"orv" run tests/golden/matrix_m28_lambda_from_frame.orv`: No such file or directory (os error 2)
[INFO] [stdout] matrix_m29_map_int_bool_keys.orv: cannot run `"orv" run tests/golden/matrix_m29_map_int_bool_keys.orv`: No such file or directory (os error 2)
[INFO] [stdout] matrix_m30_loop_break_continue.orv: cannot run `"orv" run tests/golden/matrix_m30_loop_break_continue.orv`: No such file or directory (os error 2)
[INFO] [stdout] run_data.orv: cannot run `"orv" run tests/golden/run_data.orv`: No such file or directory (os error 2)
[INFO] [stdout] run_division_by_zero.orv: cannot run `"orv" run tests/golden/run_division_by_zero.orv`: No such file or directory (os error 2)
[INFO] [stdout] run_fizzbuzz.orv: cannot run `"orv" run tests/golden/run_fizzbuzz.orv`: No such file or directory (os error 2)
[INFO] [stdout] run_overflow.orv: cannot run `"orv" run tests/golden/run_overflow.orv`: No such file or directory (os error 2)
[INFO] [stdout] run_shape.orv: cannot run `"orv" run tests/golden/run_shape.orv`: No such file or directory (os error 2)
[INFO] [stdout] tokens_block_lambda.orv: cannot run `"orv" tokens tests/golden/tokens_block_lambda.orv`: No such file or directory (os error 2)
[INFO] [stdout] tokens_comments.orv: cannot run `"orv" tokens tests/golden/tokens_comments.orv`: No such file or directory (os error 2)
[INFO] [stdout] tokens_crlf.orv: cannot run `"orv" tokens tests/golden/tokens_crlf.orv`: No such file or directory (os error 2)
[INFO] [stdout] tokens_err_bad_escape.orv: cannot run `"orv" tokens tests/golden/tokens_err_bad_escape.orv`: No such file or directory (os error 2)
[INFO] [stdout] tokens_err_bad_number.orv: cannot run `"orv" tokens tests/golden/tokens_err_bad_number.orv`: No such file or directory (os error 2)
[INFO] [stdout] tokens_err_block_comment.orv: cannot run `"orv" tokens tests/golden/tokens_err_block_comment.orv`: No such file or directory (os error 2)
[INFO] [stdout] tokens_err_float_range.orv: cannot run `"orv" tokens tests/golden/tokens_err_float_range.orv`: No such file or directory (os error 2)
[INFO] [stdout] tokens_err_interp_escape.orv: cannot run `"orv" tokens tests/golden/tokens_err_interp_escape.orv`: No such file or directory (os error 2)
[INFO] [stdout] tokens_err_interpolation.orv: cannot run `"orv" tokens tests/golden/tokens_err_interpolation.orv`: No such file or directory (os error 2)
[INFO] [stdout] tokens_err_invalid_char.orv: cannot run `"orv" tokens tests/golden/tokens_err_invalid_char.orv`: No such file or directory (os error 2)
[INFO] [stdout] tokens_err_unterminated_string.orv: cannot run `"orv" tokens tests/golden/tokens_err_unterminated_string.orv`: No such file or directory (os error 2)
[INFO] [stdout] tokens_keywords.orv: cannot run `"orv" tokens tests/golden/tokens_keywords.orv`: No such file or directory (os error 2)
[INFO] [stdout] tokens_map_multiline.orv: cannot run `"orv" tokens tests/golden/tokens_map_multiline.orv`: No such file or directory (os error 2)
[INFO] [stdout] tokens_newlines.orv: cannot run `"orv" tokens tests/golden/tokens_newlines.orv`: No such file or directory (os error 2)
[INFO] [stdout] tokens_numbers.orv: cannot run `"orv" tokens tests/golden/tokens_numbers.orv`: No such file or directory (os error 2)
[INFO] [stdout] tokens_operators.orv: cannot run `"orv" tokens tests/golden/tokens_operators.orv`: No such file or directory (os error 2)
[INFO] [stdout] tokens_strings.orv: cannot run `"orv" tokens tests/golden/tokens_strings.orv`: No such file or directory (os error 2)
[INFO] [stdout] unknown_subcommand.orv: cannot run `"orv" no-such-subcommand`: No such file or directory (os error 2)
[INFO] [stdout] version.orv: cannot run `"orv" version`: No such file or directory (os error 2)
[INFO] [stdout] stack backtrace:
[INFO] [stdout]    0:     0x5ded8848eab1 - <<std[617be2ca0a6fd877]::sys::backtrace::BacktraceLock>::print::DisplayBacktrace as core[a373ad73a504971]::fmt::Display>::fmt
[INFO] [stdout]    1:     0x5ded884a2efa - core[a373ad73a504971]::fmt::write
[INFO] [stdout]    2:     0x5ded88492fbc - <alloc[2e1b2a31b91974c5]::vec::Vec<u8> as core[a373ad73a504971]::io::write::Write>::write_fmt
[INFO] [stdout]    3:     0x5ded88469b16 - std[617be2ca0a6fd877]::panicking::default_hook::{closure#0}
[INFO] [stdout]    4:     0x5ded88486bd9 - std[617be2ca0a6fd877]::panicking::default_hook
[INFO] [stdout]    5:     0x5ded88421da0 - test[aada8e7e76ba119b]::test_main_inner::{closure#0}
[INFO] [stdout]    6:     0x5ded88486d92 - std[617be2ca0a6fd877]::panicking::panic_with_hook
[INFO] [stdout]    7:     0x5ded88469bc2 - std[617be2ca0a6fd877]::panicking::panic_handler::{closure#0}
[INFO] [stdout]    8:     0x5ded884626a9 - std[617be2ca0a6fd877]::sys::backtrace::__rust_end_short_backtrace::<std[617be2ca0a6fd877]::panicking::panic_handler::{closure#0}, !>
[INFO] [stdout]    9:     0x5ded8846a7cd - __rustc[ea4f61d10b84890b]::rust_begin_unwind
[INFO] [stdout]   10:     0x5ded884a362c - core[a373ad73a504971]::panicking::panic_fmt
[INFO] [stdout]   11:     0x5ded8840cc3a - <golden_runner[45345fcc5c818479]::golden_suite::{closure#0} as core[a373ad73a504971]::ops::function::FnOnce<()>>::call_once
[INFO] [stdout]   12:     0x5ded884151eb - test[aada8e7e76ba119b]::__rust_begin_short_backtrace::<core[a373ad73a504971]::result::Result<(), alloc[2e1b2a31b91974c5]::string::String>, fn() -> core[a373ad73a504971]::result::Result<(), alloc[2e1b2a31b91974c5]::string::String>>
[INFO] [stdout]   13:     0x5ded884223c5 - test[aada8e7e76ba119b]::run_test::{closure#0}
[INFO] [stdout]   14:     0x5ded8841bcb4 - std[617be2ca0a6fd877]::sys::backtrace::__rust_begin_short_backtrace::<test[aada8e7e76ba119b]::run_test::{closure#1}, ()>
[INFO] [stdout]   15:     0x5ded88425452 - <std[617be2ca0a6fd877]::thread::lifecycle::spawn_unchecked<test[aada8e7e76ba119b]::run_test::{closure#1}, ()>::{closure#1} as core[a373ad73a504971]::ops::function::FnOnce<()>>::call_once::{shim:vtable#0}
[INFO] [stdout]   16:     0x5ded8848dfaf - <std[617be2ca0a6fd877]::sys::thread::unix::Thread>::new::thread_start
[INFO] [stdout]   17:     0x7b314dd31dfa - <unknown>
[INFO] [stdout]   18:     0x7b314ddc53d4 - clone
[INFO] [stdout]   19:                0x0 - <unknown>
[INFO] [stdout] 
[INFO] [stdout] 
[INFO] [stdout] failures:
[INFO] [stdout]     golden_suite
[INFO] [stdout]     harness_unit_tests::an_unknown_subcommand_actually_exits_nonzero
[INFO] [stdout]     harness_unit_tests::exit_code_check_accepts_matching_status
[INFO] [stdout]     harness_unit_tests::exit_code_check_rejects_matching_status_when_header_disagrees
[INFO] [stdout]     version_stdout_contains_no_carriage_return
[INFO] [stdout] 
[INFO] [stdout] test result: FAILED. 19 passed; 5 failed; 0 ignored; 0 measured; 0 filtered out; finished in 0.12s
[INFO] [stdout] 
[INFO] running `Command { std: "docker" "inspect" "b5e2194f54e3ad79c60010055aa90da06c332d6db85d7f31ad91e1850d626588", kill_on_drop: false }`
[INFO] running `Command { std: "docker" "rm" "-f" "b5e2194f54e3ad79c60010055aa90da06c332d6db85d7f31ad91e1850d626588", kill_on_drop: false }`
[INFO] [stdout] b5e2194f54e3ad79c60010055aa90da06c332d6db85d7f31ad91e1850d626588
