[INFO] cloning repository https://github.com/IamKenae/idlebox
[INFO] running `Command { std: "git" "-c" "credential.helper=" "-c" "credential.helper=/workspace/cargo-home/bin/git-credential-null" "clone" "--bare" "https://github.com/IamKenae/idlebox" "/workspace/cache/git-repos/https%3A%2F%2Fgithub.com%2FIamKenae%2Fidlebox", kill_on_drop: false }`
[INFO] [stderr] Cloning into bare repository '/workspace/cache/git-repos/https%3A%2F%2Fgithub.com%2FIamKenae%2Fidlebox'...
[INFO] running `Command { std: "git" "rev-parse" "HEAD", kill_on_drop: false }`
[INFO] [stdout] fff499ae65d185898eaab1bd3085afcd1b765d5d
[INFO] testing IamKenae/idlebox against 1.100.0-beta.1+cargoflags=--release for beta-release-1.100-3
[INFO] running `Command { std: "git" "clone" "/workspace/cache/git-repos/https%3A%2F%2Fgithub.com%2FIamKenae%2Fidlebox" "/workspace/builds/worker-2-tc2/source", kill_on_drop: false }`
[INFO] [stderr] Cloning into '/workspace/builds/worker-2-tc2/source'...
[INFO] [stderr] done.
[INFO] started tweaking git repo https://github.com/IamKenae/idlebox
[INFO] finished tweaking git repo https://github.com/IamKenae/idlebox
[INFO] tweaked toml for git repo https://github.com/IamKenae/idlebox written to /workspace/builds/worker-2-tc2/source/Cargo.toml
[INFO] validating manifest of git repo https://github.com/IamKenae/idlebox on toolchain 1.100.0-beta.1
[INFO] running `Command { std: CARGO_HOME="/workspace/cargo-home" RUSTUP_HOME="/workspace/rustup-home" "/workspace/cargo-home/bin/cargo" "+1.100.0-beta.1" "metadata" "--manifest-path" "Cargo.toml" "--no-deps", kill_on_drop: false }`
[INFO] crate git repo https://github.com/IamKenae/idlebox already has a lockfile, it will not be regenerated
[INFO] running `Command { std: CARGO_HOME="/workspace/cargo-home" RUSTUP_HOME="/workspace/rustup-home" "/workspace/cargo-home/bin/cargo" "+1.100.0-beta.1" "fetch" "--manifest-path" "Cargo.toml", kill_on_drop: false }`
[INFO] running `Command { std: "docker" "create" "-v" "/var/lib/crater-agent-workspace/builds/worker-2-tc2/source:/opt/rustwide/workdir:ro,Z" "-v" "/var/lib/crater-agent-workspace/builds/worker-2-tc2/target:/opt/rustwide/target:rw,Z" "-v" "/var/lib/crater-agent-workspace/cargo-home:/opt/rustwide/cargo-home:ro,Z" "-v" "/var/lib/crater-agent-workspace/rustup-home:/opt/rustwide/rustup-home:ro,Z" "-m" "1610612736" "--network" "none" "ghcr.io/rust-lang/crates-build-env/linux@sha256:77db811e55d90add9212f6832c23229e3de5f1c1f9905e8cb07319ea15df73ac" "sleep" "infinity", kill_on_drop: false }`
[INFO] [stdout] 09ef3185d4e3515039da5f0426e5c59624e648841bc701977981b2a1d30c59da
[INFO] running `Command { std: "docker" "start" "09ef3185d4e3515039da5f0426e5c59624e648841bc701977981b2a1d30c59da", kill_on_drop: false }`
[INFO] running `Command { std: "docker" "inspect" "09ef3185d4e3515039da5f0426e5c59624e648841bc701977981b2a1d30c59da", kill_on_drop: false }`
[INFO] running `Command { std: "docker" "exec" "-e" "SOURCE_DIR=/opt/rustwide/workdir" "-e" "CARGO_HOME=/opt/rustwide/cargo-home" "-e" "RUSTUP_HOME=/opt/rustwide/rustup-home" "-e" "CARGO_TARGET_DIR=/opt/rustwide/target" "-w" "/opt/rustwide/workdir" "--user" "0:0" "09ef3185d4e3515039da5f0426e5c59624e648841bc701977981b2a1d30c59da" "/opt/rustwide/cargo-home/bin/cargo" "+1.100.0-beta.1" "metadata" "--no-deps" "--format-version=1", kill_on_drop: false }`
[INFO] running `Command { std: "docker" "inspect" "09ef3185d4e3515039da5f0426e5c59624e648841bc701977981b2a1d30c59da", kill_on_drop: false }`
[INFO] running `Command { std: "docker" "exec" "-e" "SOURCE_DIR=/opt/rustwide/workdir" "-e" "CARGO_HOME=/opt/rustwide/cargo-home" "-e" "RUSTUP_HOME=/opt/rustwide/rustup-home" "-e" "CARGO_TARGET_DIR=/opt/rustwide/target" "-e" "CARGO_INCREMENTAL=0" "-e" "RUST_BACKTRACE=full" "-e" "RUSTFLAGS=--cap-lints=warn" "-e" "RUSTDOCFLAGS=--cap-lints=warn" "-w" "/opt/rustwide/workdir" "--user" "0:0" "09ef3185d4e3515039da5f0426e5c59624e648841bc701977981b2a1d30c59da" "/opt/rustwide/cargo-home/bin/cargo" "+1.100.0-beta.1" "build" "--frozen" "--message-format=json" "--release", kill_on_drop: false }`
[INFO] [stderr]    Compiling crc32fast v1.5.0
[INFO] [stderr]    Compiling adler2 v2.0.1
[INFO] [stderr]    Compiling simd-adler32 v0.3.10
[INFO] [stderr]    Compiling cfg-if v1.0.4
[INFO] [stderr]    Compiling miniz_oxide v0.8.9
[INFO] [stderr]    Compiling flate2 v1.1.9
[INFO] [stderr]    Compiling idlebox v0.2.0 (/opt/rustwide/workdir)
[INFO] [stderr]     Finished `release` profile [optimized] target(s) in 22.54s
[INFO] running `Command { std: "docker" "inspect" "09ef3185d4e3515039da5f0426e5c59624e648841bc701977981b2a1d30c59da", kill_on_drop: false }`
[INFO] running `Command { std: "docker" "exec" "-e" "SOURCE_DIR=/opt/rustwide/workdir" "-e" "CARGO_HOME=/opt/rustwide/cargo-home" "-e" "RUSTUP_HOME=/opt/rustwide/rustup-home" "-e" "CARGO_TARGET_DIR=/opt/rustwide/target" "-e" "CARGO_INCREMENTAL=0" "-e" "RUST_BACKTRACE=full" "-e" "RUSTFLAGS=--cap-lints=warn" "-e" "RUSTDOCFLAGS=--cap-lints=warn" "-w" "/opt/rustwide/workdir" "--user" "0:0" "09ef3185d4e3515039da5f0426e5c59624e648841bc701977981b2a1d30c59da" "/opt/rustwide/cargo-home/bin/cargo" "+1.100.0-beta.1" "test" "--frozen" "--no-run" "--message-format=json" "--release", kill_on_drop: false }`
[INFO] [stderr]    Compiling cfg-if v1.0.4
[INFO] [stderr]    Compiling libc v0.2.189
[INFO] [stderr]    Compiling rustix v1.1.4
[INFO] [stderr]    Compiling getrandom v0.4.3
[INFO] [stderr]    Compiling adler2 v2.0.1
[INFO] [stderr]    Compiling simd-adler32 v0.3.10
[INFO] [stderr]    Compiling linux-raw-sys v0.12.1
[INFO] [stderr]    Compiling bitflags v2.13.1
[INFO] [stderr]    Compiling fastrand v2.5.0
[INFO] [stderr]    Compiling once_cell v1.21.4
[INFO] [stderr]    Compiling crc32fast v1.5.0
[INFO] [stderr]    Compiling miniz_oxide v0.8.9
[INFO] [stderr]    Compiling flate2 v1.1.9
[INFO] [stderr]    Compiling tempfile v3.27.0
[INFO] [stderr]    Compiling idlebox v0.2.0 (/opt/rustwide/workdir)
[INFO] [stderr]     Finished `release` profile [optimized] target(s) in 57.21s
[INFO] running `Command { std: "docker" "inspect" "09ef3185d4e3515039da5f0426e5c59624e648841bc701977981b2a1d30c59da", kill_on_drop: false }`
[INFO] running `Command { std: "docker" "exec" "-e" "SOURCE_DIR=/opt/rustwide/workdir" "-e" "CARGO_HOME=/opt/rustwide/cargo-home" "-e" "RUSTUP_HOME=/opt/rustwide/rustup-home" "-e" "CARGO_TARGET_DIR=/opt/rustwide/target" "-e" "CARGO_INCREMENTAL=0" "-e" "RUST_BACKTRACE=full" "-e" "RUSTFLAGS=--cap-lints=warn" "-e" "RUSTDOCFLAGS=--cap-lints=warn" "-w" "/opt/rustwide/workdir" "--user" "0:0" "09ef3185d4e3515039da5f0426e5c59624e648841bc701977981b2a1d30c59da" "/opt/rustwide/cargo-home/bin/cargo" "+1.100.0-beta.1" "test" "--frozen" "--release", kill_on_drop: false }`
[INFO] [stderr]     Finished `release` profile [optimized] target(s) in 0.05s
[INFO] [stderr]      Running unittests src/main.rs (/opt/rustwide/target/release/build/idlebox/19b2e32092bfcdbe/out/idlebox-19b2e32092bfcdbe)
[INFO] [stdout] 
[INFO] [stdout] running 64 tests
[INFO] [stdout] test applets::basename::tests::strips_directories_and_trailing_slashes ... ok
[INFO] [stdout] test applets::chown::tests::group_only_keeps_owner_unchanged ... ok
[INFO] [stdout] test applets::env::tests::validates_environment_names ... ok
[INFO] [stdout] test applets::gzip::tests::maps_gzip_and_tgz_names ... ok
[INFO] [stdout] test applets::gzip::tests::failed_forced_transform_preserves_input_and_destination ... ok
[INFO] [stdout] test applets::gzip::tests::parses_combined_options_and_operands ... ok
[INFO] [stdout] test applets::gzip::tests::rejects_unknown_decompression_suffix ... ok
[INFO] [stdout] test applets::printf::tests::formats_integers_width_and_precision ... ok
[INFO] [stdout] test applets::printf::tests::formats_scientific_and_general_floats ... ok
[INFO] [stdout] test applets::printf::tests::missing_character_argument_defaults_to_nul ... ok
[INFO] [stdout] test applets::chown::tests::explicit_owner_and_group_are_both_applied ... ok
[INFO] [stdout] test applets::dirname::tests::strips_last_path_component ... ok
[INFO] [stdout] test applets::df::tests::proc_mount_escapes_are_octal ... ok
[INFO] [stdout] test applets::printf::tests::format_octal_escape_uses_three_digits ... ok
[INFO] [stdout] test applets::printf::tests::percent_b_c_stops_all_output ... ok
[INFO] [stdout] test applets::printf::tests::repeats_format_to_consume_arguments ... ok
[INFO] [stdout] test applets::chown::tests::owner_only_keeps_group_unchanged ... ok
[INFO] [stdout] test applets::gzip::tests::file_transforms_preserve_private_permissions ... ok
[INFO] [stdout] test applets::printf::tests::expands_percent_b_escapes ... ok
[INFO] [stdout] test applets::sleep::tests::rejects_invalid_durations ... ok
[INFO] [stdout] test applets::tar::tests::failed_create_preserves_existing_archive_and_cleans_staging_file ... ok
[INFO] [stdout] test applets::tar::tests::directory_modes_are_applied_deepest_first_after_extraction ... ok
[INFO] [stdout] test applets::tar::tests::portable_modes_do_not_make_regular_files_executable ... ok
[INFO] [stdout] test applets::sleep::tests::parses_fractional_and_suffixed_durations ... ok
[INFO] [stdout] test applets::sort::tests::compares_decimal_numbers_without_float_conversion ... ok
[INFO] [stdout] test applets::tar::tests::gzip_mode_reads_concatenated_members_as_one_tar_stream ... ok
[INFO] [stdout] test applets::tar::tests::create_excludes_archive_inside_recursive_input ... ok
[INFO] [stdout] test applets::tar::tests::truncated_entry_does_not_damage_existing_target ... ok
[INFO] [stdout] test applets::tar::tests::readonly_existing_archive_is_not_replaced_without_write_access ... ok
[INFO] [stdout] test applets::tar::tests::zero_header_is_not_a_member ... ok
[INFO] [stdout] test applets::tar::tests::unsafe_member_names_are_rejected ... ok
[INFO] [stdout] test applets::tar::tests::successful_create_preserves_existing_archive_mode ... ok
[INFO] [stdout] test applets::tree::tests::json_escape_handles_quotes_and_controls ... ok
[INFO] [stdout] test applets::tree::tests::pattern_match_handles_wildcards ... ok
[INFO] [stdout] test applets::tree::tests::pattern_match_handles_character_classes ... ok
[INFO] [stdout] test applets::tree::tests::pattern_match_handles_alternation ... ok
[INFO] [stdout] test applets::tree::tests::pattern_match_handles_escapes ... ok
[INFO] [stdout] test applets::tar::tests::create_rejects_archive_symlink_target_inside_recursive_input ... ok
[INFO] [stdout] test applets::tree::tests::url_encode_escapes_everything_but_unreserved ... ok
[INFO] [stdout] test applets::tree::tests::xml_escape_handles_entities_and_controls ... ok
[INFO] [stdout] test applets::tar::tests::create_follows_output_symlink_and_preserves_the_link ... ok
[INFO] [stdout] test applets::tree::tests::xml_escape_replaces_bytes_that_are_not_utf8 ... ok
[INFO] [stdout] test applets::unzip::tests::unix_mode_distinguishes_missing_attributes_from_explicit_mode_zero ... ok
[INFO] [stdout] test applets::uptime::tests::leap_year_handles_century_rules ... ok
[INFO] [stdout] test applets::uptime::tests::load_average_has_two_decimal_places ... ok
[INFO] [stdout] test applets::unzip::tests::file_with_archived_mode_starts_private ... ok
[INFO] [stdout] test applets::wc::tests::streaming_counts_match_lossy_reference_for_all_chunk_boundaries ... ok
[INFO] [stdout] test core::dispatcher::tests::applet_registry_has_unique_names ... ok
[INFO] [stdout] test core::size_format::tests::formats_binary_sizes_without_floating_point ... ok
[INFO] [stdout] test core::size_format::tests::rounds_percentages_without_overflow ... ok
[INFO] [stdout] test tests::recognizes_broken_pipe_errors ... ok
[INFO] [stdout] test tests::strips_exe_suffix_case_insensitively ... ok
[INFO] [stdout] test applets::unzip::tests::crc_failure_preserves_existing_target_and_its_mode ... ok
[INFO] [stdout] test applets::unzip::tests::failed_entry_leaves_directory_modes_unapplied ... ok
[INFO] [stdout] test applets::tree::tests::pattern_match_backtracks_across_elements ... ok
[INFO] [stdout] test applets::tree::tests::pattern_match_does_not_backtrack_exponentially ... ok
[INFO] [stdout] test applets::tar::tests::create_rejects_direct_input_without_truncating_it ... ok
[INFO] [stdout] test applets::tar::tests::create_rejects_hard_link_alias_inside_recursive_input ... ok
[INFO] [stdout] test applets::tar::tests::create_rejects_hard_link_alias_without_truncating_it ... ok
[INFO] [stdout] test applets::unzip::tests::extraction_preserves_file_and_directory_modes ... ok
[INFO] [stdout] test applets::tar::tests::escaping_symlink_targets_are_rejected ... ok
[INFO] [stdout] test applets::tar::tests::create_rejects_symlink_alias_without_truncating_its_target ... ok
[INFO] [stdout] test applets::pwd::tests::rejects_logical_paths_with_dot_components ... ok
[INFO] [stderr]      Running tests/b3sum.rs (/opt/rustwide/target/release/build/idlebox/285f0d0663538831/out/b3sum-285f0d0663538831)
[INFO] [stdout] test applets::chown::tests::serializes_legacy_account_lookups ... ok
[INFO] [stdout] 
[INFO] [stdout] test result: ok. 64 passed; 0 failed; 0 ignored; 0 measured; 0 filtered out; finished in 0.02s
[INFO] [stdout] 
[INFO] [stdout] 
[INFO] [stdout] running 4 tests
[INFO] [stdout] test test_b3sum_check ... FAILED
[INFO] [stdout] test test_b3sum_basic ... FAILED
[INFO] [stderr] error: test failed, to rerun pass `--test b3sum`
[INFO] [stdout] test test_b3sum_parallel_large_remainder ... FAILED
[INFO] [stdout] test test_b3sum_parallel_large ... FAILED
[INFO] [stdout] 
[INFO] [stdout] failures:
[INFO] [stdout] 
[INFO] [stdout] ---- test_b3sum_check stdout ----
[INFO] [stdout] 
[INFO] [stdout] thread 'test_b3sum_check' (662) panicked at tests/b3sum.rs:43:10:
[INFO] [stdout] called `Result::unwrap()` on an `Err` value: Os { code: 2, kind: NotFound, message: "No such file or directory" }
[INFO] [stdout] stack backtrace:
[INFO] [stdout]    0:     0x5f2baf27f095 - <unknown>
[INFO] [stdout]    1:     0x5f2baf268694 - <unknown>
[INFO] [stdout]    2:     0x5f2baf27e73b - <unknown>
[INFO] [stdout]    3:     0x5f2baf27e339 - <unknown>
[INFO] [stdout]    4:     0x5f2baf27dfba - <unknown>
[INFO] [stdout]    5:     0x5f2baf27daeb - <unknown>
[INFO] [stdout]    6:     0x5f2baf2a3941 - <unknown>
[INFO] [stdout]    7:     0x5f2baf2a38f9 - <unknown>
[INFO] [stdout]    8:     0x5f2baf2a3dec - <unknown>
[INFO] [stdout]    9:     0x5f2baf26852b - <unknown>
[INFO] [stdout]   10:     0x5f2baf26b2a1 - <unknown>
[INFO] [stdout]   11:     0x5f2baf26648b - <unknown>
[INFO] [stdout]   12:     0x5f2baf2bc60b - <unknown>
[INFO] [stdout]   13:     0x5f2baf2b8896 - <unknown>
[INFO] [stdout]   14:     0x5f2baf2b80bc - <unknown>
[INFO] [stdout]   15:     0x5f2baf2d64ec - <unknown>
[INFO] [stdout]   16:     0x5f2baf2a5618 - <unknown>
[INFO] [stdout]   17:     0x7f6da2daedfa - <unknown>
[INFO] [stdout]   18:     0x7f6da2e423d4 - clone
[INFO] [stdout]   19:                0x0 - <unknown>
[INFO] [stdout] 
[INFO] [stdout] ---- test_b3sum_basic stdout ----
[INFO] [stdout] 
[INFO] [stdout] thread 'test_b3sum_basic' (661) panicked at tests/b3sum.rs:14:70:
[INFO] [stdout] called `Result::unwrap()` on an `Err` value: Os { code: 2, kind: NotFound, message: "No such file or directory" }
[INFO] [stdout] stack backtrace:
[INFO] [stdout]    0:     0x5f2baf27f095 - <unknown>
[INFO] [stdout]    1:     0x5f2baf268694 - <unknown>
[INFO] [stdout]    2:     0x5f2baf27e73b - <unknown>
[INFO] [stdout]    3:     0x5f2baf27e339 - <unknown>
[INFO] [stdout]    4:     0x5f2baf27dfba - <unknown>
[INFO] [stdout]    5:     0x5f2baf27daeb - <unknown>
[INFO] [stdout]    6:     0x5f2baf2a3941 - <unknown>
[INFO] [stdout]    7:     0x5f2baf2a38f9 - <unknown>
[INFO] [stdout]    8:     0x5f2baf2a3dec - <unknown>
[INFO] [stdout]    9:     0x5f2baf26852b - <unknown>
[INFO] [stdout]   10:     0x5f2baf26b2a1 - <unknown>
[INFO] [stdout]   11:     0x5f2baf265fb9 - <unknown>
[INFO] [stdout]   12:     0x5f2baf2bc60b - <unknown>
[INFO] [stdout]   13:     0x5f2baf2b8896 - <unknown>
[INFO] [stdout]   14:     0x5f2baf2b80bc - <unknown>
[INFO] [stdout]   15:     0x5f2baf2d64ec - <unknown>
[INFO] [stdout]   16:     0x5f2baf2a5618 - <unknown>
[INFO] [stdout]   17:     0x7f6da2daedfa - <unknown>
[INFO] [stdout]   18:     0x7f6da2e423d4 - clone
[INFO] [stdout]   19:                0x0 - <unknown>
[INFO] [stdout] 
[INFO] [stdout] ---- test_b3sum_parallel_large_remainder stdout ----
[INFO] [stdout] 
[INFO] [stdout] thread 'test_b3sum_parallel_large_remainder' (664) panicked at tests/b3sum.rs:83:10:
[INFO] [stdout] called `Result::unwrap()` on an `Err` value: Os { code: 2, kind: NotFound, message: "No such file or directory" }
[INFO] [stdout] stack backtrace:
[INFO] [stdout]    0:     0x5f2baf27f095 - <unknown>
[INFO] [stdout]    1:     0x5f2baf268694 - <unknown>
[INFO] [stdout]    2:     0x5f2baf27e73b - <unknown>
[INFO] [stdout]    3:     0x5f2baf27e339 - <unknown>
[INFO] [stdout]    4:     0x5f2baf27dfba - <unknown>
[INFO] [stdout]    5:     0x5f2baf27daeb - <unknown>
[INFO] [stdout]    6:     0x5f2baf2a3941 - <unknown>
[INFO] [stdout]    7:     0x5f2baf2a38f9 - <unknown>
[INFO] [stdout]    8:     0x5f2baf2a3dec - <unknown>
[INFO] [stdout]    9:     0x5f2baf26852b - <unknown>
[INFO] [stdout]   10:     0x5f2baf26b2a1 - <unknown>
[INFO] [stdout]   11:     0x5f2baf266e7a - <unknown>
[INFO] [stdout]   12:     0x5f2baf2bc60b - <unknown>
[INFO] [stdout]   13:     0x5f2baf2b8896 - <unknown>
[INFO] [stdout]   14:     0x5f2baf2b80bc - <unknown>
[INFO] [stdout]   15:     0x5f2baf2d64ec - <unknown>
[INFO] [stdout]   16:     0x5f2baf2a5618 - <unknown>
[INFO] [stdout]   17:     0x7f6da2daedfa - <unknown>
[INFO] [stdout]   18:     0x7f6da2e423d4 - clone
[INFO] [stdout]   19:                0x0 - <unknown>
[INFO] [stdout] 
[INFO] [stdout] ---- test_b3sum_parallel_large stdout ----
[INFO] [stdout] 
[INFO] [stdout] thread 'test_b3sum_parallel_large' (663) panicked at tests/b3sum.rs:58:70:
[INFO] [stdout] called `Result::unwrap()` on an `Err` value: Os { code: 2, kind: NotFound, message: "No such file or directory" }
[INFO] [stdout] stack backtrace:
[INFO] [stdout]    0:     0x5f2baf27f095 - <unknown>
[INFO] [stdout]    1:     0x5f2baf268694 - <unknown>
[INFO] [stdout]    2:     0x5f2baf27e73b - <unknown>
[INFO] [stdout]    3:     0x5f2baf27e339 - <unknown>
[INFO] [stdout]    4:     0x5f2baf27dfba - <unknown>
[INFO] [stdout]    5:     0x5f2baf27daeb - <unknown>
[INFO] [stdout]    6:     0x5f2baf2a3941 - <unknown>
[INFO] [stdout]    7:     0x5f2baf2a38f9 - <unknown>
[INFO] [stdout]    8:     0x5f2baf2a3dec - <unknown>
[INFO] [stdout]    9:     0x5f2baf26852b - <unknown>
[INFO] [stdout]   10:     0x5f2baf26b2a1 - <unknown>
[INFO] [stdout]   11:     0x5f2baf266989 - <unknown>
[INFO] [stdout]   12:     0x5f2baf2bc60b - <unknown>
[INFO] [stdout]   13:     0x5f2baf2b8896 - <unknown>
[INFO] [stdout]   14:     0x5f2baf2b80bc - <unknown>
[INFO] [stdout]   15:     0x5f2baf2d64ec - <unknown>
[INFO] [stdout]   16:     0x5f2baf2a5618 - <unknown>
[INFO] [stdout]   17:     0x7f6da2daedfa - <unknown>
[INFO] [stdout]   18:     0x7f6da2e423d4 - clone
[INFO] [stdout]   19:                0x0 - <unknown>
[INFO] [stdout] 
[INFO] [stdout] 
[INFO] [stdout] failures:
[INFO] [stdout]     test_b3sum_basic
[INFO] [stdout]     test_b3sum_check
[INFO] [stdout]     test_b3sum_parallel_large
[INFO] [stdout]     test_b3sum_parallel_large_remainder
[INFO] [stdout] 
[INFO] [stdout] test result: FAILED. 0 passed; 4 failed; 0 ignored; 0 measured; 0 filtered out; finished in 0.01s
[INFO] [stdout] 
[INFO] running `Command { std: "docker" "inspect" "09ef3185d4e3515039da5f0426e5c59624e648841bc701977981b2a1d30c59da", kill_on_drop: false }`
[INFO] running `Command { std: "docker" "rm" "-f" "09ef3185d4e3515039da5f0426e5c59624e648841bc701977981b2a1d30c59da", kill_on_drop: false }`
[INFO] [stdout] 09ef3185d4e3515039da5f0426e5c59624e648841bc701977981b2a1d30c59da
