[INFO] cloning repository https://github.com/IDjinn/xsql
[INFO] running `Command { std: "git" "-c" "credential.helper=" "-c" "credential.helper=/workspace/cargo-home/bin/git-credential-null" "clone" "--bare" "https://github.com/IDjinn/xsql" "/workspace/cache/git-repos/https%3A%2F%2Fgithub.com%2FIDjinn%2Fxsql", kill_on_drop: false }`
[INFO] [stderr] Cloning into bare repository '/workspace/cache/git-repos/https%3A%2F%2Fgithub.com%2FIDjinn%2Fxsql'...
[INFO] running `Command { std: "git" "rev-parse" "HEAD", kill_on_drop: false }`
[INFO] [stdout] 146d761847372caeb477586ac54c26e21d512e53
[INFO] testing IDjinn/xsql against 1.100.0-beta.1+cargoflags=--release for beta-release-1.100-3
[INFO] running `Command { std: "git" "clone" "/workspace/cache/git-repos/https%3A%2F%2Fgithub.com%2FIDjinn%2Fxsql" "/workspace/builds/worker-7-tc2/source", kill_on_drop: false }`
[INFO] [stderr] Cloning into '/workspace/builds/worker-7-tc2/source'...
[INFO] [stderr] done.
[INFO] started tweaking git repo https://github.com/IDjinn/xsql
[INFO] finished tweaking git repo https://github.com/IDjinn/xsql
[INFO] tweaked toml for git repo https://github.com/IDjinn/xsql written to /workspace/builds/worker-7-tc2/source/Cargo.toml
[INFO] validating manifest of git repo https://github.com/IDjinn/xsql on toolchain 1.100.0-beta.1
[INFO] running `Command { std: CARGO_HOME="/workspace/cargo-home" RUSTUP_HOME="/workspace/rustup-home" "/workspace/cargo-home/bin/cargo" "+1.100.0-beta.1" "metadata" "--manifest-path" "Cargo.toml" "--no-deps", kill_on_drop: false }`
[INFO] crate git repo https://github.com/IDjinn/xsql already has a lockfile, it will not be regenerated
[INFO] running `Command { std: CARGO_HOME="/workspace/cargo-home" RUSTUP_HOME="/workspace/rustup-home" "/workspace/cargo-home/bin/cargo" "+1.100.0-beta.1" "fetch" "--manifest-path" "Cargo.toml", kill_on_drop: false }`
[INFO] running `Command { std: "docker" "create" "-v" "/var/lib/crater-agent-workspace/builds/worker-7-tc2/source:/opt/rustwide/workdir:ro,Z" "-v" "/var/lib/crater-agent-workspace/builds/worker-7-tc2/target:/opt/rustwide/target:rw,Z" "-v" "/var/lib/crater-agent-workspace/cargo-home:/opt/rustwide/cargo-home:ro,Z" "-v" "/var/lib/crater-agent-workspace/rustup-home:/opt/rustwide/rustup-home:ro,Z" "-m" "1610612736" "--network" "none" "ghcr.io/rust-lang/crates-build-env/linux@sha256:77db811e55d90add9212f6832c23229e3de5f1c1f9905e8cb07319ea15df73ac" "sleep" "infinity", kill_on_drop: false }`
[INFO] [stdout] f5a7c0b22519f30b018f3be8ef9ae99ba57f4165ef86a43e97605b6b7d8a4a80
[INFO] running `Command { std: "docker" "start" "f5a7c0b22519f30b018f3be8ef9ae99ba57f4165ef86a43e97605b6b7d8a4a80", kill_on_drop: false }`
[INFO] running `Command { std: "docker" "inspect" "f5a7c0b22519f30b018f3be8ef9ae99ba57f4165ef86a43e97605b6b7d8a4a80", kill_on_drop: false }`
[INFO] running `Command { std: "docker" "exec" "-e" "SOURCE_DIR=/opt/rustwide/workdir" "-e" "CARGO_HOME=/opt/rustwide/cargo-home" "-e" "RUSTUP_HOME=/opt/rustwide/rustup-home" "-e" "CARGO_TARGET_DIR=/opt/rustwide/target" "-w" "/opt/rustwide/workdir" "--user" "0:0" "f5a7c0b22519f30b018f3be8ef9ae99ba57f4165ef86a43e97605b6b7d8a4a80" "/opt/rustwide/cargo-home/bin/cargo" "+1.100.0-beta.1" "metadata" "--no-deps" "--format-version=1", kill_on_drop: false }`
[INFO] running `Command { std: "docker" "inspect" "f5a7c0b22519f30b018f3be8ef9ae99ba57f4165ef86a43e97605b6b7d8a4a80", kill_on_drop: false }`
[INFO] running `Command { std: "docker" "exec" "-e" "SOURCE_DIR=/opt/rustwide/workdir" "-e" "CARGO_HOME=/opt/rustwide/cargo-home" "-e" "RUSTUP_HOME=/opt/rustwide/rustup-home" "-e" "CARGO_TARGET_DIR=/opt/rustwide/target" "-e" "CARGO_INCREMENTAL=0" "-e" "RUST_BACKTRACE=full" "-e" "RUSTFLAGS=--cap-lints=warn" "-e" "RUSTDOCFLAGS=--cap-lints=warn" "-w" "/opt/rustwide/workdir" "--user" "0:0" "f5a7c0b22519f30b018f3be8ef9ae99ba57f4165ef86a43e97605b6b7d8a4a80" "/opt/rustwide/cargo-home/bin/cargo" "+1.100.0-beta.1" "build" "--frozen" "--message-format=json" "--release", kill_on_drop: false }`
[INFO] [stderr]    Compiling crossbeam-utils v0.8.22
[INFO] [stderr]    Compiling crossbeam-epoch v0.9.20
[INFO] [stderr]    Compiling crossbeam-deque v0.8.7
[INFO] [stderr]    Compiling rayon-core v1.13.0
[INFO] [stderr]    Compiling cfg-if v1.0.4
[INFO] [stderr]    Compiling either v1.16.0
[INFO] [stderr]    Compiling memchr v2.8.3
[INFO] [stderr]    Compiling xsql-tests v0.1.0 (/opt/rustwide/workdir/xsql-tests)
[INFO] [stderr]    Compiling encoding_rs v0.8.35
[INFO] [stderr]    Compiling quick-xml v0.37.5
[INFO] [stderr]    Compiling rayon v1.12.0
[INFO] [stderr]    Compiling xsql v0.7.2 (/opt/rustwide/workdir/xsql)
[INFO] [stderr]     Finished `release` profile [optimized] target(s) in 23.13s
[INFO] running `Command { std: "docker" "inspect" "f5a7c0b22519f30b018f3be8ef9ae99ba57f4165ef86a43e97605b6b7d8a4a80", kill_on_drop: false }`
[INFO] running `Command { std: "docker" "exec" "-e" "SOURCE_DIR=/opt/rustwide/workdir" "-e" "CARGO_HOME=/opt/rustwide/cargo-home" "-e" "RUSTUP_HOME=/opt/rustwide/rustup-home" "-e" "CARGO_TARGET_DIR=/opt/rustwide/target" "-e" "CARGO_INCREMENTAL=0" "-e" "RUST_BACKTRACE=full" "-e" "RUSTFLAGS=--cap-lints=warn" "-e" "RUSTDOCFLAGS=--cap-lints=warn" "-w" "/opt/rustwide/workdir" "--user" "0:0" "f5a7c0b22519f30b018f3be8ef9ae99ba57f4165ef86a43e97605b6b7d8a4a80" "/opt/rustwide/cargo-home/bin/cargo" "+1.100.0-beta.1" "test" "--frozen" "--no-run" "--message-format=json" "--release", kill_on_drop: false }`
[INFO] [stderr]    Compiling xsql v0.7.2 (/opt/rustwide/workdir/xsql)
[INFO] [stderr]    Compiling xsql-tests v0.1.0 (/opt/rustwide/workdir/xsql-tests)
[INFO] [stderr]     Finished `release` profile [optimized] target(s) in 53.70s
[INFO] running `Command { std: "docker" "inspect" "f5a7c0b22519f30b018f3be8ef9ae99ba57f4165ef86a43e97605b6b7d8a4a80", kill_on_drop: false }`
[INFO] running `Command { std: "docker" "exec" "-e" "SOURCE_DIR=/opt/rustwide/workdir" "-e" "CARGO_HOME=/opt/rustwide/cargo-home" "-e" "RUSTUP_HOME=/opt/rustwide/rustup-home" "-e" "CARGO_TARGET_DIR=/opt/rustwide/target" "-e" "CARGO_INCREMENTAL=0" "-e" "RUST_BACKTRACE=full" "-e" "RUSTFLAGS=--cap-lints=warn" "-e" "RUSTDOCFLAGS=--cap-lints=warn" "-w" "/opt/rustwide/workdir" "--user" "0:0" "f5a7c0b22519f30b018f3be8ef9ae99ba57f4165ef86a43e97605b6b7d8a4a80" "/opt/rustwide/cargo-home/bin/cargo" "+1.100.0-beta.1" "test" "--frozen" "--release", kill_on_drop: false }`
[INFO] [stderr]     Finished `release` profile [optimized] target(s) in 0.06s
[INFO] [stderr]      Running unittests src/lib.rs (/opt/rustwide/target/release/build/xsql/c19b393987eabd1a/out/xsql-c19b393987eabd1a)
[INFO] [stdout] 
[INFO] [stdout] running 0 tests
[INFO] [stdout] 
[INFO] [stdout] test result: ok. 0 passed; 0 failed; 0 ignored; 0 measured; 0 filtered out; finished in 0.00s
[INFO] [stdout] 
[INFO] [stderr]      Running unittests src/main.rs (/opt/rustwide/target/release/build/xsql/7b942385a8cd7d93/out/xsql-7b942385a8cd7d93)
[INFO] [stderr]      Running unittests src/lib.rs (/opt/rustwide/target/release/build/xsql-tests/468e2cd47e87d7b9/out/xsql_tests-468e2cd47e87d7b9)
[INFO] [stdout] 
[INFO] [stdout] running 0 tests
[INFO] [stdout] 
[INFO] [stdout] test result: ok. 0 passed; 0 failed; 0 ignored; 0 measured; 0 filtered out; finished in 0.00s
[INFO] [stdout] 
[INFO] [stdout] 
[INFO] [stderr]      Running tests/cli.rs (/opt/rustwide/target/release/build/xsql-tests/573d2eacc4d59d25/out/cli-573d2eacc4d59d25)
[INFO] [stdout] running 0 tests
[INFO] [stdout] 
[INFO] [stdout] test result: ok. 0 passed; 0 failed; 0 ignored; 0 measured; 0 filtered out; finished in 0.00s
[INFO] [stdout] 
[INFO] [stdout] 
[INFO] [stdout] running 32 tests
[INFO] [stdout] test check_stdin_valid_reports_ok ... FAILED
[INFO] [stdout] test eval_flag_selects_group ... FAILED
[INFO] [stdout] test commit_preserves_latin1 ... FAILED
[INFO] [stdout] test encoding_flag_overrides_to_utf8 ... FAILED
[INFO] [stdout] test output_flag_keeps_select_results_on_stdout ... FAILED
[INFO] [stdout] test output_flag_rejected_with_check_mode ... FAILED
[INFO] [stdout] test repl_begin_clears_checkpoints ... FAILED
[INFO] [stdout] test output_flag_writes_exact_bytes ... FAILED
[INFO] [stdout] test repl_atomicity_partial_script_failure ... FAILED
[INFO] [stdout] test check_and_eval_are_mutually_exclusive ... FAILED
[INFO] [stdout] test check_valid_file_reports_ok ... FAILED
[INFO] [stdout] test repl_rollback_discards_edits ... FAILED
[INFO] [stdout] test analyze_report_goes_to_stderr ... FAILED
[INFO] [stdout] test commit_preserves_utf8_bom ... FAILED
[INFO] [stdout] test check_error_shows_line_context ... FAILED
[INFO] [stdout] test check_reads_utf16_and_bom_files ... FAILED
[INFO] [stdout] test repl_checkpoint_and_rollback_to ... FAILED
[INFO] [stdout] test script_from_stdin ... FAILED
[INFO] [stdout] test repl_without_commit_leaves_file_untouched ... FAILED
[INFO] [stdout] test xml_piped_to_use_input ... FAILED
[INFO] [stdout] test usage_error_exit_code ... FAILED
[INFO] [stdout] test stdout_dump_preserves_source_encoding_bytes ... FAILED
[INFO] [stdout] test use_input_with_script_from_stdin_is_rejected ... FAILED
[INFO] [stdout] test repl_rollback_to_unknown_checkpoint_errors ... FAILED
[INFO] [stdout] test check_stdin_malformed_sets_exit_code ... FAILED
[INFO] [stdout] test repl_commit_saves_to_disk ... FAILED
[INFO] [stdout] test check_mixed_files_fails_but_reports_each ... FAILED
[INFO] [stdout] test output_flag_combines_with_encoding_override ... FAILED
[INFO] [stdout] test encoding_flag_overrides_to_utf16 ... FAILED
[INFO] [stdout] test runtime_error_sets_exit_code_and_span ... FAILED
[INFO] [stdout] test scratch_script_runs_verbatim ... FAILED
[INFO] [stdout] test check_stdin_unclosed_tag_is_rejected ... FAILED
[INFO] [stdout] 
[INFO] [stdout] failures:
[INFO] [stdout] 
[INFO] [stdout] ---- check_stdin_valid_reports_ok stdout ----
[INFO] [stdout] 
[INFO] [stdout] thread 'check_stdin_valid_reports_ok' (582) panicked at xsql-tests/tests/cli.rs:16:5:
[INFO] [stdout] binary not built at "/opt/rustwide/target/release/build/xsql-tests/573d2eacc4d59d25/out/xsql"; run `cargo test` from the workspace root
[INFO] [stdout] stack backtrace:
[INFO] [stdout]    0:     0x5af2c0b14f07 - <<std[617be2ca0a6fd877]::sys::backtrace::BacktraceLock>::print::DisplayBacktrace as core[a373ad73a504971]::fmt::Display>::fmt
[INFO] [stdout]    1:     0x5af2c0afd28a - core[a373ad73a504971]::fmt::write
[INFO] [stdout]    2:     0x5af2c0b144bb - <alloc[2e1b2a31b91974c5]::vec::Vec<u8> as core[a373ad73a504971]::io::write::Write>::write_fmt
[INFO] [stdout]    3:     0x5af2c0b13f9f - std[617be2ca0a6fd877]::panicking::default_hook::{closure#0}
[INFO] [stdout]    4:     0x5af2c0b13bca - std[617be2ca0a6fd877]::panicking::default_hook
[INFO] [stdout]    5:     0x5af2c0b13705 - std[617be2ca0a6fd877]::panicking::panic_with_hook
[INFO] [stdout]    6:     0x5af2c0b3a4b1 - std[617be2ca0a6fd877]::panicking::panic_handler::{closure#0}
[INFO] [stdout]    7:     0x5af2c0b3a469 - std[617be2ca0a6fd877]::sys::backtrace::__rust_end_short_backtrace::<std[617be2ca0a6fd877]::panicking::panic_handler::{closure#0}, !>
[INFO] [stdout]    8:     0x5af2c0b3a96c - __rustc[ea4f61d10b84890b]::rust_begin_unwind
[INFO] [stdout]    9:     0x5af2c0afd11b - core[a373ad73a504971]::panicking::panic_fmt
[INFO] [stdout]   10:     0x5af2c0af3987 - cli[de53c913b96d38f8]::xsql_bin
[INFO] [stdout]   11:     0x5af2c0af2c42 - cli[de53c913b96d38f8]::run_xsql
[INFO] [stdout]   12:     0x5af2c0af6e33 - <cli[de53c913b96d38f8]::check_stdin_valid_reports_ok::{closure#0} as core[a373ad73a504971]::ops::function::FnOnce<()>>::call_once
[INFO] [stdout]   13:     0x5af2c0b5556b - test[aada8e7e76ba119b]::__rust_begin_short_backtrace::<core[a373ad73a504971]::result::Result<(), alloc[2e1b2a31b91974c5]::string::String>, fn() -> core[a373ad73a504971]::result::Result<(), alloc[2e1b2a31b91974c5]::string::String>>
[INFO] [stdout]   14:     0x5af2c0b51531 - test[aada8e7e76ba119b]::run_test::{closure#0}
[INFO] [stdout]   15:     0x5af2c0b50d1c - std[617be2ca0a6fd877]::sys::backtrace::__rust_begin_short_backtrace::<test[aada8e7e76ba119b]::run_test::{closure#1}, ()>
[INFO] [stdout]   16:     0x5af2c0b709bc - <std[617be2ca0a6fd877]::thread::lifecycle::spawn_unchecked<test[aada8e7e76ba119b]::run_test::{closure#1}, ()>::{closure#1} as core[a373ad73a504971]::ops::function::FnOnce<()>>::call_once::{shim:vtable#0}
[INFO] [stdout]   17:     0x5af2c0b3c1e4 - <std[617be2ca0a6fd877]::sys::thread::unix::Thread>::new::thread_start
[INFO] [stdout]   18:     0x7c7035676dfa - <unknown>
[INFO] [stdout]   19:     0x7c703570a3d4 - clone
[INFO] [stdout]   20:                0x0 - <unknown>
[INFO] [stdout] 
[INFO] [stdout] ---- eval_flag_selects_group stdout ----
[INFO] [stdout] 
[INFO] [stdout] thread 'eval_flag_selects_group' (588) panicked at xsql-tests/tests/cli.rs:16:5:
[INFO] [stdout] binary not built at "/opt/rustwide/target/release/build/xsql-tests/573d2eacc4d59d25/out/xsql"; run `cargo test` from the workspace root
[INFO] [stdout] stack backtrace:
[INFO] [stdout]    0:     0x5af2c0b14f07 - <<std[617be2ca0a6fd877]::sys::backtrace::BacktraceLock>::print::DisplayBacktrace as core[a373ad73a504971]::fmt::Display>::fmt
[INFO] [stdout]    1:     0x5af2c0afd28a - core[a373ad73a504971]::fmt::write
[INFO] [stdout]    2:     0x5af2c0b144bb - <alloc[2e1b2a31b91974c5]::vec::Vec<u8> as core[a373ad73a504971]::io::write::Write>::write_fmt
[INFO] [stdout]    3:     0x5af2c0b13f9f - std[617be2ca0a6fd877]::panicking::default_hook::{closure#0}
[INFO] [stdout]    4:     0x5af2c0b13bca - std[617be2ca0a6fd877]::panicking::default_hook
[INFO] [stdout]    5:     0x5af2c0b13705 - std[617be2ca0a6fd877]::panicking::panic_with_hook
[INFO] [stdout]    6:     0x5af2c0b3a4b1 - std[617be2ca0a6fd877]::panicking::panic_handler::{closure#0}
[INFO] [stdout]    7:     0x5af2c0b3a469 - std[617be2ca0a6fd877]::sys::backtrace::__rust_end_short_backtrace::<std[617be2ca0a6fd877]::panicking::panic_handler::{closure#0}, !>
[INFO] [stdout]    8:     0x5af2c0b3a96c - __rustc[ea4f61d10b84890b]::rust_begin_unwind
[INFO] [stdout]    9:     0x5af2c0afd11b - core[a373ad73a504971]::panicking::panic_fmt
[INFO] [stdout]   10:     0x5af2c0af3987 - cli[de53c913b96d38f8]::xsql_bin
[INFO] [stdout]   11:     0x5af2c0af2c42 - cli[de53c913b96d38f8]::run_xsql
[INFO] [stdout]   12:     0x5af2c0af6816 - <cli[de53c913b96d38f8]::eval_flag_selects_group::{closure#0} as core[a373ad73a504971]::ops::function::FnOnce<()>>::call_once
[INFO] [stdout]   13:     0x5af2c0b5556b - test[aada8e7e76ba119b]::__rust_begin_short_backtrace::<core[a373ad73a504971]::result::Result<(), alloc[2e1b2a31b91974c5]::string::String>, fn() -> core[a373ad73a504971]::result::Result<(), alloc[2e1b2a31b91974c5]::string::String>>
[INFO] [stdout]   14:     0x5af2c0b51531 - test[aada8e7e76ba119b]::run_test::{closure#0}
[INFO] [stdout]   15:     0x5af2c0b50d1c - std[617be2ca0a6fd877]::sys::backtrace::__rust_begin_short_backtrace::<test[aada8e7e76ba119b]::run_test::{closure#1}, ()>
[INFO] [stdout]   16:     0x5af2c0b709bc - <std[617be2ca0a6fd877]::thread::lifecycle::spawn_unchecked<test[aada8e7e76ba119b]::run_test::{closure#1}, ()>::{closure#1} as core[a373ad73a504971]::ops::function::FnOnce<()>>::call_once::{shim:vtable#0}
[INFO] [stdout]   17:     0x5af2c0b3c1e4 - <std[617be2ca0a6fd877]::sys::thread::unix::Thread>::new::thread_start
[INFO] [stdout]   18:     0x7c7035676dfa - <unknown>
[INFO] [stdout]   19:     0x7c703570a3d4 - clone
[INFO] [stdout]   20:                0x0 - <unknown>
[INFO] [stdout] 
[INFO] [stdout] ---- commit_preserves_latin1 stdout ----
[INFO] [stdout] 
[INFO] [stdout] thread 'commit_preserves_latin1' (584) panicked at xsql-tests/tests/cli.rs:16:5:
[INFO] [stdout] binary not built at "/opt/rustwide/target/release/build/xsql-tests/573d2eacc4d59d25/out/xsql"; run `cargo test` from the workspace root
[INFO] [stdout] stack backtrace:
[INFO] [stdout]    0:     0x5af2c0b14f07 - <<std[617be2ca0a6fd877]::sys::backtrace::BacktraceLock>::print::DisplayBacktrace as core[a373ad73a504971]::fmt::Display>::fmt
[INFO] [stdout]    1:     0x5af2c0afd28a - core[a373ad73a504971]::fmt::write
[INFO] [stdout]    2:     0x5af2c0b144bb - <alloc[2e1b2a31b91974c5]::vec::Vec<u8> as core[a373ad73a504971]::io::write::Write>::write_fmt
[INFO] [stdout]    3:     0x5af2c0b13f9f - std[617be2ca0a6fd877]::panicking::default_hook::{closure#0}
[INFO] [stdout]    4:     0x5af2c0b13bca - std[617be2ca0a6fd877]::panicking::default_hook
[INFO] [stdout]    5:     0x5af2c0b13705 - std[617be2ca0a6fd877]::panicking::panic_with_hook
[INFO] [stdout]    6:     0x5af2c0b3a4b1 - std[617be2ca0a6fd877]::panicking::panic_handler::{closure#0}
[INFO] [stdout]    7:     0x5af2c0b3a469 - std[617be2ca0a6fd877]::sys::backtrace::__rust_end_short_backtrace::<std[617be2ca0a6fd877]::panicking::panic_handler::{closure#0}, !>
[INFO] [stdout]    8:     0x5af2c0b3a96c - __rustc[ea4f61d10b84890b]::rust_begin_unwind
[INFO] [stdout]    9:     0x5af2c0afd11b - core[a373ad73a504971]::panicking::panic_fmt
[INFO] [stdout]   10:     0x5af2c0af3987 - cli[de53c913b96d38f8]::xsql_bin
[INFO] [stdout]   11:     0x5af2c0af2c42 - cli[de53c913b96d38f8]::run_xsql
[INFO] [stdout]   12:     0x5af2c0af6456 - <cli[de53c913b96d38f8]::commit_preserves_latin1::{closure#0} as core[a373ad73a504971]::ops::function::FnOnce<()>>::call_once
[INFO] [stdout]   13:     0x5af2c0b5556b - test[aada8e7e76ba119b]::__rust_begin_short_backtrace::<core[a373ad73a504971]::result::Result<(), alloc[2e1b2a31b91974c5]::string::String>, fn() -> core[a373ad73a504971]::result::Result<(), alloc[2e1b2a31b91974c5]::string::String>>
[INFO] [stdout]   14:     0x5af2c0b51531 - test[aada8e7e76ba119b]::run_test::{closure#0}
[INFO] [stdout]   15:     0x5af2c0b50d1c - std[617be2ca0a6fd877]::sys::backtrace::__rust_begin_short_backtrace::<test[aada8e7e76ba119b]::run_test::{closure#1}, ()>
[INFO] [stdout]   16:     0x5af2c0b709bc - <std[617be2ca0a6fd877]::thread::lifecycle::spawn_unchecked<test[aada8e7e76ba119b]::run_test::{closure#1}, ()>::{closure#1} as core[a373ad73a504971]::ops::function::FnOnce<()>>::call_once::{shim:vtable#0}
[INFO] [stdout]   17:     0x5af2c0b3c1e4 - <std[617be2ca0a6fd877]::sys::thread::unix::Thread>::new::thread_start
[INFO] [stdout]   18:     0x7c7035676dfa - <unknown>
[INFO] [stdout]   19:     0x7c703570a3d4 - clone
[INFO] [stdout]   20:                0x0 - <unknown>
[INFO] [stdout] 
[INFO] [stdout] ---- encoding_flag_overrides_to_utf8 stdout ----
[INFO] [stdout] 
[INFO] [stdout] thread 'encoding_flag_overrides_to_utf8' (587) panicked at xsql-tests/tests/cli.rs:16:5:
[INFO] [stdout] binary not built at "/opt/rustwide/target/release/build/xsql-tests/573d2eacc4d59d25/out/xsql"; run `cargo test` from the workspace root
[INFO] [stdout] stack backtrace:
[INFO] [stdout]    0:     0x5af2c0b14f07 - <<std[617be2ca0a6fd877]::sys::backtrace::BacktraceLock>::print::DisplayBacktrace as core[a373ad73a504971]::fmt::Display>::fmt
[INFO] [stdout]    1:     0x5af2c0afd28a - core[a373ad73a504971]::fmt::write
[INFO] [stdout]    2:     0x5af2c0b144bb - <alloc[2e1b2a31b91974c5]::vec::Vec<u8> as core[a373ad73a504971]::io::write::Write>::write_fmt
[INFO] [stdout]    3:     0x5af2c0b13f9f - std[617be2ca0a6fd877]::panicking::default_hook::{closure#0}
[INFO] [stdout]    4:     0x5af2c0b13bca - std[617be2ca0a6fd877]::panicking::default_hook
[INFO] [stdout]    5:     0x5af2c0b13705 - std[617be2ca0a6fd877]::panicking::panic_with_hook
[INFO] [stdout]    6:     0x5af2c0b3a4b1 - std[617be2ca0a6fd877]::panicking::panic_handler::{closure#0}
[INFO] [stdout]    7:     0x5af2c0b3a469 - std[617be2ca0a6fd877]::sys::backtrace::__rust_end_short_backtrace::<std[617be2ca0a6fd877]::panicking::panic_handler::{closure#0}, !>
[INFO] [stdout]    8:     0x5af2c0b3a96c - __rustc[ea4f61d10b84890b]::rust_begin_unwind
[INFO] [stdout]    9:     0x5af2c0afd11b - core[a373ad73a504971]::panicking::panic_fmt
[INFO] [stdout]   10:     0x5af2c0af3987 - cli[de53c913b96d38f8]::xsql_bin
[INFO] [stdout]   11:     0x5af2c0af2c42 - cli[de53c913b96d38f8]::run_xsql
[INFO] [stdout]   12:     0x5af2c0af8dde - <cli[de53c913b96d38f8]::encoding_flag_overrides_to_utf8::{closure#0} as core[a373ad73a504971]::ops::function::FnOnce<()>>::call_once
[INFO] [stdout]   13:     0x5af2c0b5556b - test[aada8e7e76ba119b]::__rust_begin_short_backtrace::<core[a373ad73a504971]::result::Result<(), alloc[2e1b2a31b91974c5]::string::String>, fn() -> core[a373ad73a504971]::result::Result<(), alloc[2e1b2a31b91974c5]::string::String>>
[INFO] [stdout]   14:     0x5af2c0b51531 - test[aada8e7e76ba119b]::run_test::{closure#0}
[INFO] [stdout]   15:     0x5af2c0b50d1c - std[617be2ca0a6fd877]::sys::backtrace::__rust_begin_short_backtrace::<test[aada8e7e76ba119b]::run_test::{closure#1}, ()>
[INFO] [stdout]   16:     0x5af2c0b709bc - <std[617be2ca0a6fd877]::thread::lifecycle::spawn_unchecked<test[aada8e7e76ba119b]::run_test::{closure#1}, ()>::{closure#1} as core[a373ad73a504971]::ops::function::FnOnce<()>>::call_once::{shim:vtable#0}
[INFO] [stdout]   17:     0x5af2c0b3c1e4 - <std[617be2ca0a6fd877]::sys::thread::unix::Thread>::new::thread_start
[INFO] [stdout]   18:     0x7c7035676dfa - <unknown>
[INFO] [stdout]   19:     0x7c703570a3d4 - clone
[INFO] [stdout]   20:                0x0 - <unknown>
[INFO] [stdout] 
[INFO] [stdout] ---- output_flag_keeps_select_results_on_stdout stdout ----
[INFO] [stdout] 
[INFO] [stdout] thread 'output_flag_keeps_select_results_on_stdout' (590) panicked at xsql-tests/tests/cli.rs:16:5:
[INFO] [stdout] binary not built at "/opt/rustwide/target/release/build/xsql-tests/573d2eacc4d59d25/out/xsql"; run `cargo test` from the workspace root
[INFO] [stdout] stack backtrace:
[INFO] [stdout]    0:     0x5af2c0b14f07 - <<std[617be2ca0a6fd877]::sys::backtrace::BacktraceLock>::print::DisplayBacktrace as core[a373ad73a504971]::fmt::Display>::fmt
[INFO] [stdout]    1:     0x5af2c0afd28a - core[a373ad73a504971]::fmt::write
[INFO] [stdout]    2:     0x5af2c0b144bb - <alloc[2e1b2a31b91974c5]::vec::Vec<u8> as core[a373ad73a504971]::io::write::Write>::write_fmt
[INFO] [stdout]    3:     0x5af2c0b13f9f - std[617be2ca0a6fd877]::panicking::default_hook::{closure#0}
[INFO] [stdout]    4:     0x5af2c0b13bca - std[617be2ca0a6fd877]::panicking::default_hook
[INFO] [stdout]    5:     0x5af2c0b13705 - std[617be2ca0a6fd877]::panicking::panic_with_hook
[INFO] [stdout]    6:     0x5af2c0b3a4b1 - std[617be2ca0a6fd877]::panicking::panic_handler::{closure#0}
[INFO] [stdout]    7:     0x5af2c0b3a469 - std[617be2ca0a6fd877]::sys::backtrace::__rust_end_short_backtrace::<std[617be2ca0a6fd877]::panicking::panic_handler::{closure#0}, !>
[INFO] [stdout]    8:     0x5af2c0b3a96c - __rustc[ea4f61d10b84890b]::rust_begin_unwind
[INFO] [stdout]    9:     0x5af2c0afd11b - core[a373ad73a504971]::panicking::panic_fmt
[INFO] [stdout]   10:     0x5af2c0af3987 - cli[de53c913b96d38f8]::xsql_bin
[INFO] [stdout]   11:     0x5af2c0af2c42 - cli[de53c913b96d38f8]::run_xsql
[INFO] [stdout]   12:     0x5af2c0afac58 - <cli[de53c913b96d38f8]::output_flag_keeps_select_results_on_stdout::{closure#0} as core[a373ad73a504971]::ops::function::FnOnce<()>>::call_once
[INFO] [stdout]   13:     0x5af2c0b5556b - test[aada8e7e76ba119b]::__rust_begin_short_backtrace::<core[a373ad73a504971]::result::Result<(), alloc[2e1b2a31b91974c5]::string::String>, fn() -> core[a373ad73a504971]::result::Result<(), alloc[2e1b2a31b91974c5]::string::String>>
[INFO] [stdout]   14:     0x5af2c0b51531 - test[aada8e7e76ba119b]::run_test::{closure#0}
[INFO] [stdout]   15:     0x5af2c0b50d1c - std[617be2ca0a6fd877]::sys::backtrace::__rust_begin_short_backtrace::<test[aada8e7e76ba119b]::run_test::{closure#1}, ()>
[INFO] [stdout]   16:     0x5af2c0b709bc - <std[617be2ca0a6fd877]::thread::lifecycle::spawn_unchecked<test[aada8e7e76ba119b]::run_test::{closure#1}, ()>::{closure#1} as core[a373ad73a504971]::ops::function::FnOnce<()>>::call_once::{shim:vtable#0}
[INFO] [stdout]   17:     0x5af2c0b3c1e4 - <std[617be2ca0a6fd877]::sys::thread::unix::Thread>::new::thread_start
[INFO] [stdout]   18:     0x7c7035676dfa - <unknown>
[INFO] [stdout]   19:     0x7c703570a3d4 - clone
[INFO] [stdout]   20:                0x0 - <unknown>
[INFO] [stdout] 
[INFO] [stdout] ---- output_flag_rejected_with_check_mode stdout ----
[INFO] [stdout] 
[INFO] [stdout] thread 'output_flag_rejected_with_check_mode' (591) panicked at xsql-tests/tests/cli.rs:16:5:
[INFO] [stdout] binary not built at "/opt/rustwide/target/release/build/xsql-tests/573d2eacc4d59d25/out/xsql"; run `cargo test` from the workspace root
[INFO] [stdout] stack backtrace:
[INFO] [stdout]    0:     0x5af2c0b14f07 - <<std[617be2ca0a6fd877]::sys::backtrace::BacktraceLock>::print::DisplayBacktrace as core[a373ad73a504971]::fmt::Display>::fmt
[INFO] [stdout]    1:     0x5af2c0afd28a - core[a373ad73a504971]::fmt::write
[INFO] [stdout]    2:     0x5af2c0b144bb - <alloc[2e1b2a31b91974c5]::vec::Vec<u8> as core[a373ad73a504971]::io::write::Write>::write_fmt
[INFO] [stdout]    3:     0x5af2c0b13f9f - std[617be2ca0a6fd877]::panicking::default_hook::{closure#0}
[INFO] [stdout]    4:     0x5af2c0b13bca - std[617be2ca0a6fd877]::panicking::default_hook
[INFO] [stdout]    5:     0x5af2c0b13705 - std[617be2ca0a6fd877]::panicking::panic_with_hook
[INFO] [stdout]    6:     0x5af2c0b3a4b1 - std[617be2ca0a6fd877]::panicking::panic_handler::{closure#0}
[INFO] [stdout]    7:     0x5af2c0b3a469 - std[617be2ca0a6fd877]::sys::backtrace::__rust_end_short_backtrace::<std[617be2ca0a6fd877]::panicking::panic_handler::{closure#0}, !>
[INFO] [stdout]    8:     0x5af2c0b3a96c - __rustc[ea4f61d10b84890b]::rust_begin_unwind
[INFO] [stdout]    9:     0x5af2c0afd11b - core[a373ad73a504971]::panicking::panic_fmt
[INFO] [stdout]   10:     0x5af2c0af3987 - cli[de53c913b96d38f8]::xsql_bin
[INFO] [stdout]   11:     0x5af2c0af2c42 - cli[de53c913b96d38f8]::run_xsql
[INFO] [stdout]   12:     0x5af2c0af9c53 - <cli[de53c913b96d38f8]::output_flag_rejected_with_check_mode::{closure#0} as core[a373ad73a504971]::ops::function::FnOnce<()>>::call_once
[INFO] [stdout]   13:     0x5af2c0b5556b - test[aada8e7e76ba119b]::__rust_begin_short_backtrace::<core[a373ad73a504971]::result::Result<(), alloc[2e1b2a31b91974c5]::string::String>, fn() -> core[a373ad73a504971]::result::Result<(), alloc[2e1b2a31b91974c5]::string::String>>
[INFO] [stdout]   14:     0x5af2c0b51531 - test[aada8e7e76ba119b]::run_test::{closure#0}
[INFO] [stdout]   15:     0x5af2c0b50d1c - std[617be2ca0a6fd877]::sys::backtrace::__rust_begin_short_backtrace::<test[aada8e7e76ba119b]::run_test::{closure#1}, ()>
[INFO] [stdout]   16:     0x5af2c0b709bc - <std[617be2ca0a6fd877]::thread::lifecycle::spawn_unchecked<test[aada8e7e76ba119b]::run_test::{closure#1}, ()>::{closure#1} as core[a373ad73a504971]::ops::function::FnOnce<()>>::call_once::{shim:vtable#0}
[INFO] [stdout]   17:     0x5af2c0b3c1e4 - <std[617be2ca0a6fd877]::sys::thread::unix::Thread>::new::thread_start
[INFO] [stdout]   18:     0x7c7035676dfa - <unknown>
[INFO] [stdout]   19:     0x7c703570a3d4 - clone
[INFO] [stdout]   20:                0x0 - <unknown>
[INFO] [stdout] 
[INFO] [stdout] ---- repl_begin_clears_checkpoints stdout ----
[INFO] [stdout] 
[INFO] [stdout] thread 'repl_begin_clears_checkpoints' (594) panicked at xsql-tests/tests/cli.rs:16:5:
[INFO] [stdout] binary not built at "/opt/rustwide/target/release/build/xsql-tests/573d2eacc4d59d25/out/xsql"; run `cargo test` from the workspace root
[INFO] [stdout] stack backtrace:
[INFO] [stdout]    0:     0x5af2c0b14f07 - <<std[617be2ca0a6fd877]::sys::backtrace::BacktraceLock>::print::DisplayBacktrace as core[a373ad73a504971]::fmt::Display>::fmt
[INFO] [stdout]    1:     0x5af2c0afd28a - core[a373ad73a504971]::fmt::write
[INFO] [stdout]    2:     0x5af2c0b144bb - <alloc[2e1b2a31b91974c5]::vec::Vec<u8> as core[a373ad73a504971]::io::write::Write>::write_fmt
[INFO] [stdout]    3:     0x5af2c0b13f9f - std[617be2ca0a6fd877]::panicking::default_hook::{closure#0}
[INFO] [stdout]    4:     0x5af2c0b13bca - std[617be2ca0a6fd877]::panicking::default_hook
[INFO] [stdout]    5:     0x5af2c0b13705 - std[617be2ca0a6fd877]::panicking::panic_with_hook
[INFO] [stdout]    6:     0x5af2c0b3a4b1 - std[617be2ca0a6fd877]::panicking::panic_handler::{closure#0}
[INFO] [stdout]    7:     0x5af2c0b3a469 - std[617be2ca0a6fd877]::sys::backtrace::__rust_end_short_backtrace::<std[617be2ca0a6fd877]::panicking::panic_handler::{closure#0}, !>
[INFO] [stdout]    8:     0x5af2c0b3a96c - __rustc[ea4f61d10b84890b]::rust_begin_unwind
[INFO] [stdout]    9:     0x5af2c0afd11b - core[a373ad73a504971]::panicking::panic_fmt
[INFO] [stdout]   10:     0x5af2c0af3987 - cli[de53c913b96d38f8]::xsql_bin
[INFO] [stdout]   11:     0x5af2c0af2c42 - cli[de53c913b96d38f8]::run_xsql
[INFO] [stdout]   12:     0x5af2c0af81d9 - <cli[de53c913b96d38f8]::repl_begin_clears_checkpoints::{closure#0} as core[a373ad73a504971]::ops::function::FnOnce<()>>::call_once
[INFO] [stdout]   13:     0x5af2c0b5556b - test[aada8e7e76ba119b]::__rust_begin_short_backtrace::<core[a373ad73a504971]::result::Result<(), alloc[2e1b2a31b91974c5]::string::String>, fn() -> core[a373ad73a504971]::result::Result<(), alloc[2e1b2a31b91974c5]::string::String>>
[INFO] [stdout]   14:     0x5af2c0b51531 - test[aada8e7e76ba119b]::run_test::{closure#0}
[INFO] [stderr] error: test failed, to rerun pass `-p xsql-tests --test cli`
[INFO] [stdout]   15:     0x5af2c0b50d1c - std[617be2ca0a6fd877]::sys::backtrace::__rust_begin_short_backtrace::<test[aada8e7e76ba119b]::run_test::{closure#1}, ()>
[INFO] [stdout]   16:     0x5af2c0b709bc - <std[617be2ca0a6fd877]::thread::lifecycle::spawn_unchecked<test[aada8e7e76ba119b]::run_test::{closure#1}, ()>::{closure#1} as core[a373ad73a504971]::ops::function::FnOnce<()>>::call_once::{shim:vtable#0}
[INFO] [stdout]   17:     0x5af2c0b3c1e4 - <std[617be2ca0a6fd877]::sys::thread::unix::Thread>::new::thread_start
[INFO] [stdout]   18:     0x7c7035676dfa - <unknown>
[INFO] [stdout]   19:     0x7c703570a3d4 - clone
[INFO] [stdout]   20:                0x0 - <unknown>
[INFO] [stdout] 
[INFO] [stdout] ---- output_flag_writes_exact_bytes stdout ----
[INFO] [stdout] 
[INFO] [stdout] thread 'output_flag_writes_exact_bytes' (592) panicked at xsql-tests/tests/cli.rs:16:5:
[INFO] [stdout] binary not built at "/opt/rustwide/target/release/build/xsql-tests/573d2eacc4d59d25/out/xsql"; run `cargo test` from the workspace root
[INFO] [stdout] stack backtrace:
[INFO] [stdout]    0:     0x5af2c0b14f07 - <<std[617be2ca0a6fd877]::sys::backtrace::BacktraceLock>::print::DisplayBacktrace as core[a373ad73a504971]::fmt::Display>::fmt
[INFO] [stdout]    1:     0x5af2c0afd28a - core[a373ad73a504971]::fmt::write
[INFO] [stdout]    2:     0x5af2c0b144bb - <alloc[2e1b2a31b91974c5]::vec::Vec<u8> as core[a373ad73a504971]::io::write::Write>::write_fmt
[INFO] [stdout]    3:     0x5af2c0b13f9f - std[617be2ca0a6fd877]::panicking::default_hook::{closure#0}
[INFO] [stdout]    4:     0x5af2c0b13bca - std[617be2ca0a6fd877]::panicking::default_hook
[INFO] [stdout]    5:     0x5af2c0b13705 - std[617be2ca0a6fd877]::panicking::panic_with_hook
[INFO] [stdout]    6:     0x5af2c0b3a4b1 - std[617be2ca0a6fd877]::panicking::panic_handler::{closure#0}
[INFO] [stdout]    7:     0x5af2c0b3a469 - std[617be2ca0a6fd877]::sys::backtrace::__rust_end_short_backtrace::<std[617be2ca0a6fd877]::panicking::panic_handler::{closure#0}, !>
[INFO] [stdout]    8:     0x5af2c0b3a96c - __rustc[ea4f61d10b84890b]::rust_begin_unwind
[INFO] [stdout]    9:     0x5af2c0afd11b - core[a373ad73a504971]::panicking::panic_fmt
[INFO] [stdout]   10:     0x5af2c0af3987 - cli[de53c913b96d38f8]::xsql_bin
[INFO] [stdout]   11:     0x5af2c0af2c42 - cli[de53c913b96d38f8]::run_xsql
[INFO] [stdout]   12:     0x5af2c0af86bb - <cli[de53c913b96d38f8]::output_flag_writes_exact_bytes::{closure#0} as core[a373ad73a504971]::ops::function::FnOnce<()>>::call_once
[INFO] [stdout]   13:     0x5af2c0b5556b - test[aada8e7e76ba119b]::__rust_begin_short_backtrace::<core[a373ad73a504971]::result::Result<(), alloc[2e1b2a31b91974c5]::string::String>, fn() -> core[a373ad73a504971]::result::Result<(), alloc[2e1b2a31b91974c5]::string::String>>
[INFO] [stdout]   14:     0x5af2c0b51531 - test[aada8e7e76ba119b]::run_test::{closure#0}
[INFO] [stdout]   15:     0x5af2c0b50d1c - std[617be2ca0a6fd877]::sys::backtrace::__rust_begin_short_backtrace::<test[aada8e7e76ba119b]::run_test::{closure#1}, ()>
[INFO] [stdout]   16:     0x5af2c0b709bc - <std[617be2ca0a6fd877]::thread::lifecycle::spawn_unchecked<test[aada8e7e76ba119b]::run_test::{closure#1}, ()>::{closure#1} as core[a373ad73a504971]::ops::function::FnOnce<()>>::call_once::{shim:vtable#0}
[INFO] [stdout]   17:     0x5af2c0b3c1e4 - <std[617be2ca0a6fd877]::sys::thread::unix::Thread>::new::thread_start
[INFO] [stdout]   18:     0x7c7035676dfa - <unknown>
[INFO] [stdout]   19:     0x7c703570a3d4 - clone
[INFO] [stdout]   20:                0x0 - <unknown>
[INFO] [stdout] 
[INFO] [stdout] ---- repl_atomicity_partial_script_failure stdout ----
[INFO] [stdout] 
[INFO] [stdout] thread 'repl_atomicity_partial_script_failure' (593) panicked at xsql-tests/tests/cli.rs:16:5:
[INFO] [stdout] binary not built at "/opt/rustwide/target/release/build/xsql-tests/573d2eacc4d59d25/out/xsql"; run `cargo test` from the workspace root
[INFO] [stdout] stack backtrace:
[INFO] [stdout]    0:     0x5af2c0b14f07 - <<std[617be2ca0a6fd877]::sys::backtrace::BacktraceLock>::print::DisplayBacktrace as core[a373ad73a504971]::fmt::Display>::fmt
[INFO] [stdout]    1:     0x5af2c0afd28a - core[a373ad73a504971]::fmt::write
[INFO] [stdout]    2:     0x5af2c0b144bb - <alloc[2e1b2a31b91974c5]::vec::Vec<u8> as core[a373ad73a504971]::io::write::Write>::write_fmt
[INFO] [stdout]    3:     0x5af2c0b13f9f - std[617be2ca0a6fd877]::panicking::default_hook::{closure#0}
[INFO] [stdout]    4:     0x5af2c0b13bca - std[617be2ca0a6fd877]::panicking::default_hook
[INFO] [stdout]    5:     0x5af2c0b13705 - std[617be2ca0a6fd877]::panicking::panic_with_hook
[INFO] [stdout]    6:     0x5af2c0b3a4b1 - std[617be2ca0a6fd877]::panicking::panic_handler::{closure#0}
[INFO] [stdout]    7:     0x5af2c0b3a469 - std[617be2ca0a6fd877]::sys::backtrace::__rust_end_short_backtrace::<std[617be2ca0a6fd877]::panicking::panic_handler::{closure#0}, !>
[INFO] [stdout]    8:     0x5af2c0b3a96c - __rustc[ea4f61d10b84890b]::rust_begin_unwind
[INFO] [stdout]    9:     0x5af2c0afd11b - core[a373ad73a504971]::panicking::panic_fmt
[INFO] [stdout]   10:     0x5af2c0af3987 - cli[de53c913b96d38f8]::xsql_bin
[INFO] [stdout]   11:     0x5af2c0af2c42 - cli[de53c913b96d38f8]::run_xsql
[INFO] [stdout]   12:     0x5af2c0af9ea3 - <cli[de53c913b96d38f8]::repl_atomicity_partial_script_failure::{closure#0} as core[a373ad73a504971]::ops::function::FnOnce<()>>::call_once
[INFO] [stdout]   13:     0x5af2c0b5556b - test[aada8e7e76ba119b]::__rust_begin_short_backtrace::<core[a373ad73a504971]::result::Result<(), alloc[2e1b2a31b91974c5]::string::String>, fn() -> core[a373ad73a504971]::result::Result<(), alloc[2e1b2a31b91974c5]::string::String>>
[INFO] [stdout]   14:     0x5af2c0b51531 - test[aada8e7e76ba119b]::run_test::{closure#0}
[INFO] [stdout]   15:     0x5af2c0b50d1c - std[617be2ca0a6fd877]::sys::backtrace::__rust_begin_short_backtrace::<test[aada8e7e76ba119b]::run_test::{closure#1}, ()>
[INFO] [stdout]   16:     0x5af2c0b709bc - <std[617be2ca0a6fd877]::thread::lifecycle::spawn_unchecked<test[aada8e7e76ba119b]::run_test::{closure#1}, ()>::{closure#1} as core[a373ad73a504971]::ops::function::FnOnce<()>>::call_once::{shim:vtable#0}
[INFO] [stdout]   17:     0x5af2c0b3c1e4 - <std[617be2ca0a6fd877]::sys::thread::unix::Thread>::new::thread_start
[INFO] [stdout]   18:     0x7c7035676dfa - <unknown>
[INFO] [stdout]   19:     0x7c703570a3d4 - clone
[INFO] [stdout]   20:                0x0 - <unknown>
[INFO] [stdout] 
[INFO] [stdout] ---- check_and_eval_are_mutually_exclusive stdout ----
[INFO] [stdout] 
[INFO] [stdout] thread 'check_and_eval_are_mutually_exclusive' (576) panicked at xsql-tests/tests/cli.rs:16:5:
[INFO] [stdout] binary not built at "/opt/rustwide/target/release/build/xsql-tests/573d2eacc4d59d25/out/xsql"; run `cargo test` from the workspace root
[INFO] [stdout] stack backtrace:
[INFO] [stdout]    0:     0x5af2c0b14f07 - <<std[617be2ca0a6fd877]::sys::backtrace::BacktraceLock>::print::DisplayBacktrace as core[a373ad73a504971]::fmt::Display>::fmt
[INFO] [stdout]    1:     0x5af2c0afd28a - core[a373ad73a504971]::fmt::write
[INFO] [stdout]    2:     0x5af2c0b144bb - <alloc[2e1b2a31b91974c5]::vec::Vec<u8> as core[a373ad73a504971]::io::write::Write>::write_fmt
[INFO] [stdout]    3:     0x5af2c0b13f9f - std[617be2ca0a6fd877]::panicking::default_hook::{closure#0}
[INFO] [stdout]    4:     0x5af2c0b13bca - std[617be2ca0a6fd877]::panicking::default_hook
[INFO] [stdout]    5:     0x5af2c0b13705 - std[617be2ca0a6fd877]::panicking::panic_with_hook
[INFO] [stdout]    6:     0x5af2c0b3a4b1 - std[617be2ca0a6fd877]::panicking::panic_handler::{closure#0}
[INFO] [stdout]    7:     0x5af2c0b3a469 - std[617be2ca0a6fd877]::sys::backtrace::__rust_end_short_backtrace::<std[617be2ca0a6fd877]::panicking::panic_handler::{closure#0}, !>
[INFO] [stdout]    8:     0x5af2c0b3a96c - __rustc[ea4f61d10b84890b]::rust_begin_unwind
[INFO] [stdout]    9:     0x5af2c0afd11b - core[a373ad73a504971]::panicking::panic_fmt
[INFO] [stdout]   10:     0x5af2c0af3987 - cli[de53c913b96d38f8]::xsql_bin
[INFO] [stdout]   11:     0x5af2c0af2c42 - cli[de53c913b96d38f8]::run_xsql
[INFO] [stdout]   12:     0x5af2c0af9d33 - <cli[de53c913b96d38f8]::check_and_eval_are_mutually_exclusive::{closure#0} as core[a373ad73a504971]::ops::function::FnOnce<()>>::call_once
[INFO] [stdout]   13:     0x5af2c0b5556b - test[aada8e7e76ba119b]::__rust_begin_short_backtrace::<core[a373ad73a504971]::result::Result<(), alloc[2e1b2a31b91974c5]::string::String>, fn() -> core[a373ad73a504971]::result::Result<(), alloc[2e1b2a31b91974c5]::string::String>>
[INFO] [stdout]   14:     0x5af2c0b51531 - test[aada8e7e76ba119b]::run_test::{closure#0}
[INFO] [stdout]   15:     0x5af2c0b50d1c - std[617be2ca0a6fd877]::sys::backtrace::__rust_begin_short_backtrace::<test[aada8e7e76ba119b]::run_test::{closure#1}, ()>
[INFO] [stdout]   16:     0x5af2c0b709bc - <std[617be2ca0a6fd877]::thread::lifecycle::spawn_unchecked<test[aada8e7e76ba119b]::run_test::{closure#1}, ()>::{closure#1} as core[a373ad73a504971]::ops::function::FnOnce<()>>::call_once::{shim:vtable#0}
[INFO] [stdout]   17:     0x5af2c0b3c1e4 - <std[617be2ca0a6fd877]::sys::thread::unix::Thread>::new::thread_start
[INFO] [stdout]   18:     0x7c7035676dfa - <unknown>
[INFO] [stdout]   19:     0x7c703570a3d4 - clone
[INFO] [stdout]   20:                0x0 - <unknown>
[INFO] [stdout] 
[INFO] [stdout] ---- check_valid_file_reports_ok stdout ----
[INFO] [stdout] 
[INFO] [stdout] thread 'check_valid_file_reports_ok' (583) panicked at xsql-tests/tests/cli.rs:16:5:
[INFO] [stdout] binary not built at "/opt/rustwide/target/release/build/xsql-tests/573d2eacc4d59d25/out/xsql"; run `cargo test` from the workspace root
[INFO] [stdout] stack backtrace:
[INFO] [stdout]    0:     0x5af2c0b14f07 - <<std[617be2ca0a6fd877]::sys::backtrace::BacktraceLock>::print::DisplayBacktrace as core[a373ad73a504971]::fmt::Display>::fmt
[INFO] [stdout]    1:     0x5af2c0afd28a - core[a373ad73a504971]::fmt::write
[INFO] [stdout]    2:     0x5af2c0b144bb - <alloc[2e1b2a31b91974c5]::vec::Vec<u8> as core[a373ad73a504971]::io::write::Write>::write_fmt
[INFO] [stdout]    3:     0x5af2c0b13f9f - std[617be2ca0a6fd877]::panicking::default_hook::{closure#0}
[INFO] [stdout]    4:     0x5af2c0b13bca - std[617be2ca0a6fd877]::panicking::default_hook
[INFO] [stdout]    5:     0x5af2c0b13705 - std[617be2ca0a6fd877]::panicking::panic_with_hook
[INFO] [stdout]    6:     0x5af2c0b3a4b1 - std[617be2ca0a6fd877]::panicking::panic_handler::{closure#0}
[INFO] [stdout]    7:     0x5af2c0b3a469 - std[617be2ca0a6fd877]::sys::backtrace::__rust_end_short_backtrace::<std[617be2ca0a6fd877]::panicking::panic_handler::{closure#0}, !>
[INFO] [stdout]    8:     0x5af2c0b3a96c - __rustc[ea4f61d10b84890b]::rust_begin_unwind
[INFO] [stdout]    9:     0x5af2c0afd11b - core[a373ad73a504971]::panicking::panic_fmt
[INFO] [stdout]   10:     0x5af2c0af3987 - cli[de53c913b96d38f8]::xsql_bin
[INFO] [stdout]   11:     0x5af2c0af2c42 - cli[de53c913b96d38f8]::run_xsql
[INFO] [stdout]   12:     0x5af2c0af6c79 - <cli[de53c913b96d38f8]::check_valid_file_reports_ok::{closure#0} as core[a373ad73a504971]::ops::function::FnOnce<()>>::call_once
[INFO] [stdout]   13:     0x5af2c0b5556b - test[aada8e7e76ba119b]::__rust_begin_short_backtrace::<core[a373ad73a504971]::result::Result<(), alloc[2e1b2a31b91974c5]::string::String>, fn() -> core[a373ad73a504971]::result::Result<(), alloc[2e1b2a31b91974c5]::string::String>>
[INFO] [stdout]   14:     0x5af2c0b51531 - test[aada8e7e76ba119b]::run_test::{closure#0}
[INFO] [stdout]   15:     0x5af2c0b50d1c - std[617be2ca0a6fd877]::sys::backtrace::__rust_begin_short_backtrace::<test[aada8e7e76ba119b]::run_test::{closure#1}, ()>
[INFO] [stdout]   16:     0x5af2c0b709bc - <std[617be2ca0a6fd877]::thread::lifecycle::spawn_unchecked<test[aada8e7e76ba119b]::run_test::{closure#1}, ()>::{closure#1} as core[a373ad73a504971]::ops::function::FnOnce<()>>::call_once::{shim:vtable#0}
[INFO] [stdout]   17:     0x5af2c0b3c1e4 - <std[617be2ca0a6fd877]::sys::thread::unix::Thread>::new::thread_start
[INFO] [stdout]   18:     0x7c7035676dfa - <unknown>
[INFO] [stdout]   19:     0x7c703570a3d4 - clone
[INFO] [stdout]   20:                0x0 - <unknown>
[INFO] [stdout] 
[INFO] [stdout] ---- repl_rollback_discards_edits stdout ----
[INFO] [stdout] 
[INFO] [stdout] thread 'repl_rollback_discards_edits' (597) panicked at xsql-tests/tests/cli.rs:16:5:
[INFO] [stdout] binary not built at "/opt/rustwide/target/release/build/xsql-tests/573d2eacc4d59d25/out/xsql"; run `cargo test` from the workspace root
[INFO] [stdout] stack backtrace:
[INFO] [stdout]    0:     0x5af2c0b14f07 - <<std[617be2ca0a6fd877]::sys::backtrace::BacktraceLock>::print::DisplayBacktrace as core[a373ad73a504971]::fmt::Display>::fmt
[INFO] [stdout]    1:     0x5af2c0afd28a - core[a373ad73a504971]::fmt::write
[INFO] [stdout]    2:     0x5af2c0b144bb - <alloc[2e1b2a31b91974c5]::vec::Vec<u8> as core[a373ad73a504971]::io::write::Write>::write_fmt
[INFO] [stdout]    3:     0x5af2c0b13f9f - std[617be2ca0a6fd877]::panicking::default_hook::{closure#0}
[INFO] [stdout]    4:     0x5af2c0b13bca - std[617be2ca0a6fd877]::panicking::default_hook
[INFO] [stdout]    5:     0x5af2c0b13705 - std[617be2ca0a6fd877]::panicking::panic_with_hook
[INFO] [stdout]    6:     0x5af2c0b3a4b1 - std[617be2ca0a6fd877]::panicking::panic_handler::{closure#0}
[INFO] [stdout]    7:     0x5af2c0b3a469 - std[617be2ca0a6fd877]::sys::backtrace::__rust_end_short_backtrace::<std[617be2ca0a6fd877]::panicking::panic_handler::{closure#0}, !>
[INFO] [stdout]    8:     0x5af2c0b3a96c - __rustc[ea4f61d10b84890b]::rust_begin_unwind
[INFO] [stdout]    9:     0x5af2c0afd11b - core[a373ad73a504971]::panicking::panic_fmt
[INFO] [stdout]   10:     0x5af2c0af3987 - cli[de53c913b96d38f8]::xsql_bin
[INFO] [stdout]   11:     0x5af2c0af2c42 - cli[de53c913b96d38f8]::run_xsql
[INFO] [stdout]   12:     0x5af2c0af6f5e - <cli[de53c913b96d38f8]::repl_rollback_discards_edits::{closure#0} as core[a373ad73a504971]::ops::function::FnOnce<()>>::call_once
[INFO] [stdout]   13:     0x5af2c0b5556b - test[aada8e7e76ba119b]::__rust_begin_short_backtrace::<core[a373ad73a504971]::result::Result<(), alloc[2e1b2a31b91974c5]::string::String>, fn() -> core[a373ad73a504971]::result::Result<(), alloc[2e1b2a31b91974c5]::string::String>>
[INFO] [stdout]   14:     0x5af2c0b51531 - test[aada8e7e76ba119b]::run_test::{closure#0}
[INFO] [stdout]   15:     0x5af2c0b50d1c - std[617be2ca0a6fd877]::sys::backtrace::__rust_begin_short_backtrace::<test[aada8e7e76ba119b]::run_test::{closure#1}, ()>
[INFO] [stdout]   16:     0x5af2c0b709bc - <std[617be2ca0a6fd877]::thread::lifecycle::spawn_unchecked<test[aada8e7e76ba119b]::run_test::{closure#1}, ()>::{closure#1} as core[a373ad73a504971]::ops::function::FnOnce<()>>::call_once::{shim:vtable#0}
[INFO] [stdout]   17:     0x5af2c0b3c1e4 - <std[617be2ca0a6fd877]::sys::thread::unix::Thread>::new::thread_start
[INFO] [stdout]   18:     0x7c7035676dfa - <unknown>
[INFO] [stdout]   19:     0x7c703570a3d4 - clone
[INFO] [stdout]   20:                0x0 - <unknown>
[INFO] [stdout] 
[INFO] [stdout] ---- analyze_report_goes_to_stderr stdout ----
[INFO] [stdout] 
[INFO] [stdout] thread 'analyze_report_goes_to_stderr' (575) panicked at xsql-tests/tests/cli.rs:16:5:
[INFO] [stdout] binary not built at "/opt/rustwide/target/release/build/xsql-tests/573d2eacc4d59d25/out/xsql"; run `cargo test` from the workspace root
[INFO] [stdout] stack backtrace:
[INFO] [stdout]    0:     0x5af2c0b14f07 - <<std[617be2ca0a6fd877]::sys::backtrace::BacktraceLock>::print::DisplayBacktrace as core[a373ad73a504971]::fmt::Display>::fmt
[INFO] [stdout]    1:     0x5af2c0afd28a - core[a373ad73a504971]::fmt::write
[INFO] [stdout]    2:     0x5af2c0b144bb - <alloc[2e1b2a31b91974c5]::vec::Vec<u8> as core[a373ad73a504971]::io::write::Write>::write_fmt
[INFO] [stdout]    3:     0x5af2c0b13f9f - std[617be2ca0a6fd877]::panicking::default_hook::{closure#0}
[INFO] [stdout]    4:     0x5af2c0b13bca - std[617be2ca0a6fd877]::panicking::default_hook
[INFO] [stdout]    5:     0x5af2c0b13705 - std[617be2ca0a6fd877]::panicking::panic_with_hook
[INFO] [stdout]    6:     0x5af2c0b3a4b1 - std[617be2ca0a6fd877]::panicking::panic_handler::{closure#0}
[INFO] [stdout]    7:     0x5af2c0b3a469 - std[617be2ca0a6fd877]::sys::backtrace::__rust_end_short_backtrace::<std[617be2ca0a6fd877]::panicking::panic_handler::{closure#0}, !>
[INFO] [stdout]    8:     0x5af2c0b3a96c - __rustc[ea4f61d10b84890b]::rust_begin_unwind
[INFO] [stdout]    9:     0x5af2c0afd11b - core[a373ad73a504971]::panicking::panic_fmt
[INFO] [stdout]   10:     0x5af2c0af3987 - cli[de53c913b96d38f8]::xsql_bin
[INFO] [stdout]   11:     0x5af2c0af2c42 - cli[de53c913b96d38f8]::run_xsql
[INFO] [stdout]   12:     0x5af2c0af7f13 - <cli[de53c913b96d38f8]::analyze_report_goes_to_stderr::{closure#0} as core[a373ad73a504971]::ops::function::FnOnce<()>>::call_once
[INFO] [stdout]   13:     0x5af2c0b5556b - test[aada8e7e76ba119b]::__rust_begin_short_backtrace::<core[a373ad73a504971]::result::Result<(), alloc[2e1b2a31b91974c5]::string::String>, fn() -> core[a373ad73a504971]::result::Result<(), alloc[2e1b2a31b91974c5]::string::String>>
[INFO] [stdout]   14:     0x5af2c0b51531 - test[aada8e7e76ba119b]::run_test::{closure#0}
[INFO] [stdout]   15:     0x5af2c0b50d1c - std[617be2ca0a6fd877]::sys::backtrace::__rust_begin_short_backtrace::<test[aada8e7e76ba119b]::run_test::{closure#1}, ()>
[INFO] [stdout]   16:     0x5af2c0b709bc - <std[617be2ca0a6fd877]::thread::lifecycle::spawn_unchecked<test[aada8e7e76ba119b]::run_test::{closure#1}, ()>::{closure#1} as core[a373ad73a504971]::ops::function::FnOnce<()>>::call_once::{shim:vtable#0}
[INFO] [stdout]   17:     0x5af2c0b3c1e4 - <std[617be2ca0a6fd877]::sys::thread::unix::Thread>::new::thread_start
[INFO] [stdout]   18:     0x7c7035676dfa - <unknown>
[INFO] [stdout]   19:     0x7c703570a3d4 - clone
[INFO] [stdout]   20:                0x0 - <unknown>
[INFO] [stdout] 
[INFO] [stdout] ---- commit_preserves_utf8_bom stdout ----
[INFO] [stdout] 
[INFO] [stdout] thread 'commit_preserves_utf8_bom' (585) panicked at xsql-tests/tests/cli.rs:16:5:
[INFO] [stdout] binary not built at "/opt/rustwide/target/release/build/xsql-tests/573d2eacc4d59d25/out/xsql"; run `cargo test` from the workspace root
[INFO] [stdout] stack backtrace:
[INFO] [stdout]    0:     0x5af2c0b14f07 - <<std[617be2ca0a6fd877]::sys::backtrace::BacktraceLock>::print::DisplayBacktrace as core[a373ad73a504971]::fmt::Display>::fmt
[INFO] [stdout]    1:     0x5af2c0afd28a - core[a373ad73a504971]::fmt::write
[INFO] [stdout]    2:     0x5af2c0b144bb - <alloc[2e1b2a31b91974c5]::vec::Vec<u8> as core[a373ad73a504971]::io::write::Write>::write_fmt
[INFO] [stdout]    3:     0x5af2c0b13f9f - std[617be2ca0a6fd877]::panicking::default_hook::{closure#0}
[INFO] [stdout]    4:     0x5af2c0b13bca - std[617be2ca0a6fd877]::panicking::default_hook
[INFO] [stdout]    5:     0x5af2c0b13705 - std[617be2ca0a6fd877]::panicking::panic_with_hook
[INFO] [stdout]    6:     0x5af2c0b3a4b1 - std[617be2ca0a6fd877]::panicking::panic_handler::{closure#0}
[INFO] [stdout]    7:     0x5af2c0b3a469 - std[617be2ca0a6fd877]::sys::backtrace::__rust_end_short_backtrace::<std[617be2ca0a6fd877]::panicking::panic_handler::{closure#0}, !>
[INFO] [stdout]    8:     0x5af2c0b3a96c - __rustc[ea4f61d10b84890b]::rust_begin_unwind
[INFO] [stdout]    9:     0x5af2c0afd11b - core[a373ad73a504971]::panicking::panic_fmt
[INFO] [stdout]   10:     0x5af2c0af3987 - cli[de53c913b96d38f8]::xsql_bin
[INFO] [stdout]   11:     0x5af2c0af2c42 - cli[de53c913b96d38f8]::run_xsql
[INFO] [stdout]   12:     0x5af2c0af3b07 - cli[de53c913b96d38f8]::commit_preserves_utf8_bom
[INFO] [stdout]   13:     0x5af2c0af6929 - <cli[de53c913b96d38f8]::commit_preserves_utf8_bom::{closure#0} as core[a373ad73a504971]::ops::function::FnOnce<()>>::call_once
[INFO] [stdout]   14:     0x5af2c0b5556b - test[aada8e7e76ba119b]::__rust_begin_short_backtrace::<core[a373ad73a504971]::result::Result<(), alloc[2e1b2a31b91974c5]::string::String>, fn() -> core[a373ad73a504971]::result::Result<(), alloc[2e1b2a31b91974c5]::string::String>>
[INFO] [stdout]   15:     0x5af2c0b51531 - test[aada8e7e76ba119b]::run_test::{closure#0}
[INFO] [stdout]   16:     0x5af2c0b50d1c - std[617be2ca0a6fd877]::sys::backtrace::__rust_begin_short_backtrace::<test[aada8e7e76ba119b]::run_test::{closure#1}, ()>
[INFO] [stdout]   17:     0x5af2c0b709bc - <std[617be2ca0a6fd877]::thread::lifecycle::spawn_unchecked<test[aada8e7e76ba119b]::run_test::{closure#1}, ()>::{closure#1} as core[a373ad73a504971]::ops::function::FnOnce<()>>::call_once::{shim:vtable#0}
[INFO] [stdout]   18:     0x5af2c0b3c1e4 - <std[617be2ca0a6fd877]::sys::thread::unix::Thread>::new::thread_start
[INFO] [stdout]   19:     0x7c7035676dfa - <unknown>
[INFO] [stdout]   20:     0x7c703570a3d4 - clone
[INFO] [stdout]   21:                0x0 - <unknown>
[INFO] [stdout] 
[INFO] [stdout] ---- check_error_shows_line_context stdout ----
[INFO] [stdout] 
[INFO] [stdout] thread 'check_error_shows_line_context' (577) panicked at xsql-tests/tests/cli.rs:16:5:
[INFO] [stdout] binary not built at "/opt/rustwide/target/release/build/xsql-tests/573d2eacc4d59d25/out/xsql"; run `cargo test` from the workspace root
[INFO] [stdout] stack backtrace:
[INFO] [stdout]    0:     0x5af2c0b14f07 - <<std[617be2ca0a6fd877]::sys::backtrace::BacktraceLock>::print::DisplayBacktrace as core[a373ad73a504971]::fmt::Display>::fmt
[INFO] [stdout]    1:     0x5af2c0afd28a - core[a373ad73a504971]::fmt::write
[INFO] [stdout]    2:     0x5af2c0b144bb - <alloc[2e1b2a31b91974c5]::vec::Vec<u8> as core[a373ad73a504971]::io::write::Write>::write_fmt
[INFO] [stdout]    3:     0x5af2c0b13f9f - std[617be2ca0a6fd877]::panicking::default_hook::{closure#0}
[INFO] [stdout]    4:     0x5af2c0b13bca - std[617be2ca0a6fd877]::panicking::default_hook
[INFO] [stdout]    5:     0x5af2c0b13705 - std[617be2ca0a6fd877]::panicking::panic_with_hook
[INFO] [stdout]    6:     0x5af2c0b3a4b1 - std[617be2ca0a6fd877]::panicking::panic_handler::{closure#0}
[INFO] [stdout]    7:     0x5af2c0b3a469 - std[617be2ca0a6fd877]::sys::backtrace::__rust_end_short_backtrace::<std[617be2ca0a6fd877]::panicking::panic_handler::{closure#0}, !>
[INFO] [stdout]    8:     0x5af2c0b3a96c - __rustc[ea4f61d10b84890b]::rust_begin_unwind
[INFO] [stdout]    9:     0x5af2c0afd11b - core[a373ad73a504971]::panicking::panic_fmt
[INFO] [stdout]   10:     0x5af2c0af3987 - cli[de53c913b96d38f8]::xsql_bin
[INFO] [stdout]   11:     0x5af2c0af2c42 - cli[de53c913b96d38f8]::run_xsql
[INFO] [stdout]   12:     0x5af2c0af834e - <cli[de53c913b96d38f8]::check_error_shows_line_context::{closure#0} as core[a373ad73a504971]::ops::function::FnOnce<()>>::call_once
[INFO] [stdout]   13:     0x5af2c0b5556b - test[aada8e7e76ba119b]::__rust_begin_short_backtrace::<core[a373ad73a504971]::result::Result<(), alloc[2e1b2a31b91974c5]::string::String>, fn() -> core[a373ad73a504971]::result::Result<(), alloc[2e1b2a31b91974c5]::string::String>>
[INFO] [stdout]   14:     0x5af2c0b51531 - test[aada8e7e76ba119b]::run_test::{closure#0}
[INFO] [stdout]   15:     0x5af2c0b50d1c - std[617be2ca0a6fd877]::sys::backtrace::__rust_begin_short_backtrace::<test[aada8e7e76ba119b]::run_test::{closure#1}, ()>
[INFO] [stdout]   16:     0x5af2c0b709bc - <std[617be2ca0a6fd877]::thread::lifecycle::spawn_unchecked<test[aada8e7e76ba119b]::run_test::{closure#1}, ()>::{closure#1} as core[a373ad73a504971]::ops::function::FnOnce<()>>::call_once::{shim:vtable#0}
[INFO] [stdout]   17:     0x5af2c0b3c1e4 - <std[617be2ca0a6fd877]::sys::thread::unix::Thread>::new::thread_start
[INFO] [stdout]   18:     0x7c7035676dfa - <unknown>
[INFO] [stdout]   19:     0x7c703570a3d4 - clone
[INFO] [stdout]   20:                0x0 - <unknown>
[INFO] [stdout] 
[INFO] [stdout] ---- check_reads_utf16_and_bom_files stdout ----
[INFO] [stdout] 
[INFO] [stdout] thread 'check_reads_utf16_and_bom_files' (579) panicked at xsql-tests/tests/cli.rs:16:5:
[INFO] [stdout] binary not built at "/opt/rustwide/target/release/build/xsql-tests/573d2eacc4d59d25/out/xsql"; run `cargo test` from the workspace root
[INFO] [stdout] stack backtrace:
[INFO] [stdout]    0:     0x5af2c0b14f07 - <<std[617be2ca0a6fd877]::sys::backtrace::BacktraceLock>::print::DisplayBacktrace as core[a373ad73a504971]::fmt::Display>::fmt
[INFO] [stdout]    1:     0x5af2c0afd28a - core[a373ad73a504971]::fmt::write
[INFO] [stdout]    2:     0x5af2c0b144bb - <alloc[2e1b2a31b91974c5]::vec::Vec<u8> as core[a373ad73a504971]::io::write::Write>::write_fmt
[INFO] [stdout]    3:     0x5af2c0b13f9f - std[617be2ca0a6fd877]::panicking::default_hook::{closure#0}
[INFO] [stdout]    4:     0x5af2c0b13bca - std[617be2ca0a6fd877]::panicking::default_hook
[INFO] [stdout]    5:     0x5af2c0b13705 - std[617be2ca0a6fd877]::panicking::panic_with_hook
[INFO] [stdout]    6:     0x5af2c0b3a4b1 - std[617be2ca0a6fd877]::panicking::panic_handler::{closure#0}
[INFO] [stdout]    7:     0x5af2c0b3a469 - std[617be2ca0a6fd877]::sys::backtrace::__rust_end_short_backtrace::<std[617be2ca0a6fd877]::panicking::panic_handler::{closure#0}, !>
[INFO] [stdout]    8:     0x5af2c0b3a96c - __rustc[ea4f61d10b84890b]::rust_begin_unwind
[INFO] [stdout]    9:     0x5af2c0afd11b - core[a373ad73a504971]::panicking::panic_fmt
[INFO] [stdout]   10:     0x5af2c0af3987 - cli[de53c913b96d38f8]::xsql_bin
[INFO] [stdout]   11:     0x5af2c0af2c42 - cli[de53c913b96d38f8]::run_xsql
[INFO] [stdout]   12:     0x5af2c0af8b98 - <cli[de53c913b96d38f8]::check_reads_utf16_and_bom_files::{closure#0} as core[a373ad73a504971]::ops::function::FnOnce<()>>::call_once
[INFO] [stdout]   13:     0x5af2c0b5556b - test[aada8e7e76ba119b]::__rust_begin_short_backtrace::<core[a373ad73a504971]::result::Result<(), alloc[2e1b2a31b91974c5]::string::String>, fn() -> core[a373ad73a504971]::result::Result<(), alloc[2e1b2a31b91974c5]::string::String>>
[INFO] [stdout]   14:     0x5af2c0b51531 - test[aada8e7e76ba119b]::run_test::{closure#0}
[INFO] [stdout]   15:     0x5af2c0b50d1c - std[617be2ca0a6fd877]::sys::backtrace::__rust_begin_short_backtrace::<test[aada8e7e76ba119b]::run_test::{closure#1}, ()>
[INFO] [stdout]   16:     0x5af2c0b709bc - <std[617be2ca0a6fd877]::thread::lifecycle::spawn_unchecked<test[aada8e7e76ba119b]::run_test::{closure#1}, ()>::{closure#1} as core[a373ad73a504971]::ops::function::FnOnce<()>>::call_once::{shim:vtable#0}
[INFO] [stdout]   17:     0x5af2c0b3c1e4 - <std[617be2ca0a6fd877]::sys::thread::unix::Thread>::new::thread_start
[INFO] [stdout]   18:     0x7c7035676dfa - <unknown>
[INFO] [stdout]   19:     0x7c703570a3d4 - clone
[INFO] [stdout]   20:                0x0 - <unknown>
[INFO] [stdout] 
[INFO] [stdout] ---- repl_checkpoint_and_rollback_to stdout ----
[INFO] [stdout] 
[INFO] [stdout] thread 'repl_checkpoint_and_rollback_to' (595) panicked at xsql-tests/tests/cli.rs:16:5:
[INFO] [stdout] binary not built at "/opt/rustwide/target/release/build/xsql-tests/573d2eacc4d59d25/out/xsql"; run `cargo test` from the workspace root
[INFO] [stdout] stack backtrace:
[INFO] [stdout]    0:     0x5af2c0b14f07 - <<std[617be2ca0a6fd877]::sys::backtrace::BacktraceLock>::print::DisplayBacktrace as core[a373ad73a504971]::fmt::Display>::fmt
[INFO] [stdout]    1:     0x5af2c0afd28a - core[a373ad73a504971]::fmt::write
[INFO] [stdout]    2:     0x5af2c0b144bb - <alloc[2e1b2a31b91974c5]::vec::Vec<u8> as core[a373ad73a504971]::io::write::Write>::write_fmt
[INFO] [stdout]    3:     0x5af2c0b13f9f - std[617be2ca0a6fd877]::panicking::default_hook::{closure#0}
[INFO] [stdout]    4:     0x5af2c0b13bca - std[617be2ca0a6fd877]::panicking::default_hook
[INFO] [stdout]    5:     0x5af2c0b13705 - std[617be2ca0a6fd877]::panicking::panic_with_hook
[INFO] [stdout]    6:     0x5af2c0b3a4b1 - std[617be2ca0a6fd877]::panicking::panic_handler::{closure#0}
[INFO] [stdout]    7:     0x5af2c0b3a469 - std[617be2ca0a6fd877]::sys::backtrace::__rust_end_short_backtrace::<std[617be2ca0a6fd877]::panicking::panic_handler::{closure#0}, !>
[INFO] [stdout]    8:     0x5af2c0b3a96c - __rustc[ea4f61d10b84890b]::rust_begin_unwind
[INFO] [stdout]    9:     0x5af2c0afd11b - core[a373ad73a504971]::panicking::panic_fmt
[INFO] [stdout]   10:     0x5af2c0af3987 - cli[de53c913b96d38f8]::xsql_bin
[INFO] [stdout]   11:     0x5af2c0af2c42 - cli[de53c913b96d38f8]::run_xsql
[INFO] [stdout]   12:     0x5af2c0af914e - <cli[de53c913b96d38f8]::repl_checkpoint_and_rollback_to::{closure#0} as core[a373ad73a504971]::ops::function::FnOnce<()>>::call_once
[INFO] [stdout]   13:     0x5af2c0b5556b - test[aada8e7e76ba119b]::__rust_begin_short_backtrace::<core[a373ad73a504971]::result::Result<(), alloc[2e1b2a31b91974c5]::string::String>, fn() -> core[a373ad73a504971]::result::Result<(), alloc[2e1b2a31b91974c5]::string::String>>
[INFO] [stdout]   14:     0x5af2c0b51531 - test[aada8e7e76ba119b]::run_test::{closure#0}
[INFO] [stdout]   15:     0x5af2c0b50d1c - std[617be2ca0a6fd877]::sys::backtrace::__rust_begin_short_backtrace::<test[aada8e7e76ba119b]::run_test::{closure#1}, ()>
[INFO] [stdout]   16:     0x5af2c0b709bc - <std[617be2ca0a6fd877]::thread::lifecycle::spawn_unchecked<test[aada8e7e76ba119b]::run_test::{closure#1}, ()>::{closure#1} as core[a373ad73a504971]::ops::function::FnOnce<()>>::call_once::{shim:vtable#0}
[INFO] [stdout]   17:     0x5af2c0b3c1e4 - <std[617be2ca0a6fd877]::sys::thread::unix::Thread>::new::thread_start
[INFO] [stdout]   18:     0x7c7035676dfa - <unknown>
[INFO] [stdout]   19:     0x7c703570a3d4 - clone
[INFO] [stdout]   20:                0x0 - <unknown>
[INFO] [stdout] 
[INFO] [stdout] ---- script_from_stdin stdout ----
[INFO] [stdout] 
[INFO] [stdout] thread 'script_from_stdin' (602) panicked at xsql-tests/tests/cli.rs:16:5:
[INFO] [stdout] binary not built at "/opt/rustwide/target/release/build/xsql-tests/573d2eacc4d59d25/out/xsql"; run `cargo test` from the workspace root
[INFO] [stdout] stack backtrace:
[INFO] [stdout]    0:     0x5af2c0b14f07 - <<std[617be2ca0a6fd877]::sys::backtrace::BacktraceLock>::print::DisplayBacktrace as core[a373ad73a504971]::fmt::Display>::fmt
[INFO] [stdout]    1:     0x5af2c0afd28a - core[a373ad73a504971]::fmt::write
[INFO] [stdout]    2:     0x5af2c0b144bb - <alloc[2e1b2a31b91974c5]::vec::Vec<u8> as core[a373ad73a504971]::io::write::Write>::write_fmt
[INFO] [stdout]    3:     0x5af2c0b13f9f - std[617be2ca0a6fd877]::panicking::default_hook::{closure#0}
[INFO] [stdout]    4:     0x5af2c0b13bca - std[617be2ca0a6fd877]::panicking::default_hook
[INFO] [stdout]    5:     0x5af2c0b13705 - std[617be2ca0a6fd877]::panicking::panic_with_hook
[INFO] [stdout]    6:     0x5af2c0b3a4b1 - std[617be2ca0a6fd877]::panicking::panic_handler::{closure#0}
[INFO] [stdout]    7:     0x5af2c0b3a469 - std[617be2ca0a6fd877]::sys::backtrace::__rust_end_short_backtrace::<std[617be2ca0a6fd877]::panicking::panic_handler::{closure#0}, !>
[INFO] [stdout]    8:     0x5af2c0b3a96c - __rustc[ea4f61d10b84890b]::rust_begin_unwind
[INFO] [stdout]    9:     0x5af2c0afd11b - core[a373ad73a504971]::panicking::panic_fmt
[INFO] [stdout]   10:     0x5af2c0af3987 - cli[de53c913b96d38f8]::xsql_bin
[INFO] [stdout]   11:     0x5af2c0af2c42 - cli[de53c913b96d38f8]::run_xsql
[INFO] [stdout]   12:     0x5af2c0af60cb - <cli[de53c913b96d38f8]::script_from_stdin::{closure#0} as core[a373ad73a504971]::ops::function::FnOnce<()>>::call_once
[INFO] [stdout]   13:     0x5af2c0b5556b - test[aada8e7e76ba119b]::__rust_begin_short_backtrace::<core[a373ad73a504971]::result::Result<(), alloc[2e1b2a31b91974c5]::string::String>, fn() -> core[a373ad73a504971]::result::Result<(), alloc[2e1b2a31b91974c5]::string::String>>
[INFO] [stdout]   14:     0x5af2c0b51531 - test[aada8e7e76ba119b]::run_test::{closure#0}
[INFO] [stdout]   15:     0x5af2c0b50d1c - std[617be2ca0a6fd877]::sys::backtrace::__rust_begin_short_backtrace::<test[aada8e7e76ba119b]::run_test::{closure#1}, ()>
[INFO] [stdout]   16:     0x5af2c0b709bc - <std[617be2ca0a6fd877]::thread::lifecycle::spawn_unchecked<test[aada8e7e76ba119b]::run_test::{closure#1}, ()>::{closure#1} as core[a373ad73a504971]::ops::function::FnOnce<()>>::call_once::{shim:vtable#0}
[INFO] [stdout]   17:     0x5af2c0b3c1e4 - <std[617be2ca0a6fd877]::sys::thread::unix::Thread>::new::thread_start
[INFO] [stdout]   18:     0x7c7035676dfa - <unknown>
[INFO] [stdout]   19:     0x7c703570a3d4 - clone
[INFO] [stdout]   20:                0x0 - <unknown>
[INFO] [stdout] 
[INFO] [stdout] ---- repl_without_commit_leaves_file_untouched stdout ----
[INFO] [stdout] 
[INFO] [stdout] thread 'repl_without_commit_leaves_file_untouched' (599) panicked at xsql-tests/tests/cli.rs:16:5:
[INFO] [stdout] binary not built at "/opt/rustwide/target/release/build/xsql-tests/573d2eacc4d59d25/out/xsql"; run `cargo test` from the workspace root
[INFO] [stdout] stack backtrace:
[INFO] [stdout]    0:     0x5af2c0b14f07 - <<std[617be2ca0a6fd877]::sys::backtrace::BacktraceLock>::print::DisplayBacktrace as core[a373ad73a504971]::fmt::Display>::fmt
[INFO] [stdout]    1:     0x5af2c0afd28a - core[a373ad73a504971]::fmt::write
[INFO] [stdout]    2:     0x5af2c0b144bb - <alloc[2e1b2a31b91974c5]::vec::Vec<u8> as core[a373ad73a504971]::io::write::Write>::write_fmt
[INFO] [stdout]    3:     0x5af2c0b13f9f - std[617be2ca0a6fd877]::panicking::default_hook::{closure#0}
[INFO] [stdout]    4:     0x5af2c0b13bca - std[617be2ca0a6fd877]::panicking::default_hook
[INFO] [stdout]    5:     0x5af2c0b13705 - std[617be2ca0a6fd877]::panicking::panic_with_hook
[INFO] [stdout]    6:     0x5af2c0b3a4b1 - std[617be2ca0a6fd877]::panicking::panic_handler::{closure#0}
[INFO] [stdout]    7:     0x5af2c0b3a469 - std[617be2ca0a6fd877]::sys::backtrace::__rust_end_short_backtrace::<std[617be2ca0a6fd877]::panicking::panic_handler::{closure#0}, !>
[INFO] [stdout]    8:     0x5af2c0b3a96c - __rustc[ea4f61d10b84890b]::rust_begin_unwind
[INFO] [stdout]    9:     0x5af2c0afd11b - core[a373ad73a504971]::panicking::panic_fmt
[INFO] [stdout]   10:     0x5af2c0af3987 - cli[de53c913b96d38f8]::xsql_bin
[INFO] [stdout]   11:     0x5af2c0af2c42 - cli[de53c913b96d38f8]::run_xsql
[INFO] [stdout]   12:     0x5af2c0afa7e5 - <cli[de53c913b96d38f8]::repl_without_commit_leaves_file_untouched::{closure#0} as core[a373ad73a504971]::ops::function::FnOnce<()>>::call_once
[INFO] [stdout]   13:     0x5af2c0b5556b - test[aada8e7e76ba119b]::__rust_begin_short_backtrace::<core[a373ad73a504971]::result::Result<(), alloc[2e1b2a31b91974c5]::string::String>, fn() -> core[a373ad73a504971]::result::Result<(), alloc[2e1b2a31b91974c5]::string::String>>
[INFO] [stdout]   14:     0x5af2c0b51531 - test[aada8e7e76ba119b]::run_test::{closure#0}
[INFO] [stdout]   15:     0x5af2c0b50d1c - std[617be2ca0a6fd877]::sys::backtrace::__rust_begin_short_backtrace::<test[aada8e7e76ba119b]::run_test::{closure#1}, ()>
[INFO] [stdout]   16:     0x5af2c0b709bc - <std[617be2ca0a6fd877]::thread::lifecycle::spawn_unchecked<test[aada8e7e76ba119b]::run_test::{closure#1}, ()>::{closure#1} as core[a373ad73a504971]::ops::function::FnOnce<()>>::call_once::{shim:vtable#0}
[INFO] [stdout]   17:     0x5af2c0b3c1e4 - <std[617be2ca0a6fd877]::sys::thread::unix::Thread>::new::thread_start
[INFO] [stdout]   18:     0x7c7035676dfa - <unknown>
[INFO] [stdout]   19:     0x7c703570a3d4 - clone
[INFO] [stdout]   20:                0x0 - <unknown>
[INFO] [stdout] 
[INFO] [stdout] ---- xml_piped_to_use_input stdout ----
[INFO] [stdout] 
[INFO] [stdout] thread 'xml_piped_to_use_input' (606) panicked at xsql-tests/tests/cli.rs:16:5:
[INFO] [stdout] binary not built at "/opt/rustwide/target/release/build/xsql-tests/573d2eacc4d59d25/out/xsql"; run `cargo test` from the workspace root
[INFO] [stdout] stack backtrace:
[INFO] [stdout]    0:     0x5af2c0b14f07 - <<std[617be2ca0a6fd877]::sys::backtrace::BacktraceLock>::print::DisplayBacktrace as core[a373ad73a504971]::fmt::Display>::fmt
[INFO] [stdout]    1:     0x5af2c0afd28a - core[a373ad73a504971]::fmt::write
[INFO] [stdout]    2:     0x5af2c0b144bb - <alloc[2e1b2a31b91974c5]::vec::Vec<u8> as core[a373ad73a504971]::io::write::Write>::write_fmt
[INFO] [stdout]    3:     0x5af2c0b13f9f - std[617be2ca0a6fd877]::panicking::default_hook::{closure#0}
[INFO] [stdout]    4:     0x5af2c0b13bca - std[617be2ca0a6fd877]::panicking::default_hook
[INFO] [stdout]    5:     0x5af2c0b13705 - std[617be2ca0a6fd877]::panicking::panic_with_hook
[INFO] [stdout]    6:     0x5af2c0b3a4b1 - std[617be2ca0a6fd877]::panicking::panic_handler::{closure#0}
[INFO] [stdout]    7:     0x5af2c0b3a469 - std[617be2ca0a6fd877]::sys::backtrace::__rust_end_short_backtrace::<std[617be2ca0a6fd877]::panicking::panic_handler::{closure#0}, !>
[INFO] [stdout]    8:     0x5af2c0b3a96c - __rustc[ea4f61d10b84890b]::rust_begin_unwind
[INFO] [stdout]    9:     0x5af2c0afd11b - core[a373ad73a504971]::panicking::panic_fmt
[INFO] [stdout]   10:     0x5af2c0af3987 - cli[de53c913b96d38f8]::xsql_bin
[INFO] [stdout]   11:     0x5af2c0af2c42 - cli[de53c913b96d38f8]::run_xsql
[INFO] [stdout]   12:     0x5af2c0af62a0 - <cli[de53c913b96d38f8]::xml_piped_to_use_input::{closure#0} as core[a373ad73a504971]::ops::function::FnOnce<()>>::call_once
[INFO] [stdout]   13:     0x5af2c0b5556b - test[aada8e7e76ba119b]::__rust_begin_short_backtrace::<core[a373ad73a504971]::result::Result<(), alloc[2e1b2a31b91974c5]::string::String>, fn() -> core[a373ad73a504971]::result::Result<(), alloc[2e1b2a31b91974c5]::string::String>>
[INFO] [stdout]   14:     0x5af2c0b51531 - test[aada8e7e76ba119b]::run_test::{closure#0}
[INFO] [stdout]   15:     0x5af2c0b50d1c - std[617be2ca0a6fd877]::sys::backtrace::__rust_begin_short_backtrace::<test[aada8e7e76ba119b]::run_test::{closure#1}, ()>
[INFO] [stdout]   16:     0x5af2c0b709bc - <std[617be2ca0a6fd877]::thread::lifecycle::spawn_unchecked<test[aada8e7e76ba119b]::run_test::{closure#1}, ()>::{closure#1} as core[a373ad73a504971]::ops::function::FnOnce<()>>::call_once::{shim:vtable#0}
[INFO] [stdout]   17:     0x5af2c0b3c1e4 - <std[617be2ca0a6fd877]::sys::thread::unix::Thread>::new::thread_start
[INFO] [stdout]   18:     0x7c7035676dfa - <unknown>
[INFO] [stdout]   19:     0x7c703570a3d4 - clone
[INFO] [stdout]   20:                0x0 - <unknown>
[INFO] [stdout] 
[INFO] [stdout] ---- usage_error_exit_code stdout ----
[INFO] [stdout] 
[INFO] [stdout] thread 'usage_error_exit_code' (604) panicked at xsql-tests/tests/cli.rs:16:5:
[INFO] [stdout] binary not built at "/opt/rustwide/target/release/build/xsql-tests/573d2eacc4d59d25/out/xsql"; run `cargo test` from the workspace root
[INFO] [stdout] stack backtrace:
[INFO] [stdout]    0:     0x5af2c0b14f07 - <<std[617be2ca0a6fd877]::sys::backtrace::BacktraceLock>::print::DisplayBacktrace as core[a373ad73a504971]::fmt::Display>::fmt
[INFO] [stdout]    1:     0x5af2c0afd28a - core[a373ad73a504971]::fmt::write
[INFO] [stdout]    2:     0x5af2c0b144bb - <alloc[2e1b2a31b91974c5]::vec::Vec<u8> as core[a373ad73a504971]::io::write::Write>::write_fmt
[INFO] [stdout]    3:     0x5af2c0b13f9f - std[617be2ca0a6fd877]::panicking::default_hook::{closure#0}
[INFO] [stdout]    4:     0x5af2c0b13bca - std[617be2ca0a6fd877]::panicking::default_hook
[INFO] [stdout]    5:     0x5af2c0b13705 - std[617be2ca0a6fd877]::panicking::panic_with_hook
[INFO] [stdout]    6:     0x5af2c0b3a4b1 - std[617be2ca0a6fd877]::panicking::panic_handler::{closure#0}
[INFO] [stdout]    7:     0x5af2c0b3a469 - std[617be2ca0a6fd877]::sys::backtrace::__rust_end_short_backtrace::<std[617be2ca0a6fd877]::panicking::panic_handler::{closure#0}, !>
[INFO] [stdout]    8:     0x5af2c0b3a96c - __rustc[ea4f61d10b84890b]::rust_begin_unwind
[INFO] [stdout]    9:     0x5af2c0afd11b - core[a373ad73a504971]::panicking::panic_fmt
[INFO] [stdout]   10:     0x5af2c0af3987 - cli[de53c913b96d38f8]::xsql_bin
[INFO] [stdout]   11:     0x5af2c0af2c42 - cli[de53c913b96d38f8]::run_xsql
[INFO] [stdout]   12:     0x5af2c0af61f3 - <cli[de53c913b96d38f8]::usage_error_exit_code::{closure#0} as core[a373ad73a504971]::ops::function::FnOnce<()>>::call_once
[INFO] [stdout]   13:     0x5af2c0b5556b - test[aada8e7e76ba119b]::__rust_begin_short_backtrace::<core[a373ad73a504971]::result::Result<(), alloc[2e1b2a31b91974c5]::string::String>, fn() -> core[a373ad73a504971]::result::Result<(), alloc[2e1b2a31b91974c5]::string::String>>
[INFO] [stdout]   14:     0x5af2c0b51531 - test[aada8e7e76ba119b]::run_test::{closure#0}
[INFO] [stdout]   15:     0x5af2c0b50d1c - std[617be2ca0a6fd877]::sys::backtrace::__rust_begin_short_backtrace::<test[aada8e7e76ba119b]::run_test::{closure#1}, ()>
[INFO] [stdout]   16:     0x5af2c0b709bc - <std[617be2ca0a6fd877]::thread::lifecycle::spawn_unchecked<test[aada8e7e76ba119b]::run_test::{closure#1}, ()>::{closure#1} as core[a373ad73a504971]::ops::function::FnOnce<()>>::call_once::{shim:vtable#0}
[INFO] [stdout]   17:     0x5af2c0b3c1e4 - <std[617be2ca0a6fd877]::sys::thread::unix::Thread>::new::thread_start
[INFO] [stdout]   18:     0x7c7035676dfa - <unknown>
[INFO] [stdout]   19:     0x7c703570a3d4 - clone
[INFO] [stdout]   20:                0x0 - <unknown>
[INFO] [stdout] 
[INFO] [stdout] ---- stdout_dump_preserves_source_encoding_bytes stdout ----
[INFO] [stdout] 
[INFO] [stdout] thread 'stdout_dump_preserves_source_encoding_bytes' (603) panicked at xsql-tests/tests/cli.rs:16:5:
[INFO] [stdout] binary not built at "/opt/rustwide/target/release/build/xsql-tests/573d2eacc4d59d25/out/xsql"; run `cargo test` from the workspace root
[INFO] [stdout] stack backtrace:
[INFO] [stdout]    0:     0x5af2c0b14f07 - <<std[617be2ca0a6fd877]::sys::backtrace::BacktraceLock>::print::DisplayBacktrace as core[a373ad73a504971]::fmt::Display>::fmt
[INFO] [stdout]    1:     0x5af2c0afd28a - core[a373ad73a504971]::fmt::write
[INFO] [stdout]    2:     0x5af2c0b144bb - <alloc[2e1b2a31b91974c5]::vec::Vec<u8> as core[a373ad73a504971]::io::write::Write>::write_fmt
[INFO] [stdout]    3:     0x5af2c0b13f9f - std[617be2ca0a6fd877]::panicking::default_hook::{closure#0}
[INFO] [stdout]    4:     0x5af2c0b13bca - std[617be2ca0a6fd877]::panicking::default_hook
[INFO] [stdout]    5:     0x5af2c0b13705 - std[617be2ca0a6fd877]::panicking::panic_with_hook
[INFO] [stdout]    6:     0x5af2c0b3a4b1 - std[617be2ca0a6fd877]::panicking::panic_handler::{closure#0}
[INFO] [stdout]    7:     0x5af2c0b3a469 - std[617be2ca0a6fd877]::sys::backtrace::__rust_end_short_backtrace::<std[617be2ca0a6fd877]::panicking::panic_handler::{closure#0}, !>
[INFO] [stdout]    8:     0x5af2c0b3a96c - __rustc[ea4f61d10b84890b]::rust_begin_unwind
[INFO] [stdout]    9:     0x5af2c0afd11b - core[a373ad73a504971]::panicking::panic_fmt
[INFO] [stdout]   10:     0x5af2c0af3987 - cli[de53c913b96d38f8]::xsql_bin
[INFO] [stdout]   11:     0x5af2c0afb6bb - <cli[de53c913b96d38f8]::stdout_dump_preserves_source_encoding_bytes::{closure#0} as core[a373ad73a504971]::ops::function::FnOnce<()>>::call_once
[INFO] [stdout]   12:     0x5af2c0b5556b - test[aada8e7e76ba119b]::__rust_begin_short_backtrace::<core[a373ad73a504971]::result::Result<(), alloc[2e1b2a31b91974c5]::string::String>, fn() -> core[a373ad73a504971]::result::Result<(), alloc[2e1b2a31b91974c5]::string::String>>
[INFO] [stdout]   13:     0x5af2c0b51531 - test[aada8e7e76ba119b]::run_test::{closure#0}
[INFO] [stdout]   14:     0x5af2c0b50d1c - std[617be2ca0a6fd877]::sys::backtrace::__rust_begin_short_backtrace::<test[aada8e7e76ba119b]::run_test::{closure#1}, ()>
[INFO] [stdout]   15:     0x5af2c0b709bc - <std[617be2ca0a6fd877]::thread::lifecycle::spawn_unchecked<test[aada8e7e76ba119b]::run_test::{closure#1}, ()>::{closure#1} as core[a373ad73a504971]::ops::function::FnOnce<()>>::call_once::{shim:vtable#0}
[INFO] [stdout]   16:     0x5af2c0b3c1e4 - <std[617be2ca0a6fd877]::sys::thread::unix::Thread>::new::thread_start
[INFO] [stdout]   17:     0x7c7035676dfa - <unknown>
[INFO] [stdout]   18:     0x7c703570a3d4 - clone
[INFO] [stdout]   19:                0x0 - <unknown>
[INFO] [stdout] 
[INFO] [stdout] ---- use_input_with_script_from_stdin_is_rejected stdout ----
[INFO] [stdout] 
[INFO] [stdout] thread 'use_input_with_script_from_stdin_is_rejected' (605) panicked at xsql-tests/tests/cli.rs:16:5:
[INFO] [stdout] binary not built at "/opt/rustwide/target/release/build/xsql-tests/573d2eacc4d59d25/out/xsql"; run `cargo test` from the workspace root
[INFO] [stdout] stack backtrace:
[INFO] [stdout]    0:     0x5af2c0b14f07 - <<std[617be2ca0a6fd877]::sys::backtrace::BacktraceLock>::print::DisplayBacktrace as core[a373ad73a504971]::fmt::Display>::fmt
[INFO] [stdout]    1:     0x5af2c0afd28a - core[a373ad73a504971]::fmt::write
[INFO] [stdout]    2:     0x5af2c0b144bb - <alloc[2e1b2a31b91974c5]::vec::Vec<u8> as core[a373ad73a504971]::io::write::Write>::write_fmt
[INFO] [stdout]    3:     0x5af2c0b13f9f - std[617be2ca0a6fd877]::panicking::default_hook::{closure#0}
[INFO] [stdout]    4:     0x5af2c0b13bca - std[617be2ca0a6fd877]::panicking::default_hook
[INFO] [stdout]    5:     0x5af2c0b13705 - std[617be2ca0a6fd877]::panicking::panic_with_hook
[INFO] [stdout]    6:     0x5af2c0b3a4b1 - std[617be2ca0a6fd877]::panicking::panic_handler::{closure#0}
[INFO] [stdout]    7:     0x5af2c0b3a469 - std[617be2ca0a6fd877]::sys::backtrace::__rust_end_short_backtrace::<std[617be2ca0a6fd877]::panicking::panic_handler::{closure#0}, !>
[INFO] [stdout]    8:     0x5af2c0b3a96c - __rustc[ea4f61d10b84890b]::rust_begin_unwind
[INFO] [stdout]    9:     0x5af2c0afd11b - core[a373ad73a504971]::panicking::panic_fmt
[INFO] [stdout]   10:     0x5af2c0af3987 - cli[de53c913b96d38f8]::xsql_bin
[INFO] [stdout]   11:     0x5af2c0af2c42 - cli[de53c913b96d38f8]::run_xsql
[INFO] [stdout]   12:     0x5af2c0afbae9 - <cli[de53c913b96d38f8]::use_input_with_script_from_stdin_is_rejected::{closure#0} as core[a373ad73a504971]::ops::function::FnOnce<()>>::call_once
[INFO] [stdout]   13:     0x5af2c0b5556b - test[aada8e7e76ba119b]::__rust_begin_short_backtrace::<core[a373ad73a504971]::result::Result<(), alloc[2e1b2a31b91974c5]::string::String>, fn() -> core[a373ad73a504971]::result::Result<(), alloc[2e1b2a31b91974c5]::string::String>>
[INFO] [stdout]   14:     0x5af2c0b51531 - test[aada8e7e76ba119b]::run_test::{closure#0}
[INFO] [stdout]   15:     0x5af2c0b50d1c - std[617be2ca0a6fd877]::sys::backtrace::__rust_begin_short_backtrace::<test[aada8e7e76ba119b]::run_test::{closure#1}, ()>
[INFO] [stdout]   16:     0x5af2c0b709bc - <std[617be2ca0a6fd877]::thread::lifecycle::spawn_unchecked<test[aada8e7e76ba119b]::run_test::{closure#1}, ()>::{closure#1} as core[a373ad73a504971]::ops::function::FnOnce<()>>::call_once::{shim:vtable#0}
[INFO] [stdout]   17:     0x5af2c0b3c1e4 - <std[617be2ca0a6fd877]::sys::thread::unix::Thread>::new::thread_start
[INFO] [stdout]   18:     0x7c7035676dfa - <unknown>
[INFO] [stdout]   19:     0x7c703570a3d4 - clone
[INFO] [stdout]   20:                0x0 - <unknown>
[INFO] [stdout] 
[INFO] [stdout] ---- repl_rollback_to_unknown_checkpoint_errors stdout ----
[INFO] [stdout] 
[INFO] [stdout] thread 'repl_rollback_to_unknown_checkpoint_errors' (598) panicked at xsql-tests/tests/cli.rs:16:5:
[INFO] [stdout] binary not built at "/opt/rustwide/target/release/build/xsql-tests/573d2eacc4d59d25/out/xsql"; run `cargo test` from the workspace root
[INFO] [stdout] stack backtrace:
[INFO] [stdout]    0:     0x5af2c0b14f07 - <<std[617be2ca0a6fd877]::sys::backtrace::BacktraceLock>::print::DisplayBacktrace as core[a373ad73a504971]::fmt::Display>::fmt
[INFO] [stdout]    1:     0x5af2c0afd28a - core[a373ad73a504971]::fmt::write
[INFO] [stdout]    2:     0x5af2c0b144bb - <alloc[2e1b2a31b91974c5]::vec::Vec<u8> as core[a373ad73a504971]::io::write::Write>::write_fmt
[INFO] [stdout]    3:     0x5af2c0b13f9f - std[617be2ca0a6fd877]::panicking::default_hook::{closure#0}
[INFO] [stdout]    4:     0x5af2c0b13bca - std[617be2ca0a6fd877]::panicking::default_hook
[INFO] [stdout]    5:     0x5af2c0b13705 - std[617be2ca0a6fd877]::panicking::panic_with_hook
[INFO] [stdout]    6:     0x5af2c0b3a4b1 - std[617be2ca0a6fd877]::panicking::panic_handler::{closure#0}
[INFO] [stdout]    7:     0x5af2c0b3a469 - std[617be2ca0a6fd877]::sys::backtrace::__rust_end_short_backtrace::<std[617be2ca0a6fd877]::panicking::panic_handler::{closure#0}, !>
[INFO] [stdout]    8:     0x5af2c0b3a96c - __rustc[ea4f61d10b84890b]::rust_begin_unwind
[INFO] [stdout]    9:     0x5af2c0afd11b - core[a373ad73a504971]::panicking::panic_fmt
[INFO] [stdout]   10:     0x5af2c0af3987 - cli[de53c913b96d38f8]::xsql_bin
[INFO] [stdout]   11:     0x5af2c0af2c42 - cli[de53c913b96d38f8]::run_xsql
[INFO] [stdout]   12:     0x5af2c0afb0fe - <cli[de53c913b96d38f8]::repl_rollback_to_unknown_checkpoint_errors::{closure#0} as core[a373ad73a504971]::ops::function::FnOnce<()>>::call_once
[INFO] [stdout]   13:     0x5af2c0b5556b - test[aada8e7e76ba119b]::__rust_begin_short_backtrace::<core[a373ad73a504971]::result::Result<(), alloc[2e1b2a31b91974c5]::string::String>, fn() -> core[a373ad73a504971]::result::Result<(), alloc[2e1b2a31b91974c5]::string::String>>
[INFO] [stdout]   14:     0x5af2c0b51531 - test[aada8e7e76ba119b]::run_test::{closure#0}
[INFO] [stdout]   15:     0x5af2c0b50d1c - std[617be2ca0a6fd877]::sys::backtrace::__rust_begin_short_backtrace::<test[aada8e7e76ba119b]::run_test::{closure#1}, ()>
[INFO] [stdout]   16:     0x5af2c0b709bc - <std[617be2ca0a6fd877]::thread::lifecycle::spawn_unchecked<test[aada8e7e76ba119b]::run_test::{closure#1}, ()>::{closure#1} as core[a373ad73a504971]::ops::function::FnOnce<()>>::call_once::{shim:vtable#0}
[INFO] [stdout]   17:     0x5af2c0b3c1e4 - <std[617be2ca0a6fd877]::sys::thread::unix::Thread>::new::thread_start
[INFO] [stdout]   18:     0x7c7035676dfa - <unknown>
[INFO] [stdout]   19:     0x7c703570a3d4 - clone
[INFO] [stdout]   20:                0x0 - <unknown>
[INFO] [stdout] 
[INFO] [stdout] ---- check_stdin_malformed_sets_exit_code stdout ----
[INFO] [stdout] 
[INFO] [stdout] thread 'check_stdin_malformed_sets_exit_code' (580) panicked at xsql-tests/tests/cli.rs:16:5:
[INFO] [stdout] binary not built at "/opt/rustwide/target/release/build/xsql-tests/573d2eacc4d59d25/out/xsql"; run `cargo test` from the workspace root
[INFO] [stdout] stack backtrace:
[INFO] [stdout]    0:     0x5af2c0b14f07 - <<std[617be2ca0a6fd877]::sys::backtrace::BacktraceLock>::print::DisplayBacktrace as core[a373ad73a504971]::fmt::Display>::fmt
[INFO] [stdout]    1:     0x5af2c0afd28a - core[a373ad73a504971]::fmt::write
[INFO] [stdout]    2:     0x5af2c0b144bb - <alloc[2e1b2a31b91974c5]::vec::Vec<u8> as core[a373ad73a504971]::io::write::Write>::write_fmt
[INFO] [stdout]    3:     0x5af2c0b13f9f - std[617be2ca0a6fd877]::panicking::default_hook::{closure#0}
[INFO] [stdout]    4:     0x5af2c0b13bca - std[617be2ca0a6fd877]::panicking::default_hook
[INFO] [stdout]    5:     0x5af2c0b13705 - std[617be2ca0a6fd877]::panicking::panic_with_hook
[INFO] [stdout]    6:     0x5af2c0b3a4b1 - std[617be2ca0a6fd877]::panicking::panic_handler::{closure#0}
[INFO] [stdout]    7:     0x5af2c0b3a469 - std[617be2ca0a6fd877]::sys::backtrace::__rust_end_short_backtrace::<std[617be2ca0a6fd877]::panicking::panic_handler::{closure#0}, !>
[INFO] [stdout]    8:     0x5af2c0b3a96c - __rustc[ea4f61d10b84890b]::rust_begin_unwind
[INFO] [stdout]    9:     0x5af2c0afd11b - core[a373ad73a504971]::panicking::panic_fmt
[INFO] [stdout]   10:     0x5af2c0af3987 - cli[de53c913b96d38f8]::xsql_bin
[INFO] [stdout]   11:     0x5af2c0af2c42 - cli[de53c913b96d38f8]::run_xsql
[INFO] [stdout]   12:     0x5af2c0af9a7e - <cli[de53c913b96d38f8]::check_stdin_malformed_sets_exit_code::{closure#0} as core[a373ad73a504971]::ops::function::FnOnce<()>>::call_once
[INFO] [stdout]   13:     0x5af2c0b5556b - test[aada8e7e76ba119b]::__rust_begin_short_backtrace::<core[a373ad73a504971]::result::Result<(), alloc[2e1b2a31b91974c5]::string::String>, fn() -> core[a373ad73a504971]::result::Result<(), alloc[2e1b2a31b91974c5]::string::String>>
[INFO] [stdout]   14:     0x5af2c0b51531 - test[aada8e7e76ba119b]::run_test::{closure#0}
[INFO] [stdout]   15:     0x5af2c0b50d1c - std[617be2ca0a6fd877]::sys::backtrace::__rust_begin_short_backtrace::<test[aada8e7e76ba119b]::run_test::{closure#1}, ()>
[INFO] [stdout]   16:     0x5af2c0b709bc - <std[617be2ca0a6fd877]::thread::lifecycle::spawn_unchecked<test[aada8e7e76ba119b]::run_test::{closure#1}, ()>::{closure#1} as core[a373ad73a504971]::ops::function::FnOnce<()>>::call_once::{shim:vtable#0}
[INFO] [stdout]   17:     0x5af2c0b3c1e4 - <std[617be2ca0a6fd877]::sys::thread::unix::Thread>::new::thread_start
[INFO] [stdout]   18:     0x7c7035676dfa - <unknown>
[INFO] [stdout]   19:     0x7c703570a3d4 - clone
[INFO] [stdout]   20:                0x0 - <unknown>
[INFO] [stdout] 
[INFO] [stdout] ---- repl_commit_saves_to_disk stdout ----
[INFO] [stdout] 
[INFO] [stdout] thread 'repl_commit_saves_to_disk' (596) panicked at xsql-tests/tests/cli.rs:16:5:
[INFO] [stdout] binary not built at "/opt/rustwide/target/release/build/xsql-tests/573d2eacc4d59d25/out/xsql"; run `cargo test` from the workspace root
[INFO] [stdout] stack backtrace:
[INFO] [stdout]    0:     0x5af2c0b14f07 - <<std[617be2ca0a6fd877]::sys::backtrace::BacktraceLock>::print::DisplayBacktrace as core[a373ad73a504971]::fmt::Display>::fmt
[INFO] [stdout]    1:     0x5af2c0afd28a - core[a373ad73a504971]::fmt::write
[INFO] [stdout]    2:     0x5af2c0b144bb - <alloc[2e1b2a31b91974c5]::vec::Vec<u8> as core[a373ad73a504971]::io::write::Write>::write_fmt
[INFO] [stdout]    3:     0x5af2c0b13f9f - std[617be2ca0a6fd877]::panicking::default_hook::{closure#0}
[INFO] [stdout]    4:     0x5af2c0b13bca - std[617be2ca0a6fd877]::panicking::default_hook
[INFO] [stdout]    5:     0x5af2c0b13705 - std[617be2ca0a6fd877]::panicking::panic_with_hook
[INFO] [stdout]    6:     0x5af2c0b3a4b1 - std[617be2ca0a6fd877]::panicking::panic_handler::{closure#0}
[INFO] [stdout]    7:     0x5af2c0b3a469 - std[617be2ca0a6fd877]::sys::backtrace::__rust_end_short_backtrace::<std[617be2ca0a6fd877]::panicking::panic_handler::{closure#0}, !>
[INFO] [stdout]    8:     0x5af2c0b3a96c - __rustc[ea4f61d10b84890b]::rust_begin_unwind
[INFO] [stdout]    9:     0x5af2c0afd11b - core[a373ad73a504971]::panicking::panic_fmt
[INFO] [stdout]   10:     0x5af2c0af3987 - cli[de53c913b96d38f8]::xsql_bin
[INFO] [stdout]   11:     0x5af2c0af2c42 - cli[de53c913b96d38f8]::run_xsql
[INFO] [stdout]   12:     0x5af2c0af6995 - <cli[de53c913b96d38f8]::repl_commit_saves_to_disk::{closure#0} as core[a373ad73a504971]::ops::function::FnOnce<()>>::call_once
[INFO] [stdout]   13:     0x5af2c0b5556b - test[aada8e7e76ba119b]::__rust_begin_short_backtrace::<core[a373ad73a504971]::result::Result<(), alloc[2e1b2a31b91974c5]::string::String>, fn() -> core[a373ad73a504971]::result::Result<(), alloc[2e1b2a31b91974c5]::string::String>>
[INFO] [stdout]   14:     0x5af2c0b51531 - test[aada8e7e76ba119b]::run_test::{closure#0}
[INFO] [stdout]   15:     0x5af2c0b50d1c - std[617be2ca0a6fd877]::sys::backtrace::__rust_begin_short_backtrace::<test[aada8e7e76ba119b]::run_test::{closure#1}, ()>
[INFO] [stdout]   16:     0x5af2c0b709bc - <std[617be2ca0a6fd877]::thread::lifecycle::spawn_unchecked<test[aada8e7e76ba119b]::run_test::{closure#1}, ()>::{closure#1} as core[a373ad73a504971]::ops::function::FnOnce<()>>::call_once::{shim:vtable#0}
[INFO] [stdout]   17:     0x5af2c0b3c1e4 - <std[617be2ca0a6fd877]::sys::thread::unix::Thread>::new::thread_start
[INFO] [stdout]   18:     0x7c7035676dfa - <unknown>
[INFO] [stdout]   19:     0x7c703570a3d4 - clone
[INFO] [stdout]   20:                0x0 - <unknown>
[INFO] [stdout] 
[INFO] [stdout] ---- check_mixed_files_fails_but_reports_each stdout ----
[INFO] [stdout] 
[INFO] [stdout] thread 'check_mixed_files_fails_but_reports_each' (578) panicked at xsql-tests/tests/cli.rs:16:5:
[INFO] [stdout] binary not built at "/opt/rustwide/target/release/build/xsql-tests/573d2eacc4d59d25/out/xsql"; run `cargo test` from the workspace root
[INFO] [stdout] stack backtrace:
[INFO] [stdout]    0:     0x5af2c0b14f07 - <<std[617be2ca0a6fd877]::sys::backtrace::BacktraceLock>::print::DisplayBacktrace as core[a373ad73a504971]::fmt::Display>::fmt
[INFO] [stdout]    1:     0x5af2c0afd28a - core[a373ad73a504971]::fmt::write
[INFO] [stdout]    2:     0x5af2c0b144bb - <alloc[2e1b2a31b91974c5]::vec::Vec<u8> as core[a373ad73a504971]::io::write::Write>::write_fmt
[INFO] [stdout]    3:     0x5af2c0b13f9f - std[617be2ca0a6fd877]::panicking::default_hook::{closure#0}
[INFO] [stdout]    4:     0x5af2c0b13bca - std[617be2ca0a6fd877]::panicking::default_hook
[INFO] [stdout]    5:     0x5af2c0b13705 - std[617be2ca0a6fd877]::panicking::panic_with_hook
[INFO] [stdout]    6:     0x5af2c0b3a4b1 - std[617be2ca0a6fd877]::panicking::panic_handler::{closure#0}
[INFO] [stdout]    7:     0x5af2c0b3a469 - std[617be2ca0a6fd877]::sys::backtrace::__rust_end_short_backtrace::<std[617be2ca0a6fd877]::panicking::panic_handler::{closure#0}, !>
[INFO] [stdout]    8:     0x5af2c0b3a96c - __rustc[ea4f61d10b84890b]::rust_begin_unwind
[INFO] [stdout]    9:     0x5af2c0afd11b - core[a373ad73a504971]::panicking::panic_fmt
[INFO] [stdout]   10:     0x5af2c0af3987 - cli[de53c913b96d38f8]::xsql_bin
[INFO] [stdout]   11:     0x5af2c0af2c42 - cli[de53c913b96d38f8]::run_xsql
[INFO] [stdout]   12:     0x5af2c0afa412 - <cli[de53c913b96d38f8]::check_mixed_files_fails_but_reports_each::{closure#0} as core[a373ad73a504971]::ops::function::FnOnce<()>>::call_once
[INFO] [stdout]   13:     0x5af2c0b5556b - test[aada8e7e76ba119b]::__rust_begin_short_backtrace::<core[a373ad73a504971]::result::Result<(), alloc[2e1b2a31b91974c5]::string::String>, fn() -> core[a373ad73a504971]::result::Result<(), alloc[2e1b2a31b91974c5]::string::String>>
[INFO] [stdout]   14:     0x5af2c0b51531 - test[aada8e7e76ba119b]::run_test::{closure#0}
[INFO] [stdout]   15:     0x5af2c0b50d1c - std[617be2ca0a6fd877]::sys::backtrace::__rust_begin_short_backtrace::<test[aada8e7e76ba119b]::run_test::{closure#1}, ()>
[INFO] [stdout]   16:     0x5af2c0b709bc - <std[617be2ca0a6fd877]::thread::lifecycle::spawn_unchecked<test[aada8e7e76ba119b]::run_test::{closure#1}, ()>::{closure#1} as core[a373ad73a504971]::ops::function::FnOnce<()>>::call_once::{shim:vtable#0}
[INFO] [stdout]   17:     0x5af2c0b3c1e4 - <std[617be2ca0a6fd877]::sys::thread::unix::Thread>::new::thread_start
[INFO] [stdout]   18:     0x7c7035676dfa - <unknown>
[INFO] [stdout]   19:     0x7c703570a3d4 - clone
[INFO] [stdout]   20:                0x0 - <unknown>
[INFO] [stdout] 
[INFO] [stdout] ---- output_flag_combines_with_encoding_override stdout ----
[INFO] [stdout] 
[INFO] [stdout] thread 'output_flag_combines_with_encoding_override' (589) panicked at xsql-tests/tests/cli.rs:16:5:
[INFO] [stdout] binary not built at "/opt/rustwide/target/release/build/xsql-tests/573d2eacc4d59d25/out/xsql"; run `cargo test` from the workspace root
[INFO] [stdout] stack backtrace:
[INFO] [stdout]    0:     0x5af2c0b14f07 - <<std[617be2ca0a6fd877]::sys::backtrace::BacktraceLock>::print::DisplayBacktrace as core[a373ad73a504971]::fmt::Display>::fmt
[INFO] [stdout]    1:     0x5af2c0afd28a - core[a373ad73a504971]::fmt::write
[INFO] [stdout]    2:     0x5af2c0b144bb - <alloc[2e1b2a31b91974c5]::vec::Vec<u8> as core[a373ad73a504971]::io::write::Write>::write_fmt
[INFO] [stdout]    3:     0x5af2c0b13f9f - std[617be2ca0a6fd877]::panicking::default_hook::{closure#0}
[INFO] [stdout]    4:     0x5af2c0b13bca - std[617be2ca0a6fd877]::panicking::default_hook
[INFO] [stdout]    5:     0x5af2c0b13705 - std[617be2ca0a6fd877]::panicking::panic_with_hook
[INFO] [stdout]    6:     0x5af2c0b3a4b1 - std[617be2ca0a6fd877]::panicking::panic_handler::{closure#0}
[INFO] [stdout]    7:     0x5af2c0b3a469 - std[617be2ca0a6fd877]::sys::backtrace::__rust_end_short_backtrace::<std[617be2ca0a6fd877]::panicking::panic_handler::{closure#0}, !>
[INFO] [stdout]    8:     0x5af2c0b3a96c - __rustc[ea4f61d10b84890b]::rust_begin_unwind
[INFO] [stdout]    9:     0x5af2c0afd11b - core[a373ad73a504971]::panicking::panic_fmt
[INFO] [stdout]   10:     0x5af2c0af3987 - cli[de53c913b96d38f8]::xsql_bin
[INFO] [stdout]   11:     0x5af2c0af2c42 - cli[de53c913b96d38f8]::run_xsql
[INFO] [stdout]   12:     0x5af2c0afb325 - <cli[de53c913b96d38f8]::output_flag_combines_with_encoding_override::{closure#0} as core[a373ad73a504971]::ops::function::FnOnce<()>>::call_once
[INFO] [stdout]   13:     0x5af2c0b5556b - test[aada8e7e76ba119b]::__rust_begin_short_backtrace::<core[a373ad73a504971]::result::Result<(), alloc[2e1b2a31b91974c5]::string::String>, fn() -> core[a373ad73a504971]::result::Result<(), alloc[2e1b2a31b91974c5]::string::String>>
[INFO] [stdout]   14:     0x5af2c0b51531 - test[aada8e7e76ba119b]::run_test::{closure#0}
[INFO] [stdout]   15:     0x5af2c0b50d1c - std[617be2ca0a6fd877]::sys::backtrace::__rust_begin_short_backtrace::<test[aada8e7e76ba119b]::run_test::{closure#1}, ()>
[INFO] [stdout]   16:     0x5af2c0b709bc - <std[617be2ca0a6fd877]::thread::lifecycle::spawn_unchecked<test[aada8e7e76ba119b]::run_test::{closure#1}, ()>::{closure#1} as core[a373ad73a504971]::ops::function::FnOnce<()>>::call_once::{shim:vtable#0}
[INFO] [stdout]   17:     0x5af2c0b3c1e4 - <std[617be2ca0a6fd877]::sys::thread::unix::Thread>::new::thread_start
[INFO] [stdout]   18:     0x7c7035676dfa - <unknown>
[INFO] [stdout]   19:     0x7c703570a3d4 - clone
[INFO] [stdout]   20:                0x0 - <unknown>
[INFO] [stdout] 
[INFO] [stdout] ---- encoding_flag_overrides_to_utf16 stdout ----
[INFO] [stdout] 
[INFO] [stdout] thread 'encoding_flag_overrides_to_utf16' (586) panicked at xsql-tests/tests/cli.rs:16:5:
[INFO] [stdout] binary not built at "/opt/rustwide/target/release/build/xsql-tests/573d2eacc4d59d25/out/xsql"; run `cargo test` from the workspace root
[INFO] [stdout] stack backtrace:
[INFO] [stdout]    0:     0x5af2c0b14f07 - <<std[617be2ca0a6fd877]::sys::backtrace::BacktraceLock>::print::DisplayBacktrace as core[a373ad73a504971]::fmt::Display>::fmt
[INFO] [stdout]    1:     0x5af2c0afd28a - core[a373ad73a504971]::fmt::write
[INFO] [stdout]    2:     0x5af2c0b144bb - <alloc[2e1b2a31b91974c5]::vec::Vec<u8> as core[a373ad73a504971]::io::write::Write>::write_fmt
[INFO] [stdout]    3:     0x5af2c0b13f9f - std[617be2ca0a6fd877]::panicking::default_hook::{closure#0}
[INFO] [stdout]    4:     0x5af2c0b13bca - std[617be2ca0a6fd877]::panicking::default_hook
[INFO] [stdout]    5:     0x5af2c0b13705 - std[617be2ca0a6fd877]::panicking::panic_with_hook
[INFO] [stdout]    6:     0x5af2c0b3a4b1 - std[617be2ca0a6fd877]::panicking::panic_handler::{closure#0}
[INFO] [stdout]    7:     0x5af2c0b3a469 - std[617be2ca0a6fd877]::sys::backtrace::__rust_end_short_backtrace::<std[617be2ca0a6fd877]::panicking::panic_handler::{closure#0}, !>
[INFO] [stdout]    8:     0x5af2c0b3a96c - __rustc[ea4f61d10b84890b]::rust_begin_unwind
[INFO] [stdout]    9:     0x5af2c0afd11b - core[a373ad73a504971]::panicking::panic_fmt
[INFO] [stdout]   10:     0x5af2c0af3987 - cli[de53c913b96d38f8]::xsql_bin
[INFO] [stdout]   11:     0x5af2c0af2c42 - cli[de53c913b96d38f8]::run_xsql
[INFO] [stdout]   12:     0x5af2c0af9326 - <cli[de53c913b96d38f8]::encoding_flag_overrides_to_utf16::{closure#0} as core[a373ad73a504971]::ops::function::FnOnce<()>>::call_once
[INFO] [stdout]   13:     0x5af2c0b5556b - test[aada8e7e76ba119b]::__rust_begin_short_backtrace::<core[a373ad73a504971]::result::Result<(), alloc[2e1b2a31b91974c5]::string::String>, fn() -> core[a373ad73a504971]::result::Result<(), alloc[2e1b2a31b91974c5]::string::String>>
[INFO] [stdout]   14:     0x5af2c0b51531 - test[aada8e7e76ba119b]::run_test::{closure#0}
[INFO] [stdout]   15:     0x5af2c0b50d1c - std[617be2ca0a6fd877]::sys::backtrace::__rust_begin_short_backtrace::<test[aada8e7e76ba119b]::run_test::{closure#1}, ()>
[INFO] [stdout]   16:     0x5af2c0b709bc - <std[617be2ca0a6fd877]::thread::lifecycle::spawn_unchecked<test[aada8e7e76ba119b]::run_test::{closure#1}, ()>::{closure#1} as core[a373ad73a504971]::ops::function::FnOnce<()>>::call_once::{shim:vtable#0}
[INFO] [stdout]   17:     0x5af2c0b3c1e4 - <std[617be2ca0a6fd877]::sys::thread::unix::Thread>::new::thread_start
[INFO] [stdout]   18:     0x7c7035676dfa - <unknown>
[INFO] [stdout]   19:     0x7c703570a3d4 - clone
[INFO] [stdout]   20:                0x0 - <unknown>
[INFO] [stdout] 
[INFO] [stdout] ---- runtime_error_sets_exit_code_and_span stdout ----
[INFO] [stdout] 
[INFO] [stdout] thread 'runtime_error_sets_exit_code_and_span' (600) panicked at xsql-tests/tests/cli.rs:16:5:
[INFO] [stdout] binary not built at "/opt/rustwide/target/release/build/xsql-tests/573d2eacc4d59d25/out/xsql"; run `cargo test` from the workspace root
[INFO] [stdout] stack backtrace:
[INFO] [stdout]    0:     0x5af2c0b14f07 - <<std[617be2ca0a6fd877]::sys::backtrace::BacktraceLock>::print::DisplayBacktrace as core[a373ad73a504971]::fmt::Display>::fmt
[INFO] [stdout]    1:     0x5af2c0afd28a - core[a373ad73a504971]::fmt::write
[INFO] [stdout]    2:     0x5af2c0b144bb - <alloc[2e1b2a31b91974c5]::vec::Vec<u8> as core[a373ad73a504971]::io::write::Write>::write_fmt
[INFO] [stdout]    3:     0x5af2c0b13f9f - std[617be2ca0a6fd877]::panicking::default_hook::{closure#0}
[INFO] [stdout]    4:     0x5af2c0b13bca - std[617be2ca0a6fd877]::panicking::default_hook
[INFO] [stdout]    5:     0x5af2c0b13705 - std[617be2ca0a6fd877]::panicking::panic_with_hook
[INFO] [stdout]    6:     0x5af2c0b3a4b1 - std[617be2ca0a6fd877]::panicking::panic_handler::{closure#0}
[INFO] [stdout]    7:     0x5af2c0b3a469 - std[617be2ca0a6fd877]::sys::backtrace::__rust_end_short_backtrace::<std[617be2ca0a6fd877]::panicking::panic_handler::{closure#0}, !>
[INFO] [stdout]    8:     0x5af2c0b3a96c - __rustc[ea4f61d10b84890b]::rust_begin_unwind
[INFO] [stdout]    9:     0x5af2c0afd11b - core[a373ad73a504971]::panicking::panic_fmt
[INFO] [stdout]   10:     0x5af2c0af3987 - cli[de53c913b96d38f8]::xsql_bin
[INFO] [stdout]   11:     0x5af2c0af2c42 - cli[de53c913b96d38f8]::run_xsql
[INFO] [stdout]   12:     0x5af2c0afa14e - <cli[de53c913b96d38f8]::runtime_error_sets_exit_code_and_span::{closure#0} as core[a373ad73a504971]::ops::function::FnOnce<()>>::call_once
[INFO] [stdout]   13:     0x5af2c0b5556b - test[aada8e7e76ba119b]::__rust_begin_short_backtrace::<core[a373ad73a504971]::result::Result<(), alloc[2e1b2a31b91974c5]::string::String>, fn() -> core[a373ad73a504971]::result::Result<(), alloc[2e1b2a31b91974c5]::string::String>>
[INFO] [stdout]   14:     0x5af2c0b51531 - test[aada8e7e76ba119b]::run_test::{closure#0}
[INFO] [stdout]   15:     0x5af2c0b50d1c - std[617be2ca0a6fd877]::sys::backtrace::__rust_begin_short_backtrace::<test[aada8e7e76ba119b]::run_test::{closure#1}, ()>
[INFO] [stdout]   16:     0x5af2c0b709bc - <std[617be2ca0a6fd877]::thread::lifecycle::spawn_unchecked<test[aada8e7e76ba119b]::run_test::{closure#1}, ()>::{closure#1} as core[a373ad73a504971]::ops::function::FnOnce<()>>::call_once::{shim:vtable#0}
[INFO] [stdout]   17:     0x5af2c0b3c1e4 - <std[617be2ca0a6fd877]::sys::thread::unix::Thread>::new::thread_start
[INFO] [stdout]   18:     0x7c7035676dfa - <unknown>
[INFO] [stdout]   19:     0x7c703570a3d4 - clone
[INFO] [stdout]   20:                0x0 - <unknown>
[INFO] [stdout] 
[INFO] [stdout] ---- scratch_script_runs_verbatim stdout ----
[INFO] [stdout] 
[INFO] [stdout] thread 'scratch_script_runs_verbatim' (601) panicked at xsql-tests/tests/cli.rs:16:5:
[INFO] [stdout] binary not built at "/opt/rustwide/target/release/build/xsql-tests/573d2eacc4d59d25/out/xsql"; run `cargo test` from the workspace root
[INFO] [stdout] stack backtrace:
[INFO] [stdout]    0:     0x5af2c0b14f07 - <<std[617be2ca0a6fd877]::sys::backtrace::BacktraceLock>::print::DisplayBacktrace as core[a373ad73a504971]::fmt::Display>::fmt
[INFO] [stdout]    1:     0x5af2c0afd28a - core[a373ad73a504971]::fmt::write
[INFO] [stdout]    2:     0x5af2c0b144bb - <alloc[2e1b2a31b91974c5]::vec::Vec<u8> as core[a373ad73a504971]::io::write::Write>::write_fmt
[INFO] [stdout]    3:     0x5af2c0b13f9f - std[617be2ca0a6fd877]::panicking::default_hook::{closure#0}
[INFO] [stdout]    4:     0x5af2c0b13bca - std[617be2ca0a6fd877]::panicking::default_hook
[INFO] [stdout]    5:     0x5af2c0b13705 - std[617be2ca0a6fd877]::panicking::panic_with_hook
[INFO] [stdout]    6:     0x5af2c0b3a4b1 - std[617be2ca0a6fd877]::panicking::panic_handler::{closure#0}
[INFO] [stdout]    7:     0x5af2c0b3a469 - std[617be2ca0a6fd877]::sys::backtrace::__rust_end_short_backtrace::<std[617be2ca0a6fd877]::panicking::panic_handler::{closure#0}, !>
[INFO] [stdout]    8:     0x5af2c0b3a96c - __rustc[ea4f61d10b84890b]::rust_begin_unwind
[INFO] [stdout]    9:     0x5af2c0afd11b - core[a373ad73a504971]::panicking::panic_fmt
[INFO] [stdout]   10:     0x5af2c0af3987 - cli[de53c913b96d38f8]::xsql_bin
[INFO] [stdout]   11:     0x5af2c0af2c42 - cli[de53c913b96d38f8]::run_xsql
[INFO] [stdout]   12:     0x5af2c0af7933 - <cli[de53c913b96d38f8]::scratch_script_runs_verbatim::{closure#0} as core[a373ad73a504971]::ops::function::FnOnce<()>>::call_once
[INFO] [stdout]   13:     0x5af2c0b5556b - test[aada8e7e76ba119b]::__rust_begin_short_backtrace::<core[a373ad73a504971]::result::Result<(), alloc[2e1b2a31b91974c5]::string::String>, fn() -> core[a373ad73a504971]::result::Result<(), alloc[2e1b2a31b91974c5]::string::String>>
[INFO] [stdout]   14:     0x5af2c0b51531 - test[aada8e7e76ba119b]::run_test::{closure#0}
[INFO] [stdout]   15:     0x5af2c0b50d1c - std[617be2ca0a6fd877]::sys::backtrace::__rust_begin_short_backtrace::<test[aada8e7e76ba119b]::run_test::{closure#1}, ()>
[INFO] [stdout]   16:     0x5af2c0b709bc - <std[617be2ca0a6fd877]::thread::lifecycle::spawn_unchecked<test[aada8e7e76ba119b]::run_test::{closure#1}, ()>::{closure#1} as core[a373ad73a504971]::ops::function::FnOnce<()>>::call_once::{shim:vtable#0}
[INFO] [stdout]   17:     0x5af2c0b3c1e4 - <std[617be2ca0a6fd877]::sys::thread::unix::Thread>::new::thread_start
[INFO] [stdout]   18:     0x7c7035676dfa - <unknown>
[INFO] [stdout]   19:     0x7c703570a3d4 - clone
[INFO] [stdout]   20:                0x0 - <unknown>
[INFO] [stdout] 
[INFO] [stdout] ---- check_stdin_unclosed_tag_is_rejected stdout ----
[INFO] [stdout] 
[INFO] [stdout] thread 'check_stdin_unclosed_tag_is_rejected' (581) panicked at xsql-tests/tests/cli.rs:16:5:
[INFO] [stdout] binary not built at "/opt/rustwide/target/release/build/xsql-tests/573d2eacc4d59d25/out/xsql"; run `cargo test` from the workspace root
[INFO] [stdout] stack backtrace:
[INFO] [stdout]    0:     0x5af2c0b14f07 - <<std[617be2ca0a6fd877]::sys::backtrace::BacktraceLock>::print::DisplayBacktrace as core[a373ad73a504971]::fmt::Display>::fmt
[INFO] [stdout]    1:     0x5af2c0afd28a - core[a373ad73a504971]::fmt::write
[INFO] [stdout]    2:     0x5af2c0b144bb - <alloc[2e1b2a31b91974c5]::vec::Vec<u8> as core[a373ad73a504971]::io::write::Write>::write_fmt
[INFO] [stdout]    3:     0x5af2c0b13f9f - std[617be2ca0a6fd877]::panicking::default_hook::{closure#0}
[INFO] [stdout]    4:     0x5af2c0b13bca - std[617be2ca0a6fd877]::panicking::default_hook
[INFO] [stdout]    5:     0x5af2c0b13705 - std[617be2ca0a6fd877]::panicking::panic_with_hook
[INFO] [stdout]    6:     0x5af2c0b3a4b1 - std[617be2ca0a6fd877]::panicking::panic_handler::{closure#0}
[INFO] [stdout]    7:     0x5af2c0b3a469 - std[617be2ca0a6fd877]::sys::backtrace::__rust_end_short_backtrace::<std[617be2ca0a6fd877]::panicking::panic_handler::{closure#0}, !>
[INFO] [stdout]    8:     0x5af2c0b3a96c - __rustc[ea4f61d10b84890b]::rust_begin_unwind
[INFO] [stdout]    9:     0x5af2c0afd11b - core[a373ad73a504971]::panicking::panic_fmt
[INFO] [stdout]   10:     0x5af2c0af3987 - cli[de53c913b96d38f8]::xsql_bin
[INFO] [stdout]   11:     0x5af2c0af2c42 - cli[de53c913b96d38f8]::run_xsql
[INFO] [stdout]   12:     0x5af2c0af9b6e - <cli[de53c913b96d38f8]::check_stdin_unclosed_tag_is_rejected::{closure#0} as core[a373ad73a504971]::ops::function::FnOnce<()>>::call_once
[INFO] [stdout]   13:     0x5af2c0b5556b - test[aada8e7e76ba119b]::__rust_begin_short_backtrace::<core[a373ad73a504971]::result::Result<(), alloc[2e1b2a31b91974c5]::string::String>, fn() -> core[a373ad73a504971]::result::Result<(), alloc[2e1b2a31b91974c5]::string::String>>
[INFO] [stdout]   14:     0x5af2c0b51531 - test[aada8e7e76ba119b]::run_test::{closure#0}
[INFO] [stdout]   15:     0x5af2c0b50d1c - std[617be2ca0a6fd877]::sys::backtrace::__rust_begin_short_backtrace::<test[aada8e7e76ba119b]::run_test::{closure#1}, ()>
[INFO] [stdout]   16:     0x5af2c0b709bc - <std[617be2ca0a6fd877]::thread::lifecycle::spawn_unchecked<test[aada8e7e76ba119b]::run_test::{closure#1}, ()>::{closure#1} as core[a373ad73a504971]::ops::function::FnOnce<()>>::call_once::{shim:vtable#0}
[INFO] [stdout]   17:     0x5af2c0b3c1e4 - <std[617be2ca0a6fd877]::sys::thread::unix::Thread>::new::thread_start
[INFO] [stdout]   18:     0x7c7035676dfa - <unknown>
[INFO] [stdout]   19:     0x7c703570a3d4 - clone
[INFO] [stdout]   20:                0x0 - <unknown>
[INFO] [stdout] 
[INFO] [stdout] 
[INFO] [stdout] failures:
[INFO] [stdout]     analyze_report_goes_to_stderr
[INFO] [stdout]     check_and_eval_are_mutually_exclusive
[INFO] [stdout]     check_error_shows_line_context
[INFO] [stdout]     check_mixed_files_fails_but_reports_each
[INFO] [stdout]     check_reads_utf16_and_bom_files
[INFO] [stdout]     check_stdin_malformed_sets_exit_code
[INFO] [stdout]     check_stdin_unclosed_tag_is_rejected
[INFO] [stdout]     check_stdin_valid_reports_ok
[INFO] [stdout]     check_valid_file_reports_ok
[INFO] [stdout]     commit_preserves_latin1
[INFO] [stdout]     commit_preserves_utf8_bom
[INFO] [stdout]     encoding_flag_overrides_to_utf16
[INFO] [stdout]     encoding_flag_overrides_to_utf8
[INFO] [stdout]     eval_flag_selects_group
[INFO] [stdout]     output_flag_combines_with_encoding_override
[INFO] [stdout]     output_flag_keeps_select_results_on_stdout
[INFO] [stdout]     output_flag_rejected_with_check_mode
[INFO] [stdout]     output_flag_writes_exact_bytes
[INFO] [stdout]     repl_atomicity_partial_script_failure
[INFO] [stdout]     repl_begin_clears_checkpoints
[INFO] [stdout]     repl_checkpoint_and_rollback_to
[INFO] [stdout]     repl_commit_saves_to_disk
[INFO] [stdout]     repl_rollback_discards_edits
[INFO] [stdout]     repl_rollback_to_unknown_checkpoint_errors
[INFO] [stdout]     repl_without_commit_leaves_file_untouched
[INFO] [stdout]     runtime_error_sets_exit_code_and_span
[INFO] [stdout]     scratch_script_runs_verbatim
[INFO] [stdout]     script_from_stdin
[INFO] [stdout]     stdout_dump_preserves_source_encoding_bytes
[INFO] [stdout]     usage_error_exit_code
[INFO] [stdout]     use_input_with_script_from_stdin_is_rejected
[INFO] [stdout]     xml_piped_to_use_input
[INFO] [stdout] 
[INFO] [stdout] test result: FAILED. 0 passed; 32 failed; 0 ignored; 0 measured; 0 filtered out; finished in 0.03s
[INFO] [stdout] 
[INFO] running `Command { std: "docker" "inspect" "f5a7c0b22519f30b018f3be8ef9ae99ba57f4165ef86a43e97605b6b7d8a4a80", kill_on_drop: false }`
[INFO] running `Command { std: "docker" "rm" "-f" "f5a7c0b22519f30b018f3be8ef9ae99ba57f4165ef86a43e97605b6b7d8a4a80", kill_on_drop: false }`
[INFO] [stdout] f5a7c0b22519f30b018f3be8ef9ae99ba57f4165ef86a43e97605b6b7d8a4a80
