[INFO] cloning repository https://github.com/HugoSart/color-lut-tweaks
[INFO] running `Command { std: "git" "-c" "credential.helper=" "-c" "credential.helper=/workspace/cargo-home/bin/git-credential-null" "clone" "--bare" "https://github.com/HugoSart/color-lut-tweaks" "/workspace/cache/git-repos/https%3A%2F%2Fgithub.com%2FHugoSart%2Fcolor-lut-tweaks", kill_on_drop: false }`
[INFO] [stderr] Cloning into bare repository '/workspace/cache/git-repos/https%3A%2F%2Fgithub.com%2FHugoSart%2Fcolor-lut-tweaks'...
[INFO] running `Command { std: "git" "rev-parse" "HEAD", kill_on_drop: false }`
[INFO] [stdout] 689f3ad16fac7d43b62546a2683cfda2f177da81
[INFO] testing HugoSart/color-lut-tweaks against 1.100.0-beta.1+cargoflags=--release for beta-release-1.100-3
[INFO] running `Command { std: "git" "clone" "/workspace/cache/git-repos/https%3A%2F%2Fgithub.com%2FHugoSart%2Fcolor-lut-tweaks" "/workspace/builds/worker-7-tc2/source", kill_on_drop: false }`
[INFO] [stderr] Cloning into '/workspace/builds/worker-7-tc2/source'...
[INFO] [stderr] done.
[INFO] started tweaking git repo https://github.com/HugoSart/color-lut-tweaks
[INFO] finished tweaking git repo https://github.com/HugoSart/color-lut-tweaks
[INFO] tweaked toml for git repo https://github.com/HugoSart/color-lut-tweaks written to /workspace/builds/worker-7-tc2/source/Cargo.toml
[INFO] validating manifest of git repo https://github.com/HugoSart/color-lut-tweaks on toolchain 1.100.0-beta.1
[INFO] running `Command { std: CARGO_HOME="/workspace/cargo-home" RUSTUP_HOME="/workspace/rustup-home" "/workspace/cargo-home/bin/cargo" "+1.100.0-beta.1" "metadata" "--manifest-path" "Cargo.toml" "--no-deps", kill_on_drop: false }`
[INFO] crate git repo https://github.com/HugoSart/color-lut-tweaks already has a lockfile, it will not be regenerated
[INFO] running `Command { std: CARGO_HOME="/workspace/cargo-home" RUSTUP_HOME="/workspace/rustup-home" "/workspace/cargo-home/bin/cargo" "+1.100.0-beta.1" "fetch" "--manifest-path" "Cargo.toml", kill_on_drop: false }`
[INFO] running `Command { std: "docker" "create" "-v" "/var/lib/crater-agent-workspace/builds/worker-7-tc2/source:/opt/rustwide/workdir:ro,Z" "-v" "/var/lib/crater-agent-workspace/builds/worker-7-tc2/target:/opt/rustwide/target:rw,Z" "-v" "/var/lib/crater-agent-workspace/cargo-home:/opt/rustwide/cargo-home:ro,Z" "-v" "/var/lib/crater-agent-workspace/rustup-home:/opt/rustwide/rustup-home:ro,Z" "-m" "1610612736" "--network" "none" "ghcr.io/rust-lang/crates-build-env/linux@sha256:77db811e55d90add9212f6832c23229e3de5f1c1f9905e8cb07319ea15df73ac" "sleep" "infinity", kill_on_drop: false }`
[INFO] [stdout] 31e51a2484146b5884346ee89afe585fc9a3deaac618e91d00934f65dc3058d1
[INFO] running `Command { std: "docker" "start" "31e51a2484146b5884346ee89afe585fc9a3deaac618e91d00934f65dc3058d1", kill_on_drop: false }`
[INFO] running `Command { std: "docker" "inspect" "31e51a2484146b5884346ee89afe585fc9a3deaac618e91d00934f65dc3058d1", kill_on_drop: false }`
[INFO] running `Command { std: "docker" "exec" "-e" "SOURCE_DIR=/opt/rustwide/workdir" "-e" "CARGO_HOME=/opt/rustwide/cargo-home" "-e" "RUSTUP_HOME=/opt/rustwide/rustup-home" "-e" "CARGO_TARGET_DIR=/opt/rustwide/target" "-w" "/opt/rustwide/workdir" "--user" "0:0" "31e51a2484146b5884346ee89afe585fc9a3deaac618e91d00934f65dc3058d1" "/opt/rustwide/cargo-home/bin/cargo" "+1.100.0-beta.1" "metadata" "--no-deps" "--format-version=1", kill_on_drop: false }`
[INFO] running `Command { std: "docker" "inspect" "31e51a2484146b5884346ee89afe585fc9a3deaac618e91d00934f65dc3058d1", kill_on_drop: false }`
[INFO] running `Command { std: "docker" "exec" "-e" "SOURCE_DIR=/opt/rustwide/workdir" "-e" "CARGO_HOME=/opt/rustwide/cargo-home" "-e" "RUSTUP_HOME=/opt/rustwide/rustup-home" "-e" "CARGO_TARGET_DIR=/opt/rustwide/target" "-e" "CARGO_INCREMENTAL=0" "-e" "RUST_BACKTRACE=full" "-e" "RUSTFLAGS=--cap-lints=warn" "-e" "RUSTDOCFLAGS=--cap-lints=warn" "-w" "/opt/rustwide/workdir" "--user" "0:0" "31e51a2484146b5884346ee89afe585fc9a3deaac618e91d00934f65dc3058d1" "/opt/rustwide/cargo-home/bin/cargo" "+1.100.0-beta.1" "build" "--frozen" "--message-format=json" "--release", kill_on_drop: false }`
[INFO] [stderr]    Compiling proc-macro2 v1.0.106
[INFO] [stderr]    Compiling unicode-ident v1.0.24
[INFO] [stderr]    Compiling quote v1.0.45
[INFO] [stderr]    Compiling libc v0.2.186
[INFO] [stderr]    Compiling stable_deref_trait v1.2.1
[INFO] [stderr]    Compiling serde_core v1.0.228
[INFO] [stderr]    Compiling pin-project-lite v0.2.17
[INFO] [stderr]    Compiling bytes v1.11.1
[INFO] [stderr]    Compiling shlex v1.3.0
[INFO] [stderr]    Compiling futures-core v0.3.32
[INFO] [stderr]    Compiling itoa v1.0.18
[INFO] [stderr]    Compiling find-msvc-tools v0.1.9
[INFO] [stderr]    Compiling litemap v0.8.2
[INFO] [stderr]    Compiling writeable v0.6.3
[INFO] [stderr]    Compiling smallvec v1.15.1
[INFO] [stderr]    Compiling futures-sink v0.3.32
[INFO] [stderr]    Compiling icu_normalizer_data v2.2.0
[INFO] [stderr]    Compiling icu_properties_data v2.2.0
[INFO] [stderr]    Compiling utf8_iter v1.0.4
[INFO] [stderr]    Compiling cfg-if v1.0.4
[INFO] [stderr]    Compiling zeroize v1.8.2
[INFO] [stderr]    Compiling once_cell v1.21.4
[INFO] [stderr]    Compiling memchr v2.8.0
[INFO] [stderr]    Compiling percent-encoding v2.3.2
[INFO] [stderr]    Compiling rustls-pki-types v1.14.1
[INFO] [stderr]    Compiling slab v0.4.12
[INFO] [stderr]    Compiling serde v1.0.228
[INFO] [stderr]    Compiling cc v1.2.62
[INFO] [stderr]    Compiling httparse v1.10.1
[INFO] [stderr]    Compiling untrusted v0.9.0
[INFO] [stderr]    Compiling futures-task v0.3.32
[INFO] [stderr]    Compiling futures-io v0.3.32
[INFO] [stderr]    Compiling try-lock v0.2.5
[INFO] [stderr]    Compiling rustls v0.23.40
[INFO] [stderr]    Compiling tower-service v0.3.3
[INFO] [stderr]    Compiling form_urlencoded v1.2.2
[INFO] [stderr]    Compiling tracing-core v0.1.36
[INFO] [stderr]    Compiling want v0.3.1
[INFO] [stderr]    Compiling futures-channel v0.3.32
[INFO] [stderr]    Compiling atomic-waker v1.1.2
[INFO] [stderr]    Compiling zmij v1.0.21
[INFO] [stderr]    Compiling subtle v2.6.1
[INFO] [stderr]    Compiling sync_wrapper v1.0.2
[INFO] [stderr]    Compiling serde_json v1.0.149
[INFO] [stderr]    Compiling ipnet v2.12.0
[INFO] [stderr]    Compiling futures-util v0.3.32
[INFO] [stderr]    Compiling tower-layer v0.3.3
[INFO] [stderr]    Compiling base64 v0.22.1
[INFO] [stderr]    Compiling syn v2.0.117
[INFO] [stderr]    Compiling http v1.4.0
[INFO] [stderr]    Compiling webpki-roots v1.0.7
[INFO] [stderr]    Compiling bitflags v2.11.1
[INFO] [stderr]    Compiling ryu v1.0.23
[INFO] [stderr]    Compiling tracing v0.1.44
[INFO] [stderr]    Compiling log v0.4.29
[INFO] [stderr]    Compiling semver v1.0.28
[INFO] [stderr]    Compiling ring v0.17.14
[INFO] [stderr]    Compiling mio v1.2.0
[INFO] [stderr]    Compiling socket2 v0.6.3
[INFO] [stderr]    Compiling getrandom v0.2.17
[INFO] [stderr]    Compiling http-body v1.0.1
[INFO] [stderr]    Compiling http-body-util v0.1.3
[INFO] [stderr]    Compiling tokio v1.52.3
[INFO] [stderr]    Compiling synstructure v0.13.2
[INFO] [stderr]    Compiling toml v0.5.11
[INFO] [stderr]    Compiling zerovec-derive v0.11.3
[INFO] [stderr]    Compiling displaydoc v0.2.5
[INFO] [stderr]    Compiling serde_derive v1.0.228
[INFO] [stderr]    Compiling zerofrom-derive v0.1.7
[INFO] [stderr]    Compiling yoke-derive v0.8.2
[INFO] [stderr]    Compiling zerofrom v0.1.8
[INFO] [stderr]    Compiling yoke v0.8.2
[INFO] [stderr]    Compiling zerotrie v0.2.4
[INFO] [stderr]    Compiling zerovec v0.11.6
[INFO] [stderr]    Compiling winres v0.1.12
[INFO] [stderr]    Compiling color-lut-tweaks v0.3.1 (/opt/rustwide/workdir)
[INFO] [stderr]    Compiling tinystr v0.8.3
[INFO] [stderr]    Compiling potential_utf v0.1.5
[INFO] [stderr]    Compiling icu_collections v2.2.0
[INFO] [stderr]    Compiling icu_locale_core v2.2.0
[INFO] [stderr]    Compiling serde_urlencoded v0.7.1
[INFO] [stderr]    Compiling icu_provider v2.2.0
[INFO] [stderr]    Compiling hyper v1.9.0
[INFO] [stderr]    Compiling tower v0.5.3
[INFO] [stderr]    Compiling icu_normalizer v2.2.0
[INFO] [stderr]    Compiling icu_properties v2.2.0
[INFO] [stderr]    Compiling hyper-util v0.1.20
[INFO] [stderr]    Compiling idna_adapter v1.2.2
[INFO] [stderr]    Compiling idna v1.1.0
[INFO] [stderr]    Compiling url v2.5.8
[INFO] [stderr]    Compiling tower-http v0.6.11
[INFO] [stderr]    Compiling rustls-webpki v0.103.13
[INFO] [stderr]    Compiling tokio-rustls v0.26.4
[INFO] [stderr]    Compiling hyper-rustls v0.27.9
[INFO] [stderr]    Compiling reqwest v0.12.28
[INFO] [stdout] warning: method `is_advanced_color` is never used
[INFO] [stdout]    --> src/windows_settings.rs:105:8
[INFO] [stdout]     |
[INFO] [stdout] 104 | impl DisplayProfileKind {
[INFO] [stdout]     | ----------------------- method in this implementation
[INFO] [stdout] 105 |     fn is_advanced_color(self) -> bool {
[INFO] [stdout]     |        ^^^^^^^^^^^^^^^^^
[INFO] [stdout]     |
[INFO] [stdout]     = note: `#[warn(dead_code)]` (part of `#[warn(unused)]`) on by default
[INFO] [stdout] 
[INFO] [stdout] 
[INFO] [stderr] warning: unused dependency `winres`
[INFO] [stderr]  --> Cargo.toml:2:1
[INFO] [stderr]   |
[INFO] [stderr] 2 | winres = "0.1"
[INFO] [stderr]   | ^^^^^^^^^^^^^^
[INFO] [stderr]   |
[INFO] [stderr]   = note: `cargo::unused_dependencies` is set to `warn` by default
[INFO] [stderr] help: consider removing the dependency on `winres`
[INFO] [stderr] warning: `color-lut-tweaks` (manifest) generated 1 warning
[INFO] [stderr]     Finished `release` profile [optimized] target(s) in 1m 28s
[INFO] running `Command { std: "docker" "inspect" "31e51a2484146b5884346ee89afe585fc9a3deaac618e91d00934f65dc3058d1", kill_on_drop: false }`
[INFO] running `Command { std: "docker" "exec" "-e" "SOURCE_DIR=/opt/rustwide/workdir" "-e" "CARGO_HOME=/opt/rustwide/cargo-home" "-e" "RUSTUP_HOME=/opt/rustwide/rustup-home" "-e" "CARGO_TARGET_DIR=/opt/rustwide/target" "-e" "CARGO_INCREMENTAL=0" "-e" "RUST_BACKTRACE=full" "-e" "RUSTFLAGS=--cap-lints=warn" "-e" "RUSTDOCFLAGS=--cap-lints=warn" "-w" "/opt/rustwide/workdir" "--user" "0:0" "31e51a2484146b5884346ee89afe585fc9a3deaac618e91d00934f65dc3058d1" "/opt/rustwide/cargo-home/bin/cargo" "+1.100.0-beta.1" "test" "--frozen" "--no-run" "--message-format=json" "--release", kill_on_drop: false }`
[INFO] [stderr]    Compiling color-lut-tweaks v0.3.1 (/opt/rustwide/workdir)
[INFO] [stdout] warning: method `is_advanced_color` is never used
[INFO] [stdout]    --> src/windows_settings.rs:105:8
[INFO] [stdout]     |
[INFO] [stdout] 104 | impl DisplayProfileKind {
[INFO] [stdout]     | ----------------------- method in this implementation
[INFO] [stdout] 105 |     fn is_advanced_color(self) -> bool {
[INFO] [stdout]     |        ^^^^^^^^^^^^^^^^^
[INFO] [stdout]     |
[INFO] [stdout]     = note: `#[warn(dead_code)]` (part of `#[warn(unused)]`) on by default
[INFO] [stdout] 
[INFO] [stdout] 
[INFO] [stdout] warning: method `is_advanced_color` is never used
[INFO] [stdout]    --> src/windows_settings.rs:105:8
[INFO] [stdout]     |
[INFO] [stdout] 104 | impl DisplayProfileKind {
[INFO] [stdout]     | ----------------------- method in this implementation
[INFO] [stdout] 105 |     fn is_advanced_color(self) -> bool {
[INFO] [stdout]     |        ^^^^^^^^^^^^^^^^^
[INFO] [stdout]     |
[INFO] [stdout]     = note: `#[warn(dead_code)]` (part of `#[warn(unused)]`) on by default
[INFO] [stdout] 
[INFO] [stdout] 
[INFO] [stderr] warning: unused dependency `winres`
[INFO] [stderr]  --> Cargo.toml:2:1
[INFO] [stderr]   |
[INFO] [stderr] 2 | winres = "0.1"
[INFO] [stderr]   | ^^^^^^^^^^^^^^
[INFO] [stderr]   |
[INFO] [stderr]   = note: `cargo::unused_dependencies` is set to `warn` by default
[INFO] [stderr] help: consider removing the dependency on `winres`
[INFO] [stderr] warning: `color-lut-tweaks` (manifest) generated 1 warning
[INFO] [stderr]     Finished `release` profile [optimized] target(s) in 5.75s
[INFO] running `Command { std: "docker" "inspect" "31e51a2484146b5884346ee89afe585fc9a3deaac618e91d00934f65dc3058d1", kill_on_drop: false }`
[INFO] running `Command { std: "docker" "exec" "-e" "SOURCE_DIR=/opt/rustwide/workdir" "-e" "CARGO_HOME=/opt/rustwide/cargo-home" "-e" "RUSTUP_HOME=/opt/rustwide/rustup-home" "-e" "CARGO_TARGET_DIR=/opt/rustwide/target" "-e" "CARGO_INCREMENTAL=0" "-e" "RUST_BACKTRACE=full" "-e" "RUSTFLAGS=--cap-lints=warn" "-e" "RUSTDOCFLAGS=--cap-lints=warn" "-w" "/opt/rustwide/workdir" "--user" "0:0" "31e51a2484146b5884346ee89afe585fc9a3deaac618e91d00934f65dc3058d1" "/opt/rustwide/cargo-home/bin/cargo" "+1.100.0-beta.1" "test" "--frozen" "--release", kill_on_drop: false }`
[INFO] [stderr] warning: method `is_advanced_color` is never used
[INFO] [stderr]    --> src/windows_settings.rs:105:8
[INFO] [stderr]     |
[INFO] [stderr] 104 | impl DisplayProfileKind {
[INFO] [stderr]     | ----------------------- method in this implementation
[INFO] [stderr] 105 |     fn is_advanced_color(self) -> bool {
[INFO] [stderr]     |        ^^^^^^^^^^^^^^^^^
[INFO] [stderr]     |
[INFO] [stderr]     = note: `#[warn(dead_code)]` (part of `#[warn(unused)]`) on by default
[INFO] [stderr] 
[INFO] [stderr] warning: `color-lut-tweaks` (lib) generated 1 warning
[INFO] [stderr] warning: `color-lut-tweaks` (lib test) generated 1 warning (1 duplicate)
[INFO] [stderr] warning: unused dependency `winres`
[INFO] [stderr]  --> Cargo.toml:2:1
[INFO] [stderr]   |
[INFO] [stderr] 2 | winres = "0.1"
[INFO] [stderr]   | ^^^^^^^^^^^^^^
[INFO] [stderr]   |
[INFO] [stderr]   = note: `cargo::unused_dependencies` is set to `warn` by default
[INFO] [stderr] help: consider removing the dependency on `winres`
[INFO] [stderr] warning: `color-lut-tweaks` (manifest) generated 1 warning
[INFO] [stderr]     Finished `release` profile [optimized] target(s) in 0.19s
[INFO] [stderr]      Running unittests src/lib.rs (/opt/rustwide/target/release/build/color-lut-tweaks/997e37d7d3eef9ef/out/color_lut_tweaks-997e37d7d3eef9ef)
[INFO] [stdout] 
[INFO] [stdout] running 0 tests
[INFO] [stdout] 
[INFO] [stdout] test result: ok. 0 passed; 0 failed; 0 ignored; 0 measured; 0 filtered out; finished in 0.00s
[INFO] [stdout] 
[INFO] [stderr]      Running unittests src/main.rs (/opt/rustwide/target/release/build/color-lut-tweaks/7b033c1900d11a32/out/color_lut_tweaks-7b033c1900d11a32)
[INFO] [stdout] 
[INFO] [stdout] running 0 tests
[INFO] [stdout] 
[INFO] [stdout] test result: ok. 0 passed; 0 failed; 0 ignored; 0 measured; 0 filtered out; finished in 0.00s
[INFO] [stdout] 
[INFO] [stderr]      Running tests/app_apply.rs (/opt/rustwide/target/release/build/color-lut-tweaks/81bacac0a5fff263/out/app_apply-81bacac0a5fff263)
[INFO] [stdout] 
[INFO] [stdout] running 11 tests
[INFO] [stdout] test apply_adjusts_lut_before_applying_gamma_ramp ... ok
[INFO] [stdout] test apply_can_target_device_by_friendly_name ... ok
[INFO] [stdout] test apply_can_target_device_by_name ... ok
[INFO] [stdout] test apply_brightness_adjustment_keeps_ramp_valid ... ok
[INFO] [stdout] test apply_with_mode_checks_display_mode ... ok
[INFO] [stdout] test apply_without_mode_does_not_check_display_mode ... ok
[INFO] [stdout] test apply_device_array_matches_any_selector_without_duplicates ... ok
[INFO] [stdout] test apply_with_mode_array_matches_any_mode ... ok
[INFO] [stdout] test apply_identity_lut_uses_generated_identity_ramp ... ok
[INFO] [stdout] test apply_tweak_list_applies_only_entries_matching_current_mode ... ok
[INFO] [stdout] test apply_device_string_prefers_hardware_id_before_friendly_name ... ok
[INFO] [stdout] 
[INFO] [stdout] test result: ok. 11 passed; 0 failed; 0 ignored; 0 measured; 0 filtered out; finished in 0.00s
[INFO] [stdout] 
[INFO] [stderr]      Running tests/app_reset.rs (/opt/rustwide/target/release/build/color-lut-tweaks/ad5eeabdc571e358/out/app_reset-ad5eeabdc571e358)
[INFO] [stdout] 
[INFO] [stdout] running 3 tests
[INFO] [stdout] test reset_applies_identity_ramp_from_source_code ... ok
[INFO] [stdout] test reset_without_device_applies_identity_to_all_devices ... ok
[INFO] [stdout] test reset_accepts_device_name ... ok
[INFO] [stdout] 
[INFO] [stdout] test result: ok. 3 passed; 0 failed; 0 ignored; 0 measured; 0 filtered out; finished in 0.00s
[INFO] [stdout] 
[INFO] [stderr]      Running tests/app_start.rs (/opt/rustwide/target/release/build/color-lut-tweaks/870cd44ec3af7d34/out/app_start-870cd44ec3af7d34)
[INFO] [stdout] 
[INFO] [stdout] running 21 tests
[INFO] [stdout] test config_loads_device_and_mode_arrays_as_any_of_selectors ... ok
[INFO] [stdout] test identity_lut_is_loaded_from_reserved_name ... ok
[INFO] [stdout] test many_config_loader_accepts_single_tweak_object ... ok
[INFO] [stdout] test config_loads_adjust_options ... ok
[INFO] [stdout] test named_lut_in_config_is_not_resolved_relative_to_config_file ... ok
[INFO] [stdout] test named_lut_resolves_to_luts_folder_next_to_exe ... ok
[INFO] [stdout] test config_loads_windows_color_profile_states ... FAILED
[INFO] [stdout] test named_cube_resolves_to_luts_folder_next_to_exe ... FAILED
[INFO] [stdout] test identity_lut_in_config_is_not_resolved_as_relative_path ... ok
[INFO] [stdout] test single_config_loader_rejects_multi_entry_config ... ok
[INFO] [stdout] test start_config_loads_tweak_options_list ... ok
[INFO] [stdout] test single_tweak_config_does_not_parse_as_start_config ... ok
[INFO] [stdout] test tweak_mode_filter_treats_missing_mode_as_hdr ... ok
[INFO] [stdout] test named_profile_prefers_icc_when_icm_is_missing ... FAILED
[INFO] [stdout] test start_waits_until_configured_monitor_is_available ... ok
[INFO] [stdout] test runtime_options_default_to_force_enabled ... ok
[INFO] [stdout] test tweak_mode_filter_can_ignore_sdr_and_hdr_independently ... ok
[INFO] [stdout] test tweak_mode_filter_trims_mode_arrays ... ok
[INFO] [stdout] test config_loads_windows_options ... ok
[INFO] [stdout] test empty_tweak_list_is_valid ... ok
[INFO] [stderr] error: test failed, to rerun pass `--test app_start`
[INFO] [stdout] test start_tolerates_transient_force_capture_failure ... ok
[INFO] [stdout] 
[INFO] [stdout] failures:
[INFO] [stdout] 
[INFO] [stdout] ---- config_loads_windows_color_profile_states stdout ----
[INFO] [stdout] 
[INFO] [stdout] thread 'config_loads_windows_color_profile_states' (2263) panicked at tests/app_start.rs:336:5:
[INFO] [stdout] assertion `left == right` failed
[INFO] [stdout]   left: Set("/opt/rustwide/target/release/build/color-lut-tweaks/870cd44ec3af7d34/out/profiles/Bundled Profile.icm")
[INFO] [stdout]  right: Set("/opt/rustwide/target/release/build/color-lut-tweaks/870cd44ec3af7d34/profiles/Bundled Profile.icm")
[INFO] [stdout] stack backtrace:
[INFO] [stdout]    0:     0x636fc0cbd191 - <<std[617be2ca0a6fd877]::sys::backtrace::BacktraceLock>::print::DisplayBacktrace as core[a373ad73a504971]::fmt::Display>::fmt
[INFO] [stdout]    1:     0x636fc0cd336a - core[a373ad73a504971]::fmt::write
[INFO] [stdout]    2:     0x636fc0cc13cc - <alloc[2e1b2a31b91974c5]::vec::Vec<u8> as core[a373ad73a504971]::io::write::Write>::write_fmt
[INFO] [stdout]    3:     0x636fc0c96c76 - std[617be2ca0a6fd877]::panicking::default_hook::{closure#0}
[INFO] [stdout]    4:     0x636fc0cb4009 - std[617be2ca0a6fd877]::panicking::default_hook
[INFO] [stdout]    5:     0x636fc0c3d3a0 - test[aada8e7e76ba119b]::test_main_inner::{closure#0}
[INFO] [stdout]    6:     0x636fc0cb41c2 - std[617be2ca0a6fd877]::panicking::panic_with_hook
[INFO] [stdout]    7:     0x636fc0c96d22 - std[617be2ca0a6fd877]::panicking::panic_handler::{closure#0}
[INFO] [stdout]    8:     0x636fc0c8f729 - std[617be2ca0a6fd877]::sys::backtrace::__rust_end_short_backtrace::<std[617be2ca0a6fd877]::panicking::panic_handler::{closure#0}, !>
[INFO] [stdout]    9:     0x636fc0c97a1d - __rustc[ea4f61d10b84890b]::rust_begin_unwind
[INFO] [stdout]   10:     0x636fc0cd3acc - core[a373ad73a504971]::panicking::panic_fmt
[INFO] [stdout]   11:     0x636fc0cd39e3 - core[a373ad73a504971]::panicking::assert_failed_inner
[INFO] [stdout]   12:     0x636fc0c2c1df - core[a373ad73a504971]::panicking::assert_failed::<color_lut_tweaks[f44dc5a0e10036dc]::app::WindowsColorProfile, color_lut_tweaks[f44dc5a0e10036dc]::app::WindowsColorProfile>
[INFO] [stdout]   13:     0x636fc0c20c21 - <app_start[f4d85090579429ab]::config_loads_windows_color_profile_states::{closure#0} as core[a373ad73a504971]::ops::function::FnOnce<()>>::call_once
[INFO] [stdout]   14:     0x636fc0c307eb - test[aada8e7e76ba119b]::__rust_begin_short_backtrace::<core[a373ad73a504971]::result::Result<(), alloc[2e1b2a31b91974c5]::string::String>, fn() -> core[a373ad73a504971]::result::Result<(), alloc[2e1b2a31b91974c5]::string::String>>
[INFO] [stdout]   15:     0x636fc0c3d9c5 - test[aada8e7e76ba119b]::run_test::{closure#0}
[INFO] [stdout]   16:     0x636fc0c372b4 - std[617be2ca0a6fd877]::sys::backtrace::__rust_begin_short_backtrace::<test[aada8e7e76ba119b]::run_test::{closure#1}, ()>
[INFO] [stdout]   17:     0x636fc0c40a52 - <std[617be2ca0a6fd877]::thread::lifecycle::spawn_unchecked<test[aada8e7e76ba119b]::run_test::{closure#1}, ()>::{closure#1} as core[a373ad73a504971]::ops::function::FnOnce<()>>::call_once::{shim:vtable#0}
[INFO] [stdout]   18:     0x636fc0cbc0df - <std[617be2ca0a6fd877]::sys::thread::unix::Thread>::new::thread_start
[INFO] [stdout]   19:     0x788bef593dfa - <unknown>
[INFO] [stdout]   20:     0x788bef6273d4 - clone
[INFO] [stdout]   21:                0x0 - <unknown>
[INFO] [stdout] 
[INFO] [stdout] ---- named_cube_resolves_to_luts_folder_next_to_exe stdout ----
[INFO] [stdout] 
[INFO] [stdout] thread 'named_cube_resolves_to_luts_folder_next_to_exe' (2269) panicked at tests/app_start.rs:230:5:
[INFO] [stdout] assertion `left == right` failed
[INFO] [stdout]   left: "named-cube-fixture.lut"
[INFO] [stdout]  right: "named-cube-fixture.cube"
[INFO] [stdout] stack backtrace:
[INFO] [stdout]    0:     0x636fc0cbd191 - <<std[617be2ca0a6fd877]::sys::backtrace::BacktraceLock>::print::DisplayBacktrace as core[a373ad73a504971]::fmt::Display>::fmt
[INFO] [stdout]    1:     0x636fc0cd336a - core[a373ad73a504971]::fmt::write
[INFO] [stdout]    2:     0x636fc0cc13cc - <alloc[2e1b2a31b91974c5]::vec::Vec<u8> as core[a373ad73a504971]::io::write::Write>::write_fmt
[INFO] [stdout]    3:     0x636fc0c96c76 - std[617be2ca0a6fd877]::panicking::default_hook::{closure#0}
[INFO] [stdout]    4:     0x636fc0cb4009 - std[617be2ca0a6fd877]::panicking::default_hook
[INFO] [stdout]    5:     0x636fc0c3d3a0 - test[aada8e7e76ba119b]::test_main_inner::{closure#0}
[INFO] [stdout]    6:     0x636fc0cb41c2 - std[617be2ca0a6fd877]::panicking::panic_with_hook
[INFO] [stdout]    7:     0x636fc0c96d22 - std[617be2ca0a6fd877]::panicking::panic_handler::{closure#0}
[INFO] [stdout]    8:     0x636fc0c8f729 - std[617be2ca0a6fd877]::sys::backtrace::__rust_end_short_backtrace::<std[617be2ca0a6fd877]::panicking::panic_handler::{closure#0}, !>
[INFO] [stdout]    9:     0x636fc0c97a1d - __rustc[ea4f61d10b84890b]::rust_begin_unwind
[INFO] [stdout]   10:     0x636fc0cd3acc - core[a373ad73a504971]::panicking::panic_fmt
[INFO] [stdout]   11:     0x636fc0cd39e3 - core[a373ad73a504971]::panicking::assert_failed_inner
[INFO] [stdout]   12:     0x636fc0c2c27c - core[a373ad73a504971]::panicking::assert_failed::<&std[617be2ca0a6fd877]::ffi::os_str::OsStr, &str>
[INFO] [stdout]   13:     0x636fc0c22246 - <app_start[f4d85090579429ab]::named_cube_resolves_to_luts_folder_next_to_exe::{closure#0} as core[a373ad73a504971]::ops::function::FnOnce<()>>::call_once
[INFO] [stdout]   14:     0x636fc0c307eb - test[aada8e7e76ba119b]::__rust_begin_short_backtrace::<core[a373ad73a504971]::result::Result<(), alloc[2e1b2a31b91974c5]::string::String>, fn() -> core[a373ad73a504971]::result::Result<(), alloc[2e1b2a31b91974c5]::string::String>>
[INFO] [stdout]   15:     0x636fc0c3d9c5 - test[aada8e7e76ba119b]::run_test::{closure#0}
[INFO] [stdout]   16:     0x636fc0c372b4 - std[617be2ca0a6fd877]::sys::backtrace::__rust_begin_short_backtrace::<test[aada8e7e76ba119b]::run_test::{closure#1}, ()>
[INFO] [stdout]   17:     0x636fc0c40a52 - <std[617be2ca0a6fd877]::thread::lifecycle::spawn_unchecked<test[aada8e7e76ba119b]::run_test::{closure#1}, ()>::{closure#1} as core[a373ad73a504971]::ops::function::FnOnce<()>>::call_once::{shim:vtable#0}
[INFO] [stdout]   18:     0x636fc0cbc0df - <std[617be2ca0a6fd877]::sys::thread::unix::Thread>::new::thread_start
[INFO] [stdout]   19:     0x788bef593dfa - <unknown>
[INFO] [stdout]   20:     0x788bef6273d4 - clone
[INFO] [stdout]   21:                0x0 - <unknown>
[INFO] [stdout] 
[INFO] [stdout] ---- named_profile_prefers_icc_when_icm_is_missing stdout ----
[INFO] [stdout] 
[INFO] [stdout] thread 'named_profile_prefers_icc_when_icm_is_missing' (2272) panicked at tests/app_start.rs:367:5:
[INFO] [stdout] assertion `left == right` failed
[INFO] [stdout]   left: Set("/opt/rustwide/target/release/build/color-lut-tweaks/870cd44ec3af7d34/out/profiles/Only Icc Profile.icm")
[INFO] [stdout]  right: Set("/opt/rustwide/target/release/build/color-lut-tweaks/870cd44ec3af7d34/profiles/Only Icc Profile.icc")
[INFO] [stdout] stack backtrace:
[INFO] [stdout]    0:     0x636fc0cbd191 - <<std[617be2ca0a6fd877]::sys::backtrace::BacktraceLock>::print::DisplayBacktrace as core[a373ad73a504971]::fmt::Display>::fmt
[INFO] [stdout]    1:     0x636fc0cd336a - core[a373ad73a504971]::fmt::write
[INFO] [stdout]    2:     0x636fc0cc13cc - <alloc[2e1b2a31b91974c5]::vec::Vec<u8> as core[a373ad73a504971]::io::write::Write>::write_fmt
[INFO] [stdout]    3:     0x636fc0c96c76 - std[617be2ca0a6fd877]::panicking::default_hook::{closure#0}
[INFO] [stdout]    4:     0x636fc0cb4009 - std[617be2ca0a6fd877]::panicking::default_hook
[INFO] [stdout]    5:     0x636fc0c3d3a0 - test[aada8e7e76ba119b]::test_main_inner::{closure#0}
[INFO] [stdout]    6:     0x636fc0cb41c2 - std[617be2ca0a6fd877]::panicking::panic_with_hook
[INFO] [stdout]    7:     0x636fc0c96d22 - std[617be2ca0a6fd877]::panicking::panic_handler::{closure#0}
[INFO] [stdout]    8:     0x636fc0c8f729 - std[617be2ca0a6fd877]::sys::backtrace::__rust_end_short_backtrace::<std[617be2ca0a6fd877]::panicking::panic_handler::{closure#0}, !>
[INFO] [stdout]    9:     0x636fc0c97a1d - __rustc[ea4f61d10b84890b]::rust_begin_unwind
[INFO] [stdout]   10:     0x636fc0cd3acc - core[a373ad73a504971]::panicking::panic_fmt
[INFO] [stdout]   11:     0x636fc0cd39e3 - core[a373ad73a504971]::panicking::assert_failed_inner
[INFO] [stdout]   12:     0x636fc0c2c1df - core[a373ad73a504971]::panicking::assert_failed::<color_lut_tweaks[f44dc5a0e10036dc]::app::WindowsColorProfile, color_lut_tweaks[f44dc5a0e10036dc]::app::WindowsColorProfile>
[INFO] [stdout]   13:     0x636fc0c219df - <app_start[f4d85090579429ab]::named_profile_prefers_icc_when_icm_is_missing::{closure#0} as core[a373ad73a504971]::ops::function::FnOnce<()>>::call_once
[INFO] [stdout]   14:     0x636fc0c307eb - test[aada8e7e76ba119b]::__rust_begin_short_backtrace::<core[a373ad73a504971]::result::Result<(), alloc[2e1b2a31b91974c5]::string::String>, fn() -> core[a373ad73a504971]::result::Result<(), alloc[2e1b2a31b91974c5]::string::String>>
[INFO] [stdout]   15:     0x636fc0c3d9c5 - test[aada8e7e76ba119b]::run_test::{closure#0}
[INFO] [stdout]   16:     0x636fc0c372b4 - std[617be2ca0a6fd877]::sys::backtrace::__rust_begin_short_backtrace::<test[aada8e7e76ba119b]::run_test::{closure#1}, ()>
[INFO] [stdout]   17:     0x636fc0c40a52 - <std[617be2ca0a6fd877]::thread::lifecycle::spawn_unchecked<test[aada8e7e76ba119b]::run_test::{closure#1}, ()>::{closure#1} as core[a373ad73a504971]::ops::function::FnOnce<()>>::call_once::{shim:vtable#0}
[INFO] [stdout]   18:     0x636fc0cbc0df - <std[617be2ca0a6fd877]::sys::thread::unix::Thread>::new::thread_start
[INFO] [stdout]   19:     0x788bef593dfa - <unknown>
[INFO] [stdout]   20:     0x788bef6273d4 - clone
[INFO] [stdout]   21:                0x0 - <unknown>
[INFO] [stdout] 
[INFO] [stdout] 
[INFO] [stdout] failures:
[INFO] [stdout]     config_loads_windows_color_profile_states
[INFO] [stdout]     named_cube_resolves_to_luts_folder_next_to_exe
[INFO] [stdout]     named_profile_prefers_icc_when_icm_is_missing
[INFO] [stdout] 
[INFO] [stdout] test result: FAILED. 18 passed; 3 failed; 0 ignored; 0 measured; 0 filtered out; finished in 4.01s
[INFO] [stdout] 
[INFO] running `Command { std: "docker" "inspect" "31e51a2484146b5884346ee89afe585fc9a3deaac618e91d00934f65dc3058d1", kill_on_drop: false }`
[INFO] running `Command { std: "docker" "rm" "-f" "31e51a2484146b5884346ee89afe585fc9a3deaac618e91d00934f65dc3058d1", kill_on_drop: false }`
[INFO] [stdout] 31e51a2484146b5884346ee89afe585fc9a3deaac618e91d00934f65dc3058d1
