[INFO] cloning repository https://github.com/HiroyukiFuruno/katana-ast-lint
[INFO] running `Command { std: "git" "-c" "credential.helper=" "-c" "credential.helper=/workspace/cargo-home/bin/git-credential-null" "clone" "--bare" "https://github.com/HiroyukiFuruno/katana-ast-lint" "/workspace/cache/git-repos/https%3A%2F%2Fgithub.com%2FHiroyukiFuruno%2Fkatana-ast-lint", kill_on_drop: false }`
[INFO] [stderr] Cloning into bare repository '/workspace/cache/git-repos/https%3A%2F%2Fgithub.com%2FHiroyukiFuruno%2Fkatana-ast-lint'...
[INFO] running `Command { std: "git" "rev-parse" "HEAD", kill_on_drop: false }`
[INFO] [stdout] f1d75d87d15194f4cc61a75074cf43732a825d86
[INFO] testing HiroyukiFuruno/katana-ast-lint against 1.100.0-beta.1+cargoflags=--release for beta-release-1.100-3
[INFO] running `Command { std: "git" "clone" "/workspace/cache/git-repos/https%3A%2F%2Fgithub.com%2FHiroyukiFuruno%2Fkatana-ast-lint" "/workspace/builds/worker-0-tc2/source", kill_on_drop: false }`
[INFO] [stderr] Cloning into '/workspace/builds/worker-0-tc2/source'...
[INFO] [stderr] done.
[INFO] started tweaking git repo https://github.com/HiroyukiFuruno/katana-ast-lint
[INFO] finished tweaking git repo https://github.com/HiroyukiFuruno/katana-ast-lint
[INFO] tweaked toml for git repo https://github.com/HiroyukiFuruno/katana-ast-lint written to /workspace/builds/worker-0-tc2/source/Cargo.toml
[INFO] validating manifest of git repo https://github.com/HiroyukiFuruno/katana-ast-lint on toolchain 1.100.0-beta.1
[INFO] running `Command { std: CARGO_HOME="/workspace/cargo-home" RUSTUP_HOME="/workspace/rustup-home" "/workspace/cargo-home/bin/cargo" "+1.100.0-beta.1" "metadata" "--manifest-path" "Cargo.toml" "--no-deps", kill_on_drop: false }`
[INFO] crate git repo https://github.com/HiroyukiFuruno/katana-ast-lint already has a lockfile, it will not be regenerated
[INFO] running `Command { std: CARGO_HOME="/workspace/cargo-home" RUSTUP_HOME="/workspace/rustup-home" "/workspace/cargo-home/bin/cargo" "+1.100.0-beta.1" "fetch" "--manifest-path" "Cargo.toml", kill_on_drop: false }`
[INFO] running `Command { std: "docker" "create" "-v" "/var/lib/crater-agent-workspace/builds/worker-0-tc2/source:/opt/rustwide/workdir:ro,Z" "-v" "/var/lib/crater-agent-workspace/builds/worker-0-tc2/target:/opt/rustwide/target:rw,Z" "-v" "/var/lib/crater-agent-workspace/cargo-home:/opt/rustwide/cargo-home:ro,Z" "-v" "/var/lib/crater-agent-workspace/rustup-home:/opt/rustwide/rustup-home:ro,Z" "-m" "1610612736" "--network" "none" "ghcr.io/rust-lang/crates-build-env/linux@sha256:77db811e55d90add9212f6832c23229e3de5f1c1f9905e8cb07319ea15df73ac" "sleep" "infinity", kill_on_drop: false }`
[INFO] [stdout] 2ef60e5ee498ddb1677516ff468335b7e982727a9cae5dde2b6028a5b9a0ed5a
[INFO] running `Command { std: "docker" "start" "2ef60e5ee498ddb1677516ff468335b7e982727a9cae5dde2b6028a5b9a0ed5a", kill_on_drop: false }`
[INFO] running `Command { std: "docker" "inspect" "2ef60e5ee498ddb1677516ff468335b7e982727a9cae5dde2b6028a5b9a0ed5a", kill_on_drop: false }`
[INFO] running `Command { std: "docker" "exec" "-e" "SOURCE_DIR=/opt/rustwide/workdir" "-e" "CARGO_HOME=/opt/rustwide/cargo-home" "-e" "RUSTUP_HOME=/opt/rustwide/rustup-home" "-e" "CARGO_TARGET_DIR=/opt/rustwide/target" "-w" "/opt/rustwide/workdir" "--user" "0:0" "2ef60e5ee498ddb1677516ff468335b7e982727a9cae5dde2b6028a5b9a0ed5a" "/opt/rustwide/cargo-home/bin/cargo" "+1.100.0-beta.1" "metadata" "--no-deps" "--format-version=1", kill_on_drop: false }`
[INFO] running `Command { std: "docker" "inspect" "2ef60e5ee498ddb1677516ff468335b7e982727a9cae5dde2b6028a5b9a0ed5a", kill_on_drop: false }`
[INFO] running `Command { std: "docker" "exec" "-e" "SOURCE_DIR=/opt/rustwide/workdir" "-e" "CARGO_HOME=/opt/rustwide/cargo-home" "-e" "RUSTUP_HOME=/opt/rustwide/rustup-home" "-e" "CARGO_TARGET_DIR=/opt/rustwide/target" "-e" "CARGO_INCREMENTAL=0" "-e" "RUST_BACKTRACE=full" "-e" "RUSTFLAGS=--cap-lints=warn" "-e" "RUSTDOCFLAGS=--cap-lints=warn" "-w" "/opt/rustwide/workdir" "--user" "0:0" "2ef60e5ee498ddb1677516ff468335b7e982727a9cae5dde2b6028a5b9a0ed5a" "/opt/rustwide/cargo-home/bin/cargo" "+1.100.0-beta.1" "build" "--frozen" "--message-format=json" "--release", kill_on_drop: false }`
[INFO] [stderr]    Compiling quote v1.0.47
[INFO] [stderr]    Compiling memchr v2.8.3
[INFO] [stderr]    Compiling proc-macro2 v1.0.107
[INFO] [stderr]    Compiling crossbeam-utils v0.8.23
[INFO] [stderr]    Compiling unicode-ident v1.0.26
[INFO] [stderr]    Compiling serde_core v1.0.229
[INFO] [stderr]    Compiling regex-syntax v0.8.11
[INFO] [stderr]    Compiling autocfg v1.5.1
[INFO] [stderr]    Compiling crossbeam-epoch v0.9.21
[INFO] [stderr]    Compiling zmij v1.0.23
[INFO] [stderr]    Compiling crossbeam-deque v0.8.8
[INFO] [stderr]    Compiling same-file v1.0.6
[INFO] [stderr]    Compiling serde_json v1.0.151
[INFO] [stderr]    Compiling serde v1.0.229
[INFO] [stderr]    Compiling log v0.4.34
[INFO] [stderr]    Compiling walkdir v2.5.0
[INFO] [stderr]    Compiling iana-time-zone v0.1.65
[INFO] [stderr]    Compiling itoa v1.0.18
[INFO] [stderr]    Compiling once_cell v1.21.4
[INFO] [stderr]    Compiling num-traits v0.2.19
[INFO] [stderr]    Compiling aho-corasick v1.1.5
[INFO] [stderr]    Compiling bstr v1.13.1
[INFO] [stderr]    Compiling syn v2.0.119
[INFO] [stderr]    Compiling syn v3.0.6
[INFO] [stderr]    Compiling chrono v0.4.45
[INFO] [stderr]    Compiling regex-automata v0.4.18
[INFO] [stderr]    Compiling serde_derive v1.0.229
[INFO] [stderr]    Compiling globset v0.4.20
[INFO] [stderr]    Compiling regex v1.13.1
[INFO] [stderr]    Compiling ignore v0.4.33
[INFO] [stderr]    Compiling katana-ast-lint v0.5.2 (/opt/rustwide/workdir)
[INFO] [stderr]     Finished `release` profile [optimized] target(s) in 2m 02s
[INFO] running `Command { std: "docker" "inspect" "2ef60e5ee498ddb1677516ff468335b7e982727a9cae5dde2b6028a5b9a0ed5a", kill_on_drop: false }`
[INFO] running `Command { std: "docker" "exec" "-e" "SOURCE_DIR=/opt/rustwide/workdir" "-e" "CARGO_HOME=/opt/rustwide/cargo-home" "-e" "RUSTUP_HOME=/opt/rustwide/rustup-home" "-e" "CARGO_TARGET_DIR=/opt/rustwide/target" "-e" "CARGO_INCREMENTAL=0" "-e" "RUST_BACKTRACE=full" "-e" "RUSTFLAGS=--cap-lints=warn" "-e" "RUSTDOCFLAGS=--cap-lints=warn" "-w" "/opt/rustwide/workdir" "--user" "0:0" "2ef60e5ee498ddb1677516ff468335b7e982727a9cae5dde2b6028a5b9a0ed5a" "/opt/rustwide/cargo-home/bin/cargo" "+1.100.0-beta.1" "test" "--frozen" "--no-run" "--message-format=json" "--release", kill_on_drop: false }`
[INFO] [stderr]    Compiling libc v0.2.189
[INFO] [stderr]    Compiling getrandom v0.4.3
[INFO] [stderr]    Compiling rustix v1.1.5
[INFO] [stderr]    Compiling linux-raw-sys v0.12.1
[INFO] [stderr]    Compiling cfg-if v1.0.5
[INFO] [stderr]    Compiling bitflags v2.13.2
[INFO] [stderr]    Compiling fastrand v2.5.0
[INFO] [stderr]    Compiling tempfile v3.27.0
[INFO] [stderr]    Compiling katana-ast-lint v0.5.2 (/opt/rustwide/workdir)
[INFO] [stderr]     Finished `release` profile [optimized] target(s) in 54.34s
[INFO] running `Command { std: "docker" "inspect" "2ef60e5ee498ddb1677516ff468335b7e982727a9cae5dde2b6028a5b9a0ed5a", kill_on_drop: false }`
[INFO] running `Command { std: "docker" "exec" "-e" "SOURCE_DIR=/opt/rustwide/workdir" "-e" "CARGO_HOME=/opt/rustwide/cargo-home" "-e" "RUSTUP_HOME=/opt/rustwide/rustup-home" "-e" "CARGO_TARGET_DIR=/opt/rustwide/target" "-e" "CARGO_INCREMENTAL=0" "-e" "RUST_BACKTRACE=full" "-e" "RUSTFLAGS=--cap-lints=warn" "-e" "RUSTDOCFLAGS=--cap-lints=warn" "-w" "/opt/rustwide/workdir" "--user" "0:0" "2ef60e5ee498ddb1677516ff468335b7e982727a9cae5dde2b6028a5b9a0ed5a" "/opt/rustwide/cargo-home/bin/cargo" "+1.100.0-beta.1" "test" "--frozen" "--release", kill_on_drop: false }`
[INFO] [stderr]     Finished `release` profile [optimized] target(s) in 0.11s
[INFO] [stderr]      Running unittests src/lib.rs (/opt/rustwide/target/release/build/katana-ast-lint/b391e26376408e2f/out/katana_ast_lint-b391e26376408e2f)
[INFO] [stdout] 
[INFO] [stdout] running 37 tests
[INFO] [stdout] test rules::coding::lazy_code::tests::detects_todo ... ok
[INFO] [stdout] test rules::coding::lazy_code::tests::detects_dbg ... ok
[INFO] [stdout] test rules::coding::scrollarea_inner_rect_leak::tests::detects_inner_rect_to_rect_assignment ... ok
[INFO] [stdout] test rules::coding::process_command::tests::ignores_command_in_process_service ... ok
[INFO] [stdout] test rules::coding::error_first::tests::detects_if_let_ok ... ok
[INFO] [stdout] test rules::coding::magic_numbers::tests::allows_literal_in_const ... ok
[INFO] [stdout] test rules::i18n::helpers::tests::is_emoji_or_symbol_tag_range ... ok
[INFO] [stdout] test rules::i18n::icon::tests::lint_i18n_detects_raw_icon_in_label ... ok
[INFO] [stdout] test rules::locales::structure::tests::compare_locale_placeholders_detects_mismatch ... ok
[INFO] [stdout] test rules::coding::magic_numbers::tests::detects_literal_in_function ... ok
[INFO] [stdout] test rules::i18n::hardcode::tests::lint_i18n_detects_richtext_new_via_path_call ... ok
[INFO] [stdout] test rules::coding::min_rect_sizing::tests::detects_min_rect_width_and_height_leaks ... ok
[INFO] [stdout] test rules::locales::structure::tests::compare_locale_shape_detects_missing_keys ... ok
[INFO] [stdout] test rules::structure::nesting_depth::tests::allows_shallow_nesting ... ok
[INFO] [stdout] test rules::structure::nesting_depth::tests::detects_deep_nesting ... ok
[INFO] [stdout] test utils::json::tests::collect_json_placeholders_handles_primitives ... ok
[INFO] [stdout] test utils::json::tests::extract_placeholders_handles_edge_cases ... ok
[INFO] [stdout] test utils::json::tests::parse_json_file_handles_missing_file ... ok
[INFO] [stdout] test utils::parser::tests::is_allowed_string_allows_common_ui_shorthands ... ok
[INFO] [stdout] test utils::parser::tests::is_allowed_string_allows_multiplication_sign ... ok
[INFO] [stdout] test utils::parser::tests::is_allowed_string_allows_symbols_and_numbers ... ok
[INFO] [stdout] test rules::structure::pub_free_fn::tests::detects_pub_crate_free_fn ... ok
[INFO] [stdout] test rules::locales::tests::lint_locale_files_reports_empty_directory ... ok
[INFO] [stdout] test utils::parser::tests::is_allowed_string_denies_normal_words ... ok
[INFO] [stdout] test utils::parser::tests::parse_file_handles_missing_file ... ok
[INFO] [stdout] test rules::structure::pub_free_fn::tests::allows_private_free_fn ... ok
[INFO] [stdout] test rules::i18n::hardcode::tests::lint_i18n_allows_symbol_strings ... ok
[INFO] [stdout] test rules::structure::pub_free_fn::tests::allows_impl_method ... ok
[INFO] [stdout] test utils::parser::tests::parse_file_handles_invalid_syntax ... ok
[INFO] [stdout] test rules::structure::pub_free_fn::tests::allows_main_fn ... ok
[INFO] [stdout] test rules::locales::structure::tests::build_locale_baseline_returns_errors_for_mismatched_bases ... ok
[INFO] [stdout] test rules::structure::pub_free_fn::tests::detects_pub_free_fn ... ok
[INFO] [stdout] test rules::structure::pub_free_fn::tests::skips_test_module ... ok
[INFO] [stdout] test rules::coding::process_command::tests::detects_raw_command_new ... ok
[INFO] [stdout] test rules::coding::prohibited_attrs::tests::detects_allow_dead_code ... ok
[INFO] [stdout] test utils::json::tests::collect_json_placeholders_handles_root_array ... ok
[INFO] [stdout] test utils::json::tests::parse_json_file_handles_invalid_json ... ok
[INFO] [stdout] 
[INFO] [stdout] test result: ok. 37 passed; 0 failed; 0 ignored; 0 measured; 0 filtered out; finished in 0.02s
[INFO] [stdout] 
[INFO] [stderr]      Running unittests src/bin/kal.rs (/opt/rustwide/target/release/build/katana-ast-lint/01986a7c9560393e/out/kal-01986a7c9560393e)
[INFO] [stdout] 
[INFO] [stdout] running 0 tests
[INFO] [stdout] 
[INFO] [stdout] test result: ok. 0 passed; 0 failed; 0 ignored; 0 measured; 0 filtered out; finished in 0.00s
[INFO] [stdout] 
[INFO] [stderr]      Running tests/cli_parity.rs (/opt/rustwide/target/release/build/katana-ast-lint/bf08a5934da50d20/out/cli_parity-bf08a5934da50d20)
[INFO] [stdout] 
[INFO] [stdout] running 6 tests
[INFO] [stdout] test cli_check_clean_project_exits_0 ... FAILED
[INFO] [stderr] error: test failed, to rerun pass `--test cli_parity`
[INFO] [stdout] test cli_check_violation_exits_1 ... FAILED
[INFO] [stdout] test cli_check_json_override_parity ... FAILED
[INFO] [stdout] test cli_and_api_text_parity ... FAILED
[INFO] [stdout] test cli_and_api_json_parity ... FAILED
[INFO] [stdout] test cli_check_invalid_config_exits_2 ... FAILED
[INFO] [stdout] 
[INFO] [stdout] failures:
[INFO] [stdout] 
[INFO] [stdout] ---- cli_check_clean_project_exits_0 stdout ----
[INFO] [stdout] 
[INFO] [stdout] thread 'cli_check_clean_project_exits_0' (1608) panicked at tests/cli_parity.rs:41:10:
[INFO] [stdout] failed to execute process: Os { code: 2, kind: NotFound, message: "No such file or directory" }
[INFO] [stdout] stack backtrace:
[INFO] [stdout]    0:     0x5a16f1789661 - <<std[617be2ca0a6fd877]::sys::backtrace::BacktraceLock>::print::DisplayBacktrace as core[a373ad73a504971]::fmt::Display>::fmt
[INFO] [stdout]    1:     0x5a16f179f90a - core[a373ad73a504971]::fmt::write
[INFO] [stdout]    2:     0x5a16f178dbbc - <alloc[2e1b2a31b91974c5]::vec::Vec<u8> as core[a373ad73a504971]::io::write::Write>::write_fmt
[INFO] [stdout]    3:     0x5a16f1762b76 - std[617be2ca0a6fd877]::panicking::default_hook::{closure#0}
[INFO] [stdout]    4:     0x5a16f17808a9 - std[617be2ca0a6fd877]::panicking::default_hook
[INFO] [stdout]    5:     0x5a16f17191a0 - test[aada8e7e76ba119b]::test_main_inner::{closure#0}
[INFO] [stdout]    6:     0x5a16f1780bd2 - std[617be2ca0a6fd877]::panicking::panic_with_hook
[INFO] [stdout]    7:     0x5a16f1762c22 - std[617be2ca0a6fd877]::panicking::panic_handler::{closure#0}
[INFO] [stdout]    8:     0x5a16f175b559 - std[617be2ca0a6fd877]::sys::backtrace::__rust_end_short_backtrace::<std[617be2ca0a6fd877]::panicking::panic_handler::{closure#0}, !>
[INFO] [stdout]    9:     0x5a16f176382d - __rustc[ea4f61d10b84890b]::rust_begin_unwind
[INFO] [stdout]   10:     0x5a16f17a00ec - core[a373ad73a504971]::panicking::panic_fmt
[INFO] [stdout]   11:     0x5a16f179fec2 - core[a373ad73a504971]::result::unwrap_failed
[INFO] [stdout]   12:     0x5a16f115303e - cli_parity[2689f48326fc2d9c]::run_cli
[INFO] [stdout]   13:     0x5a16f11553a3 - <cli_parity[2689f48326fc2d9c]::cli_check_clean_project_exits_0::{closure#0} as core[a373ad73a504971]::ops::function::FnOnce<()>>::call_once
[INFO] [stdout]   14:     0x5a16f170c5eb - test[aada8e7e76ba119b]::__rust_begin_short_backtrace::<core[a373ad73a504971]::result::Result<(), alloc[2e1b2a31b91974c5]::string::String>, fn() -> core[a373ad73a504971]::result::Result<(), alloc[2e1b2a31b91974c5]::string::String>>
[INFO] [stdout]   15:     0x5a16f17197c5 - test[aada8e7e76ba119b]::run_test::{closure#0}
[INFO] [stdout]   16:     0x5a16f17130b4 - std[617be2ca0a6fd877]::sys::backtrace::__rust_begin_short_backtrace::<test[aada8e7e76ba119b]::run_test::{closure#1}, ()>
[INFO] [stdout]   17:     0x5a16f171c852 - <std[617be2ca0a6fd877]::thread::lifecycle::spawn_unchecked<test[aada8e7e76ba119b]::run_test::{closure#1}, ()>::{closure#1} as core[a373ad73a504971]::ops::function::FnOnce<()>>::call_once::{shim:vtable#0}
[INFO] [stdout]   18:     0x5a16f178893f - <std[617be2ca0a6fd877]::sys::thread::unix::Thread>::new::thread_start
[INFO] [stdout]   19:     0x756c143ebdfa - <unknown>
[INFO] [stdout]   20:     0x756c1447f3d4 - clone
[INFO] [stdout]   21:                0x0 - <unknown>
[INFO] [stdout] 
[INFO] [stdout] ---- cli_check_violation_exits_1 stdout ----
[INFO] [stdout] 
[INFO] [stdout] thread 'cli_check_violation_exits_1' (1611) panicked at tests/cli_parity.rs:41:10:
[INFO] [stdout] failed to execute process: Os { code: 2, kind: NotFound, message: "No such file or directory" }
[INFO] [stdout] stack backtrace:
[INFO] [stdout]    0:     0x5a16f1789661 - <<std[617be2ca0a6fd877]::sys::backtrace::BacktraceLock>::print::DisplayBacktrace as core[a373ad73a504971]::fmt::Display>::fmt
[INFO] [stdout]    1:     0x5a16f179f90a - core[a373ad73a504971]::fmt::write
[INFO] [stdout]    2:     0x5a16f178dbbc - <alloc[2e1b2a31b91974c5]::vec::Vec<u8> as core[a373ad73a504971]::io::write::Write>::write_fmt
[INFO] [stdout]    3:     0x5a16f1762b76 - std[617be2ca0a6fd877]::panicking::default_hook::{closure#0}
[INFO] [stdout]    4:     0x5a16f17808a9 - std[617be2ca0a6fd877]::panicking::default_hook
[INFO] [stdout]    5:     0x5a16f17191a0 - test[aada8e7e76ba119b]::test_main_inner::{closure#0}
[INFO] [stdout]    6:     0x5a16f1780bd2 - std[617be2ca0a6fd877]::panicking::panic_with_hook
[INFO] [stdout]    7:     0x5a16f1762c22 - std[617be2ca0a6fd877]::panicking::panic_handler::{closure#0}
[INFO] [stdout]    8:     0x5a16f175b559 - std[617be2ca0a6fd877]::sys::backtrace::__rust_end_short_backtrace::<std[617be2ca0a6fd877]::panicking::panic_handler::{closure#0}, !>
[INFO] [stdout]    9:     0x5a16f176382d - __rustc[ea4f61d10b84890b]::rust_begin_unwind
[INFO] [stdout]   10:     0x5a16f17a00ec - core[a373ad73a504971]::panicking::panic_fmt
[INFO] [stdout]   11:     0x5a16f179fec2 - core[a373ad73a504971]::result::unwrap_failed
[INFO] [stdout]   12:     0x5a16f115303e - cli_parity[2689f48326fc2d9c]::run_cli
[INFO] [stdout]   13:     0x5a16f11547d1 - <cli_parity[2689f48326fc2d9c]::cli_check_violation_exits_1::{closure#0} as core[a373ad73a504971]::ops::function::FnOnce<()>>::call_once
[INFO] [stdout]   14:     0x5a16f170c5eb - test[aada8e7e76ba119b]::__rust_begin_short_backtrace::<core[a373ad73a504971]::result::Result<(), alloc[2e1b2a31b91974c5]::string::String>, fn() -> core[a373ad73a504971]::result::Result<(), alloc[2e1b2a31b91974c5]::string::String>>
[INFO] [stdout]   15:     0x5a16f17197c5 - test[aada8e7e76ba119b]::run_test::{closure#0}
[INFO] [stdout]   16:     0x5a16f17130b4 - std[617be2ca0a6fd877]::sys::backtrace::__rust_begin_short_backtrace::<test[aada8e7e76ba119b]::run_test::{closure#1}, ()>
[INFO] [stdout]   17:     0x5a16f171c852 - <std[617be2ca0a6fd877]::thread::lifecycle::spawn_unchecked<test[aada8e7e76ba119b]::run_test::{closure#1}, ()>::{closure#1} as core[a373ad73a504971]::ops::function::FnOnce<()>>::call_once::{shim:vtable#0}
[INFO] [stdout]   18:     0x5a16f178893f - <std[617be2ca0a6fd877]::sys::thread::unix::Thread>::new::thread_start
[INFO] [stdout]   19:     0x756c143ebdfa - <unknown>
[INFO] [stdout]   20:     0x756c1447f3d4 - clone
[INFO] [stdout]   21:                0x0 - <unknown>
[INFO] [stdout] 
[INFO] [stdout] ---- cli_check_json_override_parity stdout ----
[INFO] [stdout] 
[INFO] [stdout] thread 'cli_check_json_override_parity' (1610) panicked at tests/cli_parity.rs:41:10:
[INFO] [stdout] failed to execute process: Os { code: 2, kind: NotFound, message: "No such file or directory" }
[INFO] [stdout] stack backtrace:
[INFO] [stdout]    0:     0x5a16f1789661 - <<std[617be2ca0a6fd877]::sys::backtrace::BacktraceLock>::print::DisplayBacktrace as core[a373ad73a504971]::fmt::Display>::fmt
[INFO] [stdout]    1:     0x5a16f179f90a - core[a373ad73a504971]::fmt::write
[INFO] [stdout]    2:     0x5a16f178dbbc - <alloc[2e1b2a31b91974c5]::vec::Vec<u8> as core[a373ad73a504971]::io::write::Write>::write_fmt
[INFO] [stdout]    3:     0x5a16f1762b76 - std[617be2ca0a6fd877]::panicking::default_hook::{closure#0}
[INFO] [stdout]    4:     0x5a16f17808a9 - std[617be2ca0a6fd877]::panicking::default_hook
[INFO] [stdout]    5:     0x5a16f17191a0 - test[aada8e7e76ba119b]::test_main_inner::{closure#0}
[INFO] [stdout]    6:     0x5a16f1780bd2 - std[617be2ca0a6fd877]::panicking::panic_with_hook
[INFO] [stdout]    7:     0x5a16f1762c22 - std[617be2ca0a6fd877]::panicking::panic_handler::{closure#0}
[INFO] [stdout]    8:     0x5a16f175b559 - std[617be2ca0a6fd877]::sys::backtrace::__rust_end_short_backtrace::<std[617be2ca0a6fd877]::panicking::panic_handler::{closure#0}, !>
[INFO] [stdout]    9:     0x5a16f176382d - __rustc[ea4f61d10b84890b]::rust_begin_unwind
[INFO] [stdout]   10:     0x5a16f17a00ec - core[a373ad73a504971]::panicking::panic_fmt
[INFO] [stdout]   11:     0x5a16f179fec2 - core[a373ad73a504971]::result::unwrap_failed
[INFO] [stdout]   12:     0x5a16f115303e - cli_parity[2689f48326fc2d9c]::run_cli
[INFO] [stdout]   13:     0x5a16f1154a3a - <cli_parity[2689f48326fc2d9c]::cli_check_json_override_parity::{closure#0} as core[a373ad73a504971]::ops::function::FnOnce<()>>::call_once
[INFO] [stdout]   14:     0x5a16f170c5eb - test[aada8e7e76ba119b]::__rust_begin_short_backtrace::<core[a373ad73a504971]::result::Result<(), alloc[2e1b2a31b91974c5]::string::String>, fn() -> core[a373ad73a504971]::result::Result<(), alloc[2e1b2a31b91974c5]::string::String>>
[INFO] [stdout]   15:     0x5a16f17197c5 - test[aada8e7e76ba119b]::run_test::{closure#0}
[INFO] [stdout]   16:     0x5a16f17130b4 - std[617be2ca0a6fd877]::sys::backtrace::__rust_begin_short_backtrace::<test[aada8e7e76ba119b]::run_test::{closure#1}, ()>
[INFO] [stdout]   17:     0x5a16f171c852 - <std[617be2ca0a6fd877]::thread::lifecycle::spawn_unchecked<test[aada8e7e76ba119b]::run_test::{closure#1}, ()>::{closure#1} as core[a373ad73a504971]::ops::function::FnOnce<()>>::call_once::{shim:vtable#0}
[INFO] [stdout]   18:     0x5a16f178893f - <std[617be2ca0a6fd877]::sys::thread::unix::Thread>::new::thread_start
[INFO] [stdout]   19:     0x756c143ebdfa - <unknown>
[INFO] [stdout]   20:     0x756c1447f3d4 - clone
[INFO] [stdout]   21:                0x0 - <unknown>
[INFO] [stdout] 
[INFO] [stdout] ---- cli_and_api_text_parity stdout ----
[INFO] [stdout] 
[INFO] [stdout] thread 'cli_and_api_text_parity' (1607) panicked at tests/cli_parity.rs:41:10:
[INFO] [stdout] failed to execute process: Os { code: 2, kind: NotFound, message: "No such file or directory" }
[INFO] [stdout] stack backtrace:
[INFO] [stdout]    0:     0x5a16f1789661 - <<std[617be2ca0a6fd877]::sys::backtrace::BacktraceLock>::print::DisplayBacktrace as core[a373ad73a504971]::fmt::Display>::fmt
[INFO] [stdout]    1:     0x5a16f179f90a - core[a373ad73a504971]::fmt::write
[INFO] [stdout]    2:     0x5a16f178dbbc - <alloc[2e1b2a31b91974c5]::vec::Vec<u8> as core[a373ad73a504971]::io::write::Write>::write_fmt
[INFO] [stdout]    3:     0x5a16f1762b76 - std[617be2ca0a6fd877]::panicking::default_hook::{closure#0}
[INFO] [stdout]    4:     0x5a16f17808a9 - std[617be2ca0a6fd877]::panicking::default_hook
[INFO] [stdout]    5:     0x5a16f17191a0 - test[aada8e7e76ba119b]::test_main_inner::{closure#0}
[INFO] [stdout]    6:     0x5a16f1780bd2 - std[617be2ca0a6fd877]::panicking::panic_with_hook
[INFO] [stdout]    7:     0x5a16f1762c22 - std[617be2ca0a6fd877]::panicking::panic_handler::{closure#0}
[INFO] [stdout]    8:     0x5a16f175b559 - std[617be2ca0a6fd877]::sys::backtrace::__rust_end_short_backtrace::<std[617be2ca0a6fd877]::panicking::panic_handler::{closure#0}, !>
[INFO] [stdout]    9:     0x5a16f176382d - __rustc[ea4f61d10b84890b]::rust_begin_unwind
[INFO] [stdout]   10:     0x5a16f17a00ec - core[a373ad73a504971]::panicking::panic_fmt
[INFO] [stdout]   11:     0x5a16f179fec2 - core[a373ad73a504971]::result::unwrap_failed
[INFO] [stdout]   12:     0x5a16f115303e - cli_parity[2689f48326fc2d9c]::run_cli
[INFO] [stdout]   13:     0x5a16f1154106 - <cli_parity[2689f48326fc2d9c]::cli_and_api_text_parity::{closure#0} as core[a373ad73a504971]::ops::function::FnOnce<()>>::call_once
[INFO] [stdout]   14:     0x5a16f170c5eb - test[aada8e7e76ba119b]::__rust_begin_short_backtrace::<core[a373ad73a504971]::result::Result<(), alloc[2e1b2a31b91974c5]::string::String>, fn() -> core[a373ad73a504971]::result::Result<(), alloc[2e1b2a31b91974c5]::string::String>>
[INFO] [stdout]   15:     0x5a16f17197c5 - test[aada8e7e76ba119b]::run_test::{closure#0}
[INFO] [stdout]   16:     0x5a16f17130b4 - std[617be2ca0a6fd877]::sys::backtrace::__rust_begin_short_backtrace::<test[aada8e7e76ba119b]::run_test::{closure#1}, ()>
[INFO] [stdout]   17:     0x5a16f171c852 - <std[617be2ca0a6fd877]::thread::lifecycle::spawn_unchecked<test[aada8e7e76ba119b]::run_test::{closure#1}, ()>::{closure#1} as core[a373ad73a504971]::ops::function::FnOnce<()>>::call_once::{shim:vtable#0}
[INFO] [stdout]   18:     0x5a16f178893f - <std[617be2ca0a6fd877]::sys::thread::unix::Thread>::new::thread_start
[INFO] [stdout]   19:     0x756c143ebdfa - <unknown>
[INFO] [stdout]   20:     0x756c1447f3d4 - clone
[INFO] [stdout]   21:                0x0 - <unknown>
[INFO] [stdout] 
[INFO] [stdout] ---- cli_and_api_json_parity stdout ----
[INFO] [stdout] 
[INFO] [stdout] thread 'cli_and_api_json_parity' (1606) panicked at tests/cli_parity.rs:41:10:
[INFO] [stdout] failed to execute process: Os { code: 2, kind: NotFound, message: "No such file or directory" }
[INFO] [stdout] stack backtrace:
[INFO] [stdout]    0:     0x5a16f1789661 - <<std[617be2ca0a6fd877]::sys::backtrace::BacktraceLock>::print::DisplayBacktrace as core[a373ad73a504971]::fmt::Display>::fmt
[INFO] [stdout]    1:     0x5a16f179f90a - core[a373ad73a504971]::fmt::write
[INFO] [stdout]    2:     0x5a16f178dbbc - <alloc[2e1b2a31b91974c5]::vec::Vec<u8> as core[a373ad73a504971]::io::write::Write>::write_fmt
[INFO] [stdout]    3:     0x5a16f1762b76 - std[617be2ca0a6fd877]::panicking::default_hook::{closure#0}
[INFO] [stdout]    4:     0x5a16f17808a9 - std[617be2ca0a6fd877]::panicking::default_hook
[INFO] [stdout]    5:     0x5a16f17191a0 - test[aada8e7e76ba119b]::test_main_inner::{closure#0}
[INFO] [stdout]    6:     0x5a16f1780bd2 - std[617be2ca0a6fd877]::panicking::panic_with_hook
[INFO] [stdout]    7:     0x5a16f1762c22 - std[617be2ca0a6fd877]::panicking::panic_handler::{closure#0}
[INFO] [stdout]    8:     0x5a16f175b559 - std[617be2ca0a6fd877]::sys::backtrace::__rust_end_short_backtrace::<std[617be2ca0a6fd877]::panicking::panic_handler::{closure#0}, !>
[INFO] [stdout]    9:     0x5a16f176382d - __rustc[ea4f61d10b84890b]::rust_begin_unwind
[INFO] [stdout]   10:     0x5a16f17a00ec - core[a373ad73a504971]::panicking::panic_fmt
[INFO] [stdout]   11:     0x5a16f179fec2 - core[a373ad73a504971]::result::unwrap_failed
[INFO] [stdout]   12:     0x5a16f115303e - cli_parity[2689f48326fc2d9c]::run_cli
[INFO] [stdout]   13:     0x5a16f1153b7c - <cli_parity[2689f48326fc2d9c]::cli_and_api_json_parity::{closure#0} as core[a373ad73a504971]::ops::function::FnOnce<()>>::call_once
[INFO] [stdout]   14:     0x5a16f170c5eb - test[aada8e7e76ba119b]::__rust_begin_short_backtrace::<core[a373ad73a504971]::result::Result<(), alloc[2e1b2a31b91974c5]::string::String>, fn() -> core[a373ad73a504971]::result::Result<(), alloc[2e1b2a31b91974c5]::string::String>>
[INFO] [stdout]   15:     0x5a16f17197c5 - test[aada8e7e76ba119b]::run_test::{closure#0}
[INFO] [stdout]   16:     0x5a16f17130b4 - std[617be2ca0a6fd877]::sys::backtrace::__rust_begin_short_backtrace::<test[aada8e7e76ba119b]::run_test::{closure#1}, ()>
[INFO] [stdout]   17:     0x5a16f171c852 - <std[617be2ca0a6fd877]::thread::lifecycle::spawn_unchecked<test[aada8e7e76ba119b]::run_test::{closure#1}, ()>::{closure#1} as core[a373ad73a504971]::ops::function::FnOnce<()>>::call_once::{shim:vtable#0}
[INFO] [stdout]   18:     0x5a16f178893f - <std[617be2ca0a6fd877]::sys::thread::unix::Thread>::new::thread_start
[INFO] [stdout]   19:     0x756c143ebdfa - <unknown>
[INFO] [stdout]   20:     0x756c1447f3d4 - clone
[INFO] [stdout]   21:                0x0 - <unknown>
[INFO] [stdout] 
[INFO] [stdout] ---- cli_check_invalid_config_exits_2 stdout ----
[INFO] [stdout] 
[INFO] [stdout] thread 'cli_check_invalid_config_exits_2' (1609) panicked at tests/cli_parity.rs:41:10:
[INFO] [stdout] failed to execute process: Os { code: 2, kind: NotFound, message: "No such file or directory" }
[INFO] [stdout] stack backtrace:
[INFO] [stdout]    0:     0x5a16f1789661 - <<std[617be2ca0a6fd877]::sys::backtrace::BacktraceLock>::print::DisplayBacktrace as core[a373ad73a504971]::fmt::Display>::fmt
[INFO] [stdout]    1:     0x5a16f179f90a - core[a373ad73a504971]::fmt::write
[INFO] [stdout]    2:     0x5a16f178dbbc - <alloc[2e1b2a31b91974c5]::vec::Vec<u8> as core[a373ad73a504971]::io::write::Write>::write_fmt
[INFO] [stdout]    3:     0x5a16f1762b76 - std[617be2ca0a6fd877]::panicking::default_hook::{closure#0}
[INFO] [stdout]    4:     0x5a16f17808a9 - std[617be2ca0a6fd877]::panicking::default_hook
[INFO] [stdout]    5:     0x5a16f17191a0 - test[aada8e7e76ba119b]::test_main_inner::{closure#0}
[INFO] [stdout]    6:     0x5a16f1780bd2 - std[617be2ca0a6fd877]::panicking::panic_with_hook
[INFO] [stdout]    7:     0x5a16f1762c22 - std[617be2ca0a6fd877]::panicking::panic_handler::{closure#0}
[INFO] [stdout]    8:     0x5a16f175b559 - std[617be2ca0a6fd877]::sys::backtrace::__rust_end_short_backtrace::<std[617be2ca0a6fd877]::panicking::panic_handler::{closure#0}, !>
[INFO] [stdout]    9:     0x5a16f176382d - __rustc[ea4f61d10b84890b]::rust_begin_unwind
[INFO] [stdout]   10:     0x5a16f17a00ec - core[a373ad73a504971]::panicking::panic_fmt
[INFO] [stdout]   11:     0x5a16f179fec2 - core[a373ad73a504971]::result::unwrap_failed
[INFO] [stdout]   12:     0x5a16f115303e - cli_parity[2689f48326fc2d9c]::run_cli
[INFO] [stdout]   13:     0x5a16f115572d - <cli_parity[2689f48326fc2d9c]::cli_check_invalid_config_exits_2::{closure#0} as core[a373ad73a504971]::ops::function::FnOnce<()>>::call_once
[INFO] [stdout]   14:     0x5a16f170c5eb - test[aada8e7e76ba119b]::__rust_begin_short_backtrace::<core[a373ad73a504971]::result::Result<(), alloc[2e1b2a31b91974c5]::string::String>, fn() -> core[a373ad73a504971]::result::Result<(), alloc[2e1b2a31b91974c5]::string::String>>
[INFO] [stdout]   15:     0x5a16f17197c5 - test[aada8e7e76ba119b]::run_test::{closure#0}
[INFO] [stdout]   16:     0x5a16f17130b4 - std[617be2ca0a6fd877]::sys::backtrace::__rust_begin_short_backtrace::<test[aada8e7e76ba119b]::run_test::{closure#1}, ()>
[INFO] [stdout]   17:     0x5a16f171c852 - <std[617be2ca0a6fd877]::thread::lifecycle::spawn_unchecked<test[aada8e7e76ba119b]::run_test::{closure#1}, ()>::{closure#1} as core[a373ad73a504971]::ops::function::FnOnce<()>>::call_once::{shim:vtable#0}
[INFO] [stdout]   18:     0x5a16f178893f - <std[617be2ca0a6fd877]::sys::thread::unix::Thread>::new::thread_start
[INFO] [stdout]   19:     0x756c143ebdfa - <unknown>
[INFO] [stdout]   20:     0x756c1447f3d4 - clone
[INFO] [stdout]   21:                0x0 - <unknown>
[INFO] [stdout] 
[INFO] [stdout] 
[INFO] [stdout] failures:
[INFO] [stdout]     cli_and_api_json_parity
[INFO] [stdout]     cli_and_api_text_parity
[INFO] [stdout]     cli_check_clean_project_exits_0
[INFO] [stdout]     cli_check_invalid_config_exits_2
[INFO] [stdout]     cli_check_json_override_parity
[INFO] [stdout]     cli_check_violation_exits_1
[INFO] [stdout] 
[INFO] [stdout] test result: FAILED. 0 passed; 6 failed; 0 ignored; 0 measured; 0 filtered out; finished in 0.01s
[INFO] [stdout] 
[INFO] running `Command { std: "docker" "inspect" "2ef60e5ee498ddb1677516ff468335b7e982727a9cae5dde2b6028a5b9a0ed5a", kill_on_drop: false }`
[INFO] running `Command { std: "docker" "rm" "-f" "2ef60e5ee498ddb1677516ff468335b7e982727a9cae5dde2b6028a5b9a0ed5a", kill_on_drop: false }`
[INFO] [stdout] 2ef60e5ee498ddb1677516ff468335b7e982727a9cae5dde2b6028a5b9a0ed5a
