[INFO] cloning repository https://github.com/GnudMna/rust-template
[INFO] running `Command { std: "git" "-c" "credential.helper=" "-c" "credential.helper=/workspace/cargo-home/bin/git-credential-null" "clone" "--bare" "https://github.com/GnudMna/rust-template" "/workspace/cache/git-repos/https%3A%2F%2Fgithub.com%2FGnudMna%2Frust-template", kill_on_drop: false }`
[INFO] [stderr] Cloning into bare repository '/workspace/cache/git-repos/https%3A%2F%2Fgithub.com%2FGnudMna%2Frust-template'...
[INFO] running `Command { std: "git" "rev-parse" "HEAD", kill_on_drop: false }`
[INFO] [stdout] 6f8e9ed10d15ff9f863a018d8f559f5c13a7e2dc
[INFO] testing GnudMna/rust-template against 1.100.0-beta.1+cargoflags=--release for beta-release-1.100-3
[INFO] running `Command { std: "git" "clone" "/workspace/cache/git-repos/https%3A%2F%2Fgithub.com%2FGnudMna%2Frust-template" "/workspace/builds/worker-5-tc2/source", kill_on_drop: false }`
[INFO] [stderr] Cloning into '/workspace/builds/worker-5-tc2/source'...
[INFO] [stderr] done.
[INFO] removed /workspace/builds/worker-5-tc2/source/rust-toolchain.toml
[INFO] started tweaking git repo https://github.com/GnudMna/rust-template
[INFO] finished tweaking git repo https://github.com/GnudMna/rust-template
[INFO] tweaked toml for git repo https://github.com/GnudMna/rust-template written to /workspace/builds/worker-5-tc2/source/Cargo.toml
[INFO] validating manifest of git repo https://github.com/GnudMna/rust-template on toolchain 1.100.0-beta.1
[INFO] running `Command { std: CARGO_HOME="/workspace/cargo-home" RUSTUP_HOME="/workspace/rustup-home" "/workspace/cargo-home/bin/cargo" "+1.100.0-beta.1" "metadata" "--manifest-path" "Cargo.toml" "--no-deps", kill_on_drop: false }`
[INFO] crate git repo https://github.com/GnudMna/rust-template already has a lockfile, it will not be regenerated
[INFO] running `Command { std: CARGO_HOME="/workspace/cargo-home" RUSTUP_HOME="/workspace/rustup-home" "/workspace/cargo-home/bin/cargo" "+1.100.0-beta.1" "fetch" "--manifest-path" "Cargo.toml", kill_on_drop: false }`
[INFO] running `Command { std: "docker" "create" "-v" "/var/lib/crater-agent-workspace/builds/worker-5-tc2/source:/opt/rustwide/workdir:ro,Z" "-v" "/var/lib/crater-agent-workspace/builds/worker-5-tc2/target:/opt/rustwide/target:rw,Z" "-v" "/var/lib/crater-agent-workspace/cargo-home:/opt/rustwide/cargo-home:ro,Z" "-v" "/var/lib/crater-agent-workspace/rustup-home:/opt/rustwide/rustup-home:ro,Z" "-m" "1610612736" "--network" "none" "ghcr.io/rust-lang/crates-build-env/linux@sha256:77db811e55d90add9212f6832c23229e3de5f1c1f9905e8cb07319ea15df73ac" "sleep" "infinity", kill_on_drop: false }`
[INFO] [stdout] 714234012f4712f7be25530c0ef523e8db21afcda8eb186901d87aea8563b2f9
[INFO] running `Command { std: "docker" "start" "714234012f4712f7be25530c0ef523e8db21afcda8eb186901d87aea8563b2f9", kill_on_drop: false }`
[INFO] running `Command { std: "docker" "inspect" "714234012f4712f7be25530c0ef523e8db21afcda8eb186901d87aea8563b2f9", kill_on_drop: false }`
[INFO] running `Command { std: "docker" "exec" "-e" "SOURCE_DIR=/opt/rustwide/workdir" "-e" "CARGO_HOME=/opt/rustwide/cargo-home" "-e" "RUSTUP_HOME=/opt/rustwide/rustup-home" "-e" "CARGO_TARGET_DIR=/opt/rustwide/target" "-w" "/opt/rustwide/workdir" "--user" "0:0" "714234012f4712f7be25530c0ef523e8db21afcda8eb186901d87aea8563b2f9" "/opt/rustwide/cargo-home/bin/cargo" "+1.100.0-beta.1" "metadata" "--no-deps" "--format-version=1", kill_on_drop: false }`
[INFO] running `Command { std: "docker" "inspect" "714234012f4712f7be25530c0ef523e8db21afcda8eb186901d87aea8563b2f9", kill_on_drop: false }`
[INFO] running `Command { std: "docker" "exec" "-e" "SOURCE_DIR=/opt/rustwide/workdir" "-e" "CARGO_HOME=/opt/rustwide/cargo-home" "-e" "RUSTUP_HOME=/opt/rustwide/rustup-home" "-e" "CARGO_TARGET_DIR=/opt/rustwide/target" "-e" "CARGO_INCREMENTAL=0" "-e" "RUST_BACKTRACE=full" "-e" "RUSTFLAGS=--cap-lints=warn" "-e" "RUSTDOCFLAGS=--cap-lints=warn" "-w" "/opt/rustwide/workdir" "--user" "0:0" "714234012f4712f7be25530c0ef523e8db21afcda8eb186901d87aea8563b2f9" "/opt/rustwide/cargo-home/bin/cargo" "+1.100.0-beta.1" "build" "--frozen" "--message-format=json" "--release", kill_on_drop: false }`
[INFO] [stderr]    Compiling rust-template v0.0.0 (/opt/rustwide/workdir)
[INFO] [stderr]     Finished `release` profile [optimized] target(s) in 4.23s
[INFO] running `Command { std: "docker" "inspect" "714234012f4712f7be25530c0ef523e8db21afcda8eb186901d87aea8563b2f9", kill_on_drop: false }`
[INFO] running `Command { std: "docker" "exec" "-e" "SOURCE_DIR=/opt/rustwide/workdir" "-e" "CARGO_HOME=/opt/rustwide/cargo-home" "-e" "RUSTUP_HOME=/opt/rustwide/rustup-home" "-e" "CARGO_TARGET_DIR=/opt/rustwide/target" "-e" "CARGO_INCREMENTAL=0" "-e" "RUST_BACKTRACE=full" "-e" "RUSTFLAGS=--cap-lints=warn" "-e" "RUSTDOCFLAGS=--cap-lints=warn" "-w" "/opt/rustwide/workdir" "--user" "0:0" "714234012f4712f7be25530c0ef523e8db21afcda8eb186901d87aea8563b2f9" "/opt/rustwide/cargo-home/bin/cargo" "+1.100.0-beta.1" "test" "--frozen" "--no-run" "--message-format=json" "--release", kill_on_drop: false }`
[INFO] [stderr]    Compiling rust-template v0.0.0 (/opt/rustwide/workdir)
[INFO] [stderr]     Finished `release` profile [optimized] target(s) in 15.82s
[INFO] running `Command { std: "docker" "inspect" "714234012f4712f7be25530c0ef523e8db21afcda8eb186901d87aea8563b2f9", kill_on_drop: false }`
[INFO] running `Command { std: "docker" "exec" "-e" "SOURCE_DIR=/opt/rustwide/workdir" "-e" "CARGO_HOME=/opt/rustwide/cargo-home" "-e" "RUSTUP_HOME=/opt/rustwide/rustup-home" "-e" "CARGO_TARGET_DIR=/opt/rustwide/target" "-e" "CARGO_INCREMENTAL=0" "-e" "RUST_BACKTRACE=full" "-e" "RUSTFLAGS=--cap-lints=warn" "-e" "RUSTDOCFLAGS=--cap-lints=warn" "-w" "/opt/rustwide/workdir" "--user" "0:0" "714234012f4712f7be25530c0ef523e8db21afcda8eb186901d87aea8563b2f9" "/opt/rustwide/cargo-home/bin/cargo" "+1.100.0-beta.1" "test" "--frozen" "--release", kill_on_drop: false }`
[INFO] [stderr]     Finished `release` profile [optimized] target(s) in 0.04s
[INFO] [stderr]      Running unittests src/lib.rs (/opt/rustwide/target/release/build/rust-template/9a3645899349e3c6/out/rust_template-9a3645899349e3c6)
[INFO] [stdout] 
[INFO] [stdout] running 4 tests
[INFO] [stdout] test tests::greet_returns_expected_message ... ok
[INFO] [stdout] test tests::names_from_args_uses_provided_names ... ok
[INFO] [stdout] test tests::names_from_args_ignores_empty_strings ... ok
[INFO] [stdout] test tests::names_from_args_defaults_when_empty ... ok
[INFO] [stdout] 
[INFO] [stdout] test result: ok. 4 passed; 0 failed; 0 ignored; 0 measured; 0 filtered out; finished in 0.00s
[INFO] [stdout] 
[INFO] [stderr]      Running unittests src/main.rs (/opt/rustwide/target/release/build/rust-template/345928965b41dee7/out/rust_template-345928965b41dee7)
[INFO] [stdout] 
[INFO] [stdout] running 0 tests
[INFO] [stdout] 
[INFO] [stdout] test result: ok. 0 passed; 0 failed; 0 ignored; 0 measured; 0 filtered out; finished in 0.00s
[INFO] [stdout] 
[INFO] [stderr]      Running tests/integration_test.rs (/opt/rustwide/target/release/build/rust-template/70a4c31269d1e0e7/out/integration_test-70a4c31269d1e0e7)
[INFO] [stdout] 
[INFO] [stdout] running 2 tests
[INFO] [stdout] test prints_default_greeting_without_args ... FAILED
[INFO] [stdout] test prints_greeting_for_each_argument ... FAILED
[INFO] [stdout] 
[INFO] [stdout] failures:
[INFO] [stdout] 
[INFO] [stdout] ---- prints_default_greeting_without_args stdout ----
[INFO] [stdout] 
[INFO] [stdout] thread 'prints_default_greeting_without_args' (258) panicked at tests/integration_test.rs:38:33:
[INFO] [stdout] バイナリの起動に失敗しました: No such file or directory (os error 2)
[INFO] [stdout] stack backtrace:
[INFO] [stdout]    0:     0x6528dee12187 - <unknown>
[INFO] [stdout]    1:     0x6528dedfa59a - <unknown>
[INFO] [stdout]    2:     0x6528dee1173b - <unknown>
[INFO] [stdout]    3:     0x6528dee1121f - <unknown>
[INFO] [stdout]    4:     0x6528dee10e4a - <unknown>
[INFO] [stdout]    5:     0x6528dee10985 - <unknown>
[INFO] [stdout]    6:     0x6528dee37731 - <unknown>
[INFO] [stdout]    7:     0x6528dee376e9 - <unknown>
[INFO] [stdout]    8:     0x6528dee37bec - <unknown>
[INFO] [stdout]    9:     0x6528dedfa42b - <unknown>
[INFO] [stdout]   10:     0x6528dedf6d98 - <unknown>
[INFO] [stdout]   11:     0x6528dedf7434 - <unknown>
[INFO] [stdout]   12:     0x6528dedf8e6c - <unknown>
[INFO] [stdout]   13:     0x6528dee4fd5b - <unknown>
[INFO] [stdout]   14:     0x6528dee4bd21 - <unknown>
[INFO] [stdout]   15:     0x6528dee4b50c - <unknown>
[INFO] [stdout]   16:     0x6528dee6b1ac - <unknown>
[INFO] [stdout]   17:     0x6528dee393c4 - <unknown>
[INFO] [stdout]   18:     0x72bdeb568dfa - <unknown>
[INFO] [stdout]   19:     0x72bdeb5fc3d4 - clone
[INFO] [stdout]   20:                0x0 - <unknown>
[INFO] [stdout] 
[INFO] [stdout] ---- prints_greeting_for_each_argument stdout ----
[INFO] [stdout] 
[INFO] [stdout] thread 'prints_greeting_for_each_argument' (259) panicked at tests/integration_test.rs:38:33:
[INFO] [stdout] バイナリの起動に失敗しました: No such file or directory (os error 2)
[INFO] [stdout] stack backtrace:
[INFO] [stdout]    0:     0x6528dee12187 - <unknown>
[INFO] [stdout]    1:     0x6528dedfa59a - <unknown>
[INFO] [stdout]    2:     0x6528dee1173b - <unknown>
[INFO] [stdout]    3:     0x6528dee1121f - <unknown>
[INFO] [stdout]    4:     0x6528dee10e4a - <unknown>
[INFO] [stdout]    5:     0x6528dee10985 - <unknown>
[INFO] [stdout]    6:     0x6528dee37731 - <unknown>
[INFO] [stdout]    7:     0x6528dee376e9 - <unknown>
[INFO] [stdout]    8:     0x6528dee37bec - <unknown>
[INFO] [stdout]    9:     0x6528dedfa42b - <unknown>
[INFO] [stdout]   10:     0x6528dedf6d98 - <unknown>
[INFO] [stdout]   11:     0x6528dedf7434 - <unknown>
[INFO] [stdout]   12:     0x6528dedf8df1 - <unknown>
[INFO] [stdout]   13:     0x6528dee4fd5b - <unknown>
[INFO] [stdout]   14:     0x6528dee4bd21 - <unknown>
[INFO] [stdout]   15:     0x6528dee4b50c - <unknown>
[INFO] [stdout]   16:     0x6528dee6b1ac - <unknown>
[INFO] [stdout]   17:     0x6528dee393c4 - <unknown>
[INFO] [stdout]   18:     0x72bdeb568dfa - <unknown>
[INFO] [stdout]   19:     0x72bdeb5fc3d4 - clone
[INFO] [stdout]   20:                0x0 - <unknown>
[INFO] [stdout] 
[INFO] [stdout] 
[INFO] [stdout] failures:
[INFO] [stdout]     prints_default_greeting_without_args
[INFO] [stdout]     prints_greeting_for_each_argument
[INFO] [stdout] 
[INFO] [stdout] test result: FAILED. 0 passed; 2 failed; 0 ignored; 0 measured; 0 filtered out; finished in 0.01s
[INFO] [stdout] 
[INFO] [stderr] error: test failed, to rerun pass `--test integration_test`
[INFO] running `Command { std: "docker" "inspect" "714234012f4712f7be25530c0ef523e8db21afcda8eb186901d87aea8563b2f9", kill_on_drop: false }`
[INFO] running `Command { std: "docker" "rm" "-f" "714234012f4712f7be25530c0ef523e8db21afcda8eb186901d87aea8563b2f9", kill_on_drop: false }`
[INFO] [stdout] 714234012f4712f7be25530c0ef523e8db21afcda8eb186901d87aea8563b2f9
