[INFO] cloning repository https://github.com/Ginkooo/chaichat-rooms
[INFO] running `Command { std: "git" "-c" "credential.helper=" "-c" "credential.helper=/workspace/cargo-home/bin/git-credential-null" "clone" "--bare" "https://github.com/Ginkooo/chaichat-rooms" "/workspace/cache/git-repos/https%3A%2F%2Fgithub.com%2FGinkooo%2Fchaichat-rooms", kill_on_drop: false }`
[INFO] [stderr] Cloning into bare repository '/workspace/cache/git-repos/https%3A%2F%2Fgithub.com%2FGinkooo%2Fchaichat-rooms'...
[INFO] running `Command { std: "git" "rev-parse" "HEAD", kill_on_drop: false }`
[INFO] [stdout] a968db4beb502e61005a060b64b018c2296518ff
[INFO] testing Ginkooo/chaichat-rooms against 1.99.0-beta.8+cargoflags=--release for beta-release-1.100-3
[INFO] running `Command { std: "git" "clone" "/workspace/cache/git-repos/https%3A%2F%2Fgithub.com%2FGinkooo%2Fchaichat-rooms" "/workspace/builds/worker-2-tc1/source", kill_on_drop: false }`
[INFO] [stderr] Cloning into '/workspace/builds/worker-2-tc1/source'...
[INFO] [stderr] done.
[INFO] started tweaking git repo https://github.com/Ginkooo/chaichat-rooms
[INFO] finished tweaking git repo https://github.com/Ginkooo/chaichat-rooms
[INFO] tweaked toml for git repo https://github.com/Ginkooo/chaichat-rooms written to /workspace/builds/worker-2-tc1/source/Cargo.toml
[INFO] validating manifest of git repo https://github.com/Ginkooo/chaichat-rooms on toolchain 1.99.0-beta.8
[INFO] running `Command { std: CARGO_HOME="/workspace/cargo-home" RUSTUP_HOME="/workspace/rustup-home" "/workspace/cargo-home/bin/cargo" "+1.99.0-beta.8" "metadata" "--manifest-path" "Cargo.toml" "--no-deps", kill_on_drop: false }`
[INFO] crate git repo https://github.com/Ginkooo/chaichat-rooms already has a lockfile, it will not be regenerated
[INFO] running `Command { std: CARGO_HOME="/workspace/cargo-home" RUSTUP_HOME="/workspace/rustup-home" "/workspace/cargo-home/bin/cargo" "+1.99.0-beta.8" "fetch" "--manifest-path" "Cargo.toml", kill_on_drop: false }`
[INFO] [stderr]     Blocking waiting for file lock on package cache
[INFO] [stderr]     Updating crates.io index
[INFO] [stderr]  Downloading crates ...
[INFO] [stderr]   Downloaded unicode-ident v1.0.1
[INFO] [stderr]   Downloaded percent-encoding v2.1.0
[INFO] [stderr]   Downloaded matches v0.1.9
[INFO] [stderr]   Downloaded sqlx-rt v0.5.13
[INFO] [stderr]   Downloaded num_threads v0.1.6
[INFO] [stderr]   Downloaded tokio-macros v1.8.0
[INFO] [stderr]   Downloaded form_urlencoded v1.0.1
[INFO] [stderr]   Downloaded futures-core v0.3.21
[INFO] [stderr]   Downloaded crypto-common v0.1.4
[INFO] [stderr]   Downloaded cpufeatures v0.2.2
[INFO] [stderr]   Downloaded devise v0.3.1
[INFO] [stderr]   Downloaded rocket_db_pools v0.1.0-rc.2
[INFO] [stderr]   Downloaded futures-io v0.3.21
[INFO] [stderr]   Downloaded fastrand v1.7.0
[INFO] [stderr]   Downloaded quote v1.0.20
[INFO] [stderr]   Downloaded whoami v1.2.1
[INFO] [stderr]   Downloaded futures-task v0.3.21
[INFO] [stderr]   Downloaded futures-macro v0.3.21
[INFO] [stderr]   Downloaded devise_core v0.3.1
[INFO] [stderr]   Downloaded tracing-attributes v0.1.22
[INFO] [stderr]   Downloaded thiserror-impl v1.0.31
[INFO] [stderr]   Downloaded wasm-bindgen-macro v0.2.81
[INFO] [stderr]   Downloaded futures-sink v0.3.21
[INFO] [stderr]   Downloaded itoa v1.0.2
[INFO] [stderr]   Downloaded event-listener v2.5.2
[INFO] [stderr]   Downloaded atoi v0.4.0
[INFO] [stderr]   Downloaded rocket_db_pools_codegen v0.1.0-rc.2
[INFO] [stderr]   Downloaded devise_codegen v0.3.1
[INFO] [stderr]   Downloaded time-macros v0.2.4
[INFO] [stderr]   Downloaded num_cpus v1.13.1
[INFO] [stderr]   Downloaded wasm-bindgen-shared v0.2.81
[INFO] [stderr]   Downloaded either v1.7.0
[INFO] [stderr]   Downloaded block-buffer v0.10.2
[INFO] [stderr]   Downloaded slab v0.4.6
[INFO] [stderr]   Downloaded crossbeam-queue v0.3.5
[INFO] [stderr]   Downloaded proc-macro2-diagnostics v0.9.1
[INFO] [stderr]   Downloaded ubyte v0.10.2
[INFO] [stderr]   Downloaded tokio-stream v0.1.9
[INFO] [stderr]   Downloaded sqlformat v0.1.8
[INFO] [stderr]   Downloaded paste v1.0.7
[INFO] [stderr]   Downloaded parking_lot_core v0.8.5
[INFO] [stderr]   Downloaded redox_syscall v0.2.13
[INFO] [stderr]   Downloaded yansi v0.5.1
[INFO] [stderr]   Downloaded ref-cast-impl v1.0.7
[INFO] [stderr]   Downloaded try-lock v0.2.3
[INFO] [stderr]   Downloaded async-stream v0.3.3
[INFO] [stderr]   Downloaded once_cell v1.13.0
[INFO] [stderr]   Downloaded sqlx-macros v0.5.13
[INFO] [stderr]   Downloaded unicode-bidi v0.3.8
[INFO] [stderr]   Downloaded tokio-rustls v0.22.0
[INFO] [stderr]   Downloaded wasm-bindgen-macro-support v0.2.81
[INFO] [stderr]   Downloaded wasm-bindgen-backend v0.2.81
[INFO] [stderr]   Downloaded sct v0.6.1
[INFO] [stderr]   Downloaded thiserror v1.0.31
[INFO] [stderr]   Downloaded smallvec v1.9.0
[INFO] [stderr]   Downloaded sha2 v0.10.2
[INFO] [stderr]   Downloaded digest v0.10.3
[INFO] [stderr]   Downloaded generic-array v0.14.5
[INFO] [stderr]   Downloaded sha-1 v0.10.0
[INFO] [stderr]   Downloaded ryu v1.0.10
[INFO] [stderr]   Downloaded rand_core v0.6.3
[INFO] [stderr]   Downloaded getrandom v0.2.7
[INFO] [stderr]   Downloaded md-5 v0.10.1
[INFO] [stderr]   Downloaded hashlink v0.7.0
[INFO] [stderr]   Downloaded futures-channel v0.3.21
[INFO] [stderr]   Downloaded lock_api v0.4.7
[INFO] [stderr]   Downloaded crossbeam-utils v0.8.10
[INFO] [stderr]   Downloaded time v0.3.11
[INFO] [stderr]   Downloaded ref-cast v1.0.7
[INFO] [stderr]   Downloaded pear_codegen v0.2.3
[INFO] [stderr]   Downloaded ghash v0.4.4
[INFO] [stderr]   Downloaded async-stream-impl v0.3.3
[INFO] [stderr]   Downloaded socket2 v0.4.4
[INFO] [stderr]   Downloaded webpki v0.21.4
[INFO] [stderr]   Downloaded base64 v0.13.0
[INFO] [stderr]   Downloaded indexmap v1.9.1
[INFO] [stderr]   Downloaded tracing-core v0.1.28
[INFO] [stderr]   Downloaded universal-hash v0.4.1
[INFO] [stderr]   Downloaded unicode-xid v0.2.3
[INFO] [stderr]   Downloaded atomic v0.5.1
[INFO] [stderr]   Downloaded binascii v0.1.4
[INFO] [stderr]   Downloaded atty v0.2.14
[INFO] [stderr]   Downloaded proc-macro2 v1.0.40
[INFO] [stderr]   Downloaded bytes v1.1.0
[INFO] [stderr]   Downloaded url v2.2.2
[INFO] [stderr]   Downloaded bumpalo v3.10.0
[INFO] [stderr]   Downloaded serde_derive v1.0.138
[INFO] [stderr]   Downloaded tracing v0.1.35
[INFO] [stderr]   Downloaded scoped-tls v1.0.0
[INFO] [stderr]   Downloaded rustversion v1.0.7
[INFO] [stderr]   Downloaded uncased v0.9.7
[INFO] [stderr]   Downloaded pear v0.2.3
[INFO] [stderr]   Downloaded syn v1.0.98
[INFO] [stderr]   Downloaded js-sys v0.3.58
[INFO] [stderr]   Downloaded cc v1.0.73
[INFO] [stderr]   Downloaded serde v1.0.138
[INFO] [stderr]   Downloaded hashbrown v0.12.1
[INFO] [stderr]   Downloaded futures-intrusive v0.4.0
[INFO] [stderr]   Downloaded unicode-segmentation v1.9.0
[INFO] [stderr]   Downloaded tokio-util v0.7.3
[INFO] [stderr]   Downloaded cipher v0.3.0
[INFO] [stderr]   Downloaded aead v0.4.3
[INFO] [stderr]   Downloaded mio v0.8.4
[INFO] [stderr]   Downloaded sqlx v0.5.13
[INFO] [stderr]   Downloaded unicode-normalization v0.1.21
[INFO] [stderr]   Downloaded nom v7.1.1
[INFO] [stderr]   Downloaded itertools v0.10.3
[INFO] [stderr]   Downloaded stable-pattern v0.1.0
[INFO] [stderr]   Downloaded ctr v0.8.0
[INFO] [stderr]   Downloaded async-trait v0.1.56
[INFO] [stderr]   Downloaded serde_json v1.0.82
[INFO] [stderr]   Downloaded state v0.5.3
[INFO] [stderr]   Downloaded inlinable_string v0.1.15
[INFO] [stderr]   Downloaded httparse v1.7.1
[INFO] [stderr]   Downloaded futures-executor v0.3.21
[INFO] [stderr]   Downloaded polyval v0.5.3
[INFO] [stderr]   Downloaded multer v2.0.2
[INFO] [stderr]   Downloaded wasm-bindgen v0.2.81
[INFO] [stderr]   Downloaded generator v0.7.0
[INFO] [stderr]   Downloaded cookie v0.16.0
[INFO] [stderr]   Downloaded glob v0.3.0
[INFO] [stderr]   Downloaded futures-util v0.3.21
[INFO] [stderr]   Downloaded parking_lot_core v0.9.3
[INFO] [stderr]   Downloaded spin v0.9.3
[INFO] [stderr]   Downloaded figment v0.10.6
[INFO] [stderr]   Downloaded rustls v0.19.1
[INFO] [stderr]   Downloaded futures v0.3.21
[INFO] [stderr]   Downloaded sqlx-core v0.5.13
[INFO] [stderr]   Downloaded webpki-roots v0.21.1
[INFO] [stderr]   Downloaded tokio-util v0.6.10
[INFO] [stderr]   Downloaded loom v0.5.6
[INFO] [stderr]   Downloaded rocket v0.5.0-rc.2
[INFO] [stderr]   Downloaded rocket_http v0.5.0-rc.2
[INFO] [stderr]   Downloaded aes v0.7.5
[INFO] [stderr]   Downloaded rocket_codegen v0.5.0-rc.2
[INFO] [stderr]   Downloaded aes-gcm v0.9.4
[INFO] [stderr]   Downloaded tracing-subscriber v0.3.14
[INFO] [stderr]   Downloaded h2 v0.3.13
[INFO] [stderr]   Downloaded hyper v0.14.20
[INFO] [stderr]   Downloaded regex v1.6.0
[INFO] [stderr]   Downloaded regex-syntax v0.6.27
[INFO] [stderr]   Downloaded tokio v1.19.2
[INFO] [stderr]   Downloaded libc v0.2.126
[INFO] [stderr]   Downloaded windows_aarch64_msvc v0.36.1
[INFO] [stderr]   Downloaded web-sys v0.3.58
[INFO] [stderr]   Downloaded windows_x86_64_msvc v0.36.1
[INFO] [stderr]   Downloaded windows_i686_msvc v0.36.1
[INFO] [stderr]   Downloaded windows_x86_64_gnu v0.36.1
[INFO] [stderr]   Downloaded windows_i686_gnu v0.36.1
[INFO] [stderr]   Downloaded encoding_rs v0.8.31
[INFO] [stderr]   Downloaded windows-sys v0.36.1
[INFO] running `Command { std: "docker" "create" "-v" "/var/lib/crater-agent-workspace/builds/worker-2-tc1/source:/opt/rustwide/workdir:ro,Z" "-v" "/var/lib/crater-agent-workspace/builds/worker-2-tc1/target:/opt/rustwide/target:rw,Z" "-v" "/var/lib/crater-agent-workspace/cargo-home:/opt/rustwide/cargo-home:ro,Z" "-v" "/var/lib/crater-agent-workspace/rustup-home:/opt/rustwide/rustup-home:ro,Z" "-m" "1610612736" "--network" "none" "ghcr.io/rust-lang/crates-build-env/linux@sha256:77db811e55d90add9212f6832c23229e3de5f1c1f9905e8cb07319ea15df73ac" "sleep" "infinity", kill_on_drop: false }`
[INFO] [stdout] a3d9132dbfca4fcbeb9f1209410b35121be97e35a3d636c7815f024684a514e8
[INFO] running `Command { std: "docker" "start" "a3d9132dbfca4fcbeb9f1209410b35121be97e35a3d636c7815f024684a514e8", kill_on_drop: false }`
[INFO] running `Command { std: "docker" "inspect" "a3d9132dbfca4fcbeb9f1209410b35121be97e35a3d636c7815f024684a514e8", kill_on_drop: false }`
[INFO] running `Command { std: "docker" "exec" "-e" "SOURCE_DIR=/opt/rustwide/workdir" "-e" "CARGO_HOME=/opt/rustwide/cargo-home" "-e" "RUSTUP_HOME=/opt/rustwide/rustup-home" "-e" "CARGO_TARGET_DIR=/opt/rustwide/target" "-w" "/opt/rustwide/workdir" "--user" "0:0" "a3d9132dbfca4fcbeb9f1209410b35121be97e35a3d636c7815f024684a514e8" "/opt/rustwide/cargo-home/bin/cargo" "+1.99.0-beta.8" "metadata" "--no-deps" "--format-version=1", kill_on_drop: false }`
[INFO] running `Command { std: "docker" "inspect" "a3d9132dbfca4fcbeb9f1209410b35121be97e35a3d636c7815f024684a514e8", kill_on_drop: false }`
[INFO] running `Command { std: "docker" "exec" "-e" "SOURCE_DIR=/opt/rustwide/workdir" "-e" "CARGO_HOME=/opt/rustwide/cargo-home" "-e" "RUSTUP_HOME=/opt/rustwide/rustup-home" "-e" "CARGO_TARGET_DIR=/opt/rustwide/target" "-e" "CARGO_INCREMENTAL=0" "-e" "RUST_BACKTRACE=full" "-e" "RUSTFLAGS=--cap-lints=warn" "-e" "RUSTDOCFLAGS=--cap-lints=warn" "-w" "/opt/rustwide/workdir" "--user" "0:0" "a3d9132dbfca4fcbeb9f1209410b35121be97e35a3d636c7815f024684a514e8" "/opt/rustwide/cargo-home/bin/cargo" "+1.99.0-beta.8" "build" "--frozen" "--message-format=json" "--release", kill_on_drop: false }`
[INFO] [stderr]    Compiling libc v0.2.126
[INFO] [stderr]    Compiling proc-macro2 v1.0.40
[INFO] [stderr]    Compiling unicode-ident v1.0.1
[INFO] [stderr]    Compiling quote v1.0.20
[INFO] [stderr]    Compiling syn v1.0.98
[INFO] [stderr]    Compiling generic-array v0.14.5
[INFO] [stderr]    Compiling cfg-if v1.0.0
[INFO] [stderr]    Compiling memchr v2.5.0
[INFO] [stderr]    Compiling futures-core v0.3.21
[INFO] [stderr]    Compiling once_cell v1.13.0
[INFO] [stderr]    Compiling cc v1.0.73
[INFO] [stderr]    Compiling futures-channel v0.3.21
[INFO] [stderr]    Compiling typenum v1.15.0
[INFO] [stderr]    Compiling serde_derive v1.0.138
[INFO] [stderr]    Compiling log v0.4.17
[INFO] [stderr]    Compiling subtle v2.4.1
[INFO] [stderr]    Compiling pin-project-lite v0.2.9
[INFO] [stderr]    Compiling bytes v1.1.0
[INFO] [stderr]    Compiling lock_api v0.4.7
[INFO] [stderr]    Compiling proc-macro2-diagnostics v0.9.1
[INFO] [stderr]    Compiling serde v1.0.138
[INFO] [stderr]    Compiling cpufeatures v0.2.2
[INFO] [stderr]    Compiling yansi v0.5.1
[INFO] [stderr]    Compiling futures-sink v0.3.21
[INFO] [stderr]    Compiling ahash v0.7.6
[INFO] [stderr]    Compiling itoa v1.0.2
[INFO] [stderr]    Compiling futures-task v0.3.21
[INFO] [stderr]    Compiling parking_lot_core v0.8.5
[INFO] [stderr]    Compiling httparse v1.7.1
[INFO] [stderr]    Compiling futures-util v0.3.21
[INFO] [stderr]    Compiling num-traits v0.2.15
[INFO] [stderr]    Compiling crossbeam-utils v0.8.10
[INFO] [stderr]    Compiling pin-utils v0.1.0
[INFO] [stderr]    Compiling base64 v0.13.0
[INFO] [stderr]    Compiling slab v0.4.6
[INFO] [stderr]    Compiling spin v0.5.2
[INFO] [stderr]    Compiling getrandom v0.2.7
[INFO] [stderr]    Compiling socket2 v0.4.4
[INFO] [stderr]    Compiling num_cpus v1.13.1
[INFO] [stderr]    Compiling mio v0.8.4
[INFO] [stderr]    Compiling futures-io v0.3.21
[INFO] [stderr]    Compiling signal-hook-registry v1.4.0
[INFO] [stderr]    Compiling untrusted v0.7.1
[INFO] [stderr]    Compiling rand_core v0.6.3
[INFO] [stderr]    Compiling smallvec v1.9.0
[INFO] [stderr]    Compiling percent-encoding v2.1.0
[INFO] [stderr]    Compiling serde_json v1.0.82
[INFO] [stderr]    Compiling ppv-lite86 v0.2.16
[INFO] [stderr]    Compiling tokio v1.19.2
[INFO] [stderr]    Compiling bitflags v1.3.2
[INFO] [stderr]    Compiling indexmap v1.9.1
[INFO] [stderr]    Compiling cookie v0.16.0
[INFO] [stderr]    Compiling crossbeam-queue v0.3.5
[INFO] [stderr]    Compiling block-buffer v0.10.2
[INFO] [stderr]    Compiling crypto-common v0.1.4
[INFO] [stderr]    Compiling time-macros v0.2.4
[INFO] [stderr]    Compiling ring v0.16.20
[INFO] [stderr]    Compiling opaque-debug v0.3.0
[INFO] [stderr]    Compiling either v1.7.0
[INFO] [stderr]    Compiling tinyvec_macros v0.1.0
[INFO] [stderr]    Compiling ref-cast v1.0.7
[INFO] [stderr]    Compiling digest v0.10.3
[INFO] [stderr]    Compiling tinyvec v1.6.0
[INFO] [stderr]    Compiling rand_chacha v0.3.1
[INFO] [stderr]    Compiling hashbrown v0.12.1
[INFO] [stderr]    Compiling fnv v1.0.7
[INFO] [stderr]    Compiling scopeguard v1.1.0
[INFO] [stderr]    Compiling hmac v0.12.1
[INFO] [stderr]    Compiling http v0.2.8
[INFO] [stderr]    Compiling cipher v0.3.0
[INFO] [stderr]    Compiling universal-hash v0.4.1
[INFO] [stderr]    Compiling rand v0.8.5
[INFO] [stderr]    Compiling polyval v0.5.3
[INFO] [stderr]    Compiling sha2 v0.10.2
[INFO] [stderr]    Compiling hkdf v0.12.3
[INFO] [stderr]    Compiling tracing-core v0.1.28
[INFO] [stderr]    Compiling instant v0.1.12
[INFO] [stderr]    Compiling matches v0.1.9
[INFO] [stderr]    Compiling unicode-bidi v0.3.8
[INFO] [stderr]    Compiling unicode-normalization v0.1.21
[INFO] [stderr]    Compiling ghash v0.4.4
[INFO] [stderr]    Compiling tracing v0.1.35
[INFO] [stderr]    Compiling ctr v0.8.0
[INFO] [stderr]    Compiling aes v0.7.5
[INFO] [stderr]    Compiling aead v0.4.3
[INFO] [stderr]    Compiling uncased v0.9.7
[INFO] [stderr]    Compiling num_threads v0.1.6
[INFO] [stderr]    Compiling try-lock v0.2.3
[INFO] [stderr]    Compiling minimal-lexical v0.2.1
[INFO] [stderr]    Compiling want v0.3.0
[INFO] [stderr]    Compiling aes-gcm v0.9.4
[INFO] [stderr]    Compiling time v0.3.11
[INFO] [stderr]    Compiling http-body v0.4.5
[INFO] [stderr]    Compiling nom v7.1.1
[INFO] [stderr]    Compiling idna v0.2.3
[INFO] [stderr]    Compiling hashbrown v0.11.2
[INFO] [stderr]    Compiling parking_lot v0.11.2
[INFO] [stderr]    Compiling form_urlencoded v1.0.1
[INFO] [stderr]    Compiling itertools v0.10.3
[INFO] [stderr]    Compiling dirs-sys v0.3.7
[INFO] [stderr]    Compiling tower-service v0.3.2
[INFO] [stderr]    Compiling encoding_rs v0.8.31
[INFO] [stderr]    Compiling inlinable_string v0.1.15
[INFO] [stderr]    Compiling paste v1.0.7
[INFO] [stderr]    Compiling httpdate v1.0.2
[INFO] [stderr]    Compiling parking_lot_core v0.9.3
[INFO] [stderr]    Compiling unicode_categories v0.1.1
[INFO] [stderr]    Compiling ryu v1.0.10
[INFO] [stderr]    Compiling tokio-stream v0.1.9
[INFO] [stderr]    Compiling hyper v0.14.20
[INFO] [stderr]    Compiling devise_core v0.3.1
[INFO] [stderr]    Compiling hashlink v0.7.0
[INFO] [stderr]    Compiling webpki v0.21.4
[INFO] [stderr]    Compiling sct v0.6.1
[INFO] [stderr]    Compiling futures v0.3.21
[INFO] [stderr]    Compiling rustls v0.19.1
[INFO] [stderr]    Compiling webpki-roots v0.21.1
[INFO] [stderr]    Compiling atoi v0.4.0
[INFO] [stderr]    Compiling dirs v4.0.0
[INFO] [stderr]    Compiling futures-intrusive v0.4.0
[INFO] [stderr]    Compiling url v2.2.2
[INFO] [stderr]    Compiling sqlformat v0.1.8
[INFO] [stderr]    Compiling stringprep v0.1.2
[INFO] [stderr]    Compiling md-5 v0.10.1
[INFO] [stderr]    Compiling sha-1 v0.10.0
[INFO] [stderr]    Compiling stable-pattern v0.1.0
[INFO] [stderr]    Compiling atomic v0.5.1
[INFO] [stderr]    Compiling figment v0.10.6
[INFO] [stderr]    Compiling multer v2.0.2
[INFO] [stderr]    Compiling async-trait v0.1.56
[INFO] [stderr]    Compiling state v0.5.3
[INFO] [stderr]    Compiling unicode-segmentation v1.9.0
[INFO] [stderr]    Compiling event-listener v2.5.2
[INFO] [stderr]    Compiling hex v0.4.3
[INFO] [stderr]    Compiling whoami v1.2.1
[INFO] [stderr]    Compiling byteorder v1.4.3
[INFO] [stderr]    Compiling heck v0.4.0
[INFO] [stderr]    Compiling tokio-macros v1.8.0
[INFO] [stderr]    Compiling futures-macro v0.3.21
[INFO] [stderr]    Compiling pear_codegen v0.2.3
[INFO] [stderr]    Compiling ref-cast-impl v1.0.7
[INFO] [stderr]    Compiling thiserror-impl v1.0.31
[INFO] [stderr]    Compiling devise_codegen v0.3.1
[INFO] [stderr]    Compiling async-stream-impl v0.3.3
[INFO] [stderr]    Compiling tokio-rustls v0.22.0
[INFO] [stderr]    Compiling pear v0.2.3
[INFO] [stderr]    Compiling sqlx-rt v0.5.13
[INFO] [stderr]    Compiling devise v0.3.1
[INFO] [stderr]    Compiling rocket v0.5.0-rc.2
[INFO] [stderr]    Compiling thiserror v1.0.31
[INFO] [stderr]    Compiling glob v0.3.0
[INFO] [stderr]    Compiling mime v0.3.16
[INFO] [stderr]    Compiling spin v0.9.3
[INFO] [stderr]    Compiling dotenv v0.15.0
[INFO] [stderr]    Compiling rocket_http v0.5.0-rc.2
[INFO] [stderr]    Compiling remove_dir_all v0.5.3
[INFO] [stderr]    Compiling unicode-xid v0.2.3
[INFO] [stderr]    Compiling fastrand v1.7.0
[INFO] [stderr]    Compiling async-stream v0.3.3
[INFO] [stderr]    Compiling parking_lot v0.12.1
[INFO] [stderr]    Compiling atty v0.2.14
[INFO] [stderr]    Compiling binascii v0.1.4
[INFO] [stderr]    Compiling rocket_db_pools_codegen v0.1.0-rc.2
[INFO] [stderr]    Compiling tempfile v3.3.0
[INFO] [stderr]    Compiling rocket_codegen v0.5.0-rc.2
[INFO] [stderr]    Compiling futures-executor v0.3.21
[INFO] [stderr]    Compiling tokio-util v0.7.3
[INFO] [stderr]    Compiling toml v0.5.9
[INFO] [stderr]    Compiling tokio-util v0.6.10
[INFO] [stderr]    Compiling ubyte v0.10.2
[INFO] [stderr]    Compiling h2 v0.3.13
[INFO] [stderr]    Compiling sqlx-core v0.5.13
[INFO] [stderr]    Compiling sqlx-macros v0.5.13
[INFO] [stderr]    Compiling sqlx v0.5.13
[INFO] [stderr]    Compiling rocket_db_pools v0.1.0-rc.2
[INFO] [stderr]    Compiling chaichat-rooms v0.1.0 (/opt/rustwide/workdir)
[INFO] [stdout] warning: unused import: `futures::executor::block_on`
[INFO] [stdout]  --> src/main.rs:4:5
[INFO] [stdout]   |
[INFO] [stdout] 4 | use futures::executor::block_on;
[INFO] [stdout]   |     ^^^^^^^^^^^^^^^^^^^^^^^^^^^
[INFO] [stdout]   |
[INFO] [stdout]   = note: `#[warn(unused_imports)]` (part of `#[warn(unused)]`) on by default
[INFO] [stdout] 
[INFO] [stdout] 
[INFO] [stdout] warning: function `get_connection` is never used
[INFO] [stdout]   --> src/main.rs:42:4
[INFO] [stdout]    |
[INFO] [stdout] 42 | fn get_connection() -> sqlx::PgPool {
[INFO] [stdout]    |    ^^^^^^^^^^^^^^
[INFO] [stdout]    |
[INFO] [stdout]    = note: `#[warn(dead_code)]` (part of `#[warn(unused)]`) on by default
[INFO] [stdout] 
[INFO] [stdout] 
[INFO] [stdout] warning: function `test_teardown` is never used
[INFO] [stdout]    --> src/main.rs:164:4
[INFO] [stdout]     |
[INFO] [stdout] 164 | fn test_teardown() {
[INFO] [stdout]     |    ^^^^^^^^^^^^^
[INFO] [stdout] 
[INFO] [stdout] 
[INFO] [stderr]     Finished `release` profile [optimized] target(s) in 2m 51s
[INFO] [stderr] warning: the following packages contain code that will be rejected by a future version of Rust: sqlx-core v0.5.13
[INFO] [stderr] note: to see what the problems were, use the option `--future-incompat-report`, or run `cargo report future-incompatibilities --id 2`
[INFO] running `Command { std: "docker" "inspect" "a3d9132dbfca4fcbeb9f1209410b35121be97e35a3d636c7815f024684a514e8", kill_on_drop: false }`
[INFO] running `Command { std: "docker" "exec" "-e" "SOURCE_DIR=/opt/rustwide/workdir" "-e" "CARGO_HOME=/opt/rustwide/cargo-home" "-e" "RUSTUP_HOME=/opt/rustwide/rustup-home" "-e" "CARGO_TARGET_DIR=/opt/rustwide/target" "-e" "CARGO_INCREMENTAL=0" "-e" "RUST_BACKTRACE=full" "-e" "RUSTFLAGS=--cap-lints=warn" "-e" "RUSTDOCFLAGS=--cap-lints=warn" "-w" "/opt/rustwide/workdir" "--user" "0:0" "a3d9132dbfca4fcbeb9f1209410b35121be97e35a3d636c7815f024684a514e8" "/opt/rustwide/cargo-home/bin/cargo" "+1.99.0-beta.8" "test" "--frozen" "--no-run" "--message-format=json" "--release", kill_on_drop: false }`
[INFO] [stderr]    Compiling chaichat-rooms v0.1.0 (/opt/rustwide/workdir)
[INFO] [stdout] warning: unused import: `futures::executor::block_on`
[INFO] [stdout]  --> src/main.rs:4:5
[INFO] [stdout]   |
[INFO] [stdout] 4 | use futures::executor::block_on;
[INFO] [stdout]   |     ^^^^^^^^^^^^^^^^^^^^^^^^^^^
[INFO] [stdout]   |
[INFO] [stdout]   = note: `#[warn(unused_imports)]` (part of `#[warn(unused)]`) on by default
[INFO] [stdout] 
[INFO] [stdout] 
[INFO] [stdout] warning: unused variable: `json`
[INFO] [stdout]    --> src/main.rs:221:13
[INFO] [stdout]     |
[INFO] [stdout] 221 |         let json = response.into_json::<Vec<super::Room>>().unwrap();
[INFO] [stdout]     |             ^^^^ help: if this is intentional, prefix it with an underscore: `_json`
[INFO] [stdout]     |
[INFO] [stdout]     = note: `#[warn(unused_variables)]` (part of `#[warn(unused)]`) on by default
[INFO] [stdout] 
[INFO] [stdout] 
[INFO] [stdout] warning: function `get_connection` is never used
[INFO] [stdout]   --> src/main.rs:42:4
[INFO] [stdout]    |
[INFO] [stdout] 42 | fn get_connection() -> sqlx::PgPool {
[INFO] [stdout]    |    ^^^^^^^^^^^^^^
[INFO] [stdout]    |
[INFO] [stdout]    = note: `#[warn(dead_code)]` (part of `#[warn(unused)]`) on by default
[INFO] [stdout] 
[INFO] [stdout] 
[INFO] [stderr]     Finished `release` profile [optimized] target(s) in 13.26s
[INFO] [stderr] warning: the following packages contain code that will be rejected by a future version of Rust: sqlx-core v0.5.13
[INFO] [stderr] note: to see what the problems were, use the option `--future-incompat-report`, or run `cargo report future-incompatibilities --id 2`
[INFO] running `Command { std: "docker" "inspect" "a3d9132dbfca4fcbeb9f1209410b35121be97e35a3d636c7815f024684a514e8", kill_on_drop: false }`
[INFO] running `Command { std: "docker" "exec" "-e" "SOURCE_DIR=/opt/rustwide/workdir" "-e" "CARGO_HOME=/opt/rustwide/cargo-home" "-e" "RUSTUP_HOME=/opt/rustwide/rustup-home" "-e" "CARGO_TARGET_DIR=/opt/rustwide/target" "-e" "CARGO_INCREMENTAL=0" "-e" "RUST_BACKTRACE=full" "-e" "RUSTFLAGS=--cap-lints=warn" "-e" "RUSTDOCFLAGS=--cap-lints=warn" "-w" "/opt/rustwide/workdir" "--user" "0:0" "a3d9132dbfca4fcbeb9f1209410b35121be97e35a3d636c7815f024684a514e8" "/opt/rustwide/cargo-home/bin/cargo" "+1.99.0-beta.8" "test" "--frozen" "--release", kill_on_drop: false }`
[INFO] [stderr] warning: unused import: `futures::executor::block_on`
[INFO] [stderr]  --> src/main.rs:4:5
[INFO] [stderr]   |
[INFO] [stderr] 4 | use futures::executor::block_on;
[INFO] [stderr]   |     ^^^^^^^^^^^^^^^^^^^^^^^^^^^
[INFO] [stderr]   |
[INFO] [stderr]   = note: `#[warn(unused_imports)]` (part of `#[warn(unused)]`) on by default
[INFO] [stderr] 
[INFO] [stderr] warning: unused variable: `json`
[INFO] [stderr]    --> src/main.rs:221:13
[INFO] [stderr]     |
[INFO] [stderr] 221 |         let json = response.into_json::<Vec<super::Room>>().unwrap();
[INFO] [stderr]     |             ^^^^ help: if this is intentional, prefix it with an underscore: `_json`
[INFO] [stderr]     |
[INFO] [stderr]     = note: `#[warn(unused_variables)]` (part of `#[warn(unused)]`) on by default
[INFO] [stderr] 
[INFO] [stderr] warning: function `get_connection` is never used
[INFO] [stderr]   --> src/main.rs:42:4
[INFO] [stderr]    |
[INFO] [stderr] 42 | fn get_connection() -> sqlx::PgPool {
[INFO] [stderr]    |    ^^^^^^^^^^^^^^
[INFO] [stderr]    |
[INFO] [stderr]    = note: `#[warn(dead_code)]` (part of `#[warn(unused)]`) on by default
[INFO] [stderr] 
[INFO] [stderr] warning: `chaichat-rooms` (bin "chaichat-rooms" test) generated 3 warnings (run `cargo fix --bin "chaichat-rooms" -p chaichat-rooms --tests` to apply 2 suggestions)
[INFO] [stderr]     Finished `release` profile [optimized] target(s) in 0.25s
[INFO] [stderr] warning: the following packages contain code that will be rejected by a future version of Rust: sqlx-core v0.5.13
[INFO] [stderr] note: to see what the problems were, use the option `--future-incompat-report`, or run `cargo report future-incompatibilities --id 2`
[INFO] [stderr]      Running unittests src/main.rs (/opt/rustwide/target/release/deps/chaichat_rooms-9053240881c7b50f)
[INFO] [stdout] 
[INFO] [stdout] running 3 tests
[INFO] [stdout] Error: failed to initialize database: failed to initialize database: error communicating with database: failed to lookup address information: Temporary failure in name resolution
[INFO] [stdout] Error: failed to initialize database: failed to initialize database: error communicating with database: failed to lookup address information: Temporary failure in name resolution
[INFO] [stdout] test tests::test_join_room ... FAILED
[INFO] [stdout] test tests::test_add_room ... FAILED
[INFO] [stdout] Error: failed to initialize database: failed to initialize database: error communicating with database: failed to lookup address information: Temporary failure in name resolution
[INFO] [stdout] test tests::test_get_rooms ... FAILED
[INFO] [stderr] error: test failed, to rerun pass `--bin chaichat-rooms`
[INFO] [stdout] 
[INFO] [stdout] failures:
[INFO] [stdout] 
[INFO] [stdout] ---- tests::test_join_room stdout ----
[INFO] [stdout] 
[INFO] [stdout] thread 'tests::test_join_room' (5082) panicked at src/main.rs:245:48:
[INFO] [stdout] called `Result::unwrap()` on an `Err` value: FailedFairings([Info { name: "'postgres' Database Pool", kind: Kind(1) }])
[INFO] [stdout] stack backtrace:
[INFO] [stdout]    0:     0x59ef13ef9b71 - <<std[70759c8f55707aa4]::sys::backtrace::BacktraceLock>::print::DisplayBacktrace as core[df12db4294e9bfd3]::fmt::Display>::fmt
[INFO] [stdout]    1:     0x59ef13f12e3a - core[df12db4294e9bfd3]::fmt::write
[INFO] [stdout]    2:     0x59ef13efe5ac - <alloc[2182bb758b4b3781]::vec::Vec<u8> as core[df12db4294e9bfd3]::io::write::Write>::write_fmt
[INFO] [stdout]    3:     0x59ef13ed46a6 - std[70759c8f55707aa4]::panicking::default_hook::{closure#0}
[INFO] [stdout]    4:     0x59ef13ef1529 - std[70759c8f55707aa4]::panicking::default_hook
[INFO] [stdout]    5:     0x59ef13c6d0b0 - test[9d35eded1c95d3be]::test_main_inner::<test[9d35eded1c95d3be]::test_main_static::{closure#0}>::{closure#0}
[INFO] [stdout]    6:     0x59ef13ef1852 - std[70759c8f55707aa4]::panicking::panic_with_hook
[INFO] [stdout]    7:     0x59ef13ed4752 - std[70759c8f55707aa4]::panicking::panic_handler::{closure#0}
[INFO] [stdout]    8:     0x59ef13ecd269 - std[70759c8f55707aa4]::sys::backtrace::__rust_end_short_backtrace::<std[70759c8f55707aa4]::panicking::panic_handler::{closure#0}, !>
[INFO] [stdout]    9:     0x59ef13ed553d - __rustc[8fa7c3cbc660c2b3]::rust_begin_unwind
[INFO] [stdout]   10:     0x59ef13f1359c - core[df12db4294e9bfd3]::panicking::panic_fmt
[INFO] [stdout]   11:     0x59ef13f13372 - core[df12db4294e9bfd3]::result::unwrap_failed
[INFO] [stdout]   12:     0x59ef13bfc0d2 - chaichat_rooms[730fc9098ba5af45]::tests::test_join_room
[INFO] [stdout]   13:     0x59ef13c0c699 - <chaichat_rooms[730fc9098ba5af45]::tests::test_join_room::{closure#0} as core[df12db4294e9bfd3]::ops::function::FnOnce<()>>::call_once
[INFO] [stdout]   14:     0x59ef13c6039b - test[9d35eded1c95d3be]::__rust_begin_short_backtrace::<core[df12db4294e9bfd3]::result::Result<(), alloc[2182bb758b4b3781]::string::String>, fn() -> core[df12db4294e9bfd3]::result::Result<(), alloc[2182bb758b4b3781]::string::String>>
[INFO] [stdout]   15:     0x59ef13c6da05 - test[9d35eded1c95d3be]::run_test::{closure#0}
[INFO] [stdout]   16:     0x59ef13c672c4 - std[70759c8f55707aa4]::sys::backtrace::__rust_begin_short_backtrace::<test[9d35eded1c95d3be]::run_test::{closure#1}, ()>
[INFO] [stdout]   17:     0x59ef13c70b62 - <std[70759c8f55707aa4]::thread::lifecycle::spawn_unchecked<test[9d35eded1c95d3be]::run_test::{closure#1}, ()>::{closure#1} as core[df12db4294e9bfd3]::ops::function::FnOnce<()>>::call_once::{shim:vtable#0}
[INFO] [stdout]   18:     0x59ef13ef8a09 - <std[70759c8f55707aa4]::sys::thread::unix::Thread>::new::thread_start
[INFO] [stdout]   19:     0x7de7c00cadfa - <unknown>
[INFO] [stdout]   20:     0x7de7c015e3d4 - clone
[INFO] [stdout]   21:                0x0 - <unknown>
[INFO] [stdout] 
[INFO] [stdout] ---- tests::test_add_room stdout ----
[INFO] [stdout] 
[INFO] [stdout] thread 'tests::test_add_room' (5080) panicked at src/main.rs:228:48:
[INFO] [stdout] called `Result::unwrap()` on an `Err` value: FailedFairings([Info { name: "'postgres' Database Pool", kind: Kind(1) }])
[INFO] [stdout] stack backtrace:
[INFO] [stdout]    0:     0x59ef13ef9b71 - <<std[70759c8f55707aa4]::sys::backtrace::BacktraceLock>::print::DisplayBacktrace as core[df12db4294e9bfd3]::fmt::Display>::fmt
[INFO] [stdout]    1:     0x59ef13f12e3a - core[df12db4294e9bfd3]::fmt::write
[INFO] [stdout]    2:     0x59ef13efe5ac - <alloc[2182bb758b4b3781]::vec::Vec<u8> as core[df12db4294e9bfd3]::io::write::Write>::write_fmt
[INFO] [stdout]    3:     0x59ef13ed46a6 - std[70759c8f55707aa4]::panicking::default_hook::{closure#0}
[INFO] [stdout]    4:     0x59ef13ef1529 - std[70759c8f55707aa4]::panicking::default_hook
[INFO] [stdout]    5:     0x59ef13c6d0b0 - test[9d35eded1c95d3be]::test_main_inner::<test[9d35eded1c95d3be]::test_main_static::{closure#0}>::{closure#0}
[INFO] [stdout]    6:     0x59ef13ef1852 - std[70759c8f55707aa4]::panicking::panic_with_hook
[INFO] [stdout]    7:     0x59ef13ed4752 - std[70759c8f55707aa4]::panicking::panic_handler::{closure#0}
[INFO] [stdout]    8:     0x59ef13ecd269 - std[70759c8f55707aa4]::sys::backtrace::__rust_end_short_backtrace::<std[70759c8f55707aa4]::panicking::panic_handler::{closure#0}, !>
[INFO] [stdout]    9:     0x59ef13ed553d - __rustc[8fa7c3cbc660c2b3]::rust_begin_unwind
[INFO] [stdout]   10:     0x59ef13f1359c - core[df12db4294e9bfd3]::panicking::panic_fmt
[INFO] [stdout]   11:     0x59ef13f13372 - core[df12db4294e9bfd3]::result::unwrap_failed
[INFO] [stdout]   12:     0x59ef13bfaede - chaichat_rooms[730fc9098ba5af45]::tests::test_add_room
[INFO] [stdout]   13:     0x59ef13c0c659 - <chaichat_rooms[730fc9098ba5af45]::tests::test_add_room::{closure#0} as core[df12db4294e9bfd3]::ops::function::FnOnce<()>>::call_once
[INFO] [stdout]   14:     0x59ef13c6039b - test[9d35eded1c95d3be]::__rust_begin_short_backtrace::<core[df12db4294e9bfd3]::result::Result<(), alloc[2182bb758b4b3781]::string::String>, fn() -> core[df12db4294e9bfd3]::result::Result<(), alloc[2182bb758b4b3781]::string::String>>
[INFO] [stdout]   15:     0x59ef13c6da05 - test[9d35eded1c95d3be]::run_test::{closure#0}
[INFO] [stdout]   16:     0x59ef13c672c4 - std[70759c8f55707aa4]::sys::backtrace::__rust_begin_short_backtrace::<test[9d35eded1c95d3be]::run_test::{closure#1}, ()>
[INFO] [stdout]   17:     0x59ef13c70b62 - <std[70759c8f55707aa4]::thread::lifecycle::spawn_unchecked<test[9d35eded1c95d3be]::run_test::{closure#1}, ()>::{closure#1} as core[df12db4294e9bfd3]::ops::function::FnOnce<()>>::call_once::{shim:vtable#0}
[INFO] [stdout]   18:     0x59ef13ef8a09 - <std[70759c8f55707aa4]::sys::thread::unix::Thread>::new::thread_start
[INFO] [stdout]   19:     0x7de7c00cadfa - <unknown>
[INFO] [stdout]   20:     0x7de7c015e3d4 - clone
[INFO] [stdout]   21:                0x0 - <unknown>
[INFO] [stdout] 
[INFO] [stdout] ---- tests::test_get_rooms stdout ----
[INFO] [stdout] 
[INFO] [stdout] thread 'tests::test_get_rooms' (5081) panicked at src/main.rs:185:48:
[INFO] [stdout] called `Result::unwrap()` on an `Err` value: FailedFairings([Info { name: "'postgres' Database Pool", kind: Kind(1) }])
[INFO] [stdout] stack backtrace:
[INFO] [stdout]    0:     0x59ef13ef9b71 - <<std[70759c8f55707aa4]::sys::backtrace::BacktraceLock>::print::DisplayBacktrace as core[df12db4294e9bfd3]::fmt::Display>::fmt
[INFO] [stdout]    1:     0x59ef13f12e3a - core[df12db4294e9bfd3]::fmt::write
[INFO] [stdout]    2:     0x59ef13efe5ac - <alloc[2182bb758b4b3781]::vec::Vec<u8> as core[df12db4294e9bfd3]::io::write::Write>::write_fmt
[INFO] [stdout]    3:     0x59ef13ed46a6 - std[70759c8f55707aa4]::panicking::default_hook::{closure#0}
[INFO] [stdout]    4:     0x59ef13ef1529 - std[70759c8f55707aa4]::panicking::default_hook
[INFO] [stdout]    5:     0x59ef13c6d0b0 - test[9d35eded1c95d3be]::test_main_inner::<test[9d35eded1c95d3be]::test_main_static::{closure#0}>::{closure#0}
[INFO] [stdout]    6:     0x59ef13ef1852 - std[70759c8f55707aa4]::panicking::panic_with_hook
[INFO] [stdout]    7:     0x59ef13ed4752 - std[70759c8f55707aa4]::panicking::panic_handler::{closure#0}
[INFO] [stdout]    8:     0x59ef13ecd269 - std[70759c8f55707aa4]::sys::backtrace::__rust_end_short_backtrace::<std[70759c8f55707aa4]::panicking::panic_handler::{closure#0}, !>
[INFO] [stdout]    9:     0x59ef13ed553d - __rustc[8fa7c3cbc660c2b3]::rust_begin_unwind
[INFO] [stdout]   10:     0x59ef13f1359c - core[df12db4294e9bfd3]::panicking::panic_fmt
[INFO] [stdout]   11:     0x59ef13f13372 - core[df12db4294e9bfd3]::result::unwrap_failed
[INFO] [stdout]   12:     0x59ef13bfb8d0 - chaichat_rooms[730fc9098ba5af45]::tests::test_get_rooms
[INFO] [stdout]   13:     0x59ef13c0c679 - <chaichat_rooms[730fc9098ba5af45]::tests::test_get_rooms::{closure#0} as core[df12db4294e9bfd3]::ops::function::FnOnce<()>>::call_once
[INFO] [stdout]   14:     0x59ef13c6039b - test[9d35eded1c95d3be]::__rust_begin_short_backtrace::<core[df12db4294e9bfd3]::result::Result<(), alloc[2182bb758b4b3781]::string::String>, fn() -> core[df12db4294e9bfd3]::result::Result<(), alloc[2182bb758b4b3781]::string::String>>
[INFO] [stdout]   15:     0x59ef13c6da05 - test[9d35eded1c95d3be]::run_test::{closure#0}
[INFO] [stdout]   16:     0x59ef13c672c4 - std[70759c8f55707aa4]::sys::backtrace::__rust_begin_short_backtrace::<test[9d35eded1c95d3be]::run_test::{closure#1}, ()>
[INFO] [stdout]   17:     0x59ef13c70b62 - <std[70759c8f55707aa4]::thread::lifecycle::spawn_unchecked<test[9d35eded1c95d3be]::run_test::{closure#1}, ()>::{closure#1} as core[df12db4294e9bfd3]::ops::function::FnOnce<()>>::call_once::{shim:vtable#0}
[INFO] [stdout]   18:     0x59ef13ef8a09 - <std[70759c8f55707aa4]::sys::thread::unix::Thread>::new::thread_start
[INFO] [stdout]   19:     0x7de7c00cadfa - <unknown>
[INFO] [stdout]   20:     0x7de7c015e3d4 - clone
[INFO] [stdout]   21:                0x0 - <unknown>
[INFO] [stdout] 
[INFO] [stdout] 
[INFO] [stdout] failures:
[INFO] [stdout]     tests::test_add_room
[INFO] [stdout]     tests::test_get_rooms
[INFO] [stdout]     tests::test_join_room
[INFO] [stdout] 
[INFO] [stdout] test result: FAILED. 0 passed; 3 failed; 0 ignored; 0 measured; 0 filtered out; finished in 0.10s
[INFO] [stdout] 
[INFO] running `Command { std: "docker" "inspect" "a3d9132dbfca4fcbeb9f1209410b35121be97e35a3d636c7815f024684a514e8", kill_on_drop: false }`
[INFO] running `Command { std: "docker" "rm" "-f" "a3d9132dbfca4fcbeb9f1209410b35121be97e35a3d636c7815f024684a514e8", kill_on_drop: false }`
[INFO] [stdout] a3d9132dbfca4fcbeb9f1209410b35121be97e35a3d636c7815f024684a514e8
