[INFO] cloning repository https://github.com/ForgottenBeast/hs-gen
[INFO] running `Command { std: "git" "-c" "credential.helper=" "-c" "credential.helper=/workspace/cargo-home/bin/git-credential-null" "clone" "--bare" "https://github.com/ForgottenBeast/hs-gen" "/workspace/cache/git-repos/https%3A%2F%2Fgithub.com%2FForgottenBeast%2Fhs-gen", kill_on_drop: false }`
[INFO] [stderr] Cloning into bare repository '/workspace/cache/git-repos/https%3A%2F%2Fgithub.com%2FForgottenBeast%2Fhs-gen'...
[INFO] running `Command { std: "git" "rev-parse" "HEAD", kill_on_drop: false }`
[INFO] [stdout] eb65433c0f393f3c030e54eb9067016809ecaa01
[INFO] testing ForgottenBeast/hs-gen against 1.100.0-beta.1+cargoflags=--release for beta-release-1.100-3
[INFO] running `Command { std: "git" "clone" "/workspace/cache/git-repos/https%3A%2F%2Fgithub.com%2FForgottenBeast%2Fhs-gen" "/workspace/builds/worker-0-tc2/source", kill_on_drop: false }`
[INFO] [stderr] Cloning into '/workspace/builds/worker-0-tc2/source'...
[INFO] [stderr] done.
[INFO] started tweaking git repo https://github.com/ForgottenBeast/hs-gen
[INFO] finished tweaking git repo https://github.com/ForgottenBeast/hs-gen
[INFO] tweaked toml for git repo https://github.com/ForgottenBeast/hs-gen written to /workspace/builds/worker-0-tc2/source/Cargo.toml
[INFO] validating manifest of git repo https://github.com/ForgottenBeast/hs-gen on toolchain 1.100.0-beta.1
[INFO] running `Command { std: CARGO_HOME="/workspace/cargo-home" RUSTUP_HOME="/workspace/rustup-home" "/workspace/cargo-home/bin/cargo" "+1.100.0-beta.1" "metadata" "--manifest-path" "Cargo.toml" "--no-deps", kill_on_drop: false }`
[INFO] crate git repo https://github.com/ForgottenBeast/hs-gen already has a lockfile, it will not be regenerated
[INFO] running `Command { std: CARGO_HOME="/workspace/cargo-home" RUSTUP_HOME="/workspace/rustup-home" "/workspace/cargo-home/bin/cargo" "+1.100.0-beta.1" "fetch" "--manifest-path" "Cargo.toml", kill_on_drop: false }`
[INFO] running `Command { std: "docker" "create" "-v" "/var/lib/crater-agent-workspace/builds/worker-0-tc2/source:/opt/rustwide/workdir:ro,Z" "-v" "/var/lib/crater-agent-workspace/builds/worker-0-tc2/target:/opt/rustwide/target:rw,Z" "-v" "/var/lib/crater-agent-workspace/cargo-home:/opt/rustwide/cargo-home:ro,Z" "-v" "/var/lib/crater-agent-workspace/rustup-home:/opt/rustwide/rustup-home:ro,Z" "-m" "1610612736" "--network" "none" "ghcr.io/rust-lang/crates-build-env/linux@sha256:77db811e55d90add9212f6832c23229e3de5f1c1f9905e8cb07319ea15df73ac" "sleep" "infinity", kill_on_drop: false }`
[INFO] [stdout] ff3ef83e67c118242e9ab60f54fa9f7e34f4162de7ab1799bc07f6afb0589d2c
[INFO] running `Command { std: "docker" "start" "ff3ef83e67c118242e9ab60f54fa9f7e34f4162de7ab1799bc07f6afb0589d2c", kill_on_drop: false }`
[INFO] running `Command { std: "docker" "inspect" "ff3ef83e67c118242e9ab60f54fa9f7e34f4162de7ab1799bc07f6afb0589d2c", kill_on_drop: false }`
[INFO] running `Command { std: "docker" "exec" "-e" "SOURCE_DIR=/opt/rustwide/workdir" "-e" "CARGO_HOME=/opt/rustwide/cargo-home" "-e" "RUSTUP_HOME=/opt/rustwide/rustup-home" "-e" "CARGO_TARGET_DIR=/opt/rustwide/target" "-w" "/opt/rustwide/workdir" "--user" "0:0" "ff3ef83e67c118242e9ab60f54fa9f7e34f4162de7ab1799bc07f6afb0589d2c" "/opt/rustwide/cargo-home/bin/cargo" "+1.100.0-beta.1" "metadata" "--no-deps" "--format-version=1", kill_on_drop: false }`
[INFO] running `Command { std: "docker" "inspect" "ff3ef83e67c118242e9ab60f54fa9f7e34f4162de7ab1799bc07f6afb0589d2c", kill_on_drop: false }`
[INFO] running `Command { std: "docker" "exec" "-e" "SOURCE_DIR=/opt/rustwide/workdir" "-e" "CARGO_HOME=/opt/rustwide/cargo-home" "-e" "RUSTUP_HOME=/opt/rustwide/rustup-home" "-e" "CARGO_TARGET_DIR=/opt/rustwide/target" "-e" "CARGO_INCREMENTAL=0" "-e" "RUST_BACKTRACE=full" "-e" "RUSTFLAGS=--cap-lints=warn" "-e" "RUSTDOCFLAGS=--cap-lints=warn" "-w" "/opt/rustwide/workdir" "--user" "0:0" "ff3ef83e67c118242e9ab60f54fa9f7e34f4162de7ab1799bc07f6afb0589d2c" "/opt/rustwide/cargo-home/bin/cargo" "+1.100.0-beta.1" "build" "--frozen" "--message-format=json" "--release", kill_on_drop: false }`
[INFO] [stderr]    Compiling version_check v0.9.5
[INFO] [stderr]    Compiling proc-macro2 v1.0.106
[INFO] [stderr]    Compiling typenum v1.20.0
[INFO] [stderr]    Compiling quote v1.0.45
[INFO] [stderr]    Compiling unicode-ident v1.0.24
[INFO] [stderr]    Compiling subtle v2.6.1
[INFO] [stderr]    Compiling semver v1.0.28
[INFO] [stderr]    Compiling cfg-if v1.0.4
[INFO] [stderr]    Compiling cpufeatures v0.2.17
[INFO] [stderr]    Compiling serde_core v1.0.228
[INFO] [stderr]    Compiling utf8parse v0.2.2
[INFO] [stderr]    Compiling cfg_aliases v0.2.1
[INFO] [stderr]    Compiling libc v0.2.186
[INFO] [stderr]    Compiling rand_core v0.6.4
[INFO] [stderr]    Compiling anstyle v1.0.14
[INFO] [stderr]    Compiling colorchoice v1.0.5
[INFO] [stderr]    Compiling is_terminal_polyfill v1.70.2
[INFO] [stderr]    Compiling anstyle-query v1.1.5
[INFO] [stderr]    Compiling nix v0.31.2
[INFO] [stderr]    Compiling anstyle-parse v1.0.0
[INFO] [stderr]    Compiling zmij v1.0.21
[INFO] [stderr]    Compiling serde v1.0.228
[INFO] [stderr]    Compiling clap_lex v1.1.0
[INFO] [stderr]    Compiling bitflags v2.11.1
[INFO] [stderr]    Compiling strsim v0.11.1
[INFO] [stderr]    Compiling heck v0.5.0
[INFO] [stderr]    Compiling rustc_version v0.4.1
[INFO] [stderr]    Compiling serde_json v1.0.149
[INFO] [stderr]    Compiling base64ct v1.8.3
[INFO] [stderr]    Compiling signature v2.2.0
[INFO] [stderr]    Compiling anstream v1.0.0
[INFO] [stderr]    Compiling memchr v2.8.0
[INFO] [stderr]    Compiling ed25519 v2.2.3
[INFO] [stderr]    Compiling itoa v1.0.18
[INFO] [stderr]    Compiling generic-array v0.14.7
[INFO] [stderr]    Compiling keccak v0.1.6
[INFO] [stderr]    Compiling data-encoding v2.11.0
[INFO] [stderr]    Compiling curve25519-dalek v4.1.3
[INFO] [stderr]    Compiling password-hash v0.5.0
[INFO] [stderr]    Compiling clap_builder v4.6.0
[INFO] [stderr]    Compiling syn v2.0.117
[INFO] [stderr]    Compiling block-buffer v0.10.4
[INFO] [stderr]    Compiling crypto-common v0.1.7
[INFO] [stderr]    Compiling digest v0.10.7
[INFO] [stderr]    Compiling hmac v0.12.1
[INFO] [stderr]    Compiling sha2 v0.10.9
[INFO] [stderr]    Compiling blake2 v0.10.6
[INFO] [stderr]    Compiling sha3 v0.10.9
[INFO] [stderr]    Compiling hkdf v0.12.4
[INFO] [stderr]    Compiling argon2 v0.5.3
[INFO] [stderr]    Compiling ctrlc v3.5.2
[INFO] [stderr]    Compiling zeroize_derive v1.4.3
[INFO] [stderr]    Compiling curve25519-dalek-derive v0.1.1
[INFO] [stderr]    Compiling clap_derive v4.6.1
[INFO] [stderr]    Compiling serde_derive v1.0.228
[INFO] [stderr]    Compiling zeroize v1.8.2
[INFO] [stderr]    Compiling clap v4.6.1
[INFO] [stderr]    Compiling ed25519-dalek v2.2.0
[INFO] [stderr]    Compiling x25519-dalek v2.0.1
[INFO] [stderr]    Compiling hs-gen v0.1.0 (/opt/rustwide/workdir)
[INFO] [stderr]     Finished `release` profile [optimized] target(s) in 17.91s
[INFO] [stderr] warning: the following packages contain code that will be rejected by a future version of Rust: nix v0.31.2
[INFO] [stderr] note: to see what the problems were, use the option `--future-incompat-report`, or run `cargo report future-incompatibilities --id 1`
[INFO] running `Command { std: "docker" "inspect" "ff3ef83e67c118242e9ab60f54fa9f7e34f4162de7ab1799bc07f6afb0589d2c", kill_on_drop: false }`
[INFO] running `Command { std: "docker" "exec" "-e" "SOURCE_DIR=/opt/rustwide/workdir" "-e" "CARGO_HOME=/opt/rustwide/cargo-home" "-e" "RUSTUP_HOME=/opt/rustwide/rustup-home" "-e" "CARGO_TARGET_DIR=/opt/rustwide/target" "-e" "CARGO_INCREMENTAL=0" "-e" "RUST_BACKTRACE=full" "-e" "RUSTFLAGS=--cap-lints=warn" "-e" "RUSTDOCFLAGS=--cap-lints=warn" "-w" "/opt/rustwide/workdir" "--user" "0:0" "ff3ef83e67c118242e9ab60f54fa9f7e34f4162de7ab1799bc07f6afb0589d2c" "/opt/rustwide/cargo-home/bin/cargo" "+1.100.0-beta.1" "test" "--frozen" "--no-run" "--message-format=json" "--release", kill_on_drop: false }`
[INFO] [stderr]    Compiling bitflags v2.11.1
[INFO] [stderr]    Compiling aho-corasick v1.1.4
[INFO] [stderr]    Compiling regex-syntax v0.8.10
[INFO] [stderr]    Compiling getrandom v0.4.2
[INFO] [stderr]    Compiling rand_core v0.10.1
[INFO] [stderr]    Compiling log v0.4.29
[INFO] [stderr]    Compiling rustix v1.1.4
[INFO] [stderr]    Compiling linux-raw-sys v0.12.1
[INFO] [stderr]    Compiling fastrand v2.4.1
[INFO] [stderr]    Compiling once_cell v1.21.4
[INFO] [stderr]    Compiling quickcheck_macros v1.2.0
[INFO] [stderr]    Compiling nix v0.31.2
[INFO] [stderr]    Compiling rand v0.10.1
[INFO] [stderr]    Compiling ctrlc v3.5.2
[INFO] [stderr]    Compiling hs-gen v0.1.0 (/opt/rustwide/workdir)
[INFO] [stderr]    Compiling regex-automata v0.4.14
[INFO] [stderr]    Compiling tempfile v3.27.0
[INFO] [stderr]    Compiling regex v1.12.3
[INFO] [stderr]    Compiling env_filter v1.0.1
[INFO] [stderr]    Compiling env_logger v0.11.10
[INFO] [stderr]    Compiling quickcheck v1.1.0
[INFO] [stderr]     Finished `release` profile [optimized] target(s) in 24.04s
[INFO] [stderr] warning: the following packages contain code that will be rejected by a future version of Rust: nix v0.31.2
[INFO] [stderr] note: to see what the problems were, use the option `--future-incompat-report`, or run `cargo report future-incompatibilities --id 1`
[INFO] running `Command { std: "docker" "inspect" "ff3ef83e67c118242e9ab60f54fa9f7e34f4162de7ab1799bc07f6afb0589d2c", kill_on_drop: false }`
[INFO] running `Command { std: "docker" "exec" "-e" "SOURCE_DIR=/opt/rustwide/workdir" "-e" "CARGO_HOME=/opt/rustwide/cargo-home" "-e" "RUSTUP_HOME=/opt/rustwide/rustup-home" "-e" "CARGO_TARGET_DIR=/opt/rustwide/target" "-e" "CARGO_INCREMENTAL=0" "-e" "RUST_BACKTRACE=full" "-e" "RUSTFLAGS=--cap-lints=warn" "-e" "RUSTDOCFLAGS=--cap-lints=warn" "-w" "/opt/rustwide/workdir" "--user" "0:0" "ff3ef83e67c118242e9ab60f54fa9f7e34f4162de7ab1799bc07f6afb0589d2c" "/opt/rustwide/cargo-home/bin/cargo" "+1.100.0-beta.1" "test" "--frozen" "--release", kill_on_drop: false }`
[INFO] [stderr]     Finished `release` profile [optimized] target(s) in 0.07s
[INFO] [stderr] warning: the following packages contain code that will be rejected by a future version of Rust: nix v0.31.2
[INFO] [stderr] note: to see what the problems were, use the option `--future-incompat-report`, or run `cargo report future-incompatibilities --id 1`
[INFO] [stderr]      Running unittests src/lib.rs (/opt/rustwide/target/release/build/hs-gen/9e3e70c53bf62d47/out/hs_gen-9e3e70c53bf62d47)
[INFO] [stdout] 
[INFO] [stdout] running 26 tests
[INFO] [stdout] test i2p::tests::certificate_bytes_are_correct ... ok
[INFO] [stdout] test i2p::tests::destination_dat_is_679_bytes ... ok
[INFO] [stdout] test i2p::tests::b32_address_ends_with_b32_i2p ... ok
[INFO] [stdout] test i2p::tests::deterministic ... ok
[INFO] [stdout] test i2p::tests::different_seeds_produce_different_addresses ... ok
[INFO] [stdout] test i2p::tests::public_destination_is_391_bytes ... ok
[INFO] [stdout] test tor::tests::hostname_ends_with_onion ... ok
[INFO] [stdout] test tor::tests::public_key_file_is_64_bytes ... ok
[INFO] [stdout] test tor::tests::different_seeds_produce_different_hostnames ... ok
[INFO] [stdout] test tor::tests::generation_is_deterministic ... ok
[INFO] [stdout] test tor::tests::hostname_is_62_chars ... ok
[INFO] [stdout] test tor::tests::secret_key_file_is_96_bytes ... ok
[INFO] [stdout] test tor::tests::public_key_file_starts_with_header ... ok
[INFO] [stdout] test tor::tests::secret_key_file_starts_with_header ... ok
[INFO] [stdout] test kdf::tests::tor_seed_is_32_bytes ... ok
[INFO] [stdout] test kdf::tests::i2p_seed_is_64_bytes ... ok
[INFO] [stdout] test output::tests::tor_dir_no_overwrite_creates_epoch_subdir ... ok
[INFO] [stdout] test output::tests::i2p_dir_no_overwrite_creates_epoch_subdir ... ok
[INFO] [stdout] test kdf::tests::epoch_seed_is_deterministic ... ok
[INFO] [stdout] test kdf::tests::epoch_seeds_differ_by_network ... ok
[INFO] [stdout] test output::tests::tor_dir_overwrite_writes_directly ... ok
[INFO] [stdout] test kdf::tests::epoch_seeds_differ_by_epoch ... ok
[INFO] [stdout] test output::tests::key_files_are_mode_0600 ... ok
[INFO] [stdout] test kdf::tests::master_key_differs_by_password ... ok
[INFO] [stdout] test kdf::tests::master_key_is_deterministic ... ok
[INFO] [stdout] test kdf::props::kdf_is_deterministic ... ok
[INFO] [stdout] 
[INFO] [stdout] test result: ok. 26 passed; 0 failed; 0 ignored; 0 measured; 0 filtered out; finished in 3.82s
[INFO] [stdout] 
[INFO] [stderr]      Running unittests src/main.rs (/opt/rustwide/target/release/build/hs-gen/9184c28e3148fe2a/out/hs_gen-9184c28e3148fe2a)
[INFO] [stdout] 
[INFO] [stdout] running 0 tests
[INFO] [stdout] 
[INFO] [stdout] test result: ok. 0 passed; 0 failed; 0 ignored; 0 measured; 0 filtered out; finished in 0.00s
[INFO] [stdout] 
[INFO] [stderr]      Running tests/integration.rs (/opt/rustwide/target/release/build/hs-gen/14f1d5e7b6d1c5f8/out/integration-14f1d5e7b6d1c5f8)
[INFO] [stdout] 
[INFO] [stdout] running 10 tests
[INFO] [stdout] test test_default_generates_both ... FAILED
[INFO] [stdout] test test_daemon_eof_does_not_shutdown ... FAILED
[INFO] [stdout] test test_one_shot_i2p_stdout ... FAILED
[INFO] [stdout] test test_one_shot_tor_stdout ... FAILED
[INFO] [stdout] test test_determinism_across_invocations ... FAILED
[INFO] [stdout] test test_daemon_initial_rotation_and_shutdown ... FAILED
[INFO] [stdout] test test_output_dir_no_overwrite ... FAILED
[INFO] [stdout] test test_validation_validity_too_small ... FAILED
[INFO] [stdout] test test_daemon_set_validity ... FAILED
[INFO] [stdout] test test_output_dir_overwrite ... FAILED
[INFO] [stdout] 
[INFO] [stdout] failures:
[INFO] [stdout] 
[INFO] [stdout] ---- test_default_generates_both stdout ----
[INFO] [stdout] 
[INFO] [stdout] thread 'test_default_generates_both' (1483) panicked at tests/integration.rs:199:10:
[INFO] [stdout] called `Result::unwrap()` on an `Err` value: Os { code: 2, kind: NotFound, message: "No such file or directory" }
[INFO] [stdout] stack backtrace:
[INFO] [stdout]    0:     0x57c3eb99ba55 - <unknown>
[INFO] [stdout]    1:     0x57c3eb9844c4 - <unknown>
[INFO] [stdout]    2:     0x57c3eb99b0fb - <unknown>
[INFO] [stdout]    3:     0x57c3eb99acf9 - <unknown>
[INFO] [stdout]    4:     0x57c3eb99a97a - <unknown>
[INFO] [stdout]    5:     0x57c3eb99a4ab - <unknown>
[INFO] [stdout]    6:     0x57c3eb9c0301 - <unknown>
[INFO] [stdout]    7:     0x57c3eb9c02b9 - <unknown>
[INFO] [stdout]    8:     0x57c3eb9c07ac - <unknown>
[INFO] [stdout]    9:     0x57c3eb98435b - <unknown>
[INFO] [stdout]   10:     0x57c3eb987061 - <unknown>
[INFO] [stdout]   11:     0x57c3eb981577 - <unknown>
[INFO] [stdout]   12:     0x57c3eb9d90bb - <unknown>
[INFO] [stdout]   13:     0x57c3eb9d4f55 - <unknown>
[INFO] [stdout]   14:     0x57c3eb9d480c - <unknown>
[INFO] [stdout]   15:     0x57c3eb9f2f9c - <unknown>
[INFO] [stdout]   16:     0x57c3eb9c2168 - <unknown>
[INFO] [stdout]   17:     0x75984d1b3dfa - <unknown>
[INFO] [stdout]   18:     0x75984d2473d4 - clone
[INFO] [stdout]   19:                0x0 - <unknown>
[INFO] [stdout] 
[INFO] [stdout] ---- test_daemon_eof_does_not_shutdown stdout ----
[INFO] [stdout] 
[INFO] [stdout] thread 'test_daemon_eof_does_not_shutdown' (1480) panicked at tests/integration.rs:354:10:
[INFO] [stdout] called `Result::unwrap()` on an `Err` value: Os { code: 2, kind: NotFound, message: "No such file or directory" }
[INFO] [stdout] stack backtrace:
[INFO] [stdout]    0:     0x57c3eb99ba55 - <unknown>
[INFO] [stdout]    1:     0x57c3eb9844c4 - <unknown>
[INFO] [stdout]    2:     0x57c3eb99b0fb - <unknown>
[INFO] [stdout]    3:     0x57c3eb99acf9 - <unknown>
[INFO] [stdout]    4:     0x57c3eb99a97a - <unknown>
[INFO] [stdout]    5:     0x57c3eb99a4ab - <unknown>
[INFO] [stdout]    6:     0x57c3eb9c0301 - <unknown>
[INFO] [stdout]    7:     0x57c3eb9c02b9 - <unknown>
[INFO] [stdout]    8:     0x57c3eb9c07ac - <unknown>
[INFO] [stdout]    9:     0x57c3eb98435b - <unknown>
[INFO] [stdout]   10:     0x57c3eb987061 - <unknown>
[INFO] [stdout]   11:     0x57c3eb9822c3 - <unknown>
[INFO] [stdout]   12:     0x57c3eb9d90bb - <unknown>
[INFO] [stdout]   13:     0x57c3eb9d4f55 - <unknown>
[INFO] [stdout]   14:     0x57c3eb9d480c - <unknown>
[INFO] [stdout]   15:     0x57c3eb9f2f9c - <unknown>
[INFO] [stdout]   16:     0x57c3eb9c2168 - <unknown>
[INFO] [stdout]   17:     0x75984d1b3dfa - <unknown>
[INFO] [stdout]   18:     0x75984d2473d4 - clone
[INFO] [stdout]   19:                0x0 - <unknown>
[INFO] [stdout] 
[INFO] [stdout] ---- test_one_shot_i2p_stdout stdout ----
[INFO] [stdout] 
[INFO] [stdout] thread 'test_one_shot_i2p_stdout' (1485) panicked at tests/integration.rs:56:10:
[INFO] [stdout] failed to spawn hs-gen: Os { code: 2, kind: NotFound, message: "No such file or directory" }
[INFO] [stdout] stack backtrace:
[INFO] [stdout]    0:     0x57c3eb99ba55 - <unknown>
[INFO] [stdout]    1:     0x57c3eb9844c4 - <unknown>
[INFO] [stdout]    2:     0x57c3eb99b0fb - <unknown>
[INFO] [stdout]    3:     0x57c3eb99acf9 - <unknown>
[INFO] [stdout]    4:     0x57c3eb99a97a - <unknown>
[INFO] [stdout]    5:     0x57c3eb99a4ab - <unknown>
[INFO] [stdout]    6:     0x57c3eb9c0301 - <unknown>
[INFO] [stdout]    7:     0x57c3eb9c02b9 - <unknown>
[INFO] [stdout]    8:     0x57c3eb9c07ac - <unknown>
[INFO] [stdout]    9:     0x57c3eb98435b - <unknown>
[INFO] [stdout]   10:     0x57c3eb987061 - <unknown>
[INFO] [stdout]   11:     0x57c3eb97ffb0 - <unknown>
[INFO] [stdout]   12:     0x57c3eb980703 - <unknown>
[INFO] [stdout]   13:     0x57c3eb9d90bb - <unknown>
[INFO] [stdout]   14:     0x57c3eb9d4f55 - <unknown>
[INFO] [stdout]   15:     0x57c3eb9d480c - <unknown>
[INFO] [stdout]   16:     0x57c3eb9f2f9c - <unknown>
[INFO] [stdout]   17:     0x57c3eb9c2168 - <unknown>
[INFO] [stdout]   18:     0x75984d1b3dfa - <unknown>
[INFO] [stdout]   19:     0x75984d2473d4 - clone
[INFO] [stdout]   20:                0x0 - <unknown>
[INFO] [stdout] 
[INFO] [stdout] ---- test_one_shot_tor_stdout stdout ----
[INFO] [stdout] 
[INFO] [stdout] thread 'test_one_shot_tor_stdout' (1488) panicked at tests/integration.rs:27:10:
[INFO] [stdout] failed to spawn hs-gen: Os { code: 2, kind: NotFound, message: "No such file or directory" }
[INFO] [stdout] stack backtrace:
[INFO] [stdout]    0:     0x57c3eb99ba55 - <unknown>
[INFO] [stdout]    1:     0x57c3eb9844c4 - <unknown>
[INFO] [stdout]    2:     0x57c3eb99b0fb - <unknown>
[INFO] [stdout]    3:     0x57c3eb99acf9 - <unknown>
[INFO] [stdout]    4:     0x57c3eb99a97a - <unknown>
[INFO] [stdout]    5:     0x57c3eb99a4ab - <unknown>
[INFO] [stdout]    6:     0x57c3eb9c0301 - <unknown>
[INFO] [stdout]    7:     0x57c3eb9c02b9 - <unknown>
[INFO] [stdout]    8:     0x57c3eb9c07ac - <unknown>
[INFO] [stdout]    9:     0x57c3eb98435b - <unknown>
[INFO] [stdout]   10:     0x57c3eb987061 - <unknown>
[INFO] [stdout]   11:     0x57c3eb97ffb0 - <unknown>
[INFO] [stdout]   12:     0x57c3eb9809b8 - <unknown>
[INFO] [stdout]   13:     0x57c3eb9d90bb - <unknown>
[INFO] [stdout]   14:     0x57c3eb9d4f55 - <unknown>
[INFO] [stdout]   15:     0x57c3eb9d480c - <unknown>
[INFO] [stdout]   16:     0x57c3eb9f2f9c - <unknown>
[INFO] [stdout]   17:     0x57c3eb9c2168 - <unknown>
[INFO] [stdout]   18:     0x75984d1b3dfa - <unknown>
[INFO] [stdout]   19:     0x75984d2473d4 - clone
[INFO] [stdout]   20:                0x0 - <unknown>
[INFO] [stdout] 
[INFO] [stdout] ---- test_determinism_across_invocations stdout ----
[INFO] [stdout] 
[INFO] [stdout] thread 'test_determinism_across_invocations' (1484) panicked at tests/integration.rs:86:14:
[INFO] [stdout] called `Result::unwrap()` on an `Err` value: Os { code: 2, kind: NotFound, message: "No such file or directory" }
[INFO] [stdout] stack backtrace:
[INFO] [stdout]    0:     0x57c3eb99ba55 - <unknown>
[INFO] [stdout]    1:     0x57c3eb9844c4 - <unknown>
[INFO] [stdout]    2:     0x57c3eb99b0fb - <unknown>
[INFO] [stdout]    3:     0x57c3eb99acf9 - <unknown>
[INFO] [stdout]    4:     0x57c3eb99a97a - <unknown>
[INFO] [stdout]    5:     0x57c3eb99a4ab - <unknown>
[INFO] [stdout]    6:     0x57c3eb9c0301 - <unknown>
[INFO] [stdout]    7:     0x57c3eb9c02b9 - <unknown>
[INFO] [stdout]    8:     0x57c3eb9c07ac - <unknown>
[INFO] [stdout]    9:     0x57c3eb98435b - <unknown>
[INFO] [stdout]   10:     0x57c3eb987061 - <unknown>
[INFO] [stdout]   11:     0x57c3eb97e8ca - <unknown>
[INFO] [stdout]   12:     0x57c3eb9826a0 - <unknown>
[INFO] [stdout]   13:     0x57c3eb9d90bb - <unknown>
[INFO] [stdout]   14:     0x57c3eb9d4f55 - <unknown>
[INFO] [stdout]   15:     0x57c3eb9d480c - <unknown>
[INFO] [stdout]   16:     0x57c3eb9f2f9c - <unknown>
[INFO] [stdout]   17:     0x57c3eb9c2168 - <unknown>
[INFO] [stdout]   18:     0x75984d1b3dfa - <unknown>
[INFO] [stdout]   19:     0x75984d2473d4 - clone
[INFO] [stdout]   20:                0x0 - <unknown>
[INFO] [stdout] 
[INFO] [stdout] ---- test_daemon_initial_rotation_and_shutdown stdout ----
[INFO] [stdout] 
[INFO] [stdout] thread 'test_daemon_initial_rotation_and_shutdown' (1481) panicked at tests/integration.rs:249:10:
[INFO] [stdout] failed to spawn daemon: Os { code: 2, kind: NotFound, message: "No such file or directory" }
[INFO] [stdout] stack backtrace:
[INFO] [stdout]    0:     0x57c3eb99ba55 - <unknown>
[INFO] [stdout]    1:     0x57c3eb9844c4 - <unknown>
[INFO] [stdout]    2:     0x57c3eb99b0fb - <unknown>
[INFO] [stdout]    3:     0x57c3eb99acf9 - <unknown>
[INFO] [stdout]    4:     0x57c3eb99a97a - <unknown>
[INFO] [stdout]    5:     0x57c3eb99a4ab - <unknown>
[INFO] [stdout]    6:     0x57c3eb9c0301 - <unknown>
[INFO] [stdout]    7:     0x57c3eb9c02b9 - <unknown>
[INFO] [stdout]    8:     0x57c3eb9c07ac - <unknown>
[INFO] [stdout]    9:     0x57c3eb98435b - <unknown>
[INFO] [stdout]   10:     0x57c3eb987061 - <unknown>
[INFO] [stdout]   11:     0x57c3eb97ffb0 - <unknown>
[INFO] [stdout]   12:     0x57c3eb9828a7 - <unknown>
[INFO] [stdout]   13:     0x57c3eb9d90bb - <unknown>
[INFO] [stdout]   14:     0x57c3eb9d4f55 - <unknown>
[INFO] [stdout]   15:     0x57c3eb9d480c - <unknown>
[INFO] [stdout]   16:     0x57c3eb9f2f9c - <unknown>
[INFO] [stdout]   17:     0x57c3eb9c2168 - <unknown>
[INFO] [stdout]   18:     0x75984d1b3dfa - <unknown>
[INFO] [stdout]   19:     0x75984d2473d4 - clone
[INFO] [stdout]   20:                0x0 - <unknown>
[INFO] [stdout] 
[INFO] [stdout] ---- test_output_dir_no_overwrite stdout ----
[INFO] [stdout] 
[INFO] [stdout] thread 'test_output_dir_no_overwrite' (1490) panicked at tests/integration.rs:122:10:
[INFO] [stdout] called `Result::unwrap()` on an `Err` value: Os { code: 2, kind: NotFound, message: "No such file or directory" }
[INFO] [stdout] stack backtrace:
[INFO] [stdout]    0:     0x57c3eb99ba55 - <unknown>
[INFO] [stdout]    1:     0x57c3eb9844c4 - <unknown>
[INFO] [stdout]    2:     0x57c3eb99b0fb - <unknown>
[INFO] [stdout]    3:     0x57c3eb99acf9 - <unknown>
[INFO] [stdout]    4:     0x57c3eb99a97a - <unknown>
[INFO] [stdout]    5:     0x57c3eb99a4ab - <unknown>
[INFO] [stdout]    6:     0x57c3eb9c0301 - <unknown>
[INFO] [stdout]    7:     0x57c3eb9c02b9 - <unknown>
[INFO] [stdout]    8:     0x57c3eb9c07ac - <unknown>
[INFO] [stdout]    9:     0x57c3eb98435b - <unknown>
[INFO] [stdout]   10:     0x57c3eb987061 - <unknown>
[INFO] [stdout]   11:     0x57c3eb981c51 - <unknown>
[INFO] [stdout]   12:     0x57c3eb9d90bb - <unknown>
[INFO] [stdout]   13:     0x57c3eb9d4f55 - <unknown>
[INFO] [stdout]   14:     0x57c3eb9d480c - <unknown>
[INFO] [stdout]   15:     0x57c3eb9f2f9c - <unknown>
[INFO] [stdout]   16:     0x57c3eb9c2168 - <unknown>
[INFO] [stdout]   17:     0x75984d1b3dfa - <unknown>
[INFO] [stdout]   18:     0x75984d2473d4 - clone
[INFO] [stdout]   19:                0x0 - <unknown>
[INFO] [stdout] 
[INFO] [stdout] ---- test_validation_validity_too_small stdout ----
[INFO] [stdout] 
[INFO] [stdout] thread 'test_validation_validity_too_small' (1497) panicked at tests/integration.rs:224:10:
[INFO] [stdout] called `Result::unwrap()` on an `Err` value: Os { code: 2, kind: NotFound, message: "No such file or directory" }
[INFO] [stdout] stack backtrace:
[INFO] [stdout]    0:     0x57c3eb99ba55 - <unknown>
[INFO] [stdout]    1:     0x57c3eb9844c4 - <unknown>
[INFO] [stdout]    2:     0x57c3eb99b0fb - <unknown>
[INFO] [stdout]    3:     0x57c3eb99acf9 - <unknown>
[INFO] [stdout]    4:     0x57c3eb99a97a - <unknown>
[INFO] [stdout]    5:     0x57c3eb99a4ab - <unknown>
[INFO] [stdout]    6:     0x57c3eb9c0301 - <unknown>
[INFO] [stdout]    7:     0x57c3eb9c02b9 - <unknown>
[INFO] [stdout]    8:     0x57c3eb9c07ac - <unknown>
[INFO] [stdout]    9:     0x57c3eb98435b - <unknown>
[INFO] [stdout]   10:     0x57c3eb987061 - <unknown>
[INFO] [stdout]   11:     0x57c3eb9825c3 - <unknown>
[INFO] [stdout]   12:     0x57c3eb9d90bb - <unknown>
[INFO] [stdout]   13:     0x57c3eb9d4f55 - <unknown>
[INFO] [stdout]   14:     0x57c3eb9d480c - <unknown>
[INFO] [stdout]   15:     0x57c3eb9f2f9c - <unknown>
[INFO] [stdout]   16:     0x57c3eb9c2168 - <unknown>
[INFO] [stdout]   17:     0x75984d1b3dfa - <unknown>
[INFO] [stdout]   18:     0x75984d2473d4 - clone
[INFO] [stdout]   19:                0x0 - <unknown>
[INFO] [stdout] 
[INFO] [stdout] ---- test_daemon_set_validity stdout ----
[INFO] [stdout] 
[INFO] [stdout] thread 'test_daemon_set_validity' (1482) panicked at tests/integration.rs:309:10:
[INFO] [stdout] called `Result::unwrap()` on an `Err` value: Os { code: 2, kind: NotFound, message: "No such file or directory" }
[INFO] [stdout] stack backtrace:
[INFO] [stdout]    0:     0x57c3eb99ba55 - <unknown>
[INFO] [stdout]    1:     0x57c3eb9844c4 - <unknown>
[INFO] [stdout]    2:     0x57c3eb99b0fb - <unknown>
[INFO] [stdout]    3:     0x57c3eb99acf9 - <unknown>
[INFO] [stdout]    4:     0x57c3eb99a97a - <unknown>
[INFO] [stdout]    5:     0x57c3eb99a4ab - <unknown>
[INFO] [stdout]    6:     0x57c3eb9c0301 - <unknown>
[INFO] [stdout]    7:     0x57c3eb9c02b9 - <unknown>
[INFO] [stdout]    8:     0x57c3eb9c07ac - <unknown>
[INFO] [stdout]    9:     0x57c3eb98435b - <unknown>
[INFO] [stdout]   10:     0x57c3eb987061 - <unknown>
[INFO] [stdout]   11:     0x57c3eb98043a - <unknown>
[INFO] [stdout]   12:     0x57c3eb9d90bb - <unknown>
[INFO] [stdout]   13:     0x57c3eb9d4f55 - <unknown>
[INFO] [stdout]   14:     0x57c3eb9d480c - <unknown>
[INFO] [stdout]   15:     0x57c3eb9f2f9c - <unknown>
[INFO] [stdout]   16:     0x57c3eb9c2168 - <unknown>
[INFO] [stdout]   17:     0x75984d1b3dfa - <unknown>
[INFO] [stdout]   18:     0x75984d2473d4 - clone
[INFO] [stdout]   19:                0x0 - <unknown>
[INFO] [stdout] 
[INFO] [stdout] ---- test_output_dir_overwrite stdout ----
[INFO] [stdout] 
[INFO] [stdout] thread 'test_output_dir_overwrite' (1495) panicked at tests/integration.rs:163:14:
[INFO] [stdout] called `Result::unwrap()` on an `Err` value: Os { code: 2, kind: NotFound, message: "No such file or directory" }
[INFO] [stdout] stack backtrace:
[INFO] [stdout]    0:     0x57c3eb99ba55 - <unknown>
[INFO] [stdout]    1:     0x57c3eb9844c4 - <unknown>
[INFO] [stdout]    2:     0x57c3eb99b0fb - <unknown>
[INFO] [stdout]    3:     0x57c3eb99acf9 - <unknown>
[INFO] [stdout]    4:     0x57c3eb99a97a - <unknown>
[INFO] [stdout]    5:     0x57c3eb99a4ab - <unknown>
[INFO] [stdout]    6:     0x57c3eb9c0301 - <unknown>
[INFO] [stdout]    7:     0x57c3eb9c02b9 - <unknown>
[INFO] [stdout]    8:     0x57c3eb9c07ac - <unknown>
[INFO] [stdout]    9:     0x57c3eb98435b - <unknown>
[INFO] [stdout]   10:     0x57c3eb987061 - <unknown>
[INFO] [stdout]   11:     0x57c3eb98109e - <unknown>
[INFO] [stdout]   12:     0x57c3eb9d90bb - <unknown>
[INFO] [stdout]   13:     0x57c3eb9d4f55 - <unknown>
[INFO] [stdout]   14:     0x57c3eb9d480c - <unknown>
[INFO] [stdout]   15:     0x57c3eb9f2f9c - <unknown>
[INFO] [stdout]   16:     0x57c3eb9c2168 - <unknown>
[INFO] [stdout]   17:     0x75984d1b3dfa - <unknown>
[INFO] [stdout]   18:     0x75984d2473d4 - clone
[INFO] [stdout]   19:                0x0 - <unknown>
[INFO] [stdout] 
[INFO] [stdout] 
[INFO] [stdout] failures:
[INFO] [stdout]     test_daemon_eof_does_not_shutdown
[INFO] [stdout]     test_daemon_initial_rotation_and_shutdown
[INFO] [stdout]     test_daemon_set_validity
[INFO] [stdout]     test_default_generates_both
[INFO] [stdout]     test_determinism_across_invocations
[INFO] [stdout]     test_one_shot_i2p_stdout
[INFO] [stdout]     test_one_shot_tor_stdout
[INFO] [stdout]     test_output_dir_no_overwrite
[INFO] [stdout]     test_output_dir_overwrite
[INFO] [stdout]     test_validation_validity_too_small
[INFO] [stdout] 
[INFO] [stdout] test result: FAILED. 0 passed; 10 failed; 0 ignored; 0 measured; 0 filtered out; finished in 0.01s
[INFO] [stdout] 
[INFO] [stderr] error: test failed, to rerun pass `--test integration`
[INFO] running `Command { std: "docker" "inspect" "ff3ef83e67c118242e9ab60f54fa9f7e34f4162de7ab1799bc07f6afb0589d2c", kill_on_drop: false }`
[INFO] running `Command { std: "docker" "rm" "-f" "ff3ef83e67c118242e9ab60f54fa9f7e34f4162de7ab1799bc07f6afb0589d2c", kill_on_drop: false }`
[INFO] [stdout] ff3ef83e67c118242e9ab60f54fa9f7e34f4162de7ab1799bc07f6afb0589d2c
