[INFO] cloning repository https://github.com/D-J-Harris/chef
[INFO] running `Command { std: "git" "-c" "credential.helper=" "-c" "credential.helper=/workspace/cargo-home/bin/git-credential-null" "clone" "--bare" "https://github.com/D-J-Harris/chef" "/workspace/cache/git-repos/https%3A%2F%2Fgithub.com%2FD-J-Harris%2Fchef", kill_on_drop: false }`
[INFO] [stderr] Cloning into bare repository '/workspace/cache/git-repos/https%3A%2F%2Fgithub.com%2FD-J-Harris%2Fchef'...
[INFO] running `Command { std: "git" "rev-parse" "HEAD", kill_on_drop: false }`
[INFO] [stdout] 4c50d3f599a019c10d84f280e0707006a2e2fdf1
[INFO] testing D-J-Harris/chef against 1.100.0-beta.1+cargoflags=--release for beta-release-1.100-3
[INFO] running `Command { std: "git" "clone" "/workspace/cache/git-repos/https%3A%2F%2Fgithub.com%2FD-J-Harris%2Fchef" "/workspace/builds/worker-1-tc2/source", kill_on_drop: false }`
[INFO] [stderr] Cloning into '/workspace/builds/worker-1-tc2/source'...
[INFO] [stderr] done.
[INFO] started tweaking git repo https://github.com/D-J-Harris/chef
[INFO] finished tweaking git repo https://github.com/D-J-Harris/chef
[INFO] tweaked toml for git repo https://github.com/D-J-Harris/chef written to /workspace/builds/worker-1-tc2/source/Cargo.toml
[INFO] validating manifest of git repo https://github.com/D-J-Harris/chef on toolchain 1.100.0-beta.1
[INFO] running `Command { std: CARGO_HOME="/workspace/cargo-home" RUSTUP_HOME="/workspace/rustup-home" "/workspace/cargo-home/bin/cargo" "+1.100.0-beta.1" "metadata" "--manifest-path" "Cargo.toml" "--no-deps", kill_on_drop: false }`
[INFO] crate git repo https://github.com/D-J-Harris/chef already has a lockfile, it will not be regenerated
[INFO] running `Command { std: CARGO_HOME="/workspace/cargo-home" RUSTUP_HOME="/workspace/rustup-home" "/workspace/cargo-home/bin/cargo" "+1.100.0-beta.1" "fetch" "--manifest-path" "Cargo.toml", kill_on_drop: false }`
[INFO] running `Command { std: "docker" "create" "-v" "/var/lib/crater-agent-workspace/builds/worker-1-tc2/source:/opt/rustwide/workdir:ro,Z" "-v" "/var/lib/crater-agent-workspace/builds/worker-1-tc2/target:/opt/rustwide/target:rw,Z" "-v" "/var/lib/crater-agent-workspace/cargo-home:/opt/rustwide/cargo-home:ro,Z" "-v" "/var/lib/crater-agent-workspace/rustup-home:/opt/rustwide/rustup-home:ro,Z" "-m" "1610612736" "--network" "none" "ghcr.io/rust-lang/crates-build-env/linux@sha256:77db811e55d90add9212f6832c23229e3de5f1c1f9905e8cb07319ea15df73ac" "sleep" "infinity", kill_on_drop: false }`
[INFO] [stdout] 4c8dde0ef899d4005b3504259cfeb084181533d4779eff771193ad4f034c82a2
[INFO] running `Command { std: "docker" "start" "4c8dde0ef899d4005b3504259cfeb084181533d4779eff771193ad4f034c82a2", kill_on_drop: false }`
[INFO] running `Command { std: "docker" "inspect" "4c8dde0ef899d4005b3504259cfeb084181533d4779eff771193ad4f034c82a2", kill_on_drop: false }`
[INFO] running `Command { std: "docker" "exec" "-e" "SOURCE_DIR=/opt/rustwide/workdir" "-e" "CARGO_HOME=/opt/rustwide/cargo-home" "-e" "RUSTUP_HOME=/opt/rustwide/rustup-home" "-e" "CARGO_TARGET_DIR=/opt/rustwide/target" "-w" "/opt/rustwide/workdir" "--user" "0:0" "4c8dde0ef899d4005b3504259cfeb084181533d4779eff771193ad4f034c82a2" "/opt/rustwide/cargo-home/bin/cargo" "+1.100.0-beta.1" "metadata" "--no-deps" "--format-version=1", kill_on_drop: false }`
[INFO] running `Command { std: "docker" "inspect" "4c8dde0ef899d4005b3504259cfeb084181533d4779eff771193ad4f034c82a2", kill_on_drop: false }`
[INFO] running `Command { std: "docker" "exec" "-e" "SOURCE_DIR=/opt/rustwide/workdir" "-e" "CARGO_HOME=/opt/rustwide/cargo-home" "-e" "RUSTUP_HOME=/opt/rustwide/rustup-home" "-e" "CARGO_TARGET_DIR=/opt/rustwide/target" "-e" "CARGO_INCREMENTAL=0" "-e" "RUST_BACKTRACE=full" "-e" "RUSTFLAGS=--cap-lints=warn" "-e" "RUSTDOCFLAGS=--cap-lints=warn" "-w" "/opt/rustwide/workdir" "--user" "0:0" "4c8dde0ef899d4005b3504259cfeb084181533d4779eff771193ad4f034c82a2" "/opt/rustwide/cargo-home/bin/cargo" "+1.100.0-beta.1" "build" "--frozen" "--message-format=json" "--release", kill_on_drop: false }`
[INFO] [stderr]    Compiling proc-macro2 v1.0.88
[INFO] [stderr]    Compiling unicode-ident v1.0.13
[INFO] [stderr]    Compiling thiserror v1.0.64
[INFO] [stderr]    Compiling quote v1.0.37
[INFO] [stderr]    Compiling syn v2.0.82
[INFO] [stderr]    Compiling thiserror-impl v1.0.64
[INFO] [stderr]    Compiling chef v0.0.0 (/opt/rustwide/workdir)
[INFO] [stdout] warning: function pointer comparisons do not produce meaningful results since their addresses are not guaranteed to be unique
[INFO] [stdout]   --> src/value.rs:21:20
[INFO] [stdout]    |
[INFO] [stdout] 14 | #[derive(Debug, Clone, PartialEq)]
[INFO] [stdout]    |                        --------- in this derive macro expansion
[INFO] [stdout] ...
[INFO] [stdout] 21 |     NativeFunction(NativeFunction),
[INFO] [stdout]    |                    ^^^^^^^^^^^^^^
[INFO] [stdout]    |
[INFO] [stdout]    = note: the address of the same function can vary between different codegen units
[INFO] [stdout]    = note: furthermore, different functions could have the same address after being merged together
[INFO] [stdout]    = note: for more information visit <https://doc.rust-lang.org/nightly/core/ptr/fn.fn_addr_eq.html>
[INFO] [stdout]    = note: `#[warn(unpredictable_function_pointer_comparisons)]` on by default
[INFO] [stdout] 
[INFO] [stdout] 
[INFO] [stderr]     Finished `release` profile [optimized] target(s) in 10.85s
[INFO] running `Command { std: "docker" "inspect" "4c8dde0ef899d4005b3504259cfeb084181533d4779eff771193ad4f034c82a2", kill_on_drop: false }`
[INFO] running `Command { std: "docker" "exec" "-e" "SOURCE_DIR=/opt/rustwide/workdir" "-e" "CARGO_HOME=/opt/rustwide/cargo-home" "-e" "RUSTUP_HOME=/opt/rustwide/rustup-home" "-e" "CARGO_TARGET_DIR=/opt/rustwide/target" "-e" "CARGO_INCREMENTAL=0" "-e" "RUST_BACKTRACE=full" "-e" "RUSTFLAGS=--cap-lints=warn" "-e" "RUSTDOCFLAGS=--cap-lints=warn" "-w" "/opt/rustwide/workdir" "--user" "0:0" "4c8dde0ef899d4005b3504259cfeb084181533d4779eff771193ad4f034c82a2" "/opt/rustwide/cargo-home/bin/cargo" "+1.100.0-beta.1" "test" "--frozen" "--no-run" "--message-format=json" "--release", kill_on_drop: false }`
[INFO] [stderr]    Compiling proc-macro2 v0.4.30
[INFO] [stderr]    Compiling unicode-xid v0.1.0
[INFO] [stderr]    Compiling memchr v2.7.4
[INFO] [stderr]    Compiling syn v0.15.44
[INFO] [stderr]    Compiling regex-syntax v0.8.5
[INFO] [stderr]    Compiling glob v0.3.1
[INFO] [stderr]    Compiling thiserror v1.0.64
[INFO] [stdout] warning: function pointer comparisons do not produce meaningful results since their addresses are not guaranteed to be unique
[INFO] [stdout]   --> src/value.rs:21:20
[INFO] [stdout]    |
[INFO] [stdout] 14 | #[derive(Debug, Clone, PartialEq)]
[INFO] [stdout]    |                        --------- in this derive macro expansion
[INFO] [stdout] ...
[INFO] [stdout] 21 |     NativeFunction(NativeFunction),
[INFO] [stdout]    |                    ^^^^^^^^^^^^^^
[INFO] [stdout]    |
[INFO] [stdout]    = note: the address of the same function can vary between different codegen units
[INFO] [stdout]    = note: furthermore, different functions could have the same address after being merged together
[INFO] [stdout]    = note: for more information visit <https://doc.rust-lang.org/nightly/core/ptr/fn.fn_addr_eq.html>
[INFO] [stdout]    = note: `#[warn(unpredictable_function_pointer_comparisons)]` on by default
[INFO] [stdout] 
[INFO] [stdout] 
[INFO] [stderr]    Compiling quote v0.6.13
[INFO] [stderr]    Compiling aho-corasick v1.1.3
[INFO] [stderr]    Compiling regex-automata v0.4.8
[INFO] [stderr]    Compiling test-generator v0.3.1
[INFO] [stderr]    Compiling regex v1.11.0
[INFO] [stderr]    Compiling chef v0.0.0 (/opt/rustwide/workdir)
[INFO] [stdout] warning: function pointer comparisons do not produce meaningful results since their addresses are not guaranteed to be unique
[INFO] [stdout]   --> src/value.rs:21:20
[INFO] [stdout]    |
[INFO] [stdout] 14 | #[derive(Debug, Clone, PartialEq)]
[INFO] [stdout]    |                        --------- in this derive macro expansion
[INFO] [stdout] ...
[INFO] [stdout] 21 |     NativeFunction(NativeFunction),
[INFO] [stdout]    |                    ^^^^^^^^^^^^^^
[INFO] [stdout]    |
[INFO] [stdout]    = note: the address of the same function can vary between different codegen units
[INFO] [stdout]    = note: furthermore, different functions could have the same address after being merged together
[INFO] [stdout]    = note: for more information visit <https://doc.rust-lang.org/nightly/core/ptr/fn.fn_addr_eq.html>
[INFO] [stdout]    = note: `#[warn(unpredictable_function_pointer_comparisons)]` on by default
[INFO] [stdout] 
[INFO] [stdout] 
[INFO] [stderr]     Finished `release` profile [optimized] target(s) in 50.83s
[INFO] running `Command { std: "docker" "inspect" "4c8dde0ef899d4005b3504259cfeb084181533d4779eff771193ad4f034c82a2", kill_on_drop: false }`
[INFO] running `Command { std: "docker" "exec" "-e" "SOURCE_DIR=/opt/rustwide/workdir" "-e" "CARGO_HOME=/opt/rustwide/cargo-home" "-e" "RUSTUP_HOME=/opt/rustwide/rustup-home" "-e" "CARGO_TARGET_DIR=/opt/rustwide/target" "-e" "CARGO_INCREMENTAL=0" "-e" "RUST_BACKTRACE=full" "-e" "RUSTFLAGS=--cap-lints=warn" "-e" "RUSTDOCFLAGS=--cap-lints=warn" "-w" "/opt/rustwide/workdir" "--user" "0:0" "4c8dde0ef899d4005b3504259cfeb084181533d4779eff771193ad4f034c82a2" "/opt/rustwide/cargo-home/bin/cargo" "+1.100.0-beta.1" "test" "--frozen" "--release", kill_on_drop: false }`
[INFO] [stderr] warning: function pointer comparisons do not produce meaningful results since their addresses are not guaranteed to be unique
[INFO] [stderr]   --> src/value.rs:21:20
[INFO] [stderr]    |
[INFO] [stderr] 14 | #[derive(Debug, Clone, PartialEq)]
[INFO] [stderr]    |                        --------- in this derive macro expansion
[INFO] [stderr] ...
[INFO] [stderr] 21 |     NativeFunction(NativeFunction),
[INFO] [stderr]    |                    ^^^^^^^^^^^^^^
[INFO] [stderr]    |
[INFO] [stderr]    = note: the address of the same function can vary between different codegen units
[INFO] [stderr]    = note: furthermore, different functions could have the same address after being merged together
[INFO] [stderr]    = note: for more information visit <https://doc.rust-lang.org/nightly/core/ptr/fn.fn_addr_eq.html>
[INFO] [stderr]    = note: `#[warn(unpredictable_function_pointer_comparisons)]` on by default
[INFO] [stderr] 
[INFO] [stderr] warning: `chef` (bin "chef") generated 1 warning
[INFO] [stderr] warning: `chef` (bin "chef" test) generated 1 warning (1 duplicate)
[INFO] [stderr]     Finished `release` profile [optimized] target(s) in 0.05s
[INFO] [stderr]      Running unittests src/main.rs (/opt/rustwide/target/release/build/chef/90e193e91a31c5d5/out/chef-90e193e91a31c5d5)
[INFO] [stderr]      Running tests/run_suite.rs (/opt/rustwide/target/release/build/chef/7a9b66329612068b/out/run_suite-7a9b66329612068b)
[INFO] [stdout] 
[INFO] [stdout] running 0 tests
[INFO] [stdout] 
[INFO] [stdout] test result: ok. 0 passed; 0 failed; 0 ignored; 0 measured; 0 filtered out; finished in 0.00s
[INFO] [stdout] 
[INFO] [stdout] 
[INFO] [stdout] running 52 tests
[INFO] [stdout] test run_file_test_tests_suite_assignment_associativity_chef ... FAILED
[INFO] [stdout] test run_file_test_tests_suite_assignment_syntax_chef ... FAILED
[INFO] [stdout] test run_file_test_tests_suite_assignment_infix_operator_chef ... FAILED
[INFO] [stdout] test run_file_test_tests_suite_assignment_local_chef ... FAILED
[INFO] [stdout] test run_file_test_tests_suite_assignment_undefined_chef ... FAILED
[INFO] [stdout] test run_file_test_tests_suite_assignment_prefix_operator_chef ... FAILED
[INFO] [stdout] test run_file_test_tests_suite_bool_equality_chef ... FAILED
[INFO] [stdout] test run_file_test_tests_suite_assignment_grouping_chef ... FAILED
[INFO] [stdout] test run_file_test_tests_suite_bool_not_chef ... FAILED
[INFO] [stdout] test run_file_test_tests_suite_call_nil_chef ... FAILED
[INFO] [stdout] test run_file_test_tests_suite_comments_line_at_eof_chef ... FAILED
[INFO] [stdout] test run_file_test_tests_suite_comments_only_line_comment_and_line_chef ... FAILED
[INFO] [stdout] test run_file_test_tests_suite_call_bool_chef ... FAILED
[INFO] [stdout] test run_file_test_tests_suite_call_string_chef ... FAILED
[INFO] [stdout] test run_file_test_tests_suite_comments_only_line_comment_chef ... FAILED
[INFO] [stdout] test run_file_test_tests_suite_expressions_evaluate_chef ... FAILED
[INFO] [stdout] test run_file_test_tests_suite_empty_file_chef ... FAILED
[INFO] [stdout] test run_file_test_tests_suite_call_num_chef ... FAILED
[INFO] [stdout] test run_file_test_tests_suite_function_body_must_be_block_chef ... FAILED
[INFO] [stdout] test run_file_test_tests_suite_comments_unicode_chef ... FAILED
[INFO] [stdout] test run_file_test_tests_suite_function_local_recursion_chef ... FAILED
[INFO] [stdout] test run_file_test_tests_suite_function_empty_body_chef ... FAILED
[INFO] [stdout] test run_file_test_tests_suite_function_extra_arguments_chef ... FAILED
[INFO] [stdout] test run_file_test_tests_suite_function_local_mutual_recursion_chef ... FAILED
[INFO] [stdout] test run_file_test_tests_suite_function_missing_arguments_chef ... FAILED
[INFO] [stdout] test run_file_test_tests_suite_function_nested_call_with_arguments_chef ... FAILED
[INFO] [stdout] test run_file_test_tests_suite_function_parameters_chef ... FAILED
[INFO] [stdout] test run_file_test_tests_suite_function_too_many_parameters_chef ... FAILED
[INFO] [stdout] test run_file_test_tests_suite_function_recursion_chef ... FAILED
[INFO] [stdout] test run_file_test_tests_suite_function_missing_comma_in_parameters_chef ... FAILED
[INFO] [stdout] test run_file_test_tests_suite_if_fun_in_else_chef ... FAILED
[INFO] [stdout] test run_file_test_tests_suite_if_if_chef ... FAILED
[INFO] [stdout] test run_file_test_tests_suite_logical_operator_and_chef ... FAILED
[INFO] [stdout] test run_file_test_tests_suite_function_too_many_arguments_chef ... FAILED
[INFO] [stdout] test run_file_test_tests_suite_limit_too_many_constants_chef ... FAILED
[INFO] [stdout] test run_file_test_tests_suite_logical_operator_and_truth_chef ... FAILED
[INFO] [stdout] test run_file_test_tests_suite_function_print_chef ... FAILED
[INFO] [stdout] test run_file_test_tests_suite_if_truth_chef ... FAILED
[INFO] [stdout] test run_file_test_tests_suite_if_else_chef ... FAILED
[INFO] [stdout] test run_file_test_tests_suite_if_fun_in_then_chef ... FAILED
[INFO] [stdout] test run_file_test_tests_suite_logical_operator_or_chef ... FAILED
[INFO] [stdout] test run_file_test_tests_suite_number_literals_chef ... FAILED
[INFO] [stdout] test run_file_test_tests_suite_number_leading_dot_chef ... FAILED
[INFO] [stdout] test run_file_test_tests_suite_nil_literal_chef ... FAILED
[INFO] [stdout] test run_file_test_tests_suite_logical_operator_or_truth_chef ... FAILED
[INFO] [stdout] test run_file_test_tests_suite_number_trailing_dot_chef ... FAILED
[INFO] [stdout] test run_file_test_tests_suite_structure_no_else_block_chef ... FAILED
[INFO] [stdout] test run_file_test_tests_suite_precedence_chef ... FAILED
[INFO] [stdout] test run_file_test_tests_suite_number_nan_equality_chef ... FAILED
[INFO] [stdout] test run_file_test_tests_suite_structure_no_if_block_chef ... FAILED
[INFO] [stdout] test run_file_test_tests_suite_unexpected_character_chef ... FAILED
[INFO] [stdout] test run_file_test_tests_suite_structure_no_steps_section_chef ... FAILED
[INFO] [stdout] 
[INFO] [stdout] failures:
[INFO] [stdout] 
[INFO] [stdout] ---- run_file_test_tests_suite_assignment_associativity_chef stdout ----
[INFO] [stdout] /opt/rustwide/workdir/tests/suite/assignment/associativity.chef
[INFO] [stdout] 
[INFO] [stdout] thread 'run_file_test_tests_suite_assignment_associativity_chef' (459) panicked at tests/run_suite.rs:30:10:
[INFO] [stdout] Command execution error.: Os { code: 2, kind: NotFound, message: "No such file or directory" }
[INFO] [stdout] stack backtrace:
[INFO] [stdout]    0:     0x5c43624cd1f7 - <<std[617be2ca0a6fd877]::sys::backtrace::BacktraceLock>::print::DisplayBacktrace as core[a373ad73a504971]::fmt::Display>::fmt
[INFO] [stdout]    1:     0x5c436242c05a - core[a373ad73a504971]::fmt::write
[INFO] [stdout]    2:     0x5c43624cc7ab - <alloc[2e1b2a31b91974c5]::vec::Vec<u8> as core[a373ad73a504971]::io::write::Write>::write_fmt
[INFO] [stdout]    3:     0x5c43624cc28f - std[617be2ca0a6fd877]::panicking::default_hook::{closure#0}
[INFO] [stdout]    4:     0x5c43624cbeba - std[617be2ca0a6fd877]::panicking::default_hook
[INFO] [stdout]    5:     0x5c43624cb9f5 - std[617be2ca0a6fd877]::panicking::panic_with_hook
[INFO] [stdout]    6:     0x5c43624f2741 - std[617be2ca0a6fd877]::panicking::panic_handler::{closure#0}
[INFO] [stdout]    7:     0x5c43624f26f9 - std[617be2ca0a6fd877]::sys::backtrace::__rust_end_short_backtrace::<std[617be2ca0a6fd877]::panicking::panic_handler::{closure#0}, !>
[INFO] [stdout]    8:     0x5c43624f2bfc - __rustc[ea4f61d10b84890b]::rust_begin_unwind
[INFO] [stdout]    9:     0x5c436242beeb - core[a373ad73a504971]::panicking::panic_fmt
[INFO] [stdout]   10:     0x5c436242fd11 - core[a373ad73a504971]::result::unwrap_failed
[INFO] [stdout]   11:     0x5c43623fb5fc - run_suite[87ccfb1b9ec6d51a]::run_file_test
[INFO] [stdout]   12:     0x5c43623ffbb5 - <run_suite[87ccfb1b9ec6d51a]::run_file_test_tests_suite_assignment_associativity_chef::{closure#0} as core[a373ad73a504971]::ops::function::FnOnce<()>>::call_once
[INFO] [stdout]   13:     0x5c436250b5eb - test[aada8e7e76ba119b]::__rust_begin_short_backtrace::<core[a373ad73a504971]::result::Result<(), alloc[2e1b2a31b91974c5]::string::String>, fn() -> core[a373ad73a504971]::result::Result<(), alloc[2e1b2a31b91974c5]::string::String>>
[INFO] [stdout]   14:     0x5c43625075b1 - test[aada8e7e76ba119b]::run_test::{closure#0}
[INFO] [stdout]   15:     0x5c4362506d9c - std[617be2ca0a6fd877]::sys::backtrace::__rust_begin_short_backtrace::<test[aada8e7e76ba119b]::run_test::{closure#1}, ()>
[INFO] [stdout]   16:     0x5c436252676c - <std[617be2ca0a6fd877]::thread::lifecycle::spawn_unchecked<test[aada8e7e76ba119b]::run_test::{closure#1}, ()>::{closure#1} as core[a373ad73a504971]::ops::function::FnOnce<()>>::call_once::{shim:vtable#0}
[INFO] [stdout]   17:     0x5c43624f4264 - <std[617be2ca0a6fd877]::sys::thread::unix::Thread>::new::thread_start
[INFO] [stdout]   18:     0x716885f67dfa - <unknown>
[INFO] [stdout]   19:     0x716885ffb3d4 - clone
[INFO] [stdout]   20:                0x0 - <unknown>
[INFO] [stdout] 
[INFO] [stdout] ---- run_file_test_tests_suite_assignment_syntax_chef stdout ----
[INFO] [stdout] /opt/rustwide/workdir/tests/suite/assignment/syntax.chef
[INFO] [stdout] 
[INFO] [stdout] thread 'run_file_test_tests_suite_assignment_syntax_chef' (464) panicked at tests/run_suite.rs:30:10:
[INFO] [stdout] Command execution error.: Os { code: 2, kind: NotFound, message: "No such file or directory" }
[INFO] [stdout] stack backtrace:
[INFO] [stdout]    0:     0x5c43624cd1f7 - <<std[617be2ca0a6fd877]::sys::backtrace::BacktraceLock>::print::DisplayBacktrace as core[a373ad73a504971]::fmt::Display>::fmt
[INFO] [stdout]    1:     0x5c436242c05a - core[a373ad73a504971]::fmt::write
[INFO] [stdout]    2:     0x5c43624cc7ab - <alloc[2e1b2a31b91974c5]::vec::Vec<u8> as core[a373ad73a504971]::io::write::Write>::write_fmt
[INFO] [stdout]    3:     0x5c43624cc28f - std[617be2ca0a6fd877]::panicking::default_hook::{closure#0}
[INFO] [stdout]    4:     0x5c43624cbeba - std[617be2ca0a6fd877]::panicking::default_hook
[INFO] [stdout]    5:     0x5c43624cb9f5 - std[617be2ca0a6fd877]::panicking::panic_with_hook
[INFO] [stdout]    6:     0x5c43624f2741 - std[617be2ca0a6fd877]::panicking::panic_handler::{closure#0}
[INFO] [stdout]    7:     0x5c43624f26f9 - std[617be2ca0a6fd877]::sys::backtrace::__rust_end_short_backtrace::<std[617be2ca0a6fd877]::panicking::panic_handler::{closure#0}, !>
[INFO] [stdout]    8:     0x5c43624f2bfc - __rustc[ea4f61d10b84890b]::rust_begin_unwind
[INFO] [stdout]    9:     0x5c436242beeb - core[a373ad73a504971]::panicking::panic_fmt
[INFO] [stdout]   10:     0x5c436242fd11 - core[a373ad73a504971]::result::unwrap_failed
[INFO] [stdout]   11:     0x5c43623fb5fc - run_suite[87ccfb1b9ec6d51a]::run_file_test
[INFO] [stdout]   12:     0x5c43623ff8b5 - <run_suite[87ccfb1b9ec6d51a]::run_file_test_tests_suite_assignment_syntax_chef::{closure#0} as core[a373ad73a504971]::ops::function::FnOnce<()>>::call_once
[INFO] [stdout]   13:     0x5c436250b5eb - test[aada8e7e76ba119b]::__rust_begin_short_backtrace::<core[a373ad73a504971]::result::Result<(), alloc[2e1b2a31b91974c5]::string::String>, fn() -> core[a373ad73a504971]::result::Result<(), alloc[2e1b2a31b91974c5]::string::String>>
[INFO] [stdout]   14:     0x5c43625075b1 - test[aada8e7e76ba119b]::run_test::{closure#0}
[INFO] [stdout]   15:     0x5c4362506d9c - std[617be2ca0a6fd877]::sys::backtrace::__rust_begin_short_backtrace::<test[aada8e7e76ba119b]::run_test::{closure#1}, ()>
[INFO] [stdout]   16:     0x5c436252676c - <std[617be2ca0a6fd877]::thread::lifecycle::spawn_unchecked<test[aada8e7e76ba119b]::run_test::{closure#1}, ()>::{closure#1} as core[a373ad73a504971]::ops::function::FnOnce<()>>::call_once::{shim:vtable#0}
[INFO] [stdout]   17:     0x5c43624f4264 - <std[617be2ca0a6fd877]::sys::thread::unix::Thread>::new::thread_start
[INFO] [stdout]   18:     0x716885f67dfa - <unknown>
[INFO] [stdout]   19:     0x716885ffb3d4 - clone
[INFO] [stdout]   20:                0x0 - <unknown>
[INFO] [stdout] 
[INFO] [stdout] ---- run_file_test_tests_suite_assignment_infix_operator_chef stdout ----
[INFO] [stdout] /opt/rustwide/workdir/tests/suite/assignment/infix_operator.chef
[INFO] [stdout] 
[INFO] [stdout] thread 'run_file_test_tests_suite_assignment_infix_operator_chef' (461) panicked at tests/run_suite.rs:30:10:
[INFO] [stdout] Command execution error.: Os { code: 2, kind: NotFound, message: "No such file or directory" }
[INFO] [stdout] stack backtrace:
[INFO] [stdout]    0:     0x5c43624cd1f7 - <<std[617be2ca0a6fd877]::sys::backtrace::BacktraceLock>::print::DisplayBacktrace as core[a373ad73a504971]::fmt::Display>::fmt
[INFO] [stdout]    1:     0x5c436242c05a - core[a373ad73a504971]::fmt::write
[INFO] [stdout]    2:     0x5c43624cc7ab - <alloc[2e1b2a31b91974c5]::vec::Vec<u8> as core[a373ad73a504971]::io::write::Write>::write_fmt
[INFO] [stdout]    3:     0x5c43624cc28f - std[617be2ca0a6fd877]::panicking::default_hook::{closure#0}
[INFO] [stdout]    4:     0x5c43624cbeba - std[617be2ca0a6fd877]::panicking::default_hook
[INFO] [stdout]    5:     0x5c43624cb9f5 - std[617be2ca0a6fd877]::panicking::panic_with_hook
[INFO] [stdout]    6:     0x5c43624f2741 - std[617be2ca0a6fd877]::panicking::panic_handler::{closure#0}
[INFO] [stdout]    7:     0x5c43624f26f9 - std[617be2ca0a6fd877]::sys::backtrace::__rust_end_short_backtrace::<std[617be2ca0a6fd877]::panicking::panic_handler::{closure#0}, !>
[INFO] [stdout]    8:     0x5c43624f2bfc - __rustc[ea4f61d10b84890b]::rust_begin_unwind
[INFO] [stdout]    9:     0x5c436242beeb - core[a373ad73a504971]::panicking::panic_fmt
[INFO] [stdout]   10:     0x5c436242fd11 - core[a373ad73a504971]::result::unwrap_failed
[INFO] [stdout]   11:     0x5c43623fb5fc - run_suite[87ccfb1b9ec6d51a]::run_file_test
[INFO] [stdout]   12:     0x5c43623ffc75 - <run_suite[87ccfb1b9ec6d51a]::run_file_test_tests_suite_assignment_infix_operator_chef::{closure#0} as core[a373ad73a504971]::ops::function::FnOnce<()>>::call_once
[INFO] [stdout]   13:     0x5c436250b5eb - test[aada8e7e76ba119b]::__rust_begin_short_backtrace::<core[a373ad73a504971]::result::Result<(), alloc[2e1b2a31b91974c5]::string::String>, fn() -> core[a373ad73a504971]::result::Result<(), alloc[2e1b2a31b91974c5]::string::String>>
[INFO] [stdout]   14:     0x5c43625075b1 - test[aada8e7e76ba119b]::run_test::{closure#0}
[INFO] [stdout]   15:     0x5c4362506d9c - std[617be2ca0a6fd877]::sys::backtrace::__rust_begin_short_backtrace::<test[aada8e7e76ba119b]::run_test::{closure#1}, ()>
[INFO] [stdout]   16:     0x5c436252676c - <std[617be2ca0a6fd877]::thread::lifecycle::spawn_unchecked<test[aada8e7e76ba119b]::run_test::{closure#1}, ()>::{closure#1} as core[a373ad73a504971]::ops::function::FnOnce<()>>::call_once::{shim:vtable#0}
[INFO] [stdout]   17:     0x5c43624f4264 - <std[617be2ca0a6fd877]::sys::thread::unix::Thread>::new::thread_start
[INFO] [stdout]   18:     0x716885f67dfa - <unknown>
[INFO] [stdout]   19:     0x716885ffb3d4 - clone
[INFO] [stdout]   20:                0x0 - <unknown>
[INFO] [stdout] 
[INFO] [stdout] ---- run_file_test_tests_suite_assignment_local_chef stdout ----
[INFO] [stdout] /opt/rustwide/workdir/tests/suite/assignment/local.chef
[INFO] [stdout] 
[INFO] [stdout] thread 'run_file_test_tests_suite_assignment_local_chef' (462) panicked at tests/run_suite.rs:30:10:
[INFO] [stdout] Command execution error.: Os { code: 2, kind: NotFound, message: "No such file or directory" }
[INFO] [stdout] stack backtrace:
[INFO] [stdout]    0:     0x5c43624cd1f7 - <<std[617be2ca0a6fd877]::sys::backtrace::BacktraceLock>::print::DisplayBacktrace as core[a373ad73a504971]::fmt::Display>::fmt
[INFO] [stdout]    1:     0x5c436242c05a - core[a373ad73a504971]::fmt::write
[INFO] [stdout]    2:     0x5c43624cc7ab - <alloc[2e1b2a31b91974c5]::vec::Vec<u8> as core[a373ad73a504971]::io::write::Write>::write_fmt
[INFO] [stdout]    3:     0x5c43624cc28f - std[617be2ca0a6fd877]::panicking::default_hook::{closure#0}
[INFO] [stdout]    4:     0x5c43624cbeba - std[617be2ca0a6fd877]::panicking::default_hook
[INFO] [stdout]    5:     0x5c43624cb9f5 - std[617be2ca0a6fd877]::panicking::panic_with_hook
[INFO] [stdout]    6:     0x5c43624f2741 - std[617be2ca0a6fd877]::panicking::panic_handler::{closure#0}
[INFO] [stdout]    7:     0x5c43624f26f9 - std[617be2ca0a6fd877]::sys::backtrace::__rust_end_short_backtrace::<std[617be2ca0a6fd877]::panicking::panic_handler::{closure#0}, !>
[INFO] [stdout]    8:     0x5c43624f2bfc - __rustc[ea4f61d10b84890b]::rust_begin_unwind
[INFO] [stdout]    9:     0x5c436242beeb - core[a373ad73a504971]::panicking::panic_fmt
[INFO] [stdout]   10:     0x5c436242fd11 - core[a373ad73a504971]::result::unwrap_failed
[INFO] [stdout]   11:     0x5c43623fb5fc - run_suite[87ccfb1b9ec6d51a]::run_file_test
[INFO] [stdout]   12:     0x5c43623ff855 - <run_suite[87ccfb1b9ec6d51a]::run_file_test_tests_suite_assignment_local_chef::{closure#0} as core[a373ad73a504971]::ops::function::FnOnce<()>>::call_once
[INFO] [stdout]   13:     0x5c436250b5eb - test[aada8e7e76ba119b]::__rust_begin_short_backtrace::<core[a373ad73a504971]::result::Result<(), alloc[2e1b2a31b91974c5]::string::String>, fn() -> core[a373ad73a504971]::result::Result<(), alloc[2e1b2a31b91974c5]::string::String>>
[INFO] [stdout]   14:     0x5c43625075b1 - test[aada8e7e76ba119b]::run_test::{closure#0}
[INFO] [stdout]   15:     0x5c4362506d9c - std[617be2ca0a6fd877]::sys::backtrace::__rust_begin_short_backtrace::<test[aada8e7e76ba119b]::run_test::{closure#1}, ()>
[INFO] [stdout]   16:     0x5c436252676c - <std[617be2ca0a6fd877]::thread::lifecycle::spawn_unchecked<test[aada8e7e76ba119b]::run_test::{closure#1}, ()>::{closure#1} as core[a373ad73a504971]::ops::function::FnOnce<()>>::call_once::{shim:vtable#0}
[INFO] [stdout]   17:     0x5c43624f4264 - <std[617be2ca0a6fd877]::sys::thread::unix::Thread>::new::thread_start
[INFO] [stdout]   18:     0x716885f67dfa - <unknown>
[INFO] [stdout]   19:     0x716885ffb3d4 - clone
[INFO] [stdout]   20:                0x0 - <unknown>
[INFO] [stdout] 
[INFO] [stdout] ---- run_file_test_tests_suite_assignment_undefined_chef stdout ----
[INFO] [stdout] /opt/rustwide/workdir/tests/suite/assignment/undefined.chef
[INFO] [stdout] 
[INFO] [stdout] thread 'run_file_test_tests_suite_assignment_undefined_chef' (465) panicked at tests/run_suite.rs:30:10:
[INFO] [stdout] Command execution error.: Os { code: 2, kind: NotFound, message: "No such file or directory" }
[INFO] [stdout] stack backtrace:
[INFO] [stdout]    0:     0x5c43624cd1f7 - <<std[617be2ca0a6fd877]::sys::backtrace::BacktraceLock>::print::DisplayBacktrace as core[a373ad73a504971]::fmt::Display>::fmt
[INFO] [stdout]    1:     0x5c436242c05a - core[a373ad73a504971]::fmt::write
[INFO] [stdout]    2:     0x5c43624cc7ab - <alloc[2e1b2a31b91974c5]::vec::Vec<u8> as core[a373ad73a504971]::io::write::Write>::write_fmt
[INFO] [stdout]    3:     0x5c43624cc28f - std[617be2ca0a6fd877]::panicking::default_hook::{closure#0}
[INFO] [stdout]    4:     0x5c43624cbeba - std[617be2ca0a6fd877]::panicking::default_hook
[INFO] [stdout]    5:     0x5c43624cb9f5 - std[617be2ca0a6fd877]::panicking::panic_with_hook
[INFO] [stdout]    6:     0x5c43624f2741 - std[617be2ca0a6fd877]::panicking::panic_handler::{closure#0}
[INFO] [stdout]    7:     0x5c43624f26f9 - std[617be2ca0a6fd877]::sys::backtrace::__rust_end_short_backtrace::<std[617be2ca0a6fd877]::panicking::panic_handler::{closure#0}, !>
[INFO] [stdout]    8:     0x5c43624f2bfc - __rustc[ea4f61d10b84890b]::rust_begin_unwind
[INFO] [stdout]    9:     0x5c436242beeb - core[a373ad73a504971]::panicking::panic_fmt
[INFO] [stdout]   10:     0x5c436242fd11 - core[a373ad73a504971]::result::unwrap_failed
[INFO] [stdout]   11:     0x5c43623fb5fc - run_suite[87ccfb1b9ec6d51a]::run_file_test
[INFO] [stdout]   12:     0x5c43623ffa65 - <run_suite[87ccfb1b9ec6d51a]::run_file_test_tests_suite_assignment_undefined_chef::{closure#0} as core[a373ad73a504971]::ops::function::FnOnce<()>>::call_once
[INFO] [stdout]   13:     0x5c436250b5eb - test[aada8e7e76ba119b]::__rust_begin_short_backtrace::<core[a373ad73a504971]::result::Result<(), alloc[2e1b2a31b91974c5]::string::String>, fn() -> core[a373ad73a504971]::result::Result<(), alloc[2e1b2a31b91974c5]::string::String>>
[INFO] [stdout]   14:     0x5c43625075b1 - test[aada8e7e76ba119b]::run_test::{closure#0}
[INFO] [stdout]   15:     0x5c4362506d9c - std[617be2ca0a6fd877]::sys::backtrace::__rust_begin_short_backtrace::<test[aada8e7e76ba119b]::run_test::{closure#1}, ()>
[INFO] [stdout]   16:     0x5c436252676c - <std[617be2ca0a6fd877]::thread::lifecycle::spawn_unchecked<test[aada8e7e76ba119b]::run_test::{closure#1}, ()>::{closure#1} as core[a373ad73a504971]::ops::function::FnOnce<()>>::call_once::{shim:vtable#0}
[INFO] [stdout]   17:     0x5c43624f4264 - <std[617be2ca0a6fd877]::sys::thread::unix::Thread>::new::thread_start
[INFO] [stdout]   18:     0x716885f67dfa - <unknown>
[INFO] [stdout]   19:     0x716885ffb3d4 - clone
[INFO] [stdout]   20:                0x0 - <unknown>
[INFO] [stdout] 
[INFO] [stdout] ---- run_file_test_tests_suite_assignment_prefix_operator_chef stdout ----
[INFO] [stdout] /opt/rustwide/workdir/tests/suite/assignment/prefix_operator.chef
[INFO] [stdout] 
[INFO] [stdout] thread 'run_file_test_tests_suite_assignment_prefix_operator_chef' (463) panicked at tests/run_suite.rs:30:10:
[INFO] [stdout] Command execution error.: Os { code: 2, kind: NotFound, message: "No such file or directory" }
[INFO] [stdout] stack backtrace:
[INFO] [stdout]    0:     0x5c43624cd1f7 - <<std[617be2ca0a6fd877]::sys::backtrace::BacktraceLock>::print::DisplayBacktrace as core[a373ad73a504971]::fmt::Display>::fmt
[INFO] [stdout]    1:     0x5c436242c05a - core[a373ad73a504971]::fmt::write
[INFO] [stdout]    2:     0x5c43624cc7ab - <alloc[2e1b2a31b91974c5]::vec::Vec<u8> as core[a373ad73a504971]::io::write::Write>::write_fmt
[INFO] [stdout]    3:     0x5c43624cc28f - std[617be2ca0a6fd877]::panicking::default_hook::{closure#0}
[INFO] [stdout]    4:     0x5c43624cbeba - std[617be2ca0a6fd877]::panicking::default_hook
[INFO] [stdout]    5:     0x5c43624cb9f5 - std[617be2ca0a6fd877]::panicking::panic_with_hook
[INFO] [stdout]    6:     0x5c43624f2741 - std[617be2ca0a6fd877]::panicking::panic_handler::{closure#0}
[INFO] [stdout]    7:     0x5c43624f26f9 - std[617be2ca0a6fd877]::sys::backtrace::__rust_end_short_backtrace::<std[617be2ca0a6fd877]::panicking::panic_handler::{closure#0}, !>
[INFO] [stdout]    8:     0x5c43624f2bfc - __rustc[ea4f61d10b84890b]::rust_begin_unwind
[INFO] [stdout]    9:     0x5c436242beeb - core[a373ad73a504971]::panicking::panic_fmt
[INFO] [stdout]   10:     0x5c436242fd11 - core[a373ad73a504971]::result::unwrap_failed
[INFO] [stdout]   11:     0x5c43623fb5fc - run_suite[87ccfb1b9ec6d51a]::run_file_test
[INFO] [stdout]   12:     0x5c43623ffcd5 - <run_suite[87ccfb1b9ec6d51a]::run_file_test_tests_suite_assignment_prefix_operator_chef::{closure#0} as core[a373ad73a504971]::ops::function::FnOnce<()>>::call_once
[INFO] [stdout]   13:     0x5c436250b5eb - test[aada8e7e76ba119b]::__rust_begin_short_backtrace::<core[a373ad73a504971]::result::Result<(), alloc[2e1b2a31b91974c5]::string::String>, fn() -> core[a373ad73a504971]::result::Result<(), alloc[2e1b2a31b91974c5]::string::String>>
[INFO] [stdout]   14:     0x5c43625075b1 - test[aada8e7e76ba119b]::run_test::{closure#0}
[INFO] [stdout]   15:     0x5c4362506d9c - std[617be2ca0a6fd877]::sys::backtrace::__rust_begin_short_backtrace::<test[aada8e7e76ba119b]::run_test::{closure#1}, ()>
[INFO] [stdout]   16:     0x5c436252676c - <std[617be2ca0a6fd877]::thread::lifecycle::spawn_unchecked<test[aada8e7e76ba119b]::run_test::{closure#1}, ()>::{closure#1} as core[a373ad73a504971]::ops::function::FnOnce<()>>::call_once::{shim:vtable#0}
[INFO] [stdout]   17:     0x5c43624f4264 - <std[617be2ca0a6fd877]::sys::thread::unix::Thread>::new::thread_start
[INFO] [stdout]   18:     0x716885f67dfa - <unknown>
[INFO] [stdout]   19:     0x716885ffb3d4 - clone
[INFO] [stdout]   20:                0x0 - <unknown>
[INFO] [stdout] 
[INFO] [stdout] ---- run_file_test_tests_suite_bool_equality_chef stdout ----
[INFO] [stdout] /opt/rustwide/workdir/tests/suite/bool/equality.chef
[INFO] [stdout] 
[INFO] [stdout] thread 'run_file_test_tests_suite_bool_equality_chef' (466) panicked at tests/run_suite.rs:30:10:
[INFO] [stdout] Command execution error.: Os { code: 2, kind: NotFound, message: "No such file or directory" }
[INFO] [stdout] stack backtrace:
[INFO] [stdout]    0:     0x5c43624cd1f7 - <<std[617be2ca0a6fd877]::sys::backtrace::BacktraceLock>::print::DisplayBacktrace as core[a373ad73a504971]::fmt::Display>::fmt
[INFO] [stdout]    1:     0x5c436242c05a - core[a373ad73a504971]::fmt::write
[INFO] [stdout]    2:     0x5c43624cc7ab - <alloc[2e1b2a31b91974c5]::vec::Vec<u8> as core[a373ad73a504971]::io::write::Write>::write_fmt
[INFO] [stdout]    3:     0x5c43624cc28f - std[617be2ca0a6fd877]::panicking::default_hook::{closure#0}
[INFO] [stdout]    4:     0x5c43624cbeba - std[617be2ca0a6fd877]::panicking::default_hook
[INFO] [stdout]    5:     0x5c43624cb9f5 - std[617be2ca0a6fd877]::panicking::panic_with_hook
[INFO] [stdout]    6:     0x5c43624f2741 - std[617be2ca0a6fd877]::panicking::panic_handler::{closure#0}
[INFO] [stdout]    7:     0x5c43624f26f9 - std[617be2ca0a6fd877]::sys::backtrace::__rust_end_short_backtrace::<std[617be2ca0a6fd877]::panicking::panic_handler::{closure#0}, !>
[INFO] [stdout]    8:     0x5c43624f2bfc - __rustc[ea4f61d10b84890b]::rust_begin_unwind
[INFO] [stdout]    9:     0x5c436242beeb - core[a373ad73a504971]::panicking::panic_fmt
[INFO] [stdout]   10:     0x5c436242fd11 - core[a373ad73a504971]::result::unwrap_failed
[INFO] [stdout]   11:     0x5c43623fb5fc - run_suite[87ccfb1b9ec6d51a]::run_file_test
[INFO] [stdout]   12:     0x5c43623ff765 - <run_suite[87ccfb1b9ec6d51a]::run_file_test_tests_suite_bool_equality_chef::{closure#0} as core[a373ad73a504971]::ops::function::FnOnce<()>>::call_once
[INFO] [stdout]   13:     0x5c436250b5eb - test[aada8e7e76ba119b]::__rust_begin_short_backtrace::<core[a373ad73a504971]::result::Result<(), alloc[2e1b2a31b91974c5]::string::String>, fn() -> core[a373ad73a504971]::result::Result<(), alloc[2e1b2a31b91974c5]::string::String>>
[INFO] [stdout]   14:     0x5c43625075b1 - test[aada8e7e76ba119b]::run_test::{closure#0}
[INFO] [stdout]   15:     0x5c4362506d9c - std[617be2ca0a6fd877]::sys::backtrace::__rust_begin_short_backtrace::<test[aada8e7e76ba119b]::run_test::{closure#1}, ()>
[INFO] [stdout]   16:     0x5c436252676c - <std[617be2ca0a6fd877]::thread::lifecycle::spawn_unchecked<test[aada8e7e76ba119b]::run_test::{closure#1}, ()>::{closure#1} as core[a373ad73a504971]::ops::function::FnOnce<()>>::call_once::{shim:vtable#0}
[INFO] [stdout]   17:     0x5c43624f4264 - <std[617be2ca0a6fd877]::sys::thread::unix::Thread>::new::thread_start
[INFO] [stdout]   18:     0x716885f67dfa - <unknown>
[INFO] [stdout]   19:     0x716885ffb3d4 - clone
[INFO] [stdout]   20:                0x0 - <unknown>
[INFO] [stdout] 
[INFO] [stdout] ---- run_file_test_tests_suite_assignment_grouping_chef stdout ----
[INFO] [stdout] /opt/rustwide/workdir/tests/suite/assignment/grouping.chef
[INFO] [stdout] 
[INFO] [stdout] thread 'run_file_test_tests_suite_assignment_grouping_chef' (460) panicked at tests/run_suite.rs:30:10:
[INFO] [stdout] Command execution error.: Os { code: 2, kind: NotFound, message: "No such file or directory" }
[INFO] [stdout] stack backtrace:
[INFO] [stdout]    0:     0x5c43624cd1f7 - <<std[617be2ca0a6fd877]::sys::backtrace::BacktraceLock>::print::DisplayBacktrace as core[a373ad73a504971]::fmt::Display>::fmt
[INFO] [stdout]    1:     0x5c436242c05a - core[a373ad73a504971]::fmt::write
[INFO] [stdout]    2:     0x5c43624cc7ab - <alloc[2e1b2a31b91974c5]::vec::Vec<u8> as core[a373ad73a504971]::io::write::Write>::write_fmt
[INFO] [stdout]    3:     0x5c43624cc28f - std[617be2ca0a6fd877]::panicking::default_hook::{closure#0}
[INFO] [stdout]    4:     0x5c43624cbeba - std[617be2ca0a6fd877]::panicking::default_hook
[INFO] [stdout]    5:     0x5c43624cb9f5 - std[617be2ca0a6fd877]::panicking::panic_with_hook
[INFO] [stdout]    6:     0x5c43624f2741 - std[617be2ca0a6fd877]::panicking::panic_handler::{closure#0}
[INFO] [stdout]    7:     0x5c43624f26f9 - std[617be2ca0a6fd877]::sys::backtrace::__rust_end_short_backtrace::<std[617be2ca0a6fd877]::panicking::panic_handler::{closure#0}, !>
[INFO] [stdout]    8:     0x5c43624f2bfc - __rustc[ea4f61d10b84890b]::rust_begin_unwind
[INFO] [stdout]    9:     0x5c436242beeb - core[a373ad73a504971]::panicking::panic_fmt
[INFO] [stdout]   10:     0x5c436242fd11 - core[a373ad73a504971]::result::unwrap_failed
[INFO] [stdout]   11:     0x5c43623fb5fc - run_suite[87ccfb1b9ec6d51a]::run_file_test
[INFO] [stdout]   12:     0x5c43623ff945 - <run_suite[87ccfb1b9ec6d51a]::run_file_test_tests_suite_assignment_grouping_chef::{closure#0} as core[a373ad73a504971]::ops::function::FnOnce<()>>::call_once
[INFO] [stdout]   13:     0x5c436250b5eb - test[aada8e7e76ba119b]::__rust_begin_short_backtrace::<core[a373ad73a504971]::result::Result<(), alloc[2e1b2a31b91974c5]::string::String>, fn() -> core[a373ad73a504971]::result::Result<(), alloc[2e1b2a31b91974c5]::string::String>>
[INFO] [stdout]   14:     0x5c43625075b1 - test[aada8e7e76ba119b]::run_test::{closure#0}
[INFO] [stdout]   15:     0x5c4362506d9c - std[617be2ca0a6fd877]::sys::backtrace::__rust_begin_short_backtrace::<test[aada8e7e76ba119b]::run_test::{closure#1}, ()>
[INFO] [stdout]   16:     0x5c436252676c - <std[617be2ca0a6fd877]::thread::lifecycle::spawn_unchecked<test[aada8e7e76ba119b]::run_test::{closure#1}, ()>::{closure#1} as core[a373ad73a504971]::ops::function::FnOnce<()>>::call_once::{shim:vtable#0}
[INFO] [stdout]   17:     0x5c43624f4264 - <std[617be2ca0a6fd877]::sys::thread::unix::Thread>::new::thread_start
[INFO] [stdout]   18:     0x716885f67dfa - <unknown>
[INFO] [stdout]   19:     0x716885ffb3d4 - clone
[INFO] [stdout]   20:                0x0 - <unknown>
[INFO] [stdout] 
[INFO] [stdout] ---- run_file_test_tests_suite_bool_not_chef stdout ----
[INFO] [stdout] /opt/rustwide/workdir/tests/suite/bool/not.chef
[INFO] [stdout] 
[INFO] [stdout] thread 'run_file_test_tests_suite_bool_not_chef' (475) panicked at tests/run_suite.rs:30:10:
[INFO] [stdout] Command execution error.: Os { code: 2, kind: NotFound, message: "No such file or directory" }
[INFO] [stdout] stack backtrace:
[INFO] [stdout]    0:     0x5c43624cd1f7 - <<std[617be2ca0a6fd877]::sys::backtrace::BacktraceLock>::print::DisplayBacktrace as core[a373ad73a504971]::fmt::Display>::fmt
[INFO] [stdout]    1:     0x5c436242c05a - core[a373ad73a504971]::fmt::write
[INFO] [stdout]    2:     0x5c43624cc7ab - <alloc[2e1b2a31b91974c5]::vec::Vec<u8> as core[a373ad73a504971]::io::write::Write>::write_fmt
[INFO] [stdout]    3:     0x5c43624cc28f - std[617be2ca0a6fd877]::panicking::default_hook::{closure#0}
[INFO] [stdout]    4:     0x5c43624cbeba - std[617be2ca0a6fd877]::panicking::default_hook
[INFO] [stdout]    5:     0x5c43624cb9f5 - std[617be2ca0a6fd877]::panicking::panic_with_hook
[INFO] [stdout]    6:     0x5c43624f2741 - std[617be2ca0a6fd877]::panicking::panic_handler::{closure#0}
[INFO] [stdout]    7:     0x5c43624f26f9 - std[617be2ca0a6fd877]::sys::backtrace::__rust_end_short_backtrace::<std[617be2ca0a6fd877]::panicking::panic_handler::{closure#0}, !>
[INFO] [stdout]    8:     0x5c43624f2bfc - __rustc[ea4f61d10b84890b]::rust_begin_unwind
[INFO] [stdout]    9:     0x5c436242beeb - core[a373ad73a504971]::panicking::panic_fmt
[INFO] [stdout]   10:     0x5c436242fd11 - core[a373ad73a504971]::result::unwrap_failed
[INFO] [stdout]   11:     0x5c43623fb5fc - run_suite[87ccfb1b9ec6d51a]::run_file_test
[INFO] [stdout]   12:     0x5c43623ff5b5 - <run_suite[87ccfb1b9ec6d51a]::run_file_test_tests_suite_bool_not_chef::{closure#0} as core[a373ad73a504971]::ops::function::FnOnce<()>>::call_once
[INFO] [stdout]   13:     0x5c436250b5eb - test[aada8e7e76ba119b]::__rust_begin_short_backtrace::<core[a373ad73a504971]::result::Result<(), alloc[2e1b2a31b91974c5]::string::String>, fn() -> core[a373ad73a504971]::result::Result<(), alloc[2e1b2a31b91974c5]::string::String>>
[INFO] [stdout]   14:     0x5c43625075b1 - test[aada8e7e76ba119b]::run_test::{closure#0}
[INFO] [stdout]   15:     0x5c4362506d9c - std[617be2ca0a6fd877]::sys::backtrace::__rust_begin_short_backtrace::<test[aada8e7e76ba119b]::run_test::{closure#1}, ()>
[INFO] [stdout]   16:     0x5c436252676c - <std[617be2ca0a6fd877]::thread::lifecycle::spawn_unchecked<test[aada8e7e76ba119b]::run_test::{closure#1}, ()>::{closure#1} as core[a373ad73a504971]::ops::function::FnOnce<()>>::call_once::{shim:vtable#0}
[INFO] [stdout]   17:     0x5c43624f4264 - <std[617be2ca0a6fd877]::sys::thread::unix::Thread>::new::thread_start
[INFO] [stdout]   18:     0x716885f67dfa - <unknown>
[INFO] [stdout]   19:     0x716885ffb3d4 - clone
[INFO] [stdout]   20:                0x0 - <unknown>
[INFO] [stdout] 
[INFO] [stdout] ---- run_file_test_tests_suite_call_nil_chef stdout ----
[INFO] [stdout] /opt/rustwide/workdir/tests/suite/call/nil.chef
[INFO] [stdout] 
[INFO] [stdout] thread 'run_file_test_tests_suite_call_nil_chef' (477) panicked at tests/run_suite.rs:30:10:
[INFO] [stdout] Command execution error.: Os { code: 2, kind: NotFound, message: "No such file or directory" }
[INFO] [stdout] stack backtrace:
[INFO] [stdout]    0:     0x5c43624cd1f7 - <<std[617be2ca0a6fd877]::sys::backtrace::BacktraceLock>::print::DisplayBacktrace as core[a373ad73a504971]::fmt::Display>::fmt
[INFO] [stdout]    1:     0x5c436242c05a - core[a373ad73a504971]::fmt::write
[INFO] [stdout]    2:     0x5c43624cc7ab - <alloc[2e1b2a31b91974c5]::vec::Vec<u8> as core[a373ad73a504971]::io::write::Write>::write_fmt
[INFO] [stdout]    3:     0x5c43624cc28f - std[617be2ca0a6fd877]::panicking::default_hook::{closure#0}
[INFO] [stdout]    4:     0x5c43624cbeba - std[617be2ca0a6fd877]::panicking::default_hook
[INFO] [stdout]    5:     0x5c43624cb9f5 - std[617be2ca0a6fd877]::panicking::panic_with_hook
[INFO] [stdout]    6:     0x5c43624f2741 - std[617be2ca0a6fd877]::panicking::panic_handler::{closure#0}
[INFO] [stdout]    7:     0x5c43624f26f9 - std[617be2ca0a6fd877]::sys::backtrace::__rust_end_short_backtrace::<std[617be2ca0a6fd877]::panicking::panic_handler::{closure#0}, !>
[INFO] [stdout]    8:     0x5c43624f2bfc - __rustc[ea4f61d10b84890b]::rust_begin_unwind
[INFO] [stdout]    9:     0x5c436242beeb - core[a373ad73a504971]::panicking::panic_fmt
[INFO] [stdout]   10:     0x5c436242fd11 - core[a373ad73a504971]::result::unwrap_failed
[INFO] [stdout]   11:     0x5c43623fb5fc - run_suite[87ccfb1b9ec6d51a]::run_file_test
[INFO] [stdout]   12:     0x5c43623ff5e5 - <run_suite[87ccfb1b9ec6d51a]::run_file_test_tests_suite_call_nil_chef::{closure#0} as core[a373ad73a504971]::ops::function::FnOnce<()>>::call_once
[INFO] [stdout]   13:     0x5c436250b5eb - test[aada8e7e76ba119b]::__rust_begin_short_backtrace::<core[a373ad73a504971]::result::Result<(), alloc[2e1b2a31b91974c5]::string::String>, fn() -> core[a373ad73a504971]::result::Result<(), alloc[2e1b2a31b91974c5]::string::String>>
[INFO] [stdout]   14:     0x5c43625075b1 - test[aada8e7e76ba119b]::run_test::{closure#0}
[INFO] [stdout]   15:     0x5c4362506d9c - std[617be2ca0a6fd877]::sys::backtrace::__rust_begin_short_backtrace::<test[aada8e7e76ba119b]::run_test::{closure#1}, ()>
[INFO] [stdout]   16:     0x5c436252676c - <std[617be2ca0a6fd877]::thread::lifecycle::spawn_unchecked<test[aada8e7e76ba119b]::run_test::{closure#1}, ()>::{closure#1} as core[a373ad73a504971]::ops::function::FnOnce<()>>::call_once::{shim:vtable#0}
[INFO] [stdout]   17:     0x5c43624f4264 - <std[617be2ca0a6fd877]::sys::thread::unix::Thread>::new::thread_start
[INFO] [stdout]   18:     0x716885f67dfa - <unknown>
[INFO] [stdout]   19:     0x716885ffb3d4 - clone
[INFO] [stdout]   20:                0x0 - <unknown>
[INFO] [stdout] 
[INFO] [stdout] ---- run_file_test_tests_suite_comments_line_at_eof_chef stdout ----
[INFO] [stdout] /opt/rustwide/workdir/tests/suite/comments/line_at_eof.chef
[INFO] [stdout] 
[INFO] [stdout] thread 'run_file_test_tests_suite_comments_line_at_eof_chef' (480) panicked at tests/run_suite.rs:30:10:
[INFO] [stdout] Command execution error.: Os { code: 2, kind: NotFound, message: "No such file or directory" }
[INFO] [stdout] stack backtrace:
[INFO] [stdout]    0:     0x5c43624cd1f7 - <<std[617be2ca0a6fd877]::sys::backtrace::BacktraceLock>::print::DisplayBacktrace as core[a373ad73a504971]::fmt::Display>::fmt
[INFO] [stdout]    1:     0x5c436242c05a - core[a373ad73a504971]::fmt::write
[INFO] [stdout]    2:     0x5c43624cc7ab - <alloc[2e1b2a31b91974c5]::vec::Vec<u8> as core[a373ad73a504971]::io::write::Write>::write_fmt
[INFO] [stdout]    3:     0x5c43624cc28f - std[617be2ca0a6fd877]::panicking::default_hook::{closure#0}
[INFO] [stdout]    4:     0x5c43624cbeba - std[617be2ca0a6fd877]::panicking::default_hook
[INFO] [stdout]    5:     0x5c43624cb9f5 - std[617be2ca0a6fd877]::panicking::panic_with_hook
[INFO] [stdout]    6:     0x5c43624f2741 - std[617be2ca0a6fd877]::panicking::panic_handler::{closure#0}
[INFO] [stdout]    7:     0x5c43624f26f9 - std[617be2ca0a6fd877]::sys::backtrace::__rust_end_short_backtrace::<std[617be2ca0a6fd877]::panicking::panic_handler::{closure#0}, !>
[INFO] [stdout]    8:     0x5c43624f2bfc - __rustc[ea4f61d10b84890b]::rust_begin_unwind
[INFO] [stdout]    9:     0x5c436242beeb - core[a373ad73a504971]::panicking::panic_fmt
[INFO] [stdout]   10:     0x5c436242fd11 - core[a373ad73a504971]::result::unwrap_failed
[INFO] [stdout]   11:     0x5c43623fb5fc - run_suite[87ccfb1b9ec6d51a]::run_file_test
[INFO] [stdout]   12:     0x5c43623ffa95 - <run_suite[87ccfb1b9ec6d51a]::run_file_test_tests_suite_comments_line_at_eof_chef::{closure#0} as core[a373ad73a504971]::ops::function::FnOnce<()>>::call_once
[INFO] [stdout]   13:     0x5c436250b5eb - test[aada8e7e76ba119b]::__rust_begin_short_backtrace::<core[a373ad73a504971]::result::Result<(), alloc[2e1b2a31b91974c5]::string::String>, fn() -> core[a373ad73a504971]::result::Result<(), alloc[2e1b2a31b91974c5]::string::String>>
[INFO] [stdout]   14:     0x5c43625075b1 - test[aada8e7e76ba119b]::run_test::{closure#0}
[INFO] [stdout]   15:     0x5c4362506d9c - std[617be2ca0a6fd877]::sys::backtrace::__rust_begin_short_backtrace::<test[aada8e7e76ba119b]::run_test::{closure#1}, ()>
[INFO] [stdout]   16:     0x5c436252676c - <std[617be2ca0a6fd877]::thread::lifecycle::spawn_unchecked<test[aada8e7e76ba119b]::run_test::{closure#1}, ()>::{closure#1} as core[a373ad73a504971]::ops::function::FnOnce<()>>::call_once::{shim:vtable#0}
[INFO] [stdout]   17:     0x5c43624f4264 - <std[617be2ca0a6fd877]::sys::thread::unix::Thread>::new::thread_start
[INFO] [stdout]   18:     0x716885f67dfa - <unknown>
[INFO] [stdout]   19:     0x716885ffb3d4 - clone
[INFO] [stdout]   20:                0x0 - <unknown>
[INFO] [stdout] 
[INFO] [stdout] ---- run_file_test_tests_suite_comments_only_line_comment_and_line_chef stdout ----
[INFO] [stdout] /opt/rustwide/workdir/tests/suite/comments/only_line_comment_and_line.chef
[INFO] [stdout] 
[INFO] [stdout] thread 'run_file_test_tests_suite_comments_only_line_comment_and_line_chef' (481) panicked at tests/run_suite.rs:30:10:
[INFO] [stdout] Command execution error.: Os { code: 2, kind: NotFound, message: "No such file or directory" }
[INFO] [stdout] stack backtrace:
[INFO] [stdout]    0:     0x5c43624cd1f7 - <<std[617be2ca0a6fd877]::sys::backtrace::BacktraceLock>::print::DisplayBacktrace as core[a373ad73a504971]::fmt::Display>::fmt
[INFO] [stdout]    1:     0x5c436242c05a - core[a373ad73a504971]::fmt::write
[INFO] [stdout]    2:     0x5c43624cc7ab - <alloc[2e1b2a31b91974c5]::vec::Vec<u8> as core[a373ad73a504971]::io::write::Write>::write_fmt
[INFO] [stdout]    3:     0x5c43624cc28f - std[617be2ca0a6fd877]::panicking::default_hook::{closure#0}
[INFO] [stdout]    4:     0x5c43624cbeba - std[617be2ca0a6fd877]::panicking::default_hook
[INFO] [stdout]    5:     0x5c43624cb9f5 - std[617be2ca0a6fd877]::panicking::panic_with_hook
[INFO] [stdout]    6:     0x5c43624f2741 - std[617be2ca0a6fd877]::panicking::panic_handler::{closure#0}
[INFO] [stdout]    7:     0x5c43624f26f9 - std[617be2ca0a6fd877]::sys::backtrace::__rust_end_short_backtrace::<std[617be2ca0a6fd877]::panicking::panic_handler::{closure#0}, !>
[INFO] [stdout]    8:     0x5c43624f2bfc - __rustc[ea4f61d10b84890b]::rust_begin_unwind
[INFO] [stdout]    9:     0x5c436242beeb - core[a373ad73a504971]::panicking::panic_fmt
[INFO] [stdout]   10:     0x5c436242fd11 - core[a373ad73a504971]::result::unwrap_failed
[INFO] [stdout]   11:     0x5c43623fb5fc - run_suite[87ccfb1b9ec6d51a]::run_file_test
[INFO] [stdout]   12:     0x5c43623ffe85 - <run_suite[87ccfb1b9ec6d51a]::run_file_test_tests_suite_comments_only_line_comment_and_line_chef::{closure#0} as core[a373ad73a504971]::ops::function::FnOnce<()>>::call_once
[INFO] [stdout]   13:     0x5c436250b5eb - test[aada8e7e76ba119b]::__rust_begin_short_backtrace::<core[a373ad73a504971]::result::Result<(), alloc[2e1b2a31b91974c5]::string::String>, fn() -> core[a373ad73a504971]::result::Result<(), alloc[2e1b2a31b91974c5]::string::String>>
[INFO] [stdout]   14:     0x5c43625075b1 - test[aada8e7e76ba119b]::run_test::{closure#0}
[INFO] [stdout]   15:     0x5c4362506d9c - std[617be2ca0a6fd877]::sys::backtrace::__rust_begin_short_backtrace::<test[aada8e7e76ba119b]::run_test::{closure#1}, ()>
[INFO] [stdout]   16:     0x5c436252676c - <std[617be2ca0a6fd877]::thread::lifecycle::spawn_unchecked<test[aada8e7e76ba119b]::run_test::{closure#1}, ()>::{closure#1} as core[a373ad73a504971]::ops::function::FnOnce<()>>::call_once::{shim:vtable#0}
[INFO] [stdout]   17:     0x5c43624f4264 - <std[617be2ca0a6fd877]::sys::thread::unix::Thread>::new::thread_start
[INFO] [stdout]   18:     0x716885f67dfa - <unknown>
[INFO] [stdout]   19:     0x716885ffb3d4 - clone
[INFO] [stdout]   20:                0x0 - <unknown>
[INFO] [stdout] 
[INFO] [stdout] ---- run_file_test_tests_suite_call_bool_chef stdout ----
[INFO] [stdout] /opt/rustwide/workdir/tests/suite/call/bool.chef
[INFO] [stdout] 
[INFO] [stdout] thread 'run_file_test_tests_suite_call_bool_chef' (476) panicked at tests/run_suite.rs:30:10:
[INFO] [stdout] Command execution error.: Os { code: 2, kind: NotFound, message: "No such file or directory" }
[INFO] [stdout] stack backtrace:
[INFO] [stdout]    0:     0x5c43624cd1f7 - <<std[617be2ca0a6fd877]::sys::backtrace::BacktraceLock>::print::DisplayBacktrace as core[a373ad73a504971]::fmt::Display>::fmt
[INFO] [stdout]    1:     0x5c436242c05a - core[a373ad73a504971]::fmt::write
[INFO] [stdout]    2:     0x5c43624cc7ab - <alloc[2e1b2a31b91974c5]::vec::Vec<u8> as core[a373ad73a504971]::io::write::Write>::write_fmt
[INFO] [stdout]    3:     0x5c43624cc28f - std[617be2ca0a6fd877]::panicking::default_hook::{closure#0}
[INFO] [stdout]    4:     0x5c43624cbeba - std[617be2ca0a6fd877]::panicking::default_hook
[INFO] [stdout]    5:     0x5c43624cb9f5 - std[617be2ca0a6fd877]::panicking::panic_with_hook
[INFO] [stdout]    6:     0x5c43624f2741 - std[617be2ca0a6fd877]::panicking::panic_handler::{closure#0}
[INFO] [stdout]    7:     0x5c43624f26f9 - std[617be2ca0a6fd877]::sys::backtrace::__rust_end_short_backtrace::<std[617be2ca0a6fd877]::panicking::panic_handler::{closure#0}, !>
[INFO] [stdout]    8:     0x5c43624f2bfc - __rustc[ea4f61d10b84890b]::rust_begin_unwind
[INFO] [stdout]    9:     0x5c436242beeb - core[a373ad73a504971]::panicking::panic_fmt
[INFO] [stdout]   10:     0x5c436242fd11 - core[a373ad73a504971]::result::unwrap_failed
[INFO] [stdout]   11:     0x5c43623fb5fc - run_suite[87ccfb1b9ec6d51a]::run_file_test
[INFO] [stdout]   12:     0x5c43623ff675 - <run_suite[87ccfb1b9ec6d51a]::run_file_test_tests_suite_call_bool_chef::{closure#0} as core[a373ad73a504971]::ops::function::FnOnce<()>>::call_once
[INFO] [stdout]   13:     0x5c436250b5eb - test[aada8e7e76ba119b]::__rust_begin_short_backtrace::<core[a373ad73a504971]::result::Result<(), alloc[2e1b2a31b91974c5]::string::String>, fn() -> core[a373ad73a504971]::result::Result<(), alloc[2e1b2a31b91974c5]::string::String>>
[INFO] [stdout]   14:     0x5c43625075b1 - test[aada8e7e76ba119b]::run_test::{closure#0}
[INFO] [stdout]   15:     0x5c4362506d9c - std[617be2ca0a6fd877]::sys::backtrace::__rust_begin_short_backtrace::<test[aada8e7e76ba119b]::run_test::{closure#1}, ()>
[INFO] [stdout]   16:     0x5c436252676c - <std[617be2ca0a6fd877]::thread::lifecycle::spawn_unchecked<test[aada8e7e76ba119b]::run_test::{closure#1}, ()>::{closure#1} as core[a373ad73a504971]::ops::function::FnOnce<()>>::call_once::{shim:vtable#0}
[INFO] [stdout]   17:     0x5c43624f4264 - <std[617be2ca0a6fd877]::sys::thread::unix::Thread>::new::thread_start
[INFO] [stdout]   18:     0x716885f67dfa - <unknown>
[INFO] [stdout]   19:     0x716885ffb3d4 - clone
[INFO] [stdout]   20:                0x0 - <unknown>
[INFO] [stdout] 
[INFO] [stdout] ---- run_file_test_tests_suite_call_string_chef stdout ----
[INFO] [stdout] /opt/rustwide/workdir/tests/suite/call/string.chef
[INFO] [stdout] 
[INFO] [stdout] thread 'run_file_test_tests_suite_call_string_chef' (479) panicked at tests/run_suite.rs:30:10:
[INFO] [stdout] Command execution error.: Os { code: 2, kind: NotFound, message: "No such file or directory" }
[INFO] [stdout] stack backtrace:
[INFO] [stdout]    0:     0x5c43624cd1f7 - <<std[617be2ca0a6fd877]::sys::backtrace::BacktraceLock>::print::DisplayBacktrace as core[a373ad73a504971]::fmt::Display>::fmt
[INFO] [stdout]    1:     0x5c436242c05a - core[a373ad73a504971]::fmt::write
[INFO] [stdout]    2:     0x5c43624cc7ab - <alloc[2e1b2a31b91974c5]::vec::Vec<u8> as core[a373ad73a504971]::io::write::Write>::write_fmt
[INFO] [stdout]    3:     0x5c43624cc28f - std[617be2ca0a6fd877]::panicking::default_hook::{closure#0}
[INFO] [stdout]    4:     0x5c43624cbeba - std[617be2ca0a6fd877]::panicking::default_hook
[INFO] [stdout]    5:     0x5c43624cb9f5 - std[617be2ca0a6fd877]::panicking::panic_with_hook
[INFO] [stdout]    6:     0x5c43624f2741 - std[617be2ca0a6fd877]::panicking::panic_handler::{closure#0}
[INFO] [stdout]    7:     0x5c43624f26f9 - std[617be2ca0a6fd877]::sys::backtrace::__rust_end_short_backtrace::<std[617be2ca0a6fd877]::panicking::panic_handler::{closure#0}, !>
[INFO] [stdout]    8:     0x5c43624f2bfc - __rustc[ea4f61d10b84890b]::rust_begin_unwind
[INFO] [stdout]    9:     0x5c436242beeb - core[a373ad73a504971]::panicking::panic_fmt
[INFO] [stdout]   10:     0x5c436242fd11 - core[a373ad73a504971]::result::unwrap_failed
[INFO] [stdout]   11:     0x5c43623fb5fc - run_suite[87ccfb1b9ec6d51a]::run_file_test
[INFO] [stdout]   12:     0x5c43623ff705 - <run_suite[87ccfb1b9ec6d51a]::run_file_test_tests_suite_call_string_chef::{closure#0} as core[a373ad73a504971]::ops::function::FnOnce<()>>::call_once
[INFO] [stdout]   13:     0x5c436250b5eb - test[aada8e7e76ba119b]::__rust_begin_short_backtrace::<core[a373ad73a504971]::result::Result<(), alloc[2e1b2a31b91974c5]::string::String>, fn() -> core[a373ad73a504971]::result::Result<(), alloc[2e1b2a31b91974c5]::string::String>>
[INFO] [stdout]   14:     0x5c43625075b1 - test[aada8e7e76ba119b]::run_test::{closure#0}
[INFO] [stdout]   15:     0x5c4362506d9c - std[617be2ca0a6fd877]::sys::backtrace::__rust_begin_short_backtrace::<test[aada8e7e76ba119b]::run_test::{closure#1}, ()>
[INFO] [stdout]   16:     0x5c436252676c - <std[617be2ca0a6fd877]::thread::lifecycle::spawn_unchecked<test[aada8e7e76ba119b]::run_test::{closure#1}, ()>::{closure#1} as core[a373ad73a504971]::ops::function::FnOnce<()>>::call_once::{shim:vtable#0}
[INFO] [stdout]   17:     0x5c43624f4264 - <std[617be2ca0a6fd877]::sys::thread::unix::Thread>::new::thread_start
[INFO] [stdout]   18:     0x716885f67dfa - <unknown>
[INFO] [stdout]   19:     0x716885ffb3d4 - clone
[INFO] [stdout]   20:                0x0 - <unknown>
[INFO] [stdout] 
[INFO] [stdout] ---- run_file_test_tests_suite_comments_only_line_comment_chef stdout ----
[INFO] [stdout] /opt/rustwide/workdir/tests/suite/comments/only_line_comment.chef
[INFO] [stdout] 
[INFO] [stdout] thread 'run_file_test_tests_suite_comments_only_line_comment_chef' (482) panicked at tests/run_suite.rs:30:10:
[INFO] [stdout] Command execution error.: Os { code: 2, kind: NotFound, message: "No such file or directory" }
[INFO] [stdout] stack backtrace:
[INFO] [stdout]    0:     0x5c43624cd1f7 - <<std[617be2ca0a6fd877]::sys::backtrace::BacktraceLock>::print::DisplayBacktrace as core[a373ad73a504971]::fmt::Display>::fmt
[INFO] [stdout]    1:     0x5c436242c05a - core[a373ad73a504971]::fmt::write
[INFO] [stdout]    2:     0x5c43624cc7ab - <alloc[2e1b2a31b91974c5]::vec::Vec<u8> as core[a373ad73a504971]::io::write::Write>::write_fmt
[INFO] [stdout]    3:     0x5c43624cc28f - std[617be2ca0a6fd877]::panicking::default_hook::{closure#0}
[INFO] [stdout]    4:     0x5c43624cbeba - std[617be2ca0a6fd877]::panicking::default_hook
[INFO] [stdout]    5:     0x5c43624cb9f5 - std[617be2ca0a6fd877]::panicking::panic_with_hook
[INFO] [stdout]    6:     0x5c43624f2741 - std[617be2ca0a6fd877]::panicking::panic_handler::{closure#0}
[INFO] [stdout]    7:     0x5c43624f26f9 - std[617be2ca0a6fd877]::sys::backtrace::__rust_end_short_backtrace::<std[617be2ca0a6fd877]::panicking::panic_handler::{closure#0}, !>
[INFO] [stdout]    8:     0x5c43624f2bfc - __rustc[ea4f61d10b84890b]::rust_begin_unwind
[INFO] [stdout]    9:     0x5c436242beeb - core[a373ad73a504971]::panicking::panic_fmt
[INFO] [stdout]   10:     0x5c436242fd11 - core[a373ad73a504971]::result::unwrap_failed
[INFO] [stdout]   11:     0x5c43623fb5fc - run_suite[87ccfb1b9ec6d51a]::run_file_test
[INFO] [stdout]   12:     0x5c43623ffd05 - <run_suite[87ccfb1b9ec6d51a]::run_file_test_tests_suite_comments_only_line_comment_chef::{closure#0} as core[a373ad73a504971]::ops::function::FnOnce<()>>::call_once
[INFO] [stdout]   13:     0x5c436250b5eb - test[aada8e7e76ba119b]::__rust_begin_short_backtrace::<core[a373ad73a504971]::result::Result<(), alloc[2e1b2a31b91974c5]::string::String>, fn() -> core[a373ad73a504971]::result::Result<(), alloc[2e1b2a31b91974c5]::string::String>>
[INFO] [stdout]   14:     0x5c43625075b1 - test[aada8e7e76ba119b]::run_test::{closure#0}
[INFO] [stdout]   15:     0x5c4362506d9c - std[617be2ca0a6fd877]::sys::backtrace::__rust_begin_short_backtrace::<test[aada8e7e76ba119b]::run_test::{closure#1}, ()>
[INFO] [stdout]   16:     0x5c436252676c - <std[617be2ca0a6fd877]::thread::lifecycle::spawn_unchecked<test[aada8e7e76ba119b]::run_test::{closure#1}, ()>::{closure#1} as core[a373ad73a504971]::ops::function::FnOnce<()>>::call_once::{shim:vtable#0}
[INFO] [stdout]   17:     0x5c43624f4264 - <std[617be2ca0a6fd877]::sys::thread::unix::Thread>::new::thread_start
[INFO] [stdout]   18:     0x716885f67dfa - <unknown>
[INFO] [stdout]   19:     0x716885ffb3d4 - clone
[INFO] [stdout]   20:                0x0 - <unknown>
[INFO] [stdout] 
[INFO] [stdout] ---- run_file_test_tests_suite_expressions_evaluate_chef stdout ----
[INFO] [stdout] /opt/rustwide/workdir/tests/suite/expressions/evaluate.chef
[INFO] [stdout] 
[INFO] [stdout] thread 'run_file_test_tests_suite_expressions_evaluate_chef' (492) panicked at tests/run_suite.rs:30:10:
[INFO] [stdout] Command execution error.: Os { code: 2, kind: NotFound, message: "No such file or directory" }
[INFO] [stdout] stack backtrace:
[INFO] [stdout]    0:     0x5c43624cd1f7 - <<std[617be2ca0a6fd877]::sys::backtrace::BacktraceLock>::print::DisplayBacktrace as core[a373ad73a504971]::fmt::Display>::fmt
[INFO] [stdout]    1:     0x5c436242c05a - core[a373ad73a504971]::fmt::write
[INFO] [stdout]    2:     0x5c43624cc7ab - <alloc[2e1b2a31b91974c5]::vec::Vec<u8> as core[a373ad73a504971]::io::write::Write>::write_fmt
[INFO] [stdout]    3:     0x5c43624cc28f - std[617be2ca0a6fd877]::panicking::default_hook::{closure#0}
[INFO] [stdout]    4:     0x5c43624cbeba - std[617be2ca0a6fd877]::panicking::default_hook
[INFO] [stdout]    5:     0x5c43624cb9f5 - std[617be2ca0a6fd877]::panicking::panic_with_hook
[INFO] [stdout]    6:     0x5c43624f2741 - std[617be2ca0a6fd877]::panicking::panic_handler::{closure#0}
[INFO] [stdout]    7:     0x5c43624f26f9 - std[617be2ca0a6fd877]::sys::backtrace::__rust_end_short_backtrace::<std[617be2ca0a6fd877]::panicking::panic_handler::{closure#0}, !>
[INFO] [stdout]    8:     0x5c43624f2bfc - __rustc[ea4f61d10b84890b]::rust_begin_unwind
[INFO] [stdout]    9:     0x5c436242beeb - core[a373ad73a504971]::panicking::panic_fmt
[INFO] [stdout]   10:     0x5c436242fd11 - core[a373ad73a504971]::result::unwrap_failed
[INFO] [stdout]   11:     0x5c43623fb5fc - run_suite[87ccfb1b9ec6d51a]::run_file_test
[INFO] [stdout]   12:     0x5c43623ffac5 - <run_suite[87ccfb1b9ec6d51a]::run_file_test_tests_suite_expressions_evaluate_chef::{closure#0} as core[a373ad73a504971]::ops::function::FnOnce<()>>::call_once
[INFO] [stdout]   13:     0x5c436250b5eb - test[aada8e7e76ba119b]::__rust_begin_short_backtrace::<core[a373ad73a504971]::result::Result<(), alloc[2e1b2a31b91974c5]::string::String>, fn() -> core[a373ad73a504971]::result::Result<(), alloc[2e1b2a31b91974c5]::string::String>>
[INFO] [stdout]   14:     0x5c43625075b1 - test[aada8e7e76ba119b]::run_test::{closure#0}
[INFO] [stdout]   15:     0x5c4362506d9c - std[617be2ca0a6fd877]::sys::backtrace::__rust_begin_short_backtrace::<test[aada8e7e76ba119b]::run_test::{closure#1}, ()>
[INFO] [stdout]   16:     0x5c436252676c - <std[617be2ca0a6fd877]::thread::lifecycle::spawn_unchecked<test[aada8e7e76ba119b]::run_test::{closure#1}, ()>::{closure#1} as core[a373ad73a504971]::ops::function::FnOnce<()>>::call_once::{shim:vtable#0}
[INFO] [stdout]   17:     0x5c43624f4264 - <std[617be2ca0a6fd877]::sys::thread::unix::Thread>::new::thread_start
[INFO] [stdout]   18:     0x716885f67dfa - <unknown>
[INFO] [stdout]   19:     0x716885ffb3d4 - clone
[INFO] [stdout]   20:                0x0 - <unknown>
[INFO] [stdout] 
[INFO] [stdout] ---- run_file_test_tests_suite_empty_file_chef stdout ----
[INFO] [stdout] /opt/rustwide/workdir/tests/suite/empty_file.chef
[INFO] [stdout] 
[INFO] [stdout] thread 'run_file_test_tests_suite_empty_file_chef' (491) panicked at tests/run_suite.rs:30:10:
[INFO] [stdout] Command execution error.: Os { code: 2, kind: NotFound, message: "No such file or directory" }
[INFO] [stdout] stack backtrace:
[INFO] [stdout]    0:     0x5c43624cd1f7 - <<std[617be2ca0a6fd877]::sys::backtrace::BacktraceLock>::print::DisplayBacktrace as core[a373ad73a504971]::fmt::Display>::fmt
[INFO] [stdout]    1:     0x5c436242c05a - core[a373ad73a504971]::fmt::write
[INFO] [stdout]    2:     0x5c43624cc7ab - <alloc[2e1b2a31b91974c5]::vec::Vec<u8> as core[a373ad73a504971]::io::write::Write>::write_fmt
[INFO] [stdout]    3:     0x5c43624cc28f - std[617be2ca0a6fd877]::panicking::default_hook::{closure#0}
[INFO] [stdout]    4:     0x5c43624cbeba - std[617be2ca0a6fd877]::panicking::default_hook
[INFO] [stdout]    5:     0x5c43624cb9f5 - std[617be2ca0a6fd877]::panicking::panic_with_hook
[INFO] [stdout]    6:     0x5c43624f2741 - std[617be2ca0a6fd877]::panicking::panic_handler::{closure#0}
[INFO] [stdout]    7:     0x5c43624f26f9 - std[617be2ca0a6fd877]::sys::backtrace::__rust_end_short_backtrace::<std[617be2ca0a6fd877]::panicking::panic_handler::{closure#0}, !>
[INFO] [stdout]    8:     0x5c43624f2bfc - __rustc[ea4f61d10b84890b]::rust_begin_unwind
[INFO] [stdout]    9:     0x5c436242beeb - core[a373ad73a504971]::panicking::panic_fmt
[INFO] [stdout]   10:     0x5c436242fd11 - core[a373ad73a504971]::result::unwrap_failed
[INFO] [stdout]   11:     0x5c43623fb5fc - run_suite[87ccfb1b9ec6d51a]::run_file_test
[INFO] [stdout]   12:     0x5c43623ff6a5 - <run_suite[87ccfb1b9ec6d51a]::run_file_test_tests_suite_empty_file_chef::{closure#0} as core[a373ad73a504971]::ops::function::FnOnce<()>>::call_once
[INFO] [stdout]   13:     0x5c436250b5eb - test[aada8e7e76ba119b]::__rust_begin_short_backtrace::<core[a373ad73a504971]::result::Result<(), alloc[2e1b2a31b91974c5]::string::String>, fn() -> core[a373ad73a504971]::result::Result<(), alloc[2e1b2a31b91974c5]::string::String>>
[INFO] [stdout]   14:     0x5c43625075b1 - test[aada8e7e76ba119b]::run_test::{closure#0}
[INFO] [stdout]   15:     0x5c4362506d9c - std[617be2ca0a6fd877]::sys::backtrace::__rust_begin_short_backtrace::<test[aada8e7e76ba119b]::run_test::{closure#1}, ()>
[INFO] [stdout]   16:     0x5c436252676c - <std[617be2ca0a6fd877]::thread::lifecycle::spawn_unchecked<test[aada8e7e76ba119b]::run_test::{closure#1}, ()>::{closure#1} as core[a373ad73a504971]::ops::function::FnOnce<()>>::call_once::{shim:vtable#0}
[INFO] [stdout]   17:     0x5c43624f4264 - <std[617be2ca0a6fd877]::sys::thread::unix::Thread>::new::thread_start
[INFO] [stdout]   18:     0x716885f67dfa - <unknown>
[INFO] [stdout]   19:     0x716885ffb3d4 - clone
[INFO] [stdout]   20:                0x0 - <unknown>
[INFO] [stdout] 
[INFO] [stdout] ---- run_file_test_tests_suite_call_num_chef stdout ----
[INFO] [stdout] /opt/rustwide/workdir/tests/suite/call/num.chef
[INFO] [stdout] 
[INFO] [stdout] thread 'run_file_test_tests_suite_call_num_chef' (478) panicked at tests/run_suite.rs:30:10:
[INFO] [stdout] Command execution error.: Os { code: 2, kind: NotFound, message: "No such file or directory" }
[INFO] [stdout] stack backtrace:
[INFO] [stdout]    0:     0x5c43624cd1f7 - <<std[617be2ca0a6fd877]::sys::backtrace::BacktraceLock>::print::DisplayBacktrace as core[a373ad73a504971]::fmt::Display>::fmt
[INFO] [stdout]    1:     0x5c436242c05a - core[a373ad73a504971]::fmt::write
[INFO] [stdout]    2:     0x5c43624cc7ab - <alloc[2e1b2a31b91974c5]::vec::Vec<u8> as core[a373ad73a504971]::io::write::Write>::write_fmt
[INFO] [stdout]    3:     0x5c43624cc28f - std[617be2ca0a6fd877]::panicking::default_hook::{closure#0}
[INFO] [stdout]    4:     0x5c43624cbeba - std[617be2ca0a6fd877]::panicking::default_hook
[INFO] [stdout]    5:     0x5c43624cb9f5 - std[617be2ca0a6fd877]::panicking::panic_with_hook
[INFO] [stdout]    6:     0x5c43624f2741 - std[617be2ca0a6fd877]::panicking::panic_handler::{closure#0}
[INFO] [stdout]    7:     0x5c43624f26f9 - std[617be2ca0a6fd877]::sys::backtrace::__rust_end_short_backtrace::<std[617be2ca0a6fd877]::panicking::panic_handler::{closure#0}, !>
[INFO] [stdout]    8:     0x5c43624f2bfc - __rustc[ea4f61d10b84890b]::rust_begin_unwind
[INFO] [stdout]    9:     0x5c436242beeb - core[a373ad73a504971]::panicking::panic_fmt
[INFO] [stdout]   10:     0x5c436242fd11 - core[a373ad73a504971]::result::unwrap_failed
[INFO] [stdout]   11:     0x5c43623fb5fc - run_suite[87ccfb1b9ec6d51a]::run_file_test
[INFO] [stdout]   12:     0x5c43623ff615 - <run_suite[87ccfb1b9ec6d51a]::run_file_test_tests_suite_call_num_chef::{closure#0} as core[a373ad73a504971]::ops::function::FnOnce<()>>::call_once
[INFO] [stdout]   13:     0x5c436250b5eb - test[aada8e7e76ba119b]::__rust_begin_short_backtrace::<core[a373ad73a504971]::result::Result<(), alloc[2e1b2a31b91974c5]::string::String>, fn() -> core[a373ad73a504971]::result::Result<(), alloc[2e1b2a31b91974c5]::string::String>>
[INFO] [stdout]   14:     0x5c43625075b1 - test[aada8e7e76ba119b]::run_test::{closure#0}
[INFO] [stdout]   15:     0x5c4362506d9c - std[617be2ca0a6fd877]::sys::backtrace::__rust_begin_short_backtrace::<test[aada8e7e76ba119b]::run_test::{closure#1}, ()>
[INFO] [stdout]   16:     0x5c436252676c - <std[617be2ca0a6fd877]::thread::lifecycle::spawn_unchecked<test[aada8e7e76ba119b]::run_test::{closure#1}, ()>::{closure#1} as core[a373ad73a504971]::ops::function::FnOnce<()>>::call_once::{shim:vtable#0}
[INFO] [stdout]   17:     0x5c43624f4264 - <std[617be2ca0a6fd877]::sys::thread::unix::Thread>::new::thread_start
[INFO] [stdout]   18:     0x716885f67dfa - <unknown>
[INFO] [stdout]   19:     0x716885ffb3d4 - clone
[INFO] [stdout]   20:                0x0 - <unknown>
[INFO] [stdout] 
[INFO] [stdout] ---- run_file_test_tests_suite_function_body_must_be_block_chef stdout ----
[INFO] [stdout] /opt/rustwide/workdir/tests/suite/function/body_must_be_block.chef
[INFO] [stdout] 
[INFO] [stdout] thread 'run_file_test_tests_suite_function_body_must_be_block_chef' (493) panicked at tests/run_suite.rs:30:10:
[INFO] [stdout] Command execution error.: Os { code: 2, kind: NotFound, message: "No such file or directory" }
[INFO] [stdout] stack backtrace:
[INFO] [stdout]    0:     0x5c43624cd1f7 - <<std[617be2ca0a6fd877]::sys::backtrace::BacktraceLock>::print::DisplayBacktrace as core[a373ad73a504971]::fmt::Display>::fmt
[INFO] [stdout]    1:     0x5c436242c05a - core[a373ad73a504971]::fmt::write
[INFO] [stdout]    2:     0x5c43624cc7ab - <alloc[2e1b2a31b91974c5]::vec::Vec<u8> as core[a373ad73a504971]::io::write::Write>::write_fmt
[INFO] [stdout]    3:     0x5c43624cc28f - std[617be2ca0a6fd877]::panicking::default_hook::{closure#0}
[INFO] [stdout]    4:     0x5c43624cbeba - std[617be2ca0a6fd877]::panicking::default_hook
[INFO] [stdout]    5:     0x5c43624cb9f5 - std[617be2ca0a6fd877]::panicking::panic_with_hook
[INFO] [stdout]    6:     0x5c43624f2741 - std[617be2ca0a6fd877]::panicking::panic_handler::{closure#0}
[INFO] [stdout]    7:     0x5c43624f26f9 - std[617be2ca0a6fd877]::sys::backtrace::__rust_end_short_backtrace::<std[617be2ca0a6fd877]::panicking::panic_handler::{closure#0}, !>
[INFO] [stdout]    8:     0x5c43624f2bfc - __rustc[ea4f61d10b84890b]::rust_begin_unwind
[INFO] [stdout]    9:     0x5c436242beeb - core[a373ad73a504971]::panicking::panic_fmt
[INFO] [stdout]   10:     0x5c436242fd11 - core[a373ad73a504971]::result::unwrap_failed
[INFO] [stdout]   11:     0x5c43623fb5fc - run_suite[87ccfb1b9ec6d51a]::run_file_test
[INFO] [stdout]   12:     0x5c43623ffdc5 - <run_suite[87ccfb1b9ec6d51a]::run_file_test_tests_suite_function_body_must_be_block_chef::{closure#0} as core[a373ad73a504971]::ops::function::FnOnce<()>>::call_once
[INFO] [stdout]   13:     0x5c436250b5eb - test[aada8e7e76ba119b]::__rust_begin_short_backtrace::<core[a373ad73a504971]::result::Result<(), alloc[2e1b2a31b91974c5]::string::String>, fn() -> core[a373ad73a504971]::result::Result<(), alloc[2e1b2a31b91974c5]::string::String>>
[INFO] [stdout]   14:     0x5c43625075b1 - test[aada8e7e76ba119b]::run_test::{closure#0}
[INFO] [stdout]   15:     0x5c4362506d9c - std[617be2ca0a6fd877]::sys::backtrace::__rust_begin_short_backtrace::<test[aada8e7e76ba119b]::run_test::{closure#1}, ()>
[INFO] [stdout]   16:     0x5c436252676c - <std[617be2ca0a6fd877]::thread::lifecycle::spawn_unchecked<test[aada8e7e76ba119b]::run_test::{closure#1}, ()>::{closure#1} as core[a373ad73a504971]::ops::function::FnOnce<()>>::call_once::{shim:vtable#0}
[INFO] [stdout]   17:     0x5c43624f4264 - <std[617be2ca0a6fd877]::sys::thread::unix::Thread>::new::thread_start
[INFO] [stdout]   18:     0x716885f67dfa - <unknown>
[INFO] [stdout]   19:     0x716885ffb3d4 - clone
[INFO] [stdout]   20:                0x0 - <unknown>
[INFO] [stdout] 
[INFO] [stdout] ---- run_file_test_tests_suite_comments_unicode_chef stdout ----
[INFO] [stdout] /opt/rustwide/workdir/tests/suite/comments/unicode.chef
[INFO] [stdout] 
[INFO] [stdout] thread 'run_file_test_tests_suite_comments_unicode_chef' (490) panicked at tests/run_suite.rs:30:10:
[INFO] [stdout] Command execution error.: Os { code: 2, kind: NotFound, message: "No such file or directory" }
[INFO] [stdout] stack backtrace:
[INFO] [stdout]    0:     0x5c43624cd1f7 - <<std[617be2ca0a6fd877]::sys::backtrace::BacktraceLock>::print::DisplayBacktrace as core[a373ad73a504971]::fmt::Display>::fmt
[INFO] [stdout]    1:     0x5c436242c05a - core[a373ad73a504971]::fmt::write
[INFO] [stdout]    2:     0x5c43624cc7ab - <alloc[2e1b2a31b91974c5]::vec::Vec<u8> as core[a373ad73a504971]::io::write::Write>::write_fmt
[INFO] [stdout]    3:     0x5c43624cc28f - std[617be2ca0a6fd877]::panicking::default_hook::{closure#0}
[INFO] [stdout]    4:     0x5c43624cbeba - std[617be2ca0a6fd877]::panicking::default_hook
[INFO] [stdout]    5:     0x5c43624cb9f5 - std[617be2ca0a6fd877]::panicking::panic_with_hook
[INFO] [stdout]    6:     0x5c43624f2741 - std[617be2ca0a6fd877]::panicking::panic_handler::{closure#0}
[INFO] [stdout]    7:     0x5c43624f26f9 - std[617be2ca0a6fd877]::sys::backtrace::__rust_end_short_backtrace::<std[617be2ca0a6fd877]::panicking::panic_handler::{closure#0}, !>
[INFO] [stdout]    8:     0x5c43624f2bfc - __rustc[ea4f61d10b84890b]::rust_begin_unwind
[INFO] [stdout]    9:     0x5c436242beeb - core[a373ad73a504971]::panicking::panic_fmt
[INFO] [stdout]   10:     0x5c436242fd11 - core[a373ad73a504971]::result::unwrap_failed
[INFO] [stdout]   11:     0x5c43623fb5fc - run_suite[87ccfb1b9ec6d51a]::run_file_test
[INFO] [stdout]   12:     0x5c43623ff885 - <run_suite[87ccfb1b9ec6d51a]::run_file_test_tests_suite_comments_unicode_chef::{closure#0} as core[a373ad73a504971]::ops::function::FnOnce<()>>::call_once
[INFO] [stdout]   13:     0x5c436250b5eb - test[aada8e7e76ba119b]::__rust_begin_short_backtrace::<core[a373ad73a504971]::result::Result<(), alloc[2e1b2a31b91974c5]::string::String>, fn() -> core[a373ad73a504971]::result::Result<(), alloc[2e1b2a31b91974c5]::string::String>>
[INFO] [stdout]   14:     0x5c43625075b1 - test[aada8e7e76ba119b]::run_test::{closure#0}
[INFO] [stdout]   15:     0x5c4362506d9c - std[617be2ca0a6fd877]::sys::backtrace::__rust_begin_short_backtrace::<test[aada8e7e76ba119b]::run_test::{closure#1}, ()>
[INFO] [stdout]   16:     0x5c436252676c - <std[617be2ca0a6fd877]::thread::lifecycle::spawn_unchecked<test[aada8e7e76ba119b]::run_test::{closure#1}, ()>::{closure#1} as core[a373ad73a504971]::ops::function::FnOnce<()>>::call_once::{shim:vtable#0}
[INFO] [stdout]   17:     0x5c43624f4264 - <std[617be2ca0a6fd877]::sys::thread::unix::Thread>::new::thread_start
[INFO] [stdout]   18:     0x716885f67dfa - <unknown>
[INFO] [stdout]   19:     0x716885ffb3d4 - clone
[INFO] [stdout]   20:                0x0 - <unknown>
[INFO] [stdout] 
[INFO] [stdout] ---- run_file_test_tests_suite_function_local_recursion_chef stdout ----
[INFO] [stdout] /opt/rustwide/workdir/tests/suite/function/local_recursion.chef
[INFO] [stdout] 
[INFO] [stdout] thread 'run_file_test_tests_suite_function_local_recursion_chef' (502) panicked at tests/run_suite.rs:30:10:
[INFO] [stdout] Command execution error.: Os { code: 2, kind: NotFound, message: "No such file or directory" }
[INFO] [stdout] stack backtrace:
[INFO] [stdout]    0:     0x5c43624cd1f7 - <<std[617be2ca0a6fd877]::sys::backtrace::BacktraceLock>::print::DisplayBacktrace as core[a373ad73a504971]::fmt::Display>::fmt
[INFO] [stdout]    1:     0x5c436242c05a - core[a373ad73a504971]::fmt::write
[INFO] [stdout]    2:     0x5c43624cc7ab - <alloc[2e1b2a31b91974c5]::vec::Vec<u8> as core[a373ad73a504971]::io::write::Write>::write_fmt
[INFO] [stdout]    3:     0x5c43624cc28f - std[617be2ca0a6fd877]::panicking::default_hook::{closure#0}
[INFO] [stdout]    4:     0x5c43624cbeba - std[617be2ca0a6fd877]::panicking::default_hook
[INFO] [stdout]    5:     0x5c43624cb9f5 - std[617be2ca0a6fd877]::panicking::panic_with_hook
[INFO] [stdout]    6:     0x5c43624f2741 - std[617be2ca0a6fd877]::panicking::panic_handler::{closure#0}
[INFO] [stdout]    7:     0x5c43624f26f9 - std[617be2ca0a6fd877]::sys::backtrace::__rust_end_short_backtrace::<std[617be2ca0a6fd877]::panicking::panic_handler::{closure#0}, !>
[INFO] [stdout]    8:     0x5c43624f2bfc - __rustc[ea4f61d10b84890b]::rust_begin_unwind
[INFO] [stdout]    9:     0x5c436242beeb - core[a373ad73a504971]::panicking::panic_fmt
[INFO] [stdout]   10:     0x5c436242fd11 - core[a373ad73a504971]::result::unwrap_failed
[INFO] [stdout]   11:     0x5c43623fb5fc - run_suite[87ccfb1b9ec6d51a]::run_file_test
[INFO] [stdout]   12:     0x5c43623ffc15 - <run_suite[87ccfb1b9ec6d51a]::run_file_test_tests_suite_function_local_recursion_chef::{closure#0} as core[a373ad73a504971]::ops::function::FnOnce<()>>::call_once
[INFO] [stdout]   13:     0x5c436250b5eb - test[aada8e7e76ba119b]::__rust_begin_short_backtrace::<core[a373ad73a504971]::result::Result<(), alloc[2e1b2a31b91974c5]::string::String>, fn() -> core[a373ad73a504971]::result::Result<(), alloc[2e1b2a31b91974c5]::string::String>>
[INFO] [stdout]   14:     0x5c43625075b1 - test[aada8e7e76ba119b]::run_test::{closure#0}
[INFO] [stdout]   15:     0x5c4362506d9c - std[617be2ca0a6fd877]::sys::backtrace::__rust_begin_short_backtrace::<test[aada8e7e76ba119b]::run_test::{closure#1}, ()>
[INFO] [stdout]   16:     0x5c436252676c - <std[617be2ca0a6fd877]::thread::lifecycle::spawn_unchecked<test[aada8e7e76ba119b]::run_test::{closure#1}, ()>::{closure#1} as core[a373ad73a504971]::ops::function::FnOnce<()>>::call_once::{shim:vtable#0}
[INFO] [stdout]   17:     0x5c43624f4264 - <std[617be2ca0a6fd877]::sys::thread::unix::Thread>::new::thread_start
[INFO] [stdout]   18:     0x716885f67dfa - <unknown>
[INFO] [stdout]   19:     0x716885ffb3d4 - clone
[INFO] [stdout]   20:                0x0 - <unknown>
[INFO] [stdout] 
[INFO] [stdout] ---- run_file_test_tests_suite_function_empty_body_chef stdout ----
[INFO] [stdout] /opt/rustwide/workdir/tests/suite/function/empty_body.chef
[INFO] [stdout] 
[INFO] [stdout] thread 'run_file_test_tests_suite_function_empty_body_chef' (499) panicked at tests/run_suite.rs:30:10:
[INFO] [stdout] Command execution error.: Os { code: 2, kind: NotFound, message: "No such file or directory" }
[INFO] [stdout] stack backtrace:
[INFO] [stdout]    0:     0x5c43624cd1f7 - <<std[617be2ca0a6fd877]::sys::backtrace::BacktraceLock>::print::DisplayBacktrace as core[a373ad73a504971]::fmt::Display>::fmt
[INFO] [stdout]    1:     0x5c436242c05a - core[a373ad73a504971]::fmt::write
[INFO] [stdout]    2:     0x5c43624cc7ab - <alloc[2e1b2a31b91974c5]::vec::Vec<u8> as core[a373ad73a504971]::io::write::Write>::write_fmt
[INFO] [stdout]    3:     0x5c43624cc28f - std[617be2ca0a6fd877]::panicking::default_hook::{closure#0}
[INFO] [stdout]    4:     0x5c43624cbeba - std[617be2ca0a6fd877]::panicking::default_hook
[INFO] [stdout]    5:     0x5c43624cb9f5 - std[617be2ca0a6fd877]::panicking::panic_with_hook
[INFO] [stdout]    6:     0x5c43624f2741 - std[617be2ca0a6fd877]::panicking::panic_handler::{closure#0}
[INFO] [stdout]    7:     0x5c43624f26f9 - std[617be2ca0a6fd877]::sys::backtrace::__rust_end_short_backtrace::<std[617be2ca0a6fd877]::panicking::panic_handler::{closure#0}, !>
[INFO] [stdout]    8:     0x5c43624f2bfc - __rustc[ea4f61d10b84890b]::rust_begin_unwind
[INFO] [stdout]    9:     0x5c436242beeb - core[a373ad73a504971]::panicking::panic_fmt
[INFO] [stdout]   10:     0x5c436242fd11 - core[a373ad73a504971]::result::unwrap_failed
[INFO] [stdout]   11:     0x5c43623fb5fc - run_suite[87ccfb1b9ec6d51a]::run_file_test
[INFO] [stdout]   12:     0x5c43623ff975 - <run_suite[87ccfb1b9ec6d51a]::run_file_test_tests_suite_function_empty_body_chef::{closure#0} as core[a373ad73a504971]::ops::function::FnOnce<()>>::call_once
[INFO] [stdout]   13:     0x5c436250b5eb - test[aada8e7e76ba119b]::__rust_begin_short_backtrace::<core[a373ad73a504971]::result::Result<(), alloc[2e1b2a31b91974c5]::string::String>, fn() -> core[a373ad73a504971]::result::Result<(), alloc[2e1b2a31b91974c5]::string::String>>
[INFO] [stdout]   14:     0x5c43625075b1 - test[aada8e7e76ba119b]::run_test::{closure#0}
[INFO] [stdout]   15:     0x5c4362506d9c - std[617be2ca0a6fd877]::sys::backtrace::__rust_begin_short_backtrace::<test[aada8e7e76ba119b]::run_test::{closure#1}, ()>
[INFO] [stdout]   16:     0x5c436252676c - <std[617be2ca0a6fd877]::thread::lifecycle::spawn_unchecked<test[aada8e7e76ba119b]::run_test::{closure#1}, ()>::{closure#1} as core[a373ad73a504971]::ops::function::FnOnce<()>>::call_once::{shim:vtable#0}
[INFO] [stdout]   17:     0x5c43624f4264 - <std[617be2ca0a6fd877]::sys::thread::unix::Thread>::new::thread_start
[INFO] [stdout]   18:     0x716885f67dfa - <unknown>
[INFO] [stdout]   19:     0x716885ffb3d4 - clone
[INFO] [stdout]   20:                0x0 - <unknown>
[INFO] [stdout] 
[INFO] [stdout] ---- run_file_test_tests_suite_function_extra_arguments_chef stdout ----
[INFO] [stdout] /opt/rustwide/workdir/tests/suite/function/extra_arguments.chef
[INFO] [stdout] 
[INFO] [stdout] thread 'run_file_test_tests_suite_function_extra_arguments_chef' (500) panicked at tests/run_suite.rs:30:10:
[INFO] [stdout] Command execution error.: Os { code: 2, kind: NotFound, message: "No such file or directory" }
[INFO] [stdout] stack backtrace:
[INFO] [stdout]    0:     0x5c43624cd1f7 - <<std[617be2ca0a6fd877]::sys::backtrace::BacktraceLock>::print::DisplayBacktrace as core[a373ad73a504971]::fmt::Display>::fmt
[INFO] [stdout]    1:     0x5c436242c05a - core[a373ad73a504971]::fmt::write
[INFO] [stdout]    2:     0x5c43624cc7ab - <alloc[2e1b2a31b91974c5]::vec::Vec<u8> as core[a373ad73a504971]::io::write::Write>::write_fmt
[INFO] [stdout]    3:     0x5c43624cc28f - std[617be2ca0a6fd877]::panicking::default_hook::{closure#0}
[INFO] [stdout]    4:     0x5c43624cbeba - std[617be2ca0a6fd877]::panicking::default_hook
[INFO] [stdout]    5:     0x5c43624cb9f5 - std[617be2ca0a6fd877]::panicking::panic_with_hook
[INFO] [stdout]    6:     0x5c43624f2741 - std[617be2ca0a6fd877]::panicking::panic_handler::{closure#0}
[INFO] [stdout]    7:     0x5c43624f26f9 - std[617be2ca0a6fd877]::sys::backtrace::__rust_end_short_backtrace::<std[617be2ca0a6fd877]::panicking::panic_handler::{closure#0}, !>
[INFO] [stdout]    8:     0x5c43624f2bfc - __rustc[ea4f61d10b84890b]::rust_begin_unwind
[INFO] [stdout]    9:     0x5c436242beeb - core[a373ad73a504971]::panicking::panic_fmt
[INFO] [stdout]   10:     0x5c436242fd11 - core[a373ad73a504971]::result::unwrap_failed
[INFO] [stdout]   11:     0x5c43623fb5fc - run_suite[87ccfb1b9ec6d51a]::run_file_test
[INFO] [stdout]   12:     0x5c43623ffbe5 - <run_suite[87ccfb1b9ec6d51a]::run_file_test_tests_suite_function_extra_arguments_chef::{closure#0} as core[a373ad73a504971]::ops::function::FnOnce<()>>::call_once
[INFO] [stdout]   13:     0x5c436250b5eb - test[aada8e7e76ba119b]::__rust_begin_short_backtrace::<core[a373ad73a504971]::result::Result<(), alloc[2e1b2a31b91974c5]::string::String>, fn() -> core[a373ad73a504971]::result::Result<(), alloc[2e1b2a31b91974c5]::string::String>>
[INFO] [stdout]   14:     0x5c43625075b1 - test[aada8e7e76ba119b]::run_test::{closure#0}
[INFO] [stdout]   15:     0x5c4362506d9c - std[617be2ca0a6fd877]::sys::backtrace::__rust_begin_short_backtrace::<test[aada8e7e76ba119b]::run_test::{closure#1}, ()>
[INFO] [stdout]   16:     0x5c436252676c - <std[617be2ca0a6fd877]::thread::lifecycle::spawn_unchecked<test[aada8e7e76ba119b]::run_test::{closure#1}, ()>::{closure#1} as core[a373ad73a504971]::ops::function::FnOnce<()>>::call_once::{shim:vtable#0}
[INFO] [stdout]   17:     0x5c43624f4264 - <std[617be2ca0a6fd877]::sys::thread::unix::Thread>::new::thread_start
[INFO] [stdout]   18:     0x716885f67dfa - <unknown>
[INFO] [stdout]   19:     0x716885ffb3d4 - clone
[INFO] [stdout]   20:                0x0 - <unknown>
[INFO] [stdout] 
[INFO] [stdout] ---- run_file_test_tests_suite_function_local_mutual_recursion_chef stdout ----
[INFO] [stdout] /opt/rustwide/workdir/tests/suite/function/local_mutual_recursion.chef
[INFO] [stdout] 
[INFO] [stdout] thread 'run_file_test_tests_suite_function_local_mutual_recursion_chef' (501) panicked at tests/run_suite.rs:30:10:
[INFO] [stdout] Command execution error.: Os { code: 2, kind: NotFound, message: "No such file or directory" }
[INFO] [stdout] stack backtrace:
[INFO] [stdout]    0:     0x5c43624cd1f7 - <<std[617be2ca0a6fd877]::sys::backtrace::BacktraceLock>::print::DisplayBacktrace as core[a373ad73a504971]::fmt::Display>::fmt
[INFO] [stdout]    1:     0x5c436242c05a - core[a373ad73a504971]::fmt::write
[INFO] [stdout]    2:     0x5c43624cc7ab - <alloc[2e1b2a31b91974c5]::vec::Vec<u8> as core[a373ad73a504971]::io::write::Write>::write_fmt
[INFO] [stdout]    3:     0x5c43624cc28f - std[617be2ca0a6fd877]::panicking::default_hook::{closure#0}
[INFO] [stdout]    4:     0x5c43624cbeba - std[617be2ca0a6fd877]::panicking::default_hook
[INFO] [stdout]    5:     0x5c43624cb9f5 - std[617be2ca0a6fd877]::panicking::panic_with_hook
[INFO] [stdout]    6:     0x5c43624f2741 - std[617be2ca0a6fd877]::panicking::panic_handler::{closure#0}
[INFO] [stdout]    7:     0x5c43624f26f9 - std[617be2ca0a6fd877]::sys::backtrace::__rust_end_short_backtrace::<std[617be2ca0a6fd877]::panicking::panic_handler::{closure#0}, !>
[INFO] [stdout]    8:     0x5c43624f2bfc - __rustc[ea4f61d10b84890b]::rust_begin_unwind
[INFO] [stdout]    9:     0x5c436242beeb - core[a373ad73a504971]::panicking::panic_fmt
[INFO] [stdout]   10:     0x5c436242fd11 - core[a373ad73a504971]::result::unwrap_failed
[INFO] [stdout]   11:     0x5c43623fb5fc - run_suite[87ccfb1b9ec6d51a]::run_file_test
[INFO] [stdout]   12:     0x5c43623ffe55 - <run_suite[87ccfb1b9ec6d51a]::run_file_test_tests_suite_function_local_mutual_recursion_chef::{closure#0} as core[a373ad73a504971]::ops::function::FnOnce<()>>::call_once
[INFO] [stdout]   13:     0x5c436250b5eb - test[aada8e7e76ba119b]::__rust_begin_short_backtrace::<core[a373ad73a504971]::result::Result<(), alloc[2e1b2a31b91974c5]::string::String>, fn() -> core[a373ad73a504971]::result::Result<(), alloc[2e1b2a31b91974c5]::string::String>>
[INFO] [stdout]   14:     0x5c43625075b1 - test[aada8e7e76ba119b]::run_test::{closure#0}
[INFO] [stdout]   15:     0x5c4362506d9c - std[617be2ca0a6fd877]::sys::backtrace::__rust_begin_short_backtrace::<test[aada8e7e76ba119b]::run_test::{closure#1}, ()>
[INFO] [stdout]   16:     0x5c436252676c - <std[617be2ca0a6fd877]::thread::lifecycle::spawn_unchecked<test[aada8e7e76ba119b]::run_test::{closure#1}, ()>::{closure#1} as core[a373ad73a504971]::ops::function::FnOnce<()>>::call_once::{shim:vtable#0}
[INFO] [stdout]   17:     0x5c43624f4264 - <std[617be2ca0a6fd877]::sys::thread::unix::Thread>::new::thread_start
[INFO] [stdout]   18:     0x716885f67dfa - <unknown>
[INFO] [stdout]   19:     0x716885ffb3d4 - clone
[INFO] [stdout]   20:                0x0 - <unknown>
[INFO] [stdout] 
[INFO] [stdout] ---- run_file_test_tests_suite_function_missing_arguments_chef stdout ----
[INFO] [stdout] /opt/rustwide/workdir/tests/suite/function/missing_arguments.chef
[INFO] [stdout] 
[INFO] [stdout] thread 'run_file_test_tests_suite_function_missing_arguments_chef' (507) panicked at tests/run_suite.rs:30:10:
[INFO] [stdout] Command execution error.: Os { code: 2, kind: NotFound, message: "No such file or directory" }
[INFO] [stdout] stack backtrace:
[INFO] [stdout]    0:     0x5c43624cd1f7 - <<std[617be2ca0a6fd877]::sys::backtrace::BacktraceLock>::print::DisplayBacktrace as core[a373ad73a504971]::fmt::Display>::fmt
[INFO] [stdout]    1:     0x5c436242c05a - core[a373ad73a504971]::fmt::write
[INFO] [stdout]    2:     0x5c43624cc7ab - <alloc[2e1b2a31b91974c5]::vec::Vec<u8> as core[a373ad73a504971]::io::write::Write>::write_fmt
[INFO] [stdout]    3:     0x5c43624cc28f - std[617be2ca0a6fd877]::panicking::default_hook::{closure#0}
[INFO] [stdout]    4:     0x5c43624cbeba - std[617be2ca0a6fd877]::panicking::default_hook
[INFO] [stdout]    5:     0x5c43624cb9f5 - std[617be2ca0a6fd877]::panicking::panic_with_hook
[INFO] [stdout]    6:     0x5c43624f2741 - std[617be2ca0a6fd877]::panicking::panic_handler::{closure#0}
[INFO] [stdout]    7:     0x5c43624f26f9 - std[617be2ca0a6fd877]::sys::backtrace::__rust_end_short_backtrace::<std[617be2ca0a6fd877]::panicking::panic_handler::{closure#0}, !>
[INFO] [stdout]    8:     0x5c43624f2bfc - __rustc[ea4f61d10b84890b]::rust_begin_unwind
[INFO] [stdout]    9:     0x5c436242beeb - core[a373ad73a504971]::panicking::panic_fmt
[INFO] [stdout]   10:     0x5c436242fd11 - core[a373ad73a504971]::result::unwrap_failed
[INFO] [stdout]   11:     0x5c43623fb5fc - run_suite[87ccfb1b9ec6d51a]::run_file_test
[INFO] [stdout]   12:     0x5c43623ffd35 - <run_suite[87ccfb1b9ec6d51a]::run_file_test_tests_suite_function_missing_arguments_chef::{closure#0} as core[a373ad73a504971]::ops::function::FnOnce<()>>::call_once
[INFO] [stdout]   13:     0x5c436250b5eb - test[aada8e7e76ba119b]::__rust_begin_short_backtrace::<core[a373ad73a504971]::result::Result<(), alloc[2e1b2a31b91974c5]::string::String>, fn() -> core[a373ad73a504971]::result::Result<(), alloc[2e1b2a31b91974c5]::string::String>>
[INFO] [stdout]   14:     0x5c43625075b1 - test[aada8e7e76ba119b]::run_test::{closure#0}
[INFO] [stdout]   15:     0x5c4362506d9c - std[617be2ca0a6fd877]::sys::backtrace::__rust_begin_short_backtrace::<test[aada8e7e76ba119b]::run_test::{closure#1}, ()>
[INFO] [stdout]   16:     0x5c436252676c - <std[617be2ca0a6fd877]::thread::lifecycle::spawn_unchecked<test[aada8e7e76ba119b]::run_test::{closure#1}, ()>::{closure#1} as core[a373ad73a504971]::ops::function::FnOnce<()>>::call_once::{shim:vtable#0}
[INFO] [stdout]   17:     0x5c43624f4264 - <std[617be2ca0a6fd877]::sys::thread::unix::Thread>::new::thread_start
[INFO] [stdout]   18:     0x716885f67dfa - <unknown>
[INFO] [stdout]   19:     0x716885ffb3d4 - clone
[INFO] [stdout]   20:                0x0 - <unknown>
[INFO] [stdout] 
[INFO] [stdout] ---- run_file_test_tests_suite_function_nested_call_with_arguments_chef stdout ----
[INFO] [stdout] /opt/rustwide/workdir/tests/suite/function/nested_call_with_arguments.chef
[INFO] [stdout] 
[INFO] [stdout] thread 'run_file_test_tests_suite_function_nested_call_with_arguments_chef' (510) panicked at tests/run_suite.rs:30:10:
[INFO] [stdout] Command execution error.: Os { code: 2, kind: NotFound, message: "No such file or directory" }
[INFO] [stdout] stack backtrace:
[INFO] [stdout]    0:     0x5c43624cd1f7 - <<std[617be2ca0a6fd877]::sys::backtrace::BacktraceLock>::print::DisplayBacktrace as core[a373ad73a504971]::fmt::Display>::fmt
[INFO] [stdout]    1:     0x5c436242c05a - core[a373ad73a504971]::fmt::write
[INFO] [stdout]    2:     0x5c43624cc7ab - <alloc[2e1b2a31b91974c5]::vec::Vec<u8> as core[a373ad73a504971]::io::write::Write>::write_fmt
[INFO] [stdout]    3:     0x5c43624cc28f - std[617be2ca0a6fd877]::panicking::default_hook::{closure#0}
[INFO] [stdout]    4:     0x5c43624cbeba - std[617be2ca0a6fd877]::panicking::default_hook
[INFO] [stdout]    5:     0x5c43624cb9f5 - std[617be2ca0a6fd877]::panicking::panic_with_hook
[INFO] [stdout]    6:     0x5c43624f2741 - std[617be2ca0a6fd877]::panicking::panic_handler::{closure#0}
[INFO] [stdout]    7:     0x5c43624f26f9 - std[617be2ca0a6fd877]::sys::backtrace::__rust_end_short_backtrace::<std[617be2ca0a6fd877]::panicking::panic_handler::{closure#0}, !>
[INFO] [stdout]    8:     0x5c43624f2bfc - __rustc[ea4f61d10b84890b]::rust_begin_unwind
[INFO] [stdout]    9:     0x5c436242beeb - core[a373ad73a504971]::panicking::panic_fmt
[INFO] [stdout]   10:     0x5c436242fd11 - core[a373ad73a504971]::result::unwrap_failed
[INFO] [stdout]   11:     0x5c43623fb5fc - run_suite[87ccfb1b9ec6d51a]::run_file_test
[INFO] [stdout]   12:     0x5c43623ffeb5 - <run_suite[87ccfb1b9ec6d51a]::run_file_test_tests_suite_function_nested_call_with_arguments_chef::{closure#0} as core[a373ad73a504971]::ops::function::FnOnce<()>>::call_once
[INFO] [stdout]   13:     0x5c436250b5eb - test[aada8e7e76ba119b]::__rust_begin_short_backtrace::<core[a373ad73a504971]::result::Result<(), alloc[2e1b2a31b91974c5]::string::String>, fn() -> core[a373ad73a504971]::result::Result<(), alloc[2e1b2a31b91974c5]::string::String>>
[INFO] [stdout]   14:     0x5c43625075b1 - test[aada8e7e76ba119b]::run_test::{closure#0}
[INFO] [stdout]   15:     0x5c4362506d9c - std[617be2ca0a6fd877]::sys::backtrace::__rust_begin_short_backtrace::<test[aada8e7e76ba119b]::run_test::{closure#1}, ()>
[INFO] [stdout]   16:     0x5c436252676c - <std[617be2ca0a6fd877]::thread::lifecycle::spawn_unchecked<test[aada8e7e76ba119b]::run_test::{closure#1}, ()>::{closure#1} as core[a373ad73a504971]::ops::function::FnOnce<()>>::call_once::{shim:vtable#0}
[INFO] [stdout]   17:     0x5c43624f4264 - <std[617be2ca0a6fd877]::sys::thread::unix::Thread>::new::thread_start
[INFO] [stdout]   18:     0x716885f67dfa - <unknown>
[INFO] [stdout]   19:     0x716885ffb3d4 - clone
[INFO] [stdout]   20:                0x0 - <unknown>
[INFO] [stdout] 
[INFO] [stdout] ---- run_file_test_tests_suite_function_parameters_chef stdout ----
[INFO] [stdout] /opt/rustwide/workdir/tests/suite/function/parameters.chef
[INFO] [stdout] 
[INFO] [stdout] thread 'run_file_test_tests_suite_function_parameters_chef' (511) panicked at tests/run_suite.rs:30:10:
[INFO] [stdout] Command execution error.: Os { code: 2, kind: NotFound, message: "No such file or directory" }
[INFO] [stdout] stack backtrace:
[INFO] [stdout]    0:     0x5c43624cd1f7 - <<std[617be2ca0a6fd877]::sys::backtrace::BacktraceLock>::print::DisplayBacktrace as core[a373ad73a504971]::fmt::Display>::fmt
[INFO] [stdout]    1:     0x5c436242c05a - core[a373ad73a504971]::fmt::write
[INFO] [stdout]    2:     0x5c43624cc7ab - <alloc[2e1b2a31b91974c5]::vec::Vec<u8> as core[a373ad73a504971]::io::write::Write>::write_fmt
[INFO] [stdout]    3:     0x5c43624cc28f - std[617be2ca0a6fd877]::panicking::default_hook::{closure#0}
[INFO] [stdout]    4:     0x5c43624cbeba - std[617be2ca0a6fd877]::panicking::default_hook
[INFO] [stdout]    5:     0x5c43624cb9f5 - std[617be2ca0a6fd877]::panicking::panic_with_hook
[INFO] [stdout]    6:     0x5c43624f2741 - std[617be2ca0a6fd877]::panicking::panic_handler::{closure#0}
[INFO] [stdout]    7:     0x5c43624f26f9 - std[617be2ca0a6fd877]::sys::backtrace::__rust_end_short_backtrace::<std[617be2ca0a6fd877]::panicking::panic_handler::{closure#0}, !>
[INFO] [stdout]    8:     0x5c43624f2bfc - __rustc[ea4f61d10b84890b]::rust_begin_unwind
[INFO] [stdout]    9:     0x5c436242beeb - core[a373ad73a504971]::panicking::panic_fmt
[INFO] [stdout]   10:     0x5c436242fd11 - core[a373ad73a504971]::result::unwrap_failed
[INFO] [stdout]   11:     0x5c43623fb5fc - run_suite[87ccfb1b9ec6d51a]::run_file_test
[INFO] [stdout]   12:     0x5c43623ff9a5 - <run_suite[87ccfb1b9ec6d51a]::run_file_test_tests_suite_function_parameters_chef::{closure#0} as core[a373ad73a504971]::ops::function::FnOnce<()>>::call_once
[INFO] [stdout]   13:     0x5c436250b5eb - test[aada8e7e76ba119b]::__rust_begin_short_backtrace::<core[a373ad73a504971]::result::Result<(), alloc[2e1b2a31b91974c5]::string::String>, fn() -> core[a373ad73a504971]::result::Result<(), alloc[2e1b2a31b91974c5]::string::String>>
[INFO] [stdout]   14:     0x5c43625075b1 - test[aada8e7e76ba119b]::run_test::{closure#0}
[INFO] [stdout]   15:     0x5c4362506d9c - std[617be2ca0a6fd877]::sys::backtrace::__rust_begin_short_backtrace::<test[aada8e7e76ba119b]::run_test::{closure#1}, ()>
[INFO] [stdout]   16:     0x5c436252676c - <std[617be2ca0a6fd877]::thread::lifecycle::spawn_unchecked<test[aada8e7e76ba119b]::run_test::{closure#1}, ()>::{closure#1} as core[a373ad73a504971]::ops::function::FnOnce<()>>::call_once::{shim:vtable#0}
[INFO] [stdout]   17:     0x5c43624f4264 - <std[617be2ca0a6fd877]::sys::thread::unix::Thread>::new::thread_start
[INFO] [stdout]   18:     0x716885f67dfa - <unknown>
[INFO] [stdout]   19:     0x716885ffb3d4 - clone
[INFO] [stdout]   20:                0x0 - <unknown>
[INFO] [stdout] 
[INFO] [stdout] ---- run_file_test_tests_suite_function_too_many_parameters_chef stdout ----
[INFO] [stdout] /opt/rustwide/workdir/tests/suite/function/too_many_parameters.chef
[INFO] [stdout] 
[INFO] [stdout] thread 'run_file_test_tests_suite_function_too_many_parameters_chef' (519) panicked at tests/run_suite.rs:30:10:
[INFO] [stdout] Command execution error.: Os { code: 2, kind: NotFound, message: "No such file or directory" }
[INFO] [stdout] stack backtrace:
[INFO] [stdout]    0:     0x5c43624cd1f7 - <<std[617be2ca0a6fd877]::sys::backtrace::BacktraceLock>::print::DisplayBacktrace as core[a373ad73a504971]::fmt::Display>::fmt
[INFO] [stdout]    1:     0x5c436242c05a - core[a373ad73a504971]::fmt::write
[INFO] [stdout]    2:     0x5c43624cc7ab - <alloc[2e1b2a31b91974c5]::vec::Vec<u8> as core[a373ad73a504971]::io::write::Write>::write_fmt
[INFO] [stdout]    3:     0x5c43624cc28f - std[617be2ca0a6fd877]::panicking::default_hook::{closure#0}
[INFO] [stdout]    4:     0x5c43624cbeba - std[617be2ca0a6fd877]::panicking::default_hook
[INFO] [stdout]    5:     0x5c43624cb9f5 - std[617be2ca0a6fd877]::panicking::panic_with_hook
[INFO] [stdout]    6:     0x5c43624f2741 - std[617be2ca0a6fd877]::panicking::panic_handler::{closure#0}
[INFO] [stdout]    7:     0x5c43624f26f9 - std[617be2ca0a6fd877]::sys::backtrace::__rust_end_short_backtrace::<std[617be2ca0a6fd877]::panicking::panic_handler::{closure#0}, !>
[INFO] [stdout]    8:     0x5c43624f2bfc - __rustc[ea4f61d10b84890b]::rust_begin_unwind
[INFO] [stdout]    9:     0x5c436242beeb - core[a373ad73a504971]::panicking::panic_fmt
[INFO] [stdout]   10:     0x5c436242fd11 - core[a373ad73a504971]::result::unwrap_failed
[INFO] [stdout]   11:     0x5c43623fb5fc - run_suite[87ccfb1b9ec6d51a]::run_file_test
[INFO] [stdout]   12:     0x5c43623ffe25 - <run_suite[87ccfb1b9ec6d51a]::run_file_test_tests_suite_function_too_many_parameters_chef::{closure#0} as core[a373ad73a504971]::ops::function::FnOnce<()>>::call_once
[INFO] [stdout]   13:     0x5c436250b5eb - test[aada8e7e76ba119b]::__rust_begin_short_backtrace::<core[a373ad73a504971]::result::Result<(), alloc[2e1b2a31b91974c5]::string::String>, fn() -> core[a373ad73a504971]::result::Result<(), alloc[2e1b2a31b91974c5]::string::String>>
[INFO] [stdout]   14:     0x5c43625075b1 - test[aada8e7e76ba119b]::run_test::{closure#0}
[INFO] [stdout]   15:     0x5c4362506d9c - std[617be2ca0a6fd877]::sys::backtrace::__rust_begin_short_backtrace::<test[aada8e7e76ba119b]::run_test::{closure#1}, ()>
[INFO] [stdout]   16:     0x5c436252676c - <std[617be2ca0a6fd877]::thread::lifecycle::spawn_unchecked<test[aada8e7e76ba119b]::run_test::{closure#1}, ()>::{closure#1} as core[a373ad73a504971]::ops::function::FnOnce<()>>::call_once::{shim:vtable#0}
[INFO] [stdout]   17:     0x5c43624f4264 - <std[617be2ca0a6fd877]::sys::thread::unix::Thread>::new::thread_start
[INFO] [stdout]   18:     0x716885f67dfa - <unknown>
[INFO] [stdout]   19:     0x716885ffb3d4 - clone
[INFO] [stdout]   20:                0x0 - <unknown>
[INFO] [stdout] 
[INFO] [stdout] ---- run_file_test_tests_suite_function_recursion_chef stdout ----
[INFO] [stdout] /opt/rustwide/workdir/tests/suite/function/recursion.chef
[INFO] [stdout] 
[INFO] [stdout] thread 'run_file_test_tests_suite_function_recursion_chef' (513) panicked at tests/run_suite.rs:30:10:
[INFO] [stdout] Command execution error.: Os { code: 2, kind: NotFound, message: "No such file or directory" }
[INFO] [stdout] stack backtrace:
[INFO] [stdout]    0:     0x5c43624cd1f7 - <<std[617be2ca0a6fd877]::sys::backtrace::BacktraceLock>::print::DisplayBacktrace as core[a373ad73a504971]::fmt::Display>::fmt
[INFO] [stdout]    1:     0x5c436242c05a - core[a373ad73a504971]::fmt::write
[INFO] [stdout]    2:     0x5c43624cc7ab - <alloc[2e1b2a31b91974c5]::vec::Vec<u8> as core[a373ad73a504971]::io::write::Write>::write_fmt
[INFO] [stdout]    3:     0x5c43624cc28f - std[617be2ca0a6fd877]::panicking::default_hook::{closure#0}
[INFO] [stdout]    4:     0x5c43624cbeba - std[617be2ca0a6fd877]::panicking::default_hook
[INFO] [stdout]    5:     0x5c43624cb9f5 - std[617be2ca0a6fd877]::panicking::panic_with_hook
[INFO] [stdout]    6:     0x5c43624f2741 - std[617be2ca0a6fd877]::panicking::panic_handler::{closure#0}
[INFO] [stdout]    7:     0x5c43624f26f9 - std[617be2ca0a6fd877]::sys::backtrace::__rust_end_short_backtrace::<std[617be2ca0a6fd877]::panicking::panic_handler::{closure#0}, !>
[INFO] [stdout]    8:     0x5c43624f2bfc - __rustc[ea4f61d10b84890b]::rust_begin_unwind
[INFO] [stdout]    9:     0x5c436242beeb - core[a373ad73a504971]::panicking::panic_fmt
[INFO] [stdout]   10:     0x5c436242fd11 - core[a373ad73a504971]::result::unwrap_failed
[INFO] [stdout]   11:     0x5c43623fb5fc - run_suite[87ccfb1b9ec6d51a]::run_file_test
[INFO] [stdout]   12:     0x5c43623ff8e5 - <run_suite[87ccfb1b9ec6d51a]::run_file_test_tests_suite_function_recursion_chef::{closure#0} as core[a373ad73a504971]::ops::function::FnOnce<()>>::call_once
[INFO] [stdout]   13:     0x5c436250b5eb - test[aada8e7e76ba119b]::__rust_begin_short_backtrace::<core[a373ad73a504971]::result::Result<(), alloc[2e1b2a31b91974c5]::string::String>, fn() -> core[a373ad73a504971]::result::Result<(), alloc[2e1b2a31b91974c5]::string::String>>
[INFO] [stdout]   14:     0x5c43625075b1 - test[aada8e7e76ba119b]::run_test::{closure#0}
[INFO] [stdout]   15:     0x5c4362506d9c - std[617be2ca0a6fd877]::sys::backtrace::__rust_begin_short_backtrace::<test[aada8e7e76ba119b]::run_test::{closure#1}, ()>
[INFO] [stdout]   16:     0x5c436252676c - <std[617be2ca0a6fd877]::thread::lifecycle::spawn_unchecked<test[aada8e7e76ba119b]::run_test::{closure#1}, ()>::{closure#1} as core[a373ad73a504971]::ops::function::FnOnce<()>>::call_once::{shim:vtable#0}
[INFO] [stdout]   17:     0x5c43624f4264 - <std[617be2ca0a6fd877]::sys::thread::unix::Thread>::new::thread_start
[INFO] [stdout]   18:     0x716885f67dfa - <unknown>
[INFO] [stdout]   19:     0x716885ffb3d4 - clone
[INFO] [stdout]   20:                0x0 - <unknown>
[INFO] [stdout] 
[INFO] [stdout] ---- run_file_test_tests_suite_function_missing_comma_in_parameters_chef stdout ----
[INFO] [stdout] /opt/rustwide/workdir/tests/suite/function/missing_comma_in_parameters.chef
[INFO] [stdout] 
[INFO] [stdout] thread 'run_file_test_tests_suite_function_missing_comma_in_parameters_chef' (508) panicked at tests/run_suite.rs:30:10:
[INFO] [stdout] Command execution error.: Os { code: 2, kind: NotFound, message: "No such file or directory" }
[INFO] [stdout] stack backtrace:
[INFO] [stdout]    0:     0x5c43624cd1f7 - <<std[617be2ca0a6fd877]::sys::backtrace::BacktraceLock>::print::DisplayBacktrace as core[a373ad73a504971]::fmt::Display>::fmt
[INFO] [stdout]    1:     0x5c436242c05a - core[a373ad73a504971]::fmt::write
[INFO] [stdout]    2:     0x5c43624cc7ab - <alloc[2e1b2a31b91974c5]::vec::Vec<u8> as core[a373ad73a504971]::io::write::Write>::write_fmt
[INFO] [stdout]    3:     0x5c43624cc28f - std[617be2ca0a6fd877]::panicking::default_hook::{closure#0}
[INFO] [stdout]    4:     0x5c43624cbeba - std[617be2ca0a6fd877]::panicking::default_hook
[INFO] [stdout]    5:     0x5c43624cb9f5 - std[617be2ca0a6fd877]::panicking::panic_with_hook
[INFO] [stdout]    6:     0x5c43624f2741 - std[617be2ca0a6fd877]::panicking::panic_handler::{closure#0}
[INFO] [stdout]    7:     0x5c43624f26f9 - std[617be2ca0a6fd877]::sys::backtrace::__rust_end_short_backtrace::<std[617be2ca0a6fd877]::panicking::panic_handler::{closure#0}, !>
[INFO] [stdout]    8:     0x5c43624f2bfc - __rustc[ea4f61d10b84890b]::rust_begin_unwind
[INFO] [stdout]    9:     0x5c436242beeb - core[a373ad73a504971]::panicking::panic_fmt
[INFO] [stdout]   10:     0x5c436242fd11 - core[a373ad73a504971]::result::unwrap_failed
[INFO] [stdout]   11:     0x5c43623fb5fc - run_suite[87ccfb1b9ec6d51a]::run_file_test
[INFO] [stdout]   12:     0x5c43623ffee5 - <run_suite[87ccfb1b9ec6d51a]::run_file_test_tests_suite_function_missing_comma_in_parameters_chef::{closure#0} as core[a373ad73a504971]::ops::function::FnOnce<()>>::call_once
[INFO] [stdout]   13:     0x5c436250b5eb - test[aada8e7e76ba119b]::__rust_begin_short_backtrace::<core[a373ad73a504971]::result::Result<(), alloc[2e1b2a31b91974c5]::string::String>, fn() -> core[a373ad73a504971]::result::Result<(), alloc[2e1b2a31b91974c5]::string::String>>
[INFO] [stdout]   14:     0x5c43625075b1 - test[aada8e7e76ba119b]::run_test::{closure#0}
[INFO] [stdout]   15:     0x5c4362506d9c - std[617be2ca0a6fd877]::sys::backtrace::__rust_begin_short_backtrace::<test[aada8e7e76ba119b]::run_test::{closure#1}, ()>
[INFO] [stdout]   16:     0x5c436252676c - <std[617be2ca0a6fd877]::thread::lifecycle::spawn_unchecked<test[aada8e7e76ba119b]::run_test::{closure#1}, ()>::{closure#1} as core[a373ad73a504971]::ops::function::FnOnce<()>>::call_once::{shim:vtable#0}
[INFO] [stdout]   17:     0x5c43624f4264 - <std[617be2ca0a6fd877]::sys::thread::unix::Thread>::new::thread_start
[INFO] [stdout]   18:     0x716885f67dfa - <unknown>
[INFO] [stdout]   19:     0x716885ffb3d4 - clone
[INFO] [stdout]   20:                0x0 - <unknown>
[INFO] [stdout] 
[INFO] [stdout] ---- run_file_test_tests_suite_if_fun_in_else_chef stdout ----
[INFO] [stdout] /opt/rustwide/workdir/tests/suite/if/fun_in_else.chef
[INFO] [stdout] 
[INFO] [stdout] thread 'run_file_test_tests_suite_if_fun_in_else_chef' (524) panicked at tests/run_suite.rs:30:10:
[INFO] [stdout] Command execution error.: Os { code: 2, kind: NotFound, message: "No such file or directory" }
[INFO] [stdout] stack backtrace:
[INFO] [stdout]    0:     0x5c43624cd1f7 - <<std[617be2ca0a6fd877]::sys::backtrace::BacktraceLock>::print::DisplayBacktrace as core[a373ad73a504971]::fmt::Display>::fmt
[INFO] [stdout]    1:     0x5c436242c05a - core[a373ad73a504971]::fmt::write
[INFO] [stdout]    2:     0x5c43624cc7ab - <alloc[2e1b2a31b91974c5]::vec::Vec<u8> as core[a373ad73a504971]::io::write::Write>::write_fmt
[INFO] [stdout]    3:     0x5c43624cc28f - std[617be2ca0a6fd877]::panicking::default_hook::{closure#0}
[INFO] [stdout]    4:     0x5c43624cbeba - std[617be2ca0a6fd877]::panicking::default_hook
[INFO] [stdout]    5:     0x5c43624cb9f5 - std[617be2ca0a6fd877]::panicking::panic_with_hook
[INFO] [stdout]    6:     0x5c43624f2741 - std[617be2ca0a6fd877]::panicking::panic_handler::{closure#0}
[INFO] [stdout]    7:     0x5c43624f26f9 - std[617be2ca0a6fd877]::sys::backtrace::__rust_end_short_backtrace::<std[617be2ca0a6fd877]::panicking::panic_handler::{closure#0}, !>
[INFO] [stdout]    8:     0x5c43624f2bfc - __rustc[ea4f61d10b84890b]::rust_begin_unwind
[INFO] [stdout]    9:     0x5c436242beeb - core[a373ad73a504971]::panicking::panic_fmt
[INFO] [stdout]   10:     0x5c436242fd11 - core[a373ad73a504971]::result::unwrap_failed
[INFO] [stdout]   11:     0x5c43623fb5fc - run_suite[87ccfb1b9ec6d51a]::run_file_test
[INFO] [stdout]   12:     0x5c43623ff7c5 - <run_suite[87ccfb1b9ec6d51a]::run_file_test_tests_suite_if_fun_in_else_chef::{closure#0} as core[a373ad73a504971]::ops::function::FnOnce<()>>::call_once
[INFO] [stdout]   13:     0x5c436250b5eb - test[aada8e7e76ba119b]::__rust_begin_short_backtrace::<core[a373ad73a504971]::result::Result<(), alloc[2e1b2a31b91974c5]::string::String>, fn() -> core[a373ad73a504971]::result::Result<(), alloc[2e1b2a31b91974c5]::string::String>>
[INFO] [stdout]   14:     0x5c43625075b1 - test[aada8e7e76ba119b]::run_test::{closure#0}
[INFO] [stdout]   15:     0x5c4362506d9c - std[617be2ca0a6fd877]::sys::backtrace::__rust_begin_short_backtrace::<test[aada8e7e76ba119b]::run_test::{closure#1}, ()>
[INFO] [stdout]   16:     0x5c436252676c - <std[617be2ca0a6fd877]::thread::lifecycle::spawn_unchecked<test[aada8e7e76ba119b]::run_test::{closure#1}, ()>::{closure#1} as core[a373ad73a504971]::ops::function::FnOnce<()>>::call_once::{shim:vtable#0}
[INFO] [stdout]   17:     0x5c43624f4264 - <std[617be2ca0a6fd877]::sys::thread::unix::Thread>::new::thread_start
[INFO] [stdout]   18:     0x716885f67dfa - <unknown>
[INFO] [stdout]   19:     0x716885ffb3d4 - clone
[INFO] [stdout]   20:                0x0 - <unknown>
[INFO] [stdout] 
[INFO] [stdout] ---- run_file_test_tests_suite_if_if_chef stdout ----
[INFO] [stdout] /opt/rustwide/workdir/tests/suite/if/if.chef
[INFO] [stdout] 
[INFO] [stdout] thread 'run_file_test_tests_suite_if_if_chef' (528) panicked at tests/run_suite.rs:30:10:
[INFO] [stdout] Command execution error.: Os { code: 2, kind: NotFound, message: "No such file or directory" }
[INFO] [stdout] stack backtrace:
[INFO] [stdout]    0:     0x5c43624cd1f7 - <<std[617be2ca0a6fd877]::sys::backtrace::BacktraceLock>::print::DisplayBacktrace as core[a373ad73a504971]::fmt::Display>::fmt
[INFO] [stdout]    1:     0x5c436242c05a - core[a373ad73a504971]::fmt::write
[INFO] [stdout]    2:     0x5c43624cc7ab - <alloc[2e1b2a31b91974c5]::vec::Vec<u8> as core[a373ad73a504971]::io::write::Write>::write_fmt
[INFO] [stdout]    3:     0x5c43624cc28f - std[617be2ca0a6fd877]::panicking::default_hook::{closure#0}
[INFO] [stdout]    4:     0x5c43624cbeba - std[617be2ca0a6fd877]::panicking::default_hook
[INFO] [stdout]    5:     0x5c43624cb9f5 - std[617be2ca0a6fd877]::panicking::panic_with_hook
[INFO] [stdout]    6:     0x5c43624f2741 - std[617be2ca0a6fd877]::panicking::panic_handler::{closure#0}
[INFO] [stdout]    7:     0x5c43624f26f9 - std[617be2ca0a6fd877]::sys::backtrace::__rust_end_short_backtrace::<std[617be2ca0a6fd877]::panicking::panic_handler::{closure#0}, !>
[INFO] [stdout]    8:     0x5c43624f2bfc - __rustc[ea4f61d10b84890b]::rust_begin_unwind
[INFO] [stdout]    9:     0x5c436242beeb - core[a373ad73a504971]::panicking::panic_fmt
[INFO] [stdout]   10:     0x5c436242fd11 - core[a373ad73a504971]::result::unwrap_failed
[INFO] [stdout]   11:     0x5c43623fb5fc - run_suite[87ccfb1b9ec6d51a]::run_file_test
[INFO] [stdout]   12:     0x5c43623ff555 - <run_suite[87ccfb1b9ec6d51a]::run_file_test_tests_suite_if_if_chef::{closure#0} as core[a373ad73a504971]::ops::function::FnOnce<()>>::call_once
[INFO] [stdout]   13:     0x5c436250b5eb - test[aada8e7e76ba119b]::__rust_begin_short_backtrace::<core[a373ad73a504971]::result::Result<(), alloc[2e1b2a31b91974c5]::string::String>, fn() -> core[a373ad73a504971]::result::Result<(), alloc[2e1b2a31b91974c5]::string::String>>
[INFO] [stdout]   14:     0x5c43625075b1 - test[aada8e7e76ba119b]::run_test::{closure#0}
[INFO] [stdout]   15:     0x5c4362506d9c - std[617be2ca0a6fd877]::sys::backtrace::__rust_begin_short_backtrace::<test[aada8e7e76ba119b]::run_test::{closure#1}, ()>
[INFO] [stdout]   16:     0x5c436252676c - <std[617be2ca0a6fd877]::thread::lifecycle::spawn_unchecked<test[aada8e7e76ba119b]::run_test::{closure#1}, ()>::{closure#1} as core[a373ad73a504971]::ops::function::FnOnce<()>>::call_once::{shim:vtable#0}
[INFO] [stdout]   17:     0x5c43624f4264 - <std[617be2ca0a6fd877]::sys::thread::unix::Thread>::new::thread_start
[INFO] [stdout]   18:     0x716885f67dfa - <unknown>
[INFO] [stdout]   19:     0x716885ffb3d4 - clone
[INFO] [stdout]   20:                0x0 - <unknown>
[INFO] [stdout] 
[INFO] [stdout] ---- run_file_test_tests_suite_logical_operator_and_chef stdout ----
[INFO] [stdout] /opt/rustwide/workdir/tests/suite/logical_operator/and.chef
[INFO] [stdout] 
[INFO] [stdout] thread 'run_file_test_tests_suite_logical_operator_and_chef' (534) panicked at tests/run_suite.rs:30:10:
[INFO] [stdout] Command execution error.: Os { code: 2, kind: NotFound, message: "No such file or directory" }
[INFO] [stdout] stack backtrace:
[INFO] [stdout]    0:     0x5c43624cd1f7 - <<std[617be2ca0a6fd877]::sys::backtrace::BacktraceLock>::print::DisplayBacktrace as core[a373ad73a504971]::fmt::Display>::fmt
[INFO] [stdout]    1:     0x5c436242c05a - core[a373ad73a504971]::fmt::write
[INFO] [stdout]    2:     0x5c43624cc7ab - <alloc[2e1b2a31b91974c5]::vec::Vec<u8> as core[a373ad73a504971]::io::write::Write>::write_fmt
[INFO] [stdout]    3:     0x5c43624cc28f - std[617be2ca0a6fd877]::panicking::default_hook::{closure#0}
[INFO] [stdout]    4:     0x5c43624cbeba - std[617be2ca0a6fd877]::panicking::default_hook
[INFO] [stdout]    5:     0x5c43624cb9f5 - std[617be2ca0a6fd877]::panicking::panic_with_hook
[INFO] [stdout]    6:     0x5c43624f2741 - std[617be2ca0a6fd877]::panicking::panic_handler::{closure#0}
[INFO] [stdout]    7:     0x5c43624f26f9 - std[617be2ca0a6fd877]::sys::backtrace::__rust_end_short_backtrace::<std[617be2ca0a6fd877]::panicking::panic_handler::{closure#0}, !>
[INFO] [stdout]    8:     0x5c43624f2bfc - __rustc[ea4f61d10b84890b]::rust_begin_unwind
[INFO] [stdout]    9:     0x5c436242beeb - core[a373ad73a504971]::panicking::panic_fmt
[INFO] [stdout]   10:     0x5c436242fd11 - core[a373ad73a504971]::result::unwrap_failed
[INFO] [stdout]   11:     0x5c43623fb5fc - run_suite[87ccfb1b9ec6d51a]::run_file_test
[INFO] [stdout]   12:     0x5c43623ffaf5 - <run_suite[87ccfb1b9ec6d51a]::run_file_test_tests_suite_logical_operator_and_chef::{closure#0} as core[a373ad73a504971]::ops::function::FnOnce<()>>::call_once
[INFO] [stdout]   13:     0x5c436250b5eb - test[aada8e7e76ba119b]::__rust_begin_short_backtrace::<core[a373ad73a504971]::result::Result<(), alloc[2e1b2a31b91974c5]::string::String>, fn() -> core[a373ad73a504971]::result::Result<(), alloc[2e1b2a31b91974c5]::string::String>>
[INFO] [stdout]   14:     0x5c43625075b1 - test[aada8e7e76ba119b]::run_test::{closure#0}
[INFO] [stdout]   15:     0x5c4362506d9c - std[617be2ca0a6fd877]::sys::backtrace::__rust_begin_short_backtrace::<test[aada8e7e76ba119b]::run_test::{closure#1}, ()>
[INFO] [stdout]   16:     0x5c436252676c - <std[617be2ca0a6fd877]::thread::lifecycle::spawn_unchecked<test[aada8e7e76ba119b]::run_test::{closure#1}, ()>::{closure#1} as core[a373ad73a504971]::ops::function::FnOnce<()>>::call_once::{shim:vtable#0}
[INFO] [stdout]   17:     0x5c43624f4264 - <std[617be2ca0a6fd877]::sys::thread::unix::Thread>::new::thread_start
[INFO] [stdout]   18:     0x716885f67dfa - <unknown>
[INFO] [stdout]   19:     0x716885ffb3d4 - clone
[INFO] [stdout]   20:                0x0 - <unknown>
[INFO] [stdout] 
[INFO] [stdout] ---- run_file_test_tests_suite_function_too_many_arguments_chef stdout ----
[INFO] [stdout] /opt/rustwide/workdir/tests/suite/function/too_many_arguments.chef
[INFO] [stdout] 
[INFO] [stdout] thread 'run_file_test_tests_suite_function_too_many_arguments_chef' (518) panicked at tests/run_suite.rs:30:10:
[INFO] [stdout] Command execution error.: Os { code: 2, kind: NotFound, message: "No such file or directory" }
[INFO] [stdout] stack backtrace:
[INFO] [stdout]    0:     0x5c43624cd1f7 - <<std[617be2ca0a6fd877]::sys::backtrace::BacktraceLock>::print::DisplayBacktrace as core[a373ad73a504971]::fmt::Display>::fmt
[INFO] [stdout]    1:     0x5c436242c05a - core[a373ad73a504971]::fmt::write
[INFO] [stdout]    2:     0x5c43624cc7ab - <alloc[2e1b2a31b91974c5]::vec::Vec<u8> as core[a373ad73a504971]::io::write::Write>::write_fmt
[INFO] [stdout]    3:     0x5c43624cc28f - std[617be2ca0a6fd877]::panicking::default_hook::{closure#0}
[INFO] [stdout]    4:     0x5c43624cbeba - std[617be2ca0a6fd877]::panicking::default_hook
[INFO] [stdout]    5:     0x5c43624cb9f5 - std[617be2ca0a6fd877]::panicking::panic_with_hook
[INFO] [stdout]    6:     0x5c43624f2741 - std[617be2ca0a6fd877]::panicking::panic_handler::{closure#0}
[INFO] [stdout]    7:     0x5c43624f26f9 - std[617be2ca0a6fd877]::sys::backtrace::__rust_end_short_backtrace::<std[617be2ca0a6fd877]::panicking::panic_handler::{closure#0}, !>
[INFO] [stdout]    8:     0x5c43624f2bfc - __rustc[ea4f61d10b84890b]::rust_begin_unwind
[INFO] [stdout]    9:     0x5c436242beeb - core[a373ad73a504971]::panicking::panic_fmt
[INFO] [stdout]   10:     0x5c436242fd11 - core[a373ad73a504971]::result::unwrap_failed
[INFO] [stdout]   11:     0x5c43623fb5fc - run_suite[87ccfb1b9ec6d51a]::run_file_test
[INFO] [stdout]   12:     0x5c43623ffdf5 - <run_suite[87ccfb1b9ec6d51a]::run_file_test_tests_suite_function_too_many_arguments_chef::{closure#0} as core[a373ad73a504971]::ops::function::FnOnce<()>>::call_once
[INFO] [stdout]   13:     0x5c436250b5eb - test[aada8e7e76ba119b]::__rust_begin_short_backtrace::<core[a373ad73a504971]::result::Result<(), alloc[2e1b2a31b91974c5]::string::String>, fn() -> core[a373ad73a504971]::result::Result<(), alloc[2e1b2a31b91974c5]::string::String>>
[INFO] [stdout]   14:     0x5c43625075b1 - test[aada8e7e76ba119b]::run_test::{closure#0}
[INFO] [stdout]   15:     0x5c4362506d9c - std[617be2ca0a6fd877]::sys::backtrace::__rust_begin_short_backtrace::<test[aada8e7e76ba119b]::run_test::{closure#1}, ()>
[INFO] [stdout]   16:     0x5c436252676c - <std[617be2ca0a6fd877]::thread::lifecycle::spawn_unchecked<test[aada8e7e76ba119b]::run_test::{closure#1}, ()>::{closure#1} as core[a373ad73a504971]::ops::function::FnOnce<()>>::call_once::{shim:vtable#0}
[INFO] [stdout]   17:     0x5c43624f4264 - <std[617be2ca0a6fd877]::sys::thread::unix::Thread>::new::thread_start
[INFO] [stdout]   18:     0x716885f67dfa - <unknown>
[INFO] [stdout]   19:     0x716885ffb3d4 - clone
[INFO] [stdout]   20:                0x0 - <unknown>
[INFO] [stdout] 
[INFO] [stdout] ---- run_file_test_tests_suite_limit_too_many_constants_chef stdout ----
[INFO] [stdout] /opt/rustwide/workdir/tests/suite/limit/too_many_constants.chef
[INFO] [stdout] 
[INFO] [stdout] thread 'run_file_test_tests_suite_limit_too_many_constants_chef' (533) panicked at tests/run_suite.rs:30:10:
[INFO] [stdout] Command execution error.: Os { code: 2, kind: NotFound, message: "No such file or directory" }
[INFO] [stdout] stack backtrace:
[INFO] [stdout]    0:     0x5c43624cd1f7 - <<std[617be2ca0a6fd877]::sys::backtrace::BacktraceLock>::print::DisplayBacktrace as core[a373ad73a504971]::fmt::Display>::fmt
[INFO] [stdout]    1:     0x5c436242c05a - core[a373ad73a504971]::fmt::write
[INFO] [stdout]    2:     0x5c43624cc7ab - <alloc[2e1b2a31b91974c5]::vec::Vec<u8> as core[a373ad73a504971]::io::write::Write>::write_fmt
[INFO] [stdout]    3:     0x5c43624cc28f - std[617be2ca0a6fd877]::panicking::default_hook::{closure#0}
[INFO] [stdout]    4:     0x5c43624cbeba - std[617be2ca0a6fd877]::panicking::default_hook
[INFO] [stdout]    5:     0x5c43624cb9f5 - std[617be2ca0a6fd877]::panicking::panic_with_hook
[INFO] [stdout]    6:     0x5c43624f2741 - std[617be2ca0a6fd877]::panicking::panic_handler::{closure#0}
[INFO] [stdout]    7:     0x5c43624f26f9 - std[617be2ca0a6fd877]::sys::backtrace::__rust_end_short_backtrace::<std[617be2ca0a6fd877]::panicking::panic_handler::{closure#0}, !>
[INFO] [stdout]    8:     0x5c43624f2bfc - __rustc[ea4f61d10b84890b]::rust_begin_unwind
[INFO] [stdout]    9:     0x5c436242beeb - core[a373ad73a504971]::panicking::panic_fmt
[INFO] [stdout]   10:     0x5c436242fd11 - core[a373ad73a504971]::result::unwrap_failed
[INFO] [stdout]   11:     0x5c43623fb5fc - run_suite[87ccfb1b9ec6d51a]::run_file_test
[INFO] [stdout]   12:     0x5c43623ffc45 - <run_suite[87ccfb1b9ec6d51a]::run_file_test_tests_suite_limit_too_many_constants_chef::{closure#0} as core[a373ad73a504971]::ops::function::FnOnce<()>>::call_once
[INFO] [stdout]   13:     0x5c436250b5eb - test[aada8e7e76ba119b]::__rust_begin_short_backtrace::<core[a373ad73a504971]::result::Result<(), alloc[2e1b2a31b91974c5]::string::String>, fn() -> core[a373ad73a504971]::result::Result<(), alloc[2e1b2a31b91974c5]::string::String>>
[INFO] [stdout]   14:     0x5c43625075b1 - test[aada8e7e76ba119b]::run_test::{closure#0}
[INFO] [stdout]   15:     0x5c4362506d9c - std[617be2ca0a6fd877]::sys::backtrace::__rust_begin_short_backtrace::<test[aada8e7e76ba119b]::run_test::{closure#1}, ()>
[INFO] [stdout]   16:     0x5c436252676c - <std[617be2ca0a6fd877]::thread::lifecycle::spawn_unchecked<test[aada8e7e76ba119b]::run_test::{closure#1}, ()>::{closure#1} as core[a373ad73a504971]::ops::function::FnOnce<()>>::call_once::{shim:vtable#0}
[INFO] [stdout]   17:     0x5c43624f4264 - <std[617be2ca0a6fd877]::sys::thread::unix::Thread>::new::thread_start
[INFO] [stdout]   18:     0x716885f67dfa - <unknown>
[INFO] [stdout]   19:     0x716885ffb3d4 - clone
[INFO] [stdout]   20:                0x0 - <unknown>
[INFO] [stdout] 
[INFO] [stdout] ---- run_file_test_tests_suite_logical_operator_and_truth_chef stdout ----
[INFO] [stdout] /opt/rustwide/workdir/tests/suite/logical_operator/and_truth.chef
[INFO] [stdout] 
[INFO] [stdout] thread 'run_file_test_tests_suite_logical_operator_and_truth_chef' (536) panicked at tests/run_suite.rs:30:10:
[INFO] [stdout] Command execution error.: Os { code: 2, kind: NotFound, message: "No such file or directory" }
[INFO] [stdout] stack backtrace:
[INFO] [stdout]    0:     0x5c43624cd1f7 - <<std[617be2ca0a6fd877]::sys::backtrace::BacktraceLock>::print::DisplayBacktrace as core[a373ad73a504971]::fmt::Display>::fmt
[INFO] [stdout]    1:     0x5c436242c05a - core[a373ad73a504971]::fmt::write
[INFO] [stdout]    2:     0x5c43624cc7ab - <alloc[2e1b2a31b91974c5]::vec::Vec<u8> as core[a373ad73a504971]::io::write::Write>::write_fmt
[INFO] [stdout]    3:     0x5c43624cc28f - std[617be2ca0a6fd877]::panicking::default_hook::{closure#0}
[INFO] [stdout]    4:     0x5c43624cbeba - std[617be2ca0a6fd877]::panicking::default_hook
[INFO] [stdout]    5:     0x5c43624cb9f5 - std[617be2ca0a6fd877]::panicking::panic_with_hook
[INFO] [stdout]    6:     0x5c43624f2741 - std[617be2ca0a6fd877]::panicking::panic_handler::{closure#0}
[INFO] [stdout]    7:     0x5c43624f26f9 - std[617be2ca0a6fd877]::sys::backtrace::__rust_end_short_backtrace::<std[617be2ca0a6fd877]::panicking::panic_handler::{closure#0}, !>
[INFO] [stdout]    8:     0x5c43624f2bfc - __rustc[ea4f61d10b84890b]::rust_begin_unwind
[INFO] [stdout]    9:     0x5c436242beeb - core[a373ad73a504971]::panicking::panic_fmt
[INFO] [stdout]   10:     0x5c436242fd11 - core[a373ad73a504971]::result::unwrap_failed
[INFO] [stdout]   11:     0x5c43623fb5fc - run_suite[87ccfb1b9ec6d51a]::run_file_test
[INFO] [stdout]   12:     0x5c43623ffd65 - <run_suite[87ccfb1b9ec6d51a]::run_file_test_tests_suite_logical_operator_and_truth_chef::{closure#0} as core[a373ad73a504971]::ops::function::FnOnce<()>>::call_once
[INFO] [stdout]   13:     0x5c436250b5eb - test[aada8e7e76ba119b]::__rust_begin_short_backtrace::<core[a373ad73a504971]::result::Result<(), alloc[2e1b2a31b91974c5]::string::String>, fn() -> core[a373ad73a504971]::result::Result<(), alloc[2e1b2a31b91974c5]::string::String>>
[INFO] [stdout]   14:     0x5c43625075b1 - test[aada8e7e76ba119b]::run_test::{closure#0}
[INFO] [stdout]   15:     0x5c4362506d9c - std[617be2ca0a6fd877]::sys::backtrace::__rust_begin_short_backtrace::<test[aada8e7e76ba119b]::run_test::{closure#1}, ()>
[INFO] [stdout]   16:     0x5c436252676c - <std[617be2ca0a6fd877]::thread::lifecycle::spawn_unchecked<test[aada8e7e76ba119b]::run_test::{closure#1}, ()>::{closure#1} as core[a373ad73a504971]::ops::function::FnOnce<()>>::call_once::{shim:vtable#0}
[INFO] [stdout]   17:     0x5c43624f4264 - <std[617be2ca0a6fd877]::sys::thread::unix::Thread>::new::thread_start
[INFO] [stdout]   18:     0x716885f67dfa - <unknown>
[INFO] [stdout]   19:     0x716885ffb3d4 - clone
[INFO] [stdout]   20:                0x0 - <unknown>
[INFO] [stdout] 
[INFO] [stdout] ---- run_file_test_tests_suite_function_print_chef stdout ----
[INFO] [stdout] /opt/rustwide/workdir/tests/suite/function/print.chef
[INFO] [stdout] 
[INFO] [stdout] thread 'run_file_test_tests_suite_function_print_chef' (512) panicked at tests/run_suite.rs:30:10:
[INFO] [stdout] Command execution error.: Os { code: 2, kind: NotFound, message: "No such file or directory" }
[INFO] [stdout] stack backtrace:
[INFO] [stdout]    0:     0x5c43624cd1f7 - <<std[617be2ca0a6fd877]::sys::backtrace::BacktraceLock>::print::DisplayBacktrace as core[a373ad73a504971]::fmt::Display>::fmt
[INFO] [stdout]    1:     0x5c436242c05a - core[a373ad73a504971]::fmt::write
[INFO] [stdout]    2:     0x5c43624cc7ab - <alloc[2e1b2a31b91974c5]::vec::Vec<u8> as core[a373ad73a504971]::io::write::Write>::write_fmt
[INFO] [stdout]    3:     0x5c43624cc28f - std[617be2ca0a6fd877]::panicking::default_hook::{closure#0}
[INFO] [stdout]    4:     0x5c43624cbeba - std[617be2ca0a6fd877]::panicking::default_hook
[INFO] [stdout]    5:     0x5c43624cb9f5 - std[617be2ca0a6fd877]::panicking::panic_with_hook
[INFO] [stdout]    6:     0x5c43624f2741 - std[617be2ca0a6fd877]::panicking::panic_handler::{closure#0}
[INFO] [stdout]    7:     0x5c43624f26f9 - std[617be2ca0a6fd877]::sys::backtrace::__rust_end_short_backtrace::<std[617be2ca0a6fd877]::panicking::panic_handler::{closure#0}, !>
[INFO] [stdout]    8:     0x5c43624f2bfc - __rustc[ea4f61d10b84890b]::rust_begin_unwind
[INFO] [stdout]    9:     0x5c436242beeb - core[a373ad73a504971]::panicking::panic_fmt
[INFO] [stdout]   10:     0x5c436242fd11 - core[a373ad73a504971]::result::unwrap_failed
[INFO] [stdout]   11:     0x5c43623fb5fc - run_suite[87ccfb1b9ec6d51a]::run_file_test
[INFO] [stdout]   12:     0x5c43623ff795 - <run_suite[87ccfb1b9ec6d51a]::run_file_test_tests_suite_function_print_chef::{closure#0} as core[a373ad73a504971]::ops::function::FnOnce<()>>::call_once
[INFO] [stdout]   13:     0x5c436250b5eb - test[aada8e7e76ba119b]::__rust_begin_short_backtrace::<core[a373ad73a504971]::result::Result<(), alloc[2e1b2a31b91974c5]::string::String>, fn() -> core[a373ad73a504971]::result::Result<(), alloc[2e1b2a31b91974c5]::string::String>>
[INFO] [stdout]   14:     0x5c43625075b1 - test[aada8e7e76ba119b]::run_test::{closure#0}
[INFO] [stdout]   15:     0x5c4362506d9c - std[617be2ca0a6fd877]::sys::backtrace::__rust_begin_short_backtrace::<test[aada8e7e76ba119b]::run_test::{closure#1}, ()>
[INFO] [stdout]   16:     0x5c436252676c - <std[617be2ca0a6fd877]::thread::lifecycle::spawn_unchecked<test[aada8e7e76ba119b]::run_test::{closure#1}, ()>::{closure#1} as core[a373ad73a504971]::ops::function::FnOnce<()>>::call_once::{shim:vtable#0}
[INFO] [stdout]   17:     0x5c43624f4264 - <std[617be2ca0a6fd877]::sys::thread::unix::Thread>::new::thread_start
[INFO] [stdout]   18:     0x716885f67dfa - <unknown>
[INFO] [stdout]   19:     0x716885ffb3d4 - clone
[INFO] [stdout]   20:                0x0 - <unknown>
[INFO] [stdout] 
[INFO] [stdout] ---- run_file_test_tests_suite_if_truth_chef stdout ----
[INFO] [stdout] /opt/rustwide/workdir/tests/suite/if/truth.chef
[INFO] [stdout] 
[INFO] [stdout] thread 'run_file_test_tests_suite_if_truth_chef' (530) panicked at tests/run_suite.rs:30:10:
[INFO] [stdout] Command execution error.: Os { code: 2, kind: NotFound, message: "No such file or directory" }
[INFO] [stdout] stack backtrace:
[INFO] [stdout]    0:     0x5c43624cd1f7 - <<std[617be2ca0a6fd877]::sys::backtrace::BacktraceLock>::print::DisplayBacktrace as core[a373ad73a504971]::fmt::Display>::fmt
[INFO] [stdout]    1:     0x5c436242c05a - core[a373ad73a504971]::fmt::write
[INFO] [stdout]    2:     0x5c43624cc7ab - <alloc[2e1b2a31b91974c5]::vec::Vec<u8> as core[a373ad73a504971]::io::write::Write>::write_fmt
[INFO] [stdout]    3:     0x5c43624cc28f - std[617be2ca0a6fd877]::panicking::default_hook::{closure#0}
[INFO] [stdout]    4:     0x5c43624cbeba - std[617be2ca0a6fd877]::panicking::default_hook
[INFO] [stdout]    5:     0x5c43624cb9f5 - std[617be2ca0a6fd877]::panicking::panic_with_hook
[INFO] [stdout]    6:     0x5c43624f2741 - std[617be2ca0a6fd877]::panicking::panic_handler::{closure#0}
[INFO] [stdout]    7:     0x5c43624f26f9 - std[617be2ca0a6fd877]::sys::backtrace::__rust_end_short_backtrace::<std[617be2ca0a6fd877]::panicking::panic_handler::{closure#0}, !>
[INFO] [stdout]    8:     0x5c43624f2bfc - __rustc[ea4f61d10b84890b]::rust_begin_unwind
[INFO] [stdout]    9:     0x5c436242beeb - core[a373ad73a504971]::panicking::panic_fmt
[INFO] [stdout]   10:     0x5c436242fd11 - core[a373ad73a504971]::result::unwrap_failed
[INFO] [stdout]   11:     0x5c43623fb5fc - run_suite[87ccfb1b9ec6d51a]::run_file_test
[INFO] [stdout]   12:     0x5c43623ff645 - <run_suite[87ccfb1b9ec6d51a]::run_file_test_tests_suite_if_truth_chef::{closure#0} as core[a373ad73a504971]::ops::function::FnOnce<()>>::call_once
[INFO] [stdout]   13:     0x5c436250b5eb - test[aada8e7e76ba119b]::__rust_begin_short_backtrace::<core[a373ad73a504971]::result::Result<(), alloc[2e1b2a31b91974c5]::string::String>, fn() -> core[a373ad73a504971]::result::Result<(), alloc[2e1b2a31b91974c5]::string::String>>
[INFO] [stdout]   14:     0x5c43625075b1 - test[aada8e7e76ba119b]::run_test::{closure#0}
[INFO] [stdout]   15:     0x5c4362506d9c - std[617be2ca0a6fd877]::sys::backtrace::__rust_begin_short_backtrace::<test[aada8e7e76ba119b]::run_test::{closure#1}, ()>
[INFO] [stdout]   16:     0x5c436252676c - <std[617be2ca0a6fd877]::thread::lifecycle::spawn_unchecked<test[aada8e7e76ba119b]::run_test::{closure#1}, ()>::{closure#1} as core[a373ad73a504971]::ops::function::FnOnce<()>>::call_once::{shim:vtable#0}
[INFO] [stdout]   17:     0x5c43624f4264 - <std[617be2ca0a6fd877]::sys::thread::unix::Thread>::new::thread_start
[INFO] [stdout]   18:     0x716885f67dfa - <unknown>
[INFO] [stdout]   19:     0x716885ffb3d4 - clone
[INFO] [stdout]   20:                0x0 - <unknown>
[INFO] [stdout] 
[INFO] [stdout] ---- run_file_test_tests_suite_if_else_chef stdout ----
[INFO] [stdout] /opt/rustwide/workdir/tests/suite/if/else.chef
[INFO] [stdout] 
[INFO] [stdout] thread 'run_file_test_tests_suite_if_else_chef' (520) panicked at tests/run_suite.rs:30:10:
[INFO] [stdout] Command execution error.: Os { code: 2, kind: NotFound, message: "No such file or directory" }
[INFO] [stdout] stack backtrace:
[INFO] [stdout]    0:     0x5c43624cd1f7 - <<std[617be2ca0a6fd877]::sys::backtrace::BacktraceLock>::print::DisplayBacktrace as core[a373ad73a504971]::fmt::Display>::fmt
[INFO] [stdout]    1:     0x5c436242c05a - core[a373ad73a504971]::fmt::write
[INFO] [stdout]    2:     0x5c43624cc7ab - <alloc[2e1b2a31b91974c5]::vec::Vec<u8> as core[a373ad73a504971]::io::write::Write>::write_fmt
[INFO] [stdout]    3:     0x5c43624cc28f - std[617be2ca0a6fd877]::panicking::default_hook::{closure#0}
[INFO] [stdout]    4:     0x5c43624cbeba - std[617be2ca0a6fd877]::panicking::default_hook
[INFO] [stdout]    5:     0x5c43624cb9f5 - std[617be2ca0a6fd877]::panicking::panic_with_hook
[INFO] [stdout]    6:     0x5c43624f2741 - std[617be2ca0a6fd877]::panicking::panic_handler::{closure#0}
[INFO] [stdout]    7:     0x5c43624f26f9 - std[617be2ca0a6fd877]::sys::backtrace::__rust_end_short_backtrace::<std[617be2ca0a6fd877]::panicking::panic_handler::{closure#0}, !>
[INFO] [stdout]    8:     0x5c43624f2bfc - __rustc[ea4f61d10b84890b]::rust_begin_unwind
[INFO] [stdout]    9:     0x5c436242beeb - core[a373ad73a504971]::panicking::panic_fmt
[INFO] [stdout]   10:     0x5c436242fd11 - core[a373ad73a504971]::result::unwrap_failed
[INFO] [stdout]   11:     0x5c43623fb5fc - run_suite[87ccfb1b9ec6d51a]::run_file_test
[INFO] [stdout]   12:     0x5c43623ff585 - <run_suite[87ccfb1b9ec6d51a]::run_file_test_tests_suite_if_else_chef::{closure#0} as core[a373ad73a504971]::ops::function::FnOnce<()>>::call_once
[INFO] [stdout]   13:     0x5c436250b5eb - test[aada8e7e76ba119b]::__rust_begin_short_backtrace::<core[a373ad73a504971]::result::Result<(), alloc[2e1b2a31b91974c5]::string::String>, fn() -> core[a373ad73a504971]::result::Result<(), alloc[2e1b2a31b91974c5]::string::String>>
[INFO] [stdout]   14:     0x5c43625075b1 - test[aada8e7e76ba119b]::run_test::{closure#0}
[INFO] [stdout]   15:     0x5c4362506d9c - std[617be2ca0a6fd877]::sys::backtrace::__rust_begin_short_backtrace::<test[aada8e7e76ba119b]::run_test::{closure#1}, ()>
[INFO] [stdout]   16:     0x5c436252676c - <std[617be2ca0a6fd877]::thread::lifecycle::spawn_unchecked<test[aada8e7e76ba119b]::run_test::{closure#1}, ()>::{closure#1} as core[a373ad73a504971]::ops::function::FnOnce<()>>::call_once::{shim:vtable#0}
[INFO] [stdout]   17:     0x5c43624f4264 - <std[617be2ca0a6fd877]::sys::thread::unix::Thread>::new::thread_start
[INFO] [stdout]   18:     0x716885f67dfa - <unknown>
[INFO] [stdout]   19:     0x716885ffb3d4 - clone
[INFO] [stdout]   20:                0x0 - <unknown>
[INFO] [stdout] 
[INFO] [stdout] ---- run_file_test_tests_suite_if_fun_in_then_chef stdout ----
[INFO] [stdout] /opt/rustwide/workdir/tests/suite/if/fun_in_then.chef
[INFO] [stdout] 
[INFO] [stdout] thread 'run_file_test_tests_suite_if_fun_in_then_chef' (525) panicked at tests/run_suite.rs:30:10:
[INFO] [stdout] Command execution error.: Os { code: 2, kind: NotFound, message: "No such file or directory" }
[INFO] [stdout] stack backtrace:
[INFO] [stdout]    0:     0x5c43624cd1f7 - <<std[617be2ca0a6fd877]::sys::backtrace::BacktraceLock>::print::DisplayBacktrace as core[a373ad73a504971]::fmt::Display>::fmt
[INFO] [stdout]    1:     0x5c436242c05a - core[a373ad73a504971]::fmt::write
[INFO] [stdout]    2:     0x5c43624cc7ab - <alloc[2e1b2a31b91974c5]::vec::Vec<u8> as core[a373ad73a504971]::io::write::Write>::write_fmt
[INFO] [stdout]    3:     0x5c43624cc28f - std[617be2ca0a6fd877]::panicking::default_hook::{closure#0}
[INFO] [stdout]    4:     0x5c43624cbeba - std[617be2ca0a6fd877]::panicking::default_hook
[INFO] [stdout]    5:     0x5c43624cb9f5 - std[617be2ca0a6fd877]::panicking::panic_with_hook
[INFO] [stdout]    6:     0x5c43624f2741 - std[617be2ca0a6fd877]::panicking::panic_handler::{closure#0}
[INFO] [stdout]    7:     0x5c43624f26f9 - std[617be2ca0a6fd877]::sys::backtrace::__rust_end_short_backtrace::<std[617be2ca0a6fd877]::panicking::panic_handler::{closure#0}, !>
[INFO] [stdout]    8:     0x5c43624f2bfc - __rustc[ea4f61d10b84890b]::rust_begin_unwind
[INFO] [stdout]    9:     0x5c436242beeb - core[a373ad73a504971]::panicking::panic_fmt
[INFO] [stdout]   10:     0x5c436242fd11 - core[a373ad73a504971]::result::unwrap_failed
[INFO] [stdout]   11:     0x5c43623fb5fc - run_suite[87ccfb1b9ec6d51a]::run_file_test
[INFO] [stdout]   12:     0x5c43623ff7f5 - <run_suite[87ccfb1b9ec6d51a]::run_file_test_tests_suite_if_fun_in_then_chef::{closure#0} as core[a373ad73a504971]::ops::function::FnOnce<()>>::call_once
[INFO] [stdout]   13:     0x5c436250b5eb - test[aada8e7e76ba119b]::__rust_begin_short_backtrace::<core[a373ad73a504971]::result::Result<(), alloc[2e1b2a31b91974c5]::string::String>, fn() -> core[a373ad73a504971]::result::Result<(), alloc[2e1b2a31b91974c5]::string::String>>
[INFO] [stdout]   14:     0x5c43625075b1 - test[aada8e7e76ba119b]::run_test::{closure#0}
[INFO] [stdout]   15:     0x5c4362506d9c - std[617be2ca0a6fd877]::sys::backtrace::__rust_begin_short_backtrace::<test[aada8e7e76ba119b]::run_test::{closure#1}, ()>
[INFO] [stdout]   16:     0x5c436252676c - <std[617be2ca0a6fd877]::thread::lifecycle::spawn_unchecked<test[aada8e7e76ba119b]::run_test::{closure#1}, ()>::{closure#1} as core[a373ad73a504971]::ops::function::FnOnce<()>>::call_once::{shim:vtable#0}
[INFO] [stdout]   17:     0x5c43624f4264 - <std[617be2ca0a6fd877]::sys::thread::unix::Thread>::new::thread_start
[INFO] [stdout]   18:     0x716885f67dfa - <unknown>
[INFO] [stdout]   19:     0x716885ffb3d4 - clone
[INFO] [stdout]   20:                0x0 - <unknown>
[INFO] [stdout] 
[INFO] [stdout] ---- run_file_test_tests_suite_logical_operator_or_chef stdout ----
[INFO] [stdout] /opt/rustwide/workdir/tests/suite/logical_operator/or.chef
[INFO] [stdout] 
[INFO] [stdout] thread 'run_file_test_tests_suite_logical_operator_or_chef' (539) panicked at tests/run_suite.rs:30:10:
[INFO] [stdout] Command execution error.: Os { code: 2, kind: NotFound, message: "No such file or directory" }
[INFO] [stdout] stack backtrace:
[INFO] [stdout]    0:     0x5c43624cd1f7 - <<std[617be2ca0a6fd877]::sys::backtrace::BacktraceLock>::print::DisplayBacktrace as core[a373ad73a504971]::fmt::Display>::fmt
[INFO] [stdout]    1:     0x5c436242c05a - core[a373ad73a504971]::fmt::write
[INFO] [stdout]    2:     0x5c43624cc7ab - <alloc[2e1b2a31b91974c5]::vec::Vec<u8> as core[a373ad73a504971]::io::write::Write>::write_fmt
[INFO] [stdout]    3:     0x5c43624cc28f - std[617be2ca0a6fd877]::panicking::default_hook::{closure#0}
[INFO] [stdout]    4:     0x5c43624cbeba - std[617be2ca0a6fd877]::panicking::default_hook
[INFO] [stdout]    5:     0x5c43624cb9f5 - std[617be2ca0a6fd877]::panicking::panic_with_hook
[INFO] [stdout]    6:     0x5c43624f2741 - std[617be2ca0a6fd877]::panicking::panic_handler::{closure#0}
[INFO] [stdout]    7:     0x5c43624f26f9 - std[617be2ca0a6fd877]::sys::backtrace::__rust_end_short_backtrace::<std[617be2ca0a6fd877]::panicking::panic_handler::{closure#0}, !>
[INFO] [stdout]    8:     0x5c43624f2bfc - __rustc[ea4f61d10b84890b]::rust_begin_unwind
[INFO] [stdout]    9:     0x5c436242beeb - core[a373ad73a504971]::panicking::panic_fmt
[INFO] [stdout]   10:     0x5c436242fd11 - core[a373ad73a504971]::result::unwrap_failed
[INFO] [stdout]   11:     0x5c43623fb5fc - run_suite[87ccfb1b9ec6d51a]::run_file_test
[INFO] [stdout]   12:     0x5c43623ff9d5 - <run_suite[87ccfb1b9ec6d51a]::run_file_test_tests_suite_logical_operator_or_chef::{closure#0} as core[a373ad73a504971]::ops::function::FnOnce<()>>::call_once
[INFO] [stdout]   13:     0x5c436250b5eb - test[aada8e7e76ba119b]::__rust_begin_short_backtrace::<core[a373ad73a504971]::result::Result<(), alloc[2e1b2a31b91974c5]::string::String>, fn() -> core[a373ad73a504971]::result::Result<(), alloc[2e1b2a31b91974c5]::string::String>>
[INFO] [stdout]   14:     0x5c43625075b1 - test[aada8e7e76ba119b]::run_test::{closure#0}
[INFO] [stdout]   15:     0x5c4362506d9c - std[617be2ca0a6fd877]::sys::backtrace::__rust_begin_short_backtrace::<test[aada8e7e76ba119b]::run_test::{closure#1}, ()>
[INFO] [stdout]   16:     0x5c436252676c - <std[617be2ca0a6fd877]::thread::lifecycle::spawn_unchecked<test[aada8e7e76ba119b]::run_test::{closure#1}, ()>::{closure#1} as core[a373ad73a504971]::ops::function::FnOnce<()>>::call_once::{shim:vtable#0}
[INFO] [stdout]   17:     0x5c43624f4264 - <std[617be2ca0a6fd877]::sys::thread::unix::Thread>::new::thread_start
[INFO] [stdout]   18:     0x716885f67dfa - <unknown>
[INFO] [stdout]   19:     0x716885ffb3d4 - clone
[INFO] [stdout]   20:                0x0 - <unknown>
[INFO] [stdout] 
[INFO] [stdout] ---- run_file_test_tests_suite_number_literals_chef stdout ----
[INFO] [stdout] /opt/rustwide/workdir/tests/suite/number/literals.chef
[INFO] [stdout] 
[INFO] [stdout] thread 'run_file_test_tests_suite_number_literals_chef' (546) panicked at tests/run_suite.rs:30:10:
[INFO] [stdout] Command execution error.: Os { code: 2, kind: NotFound, message: "No such file or directory" }
[INFO] [stdout] stack backtrace:
[INFO] [stdout]    0:     0x5c43624cd1f7 - <<std[617be2ca0a6fd877]::sys::backtrace::BacktraceLock>::print::DisplayBacktrace as core[a373ad73a504971]::fmt::Display>::fmt
[INFO] [stdout]    1:     0x5c436242c05a - core[a373ad73a504971]::fmt::write
[INFO] [stdout]    2:     0x5c43624cc7ab - <alloc[2e1b2a31b91974c5]::vec::Vec<u8> as core[a373ad73a504971]::io::write::Write>::write_fmt
[INFO] [stdout]    3:     0x5c43624cc28f - std[617be2ca0a6fd877]::panicking::default_hook::{closure#0}
[INFO] [stdout]    4:     0x5c43624cbeba - std[617be2ca0a6fd877]::panicking::default_hook
[INFO] [stdout]    5:     0x5c43624cb9f5 - std[617be2ca0a6fd877]::panicking::panic_with_hook
[INFO] [stdout]    6:     0x5c43624f2741 - std[617be2ca0a6fd877]::panicking::panic_handler::{closure#0}
[INFO] [stdout]    7:     0x5c43624f26f9 - std[617be2ca0a6fd877]::sys::backtrace::__rust_end_short_backtrace::<std[617be2ca0a6fd877]::panicking::panic_handler::{closure#0}, !>
[INFO] [stdout]    8:     0x5c43624f2bfc - __rustc[ea4f61d10b84890b]::rust_begin_unwind
[INFO] [stdout]    9:     0x5c436242beeb - core[a373ad73a504971]::panicking::panic_fmt
[INFO] [stdout]   10:     0x5c436242fd11 - core[a373ad73a504971]::result::unwrap_failed
[INFO] [stdout]   11:     0x5c43623fb5fc - run_suite[87ccfb1b9ec6d51a]::run_file_test
[INFO] [stdout]   12:     0x5c43623ff825 - <run_suite[87ccfb1b9ec6d51a]::run_file_test_tests_suite_number_literals_chef::{closure#0} as core[a373ad73a504971]::ops::function::FnOnce<()>>::call_once
[INFO] [stdout]   13:     0x5c436250b5eb - test[aada8e7e76ba119b]::__rust_begin_short_backtrace::<core[a373ad73a504971]::result::Result<(), alloc[2e1b2a31b91974c5]::string::String>, fn() -> core[a373ad73a504971]::result::Result<(), alloc[2e1b2a31b91974c5]::string::String>>
[INFO] [stdout]   14:     0x5c43625075b1 - test[aada8e7e76ba119b]::run_test::{closure#0}
[INFO] [stdout]   15:     0x5c4362506d9c - std[617be2ca0a6fd877]::sys::backtrace::__rust_begin_short_backtrace::<test[aada8e7e76ba119b]::run_test::{closure#1}, ()>
[INFO] [stdout]   16:     0x5c436252676c - <std[617be2ca0a6fd877]::thread::lifecycle::spawn_unchecked<test[aada8e7e76ba119b]::run_test::{closure#1}, ()>::{closure#1} as core[a373ad73a504971]::ops::function::FnOnce<()>>::call_once::{shim:vtable#0}
[INFO] [stdout]   17:     0x5c43624f4264 - <std[617be2ca0a6fd877]::sys::thread::unix::Thread>::new::thread_start
[INFO] [stdout]   18:     0x716885f67dfa - <unknown>
[INFO] [stdout]   19:     0x716885ffb3d4 - clone
[INFO] [stdout]   20:                0x0 - <unknown>
[INFO] [stdout] 
[INFO] [stdout] ---- run_file_test_tests_suite_number_leading_dot_chef stdout ----
[INFO] [stdout] /opt/rustwide/workdir/tests/suite/number/leading_dot.chef
[INFO] [stdout] 
[INFO] [stdout] thread 'run_file_test_tests_suite_number_leading_dot_chef' (545) panicked at tests/run_suite.rs:30:10:
[INFO] [stdout] Command execution error.: Os { code: 2, kind: NotFound, message: "No such file or directory" }
[INFO] [stdout] stack backtrace:
[INFO] [stdout]    0:     0x5c43624cd1f7 - <<std[617be2ca0a6fd877]::sys::backtrace::BacktraceLock>::print::DisplayBacktrace as core[a373ad73a504971]::fmt::Display>::fmt
[INFO] [stdout]    1:     0x5c436242c05a - core[a373ad73a504971]::fmt::write
[INFO] [stdout]    2:     0x5c43624cc7ab - <alloc[2e1b2a31b91974c5]::vec::Vec<u8> as core[a373ad73a504971]::io::write::Write>::write_fmt
[INFO] [stdout]    3:     0x5c43624cc28f - std[617be2ca0a6fd877]::panicking::default_hook::{closure#0}
[INFO] [stdout]    4:     0x5c43624cbeba - std[617be2ca0a6fd877]::panicking::default_hook
[INFO] [stdout]    5:     0x5c43624cb9f5 - std[617be2ca0a6fd877]::panicking::panic_with_hook
[INFO] [stdout]    6:     0x5c43624f2741 - std[617be2ca0a6fd877]::panicking::panic_handler::{closure#0}
[INFO] [stdout]    7:     0x5c43624f26f9 - std[617be2ca0a6fd877]::sys::backtrace::__rust_end_short_backtrace::<std[617be2ca0a6fd877]::panicking::panic_handler::{closure#0}, !>
[INFO] [stdout]    8:     0x5c43624f2bfc - __rustc[ea4f61d10b84890b]::rust_begin_unwind
[INFO] [stdout]    9:     0x5c436242beeb - core[a373ad73a504971]::panicking::panic_fmt
[INFO] [stdout]   10:     0x5c436242fd11 - core[a373ad73a504971]::result::unwrap_failed
[INFO] [stdout]   11:     0x5c43623fb5fc - run_suite[87ccfb1b9ec6d51a]::run_file_test
[INFO] [stdout]   12:     0x5c43623ff915 - <run_suite[87ccfb1b9ec6d51a]::run_file_test_tests_suite_number_leading_dot_chef::{closure#0} as core[a373ad73a504971]::ops::function::FnOnce<()>>::call_once
[INFO] [stdout]   13:     0x5c436250b5eb - test[aada8e7e76ba119b]::__rust_begin_short_backtrace::<core[a373ad73a504971]::result::Result<(), alloc[2e1b2a31b91974c5]::string::String>, fn() -> core[a373ad73a504971]::result::Result<(), alloc[2e1b2a31b91974c5]::string::String>>
[INFO] [stdout]   14:     0x5c43625075b1 - test[aada8e7e76ba119b]::run_test::{closure#0}
[INFO] [stdout]   15:     0x5c4362506d9c - std[617be2ca0a6fd877]::sys::backtrace::__rust_begin_short_backtrace::<test[aada8e7e76ba119b]::run_test::{closure#1}, ()>
[INFO] [stdout]   16:     0x5c436252676c - <std[617be2ca0a6fd877]::thread::lifecycle::spawn_unchecked<test[aada8e7e76ba119b]::run_test::{closure#1}, ()>::{closure#1} as core[a373ad73a504971]::ops::function::FnOnce<()>>::call_once::{shim:vtable#0}
[INFO] [stdout]   17:     0x5c43624f4264 - <std[617be2ca0a6fd877]::sys::thread::unix::Thread>::new::thread_start
[INFO] [stdout]   18:     0x716885f67dfa - <unknown>
[INFO] [stdout]   19:     0x716885ffb3d4 - clone
[INFO] [stdout]   20:                0x0 - <unknown>
[INFO] [stdout] 
[INFO] [stdout] ---- run_file_test_tests_suite_nil_literal_chef stdout ----
[INFO] [stdout] /opt/rustwide/workdir/tests/suite/nil/literal.chef
[INFO] [stdout] 
[INFO] [stdout] thread 'run_file_test_tests_suite_nil_literal_chef' (542) panicked at tests/run_suite.rs:30:10:
[INFO] [stdout] Command execution error.: Os { code: 2, kind: NotFound, message: "No such file or directory" }
[INFO] [stdout] stack backtrace:
[INFO] [stdout]    0:     0x5c43624cd1f7 - <<std[617be2ca0a6fd877]::sys::backtrace::BacktraceLock>::print::DisplayBacktrace as core[a373ad73a504971]::fmt::Display>::fmt
[INFO] [stdout]    1:     0x5c436242c05a - core[a373ad73a504971]::fmt::write
[INFO] [stdout]    2:     0x5c43624cc7ab - <alloc[2e1b2a31b91974c5]::vec::Vec<u8> as core[a373ad73a504971]::io::write::Write>::write_fmt
[INFO] [stdout]    3:     0x5c43624cc28f - std[617be2ca0a6fd877]::panicking::default_hook::{closure#0}
[INFO] [stdout]    4:     0x5c43624cbeba - std[617be2ca0a6fd877]::panicking::default_hook
[INFO] [stdout]    5:     0x5c43624cb9f5 - std[617be2ca0a6fd877]::panicking::panic_with_hook
[INFO] [stdout]    6:     0x5c43624f2741 - std[617be2ca0a6fd877]::panicking::panic_handler::{closure#0}
[INFO] [stdout]    7:     0x5c43624f26f9 - std[617be2ca0a6fd877]::sys::backtrace::__rust_end_short_backtrace::<std[617be2ca0a6fd877]::panicking::panic_handler::{closure#0}, !>
[INFO] [stdout]    8:     0x5c43624f2bfc - __rustc[ea4f61d10b84890b]::rust_begin_unwind
[INFO] [stdout]    9:     0x5c436242beeb - core[a373ad73a504971]::panicking::panic_fmt
[INFO] [stdout]   10:     0x5c436242fd11 - core[a373ad73a504971]::result::unwrap_failed
[INFO] [stdout]   11:     0x5c43623fb5fc - run_suite[87ccfb1b9ec6d51a]::run_file_test
[INFO] [stdout]   12:     0x5c43623ff735 - <run_suite[87ccfb1b9ec6d51a]::run_file_test_tests_suite_nil_literal_chef::{closure#0} as core[a373ad73a504971]::ops::function::FnOnce<()>>::call_once
[INFO] [stdout]   13:     0x5c436250b5eb - test[aada8e7e76ba119b]::__rust_begin_short_backtrace::<core[a373ad73a504971]::result::Result<(), alloc[2e1b2a31b91974c5]::string::String>, fn() -> core[a373ad73a504971]::result::Result<(), alloc[2e1b2a31b91974c5]::string::String>>
[INFO] [stdout]   14:     0x5c43625075b1 - test[aada8e7e76ba119b]::run_test::{closure#0}
[INFO] [stdout]   15:     0x5c4362506d9c - std[617be2ca0a6fd877]::sys::backtrace::__rust_begin_short_backtrace::<test[aada8e7e76ba119b]::run_test::{closure#1}, ()>
[INFO] [stdout]   16:     0x5c436252676c - <std[617be2ca0a6fd877]::thread::lifecycle::spawn_unchecked<test[aada8e7e76ba119b]::run_test::{closure#1}, ()>::{closure#1} as core[a373ad73a504971]::ops::function::FnOnce<()>>::call_once::{shim:vtable#0}
[INFO] [stdout]   17:     0x5c43624f4264 - <std[617be2ca0a6fd877]::sys::thread::unix::Thread>::new::thread_start
[INFO] [stdout]   18:     0x716885f67dfa - <unknown>
[INFO] [stdout]   19:     0x716885ffb3d4 - clone
[INFO] [stdout]   20:                0x0 - <unknown>
[INFO] [stdout] 
[INFO] [stdout] ---- run_file_test_tests_suite_logical_operator_or_truth_chef stdout ----
[INFO] [stdout] /opt/rustwide/workdir/tests/suite/logical_operator/or_truth.chef
[INFO] [stdout] 
[INFO] [stdout] thread 'run_file_test_tests_suite_logical_operator_or_truth_chef' (541) panicked at tests/run_suite.rs:30:10:
[INFO] [stdout] Command execution error.: Os { code: 2, kind: NotFound, message: "No such file or directory" }
[INFO] [stdout] stack backtrace:
[INFO] [stdout]    0:     0x5c43624cd1f7 - <<std[617be2ca0a6fd877]::sys::backtrace::BacktraceLock>::print::DisplayBacktrace as core[a373ad73a504971]::fmt::Display>::fmt
[INFO] [stdout]    1:     0x5c436242c05a - core[a373ad73a504971]::fmt::write
[INFO] [stdout]    2:     0x5c43624cc7ab - <alloc[2e1b2a31b91974c5]::vec::Vec<u8> as core[a373ad73a504971]::io::write::Write>::write_fmt
[INFO] [stdout]    3:     0x5c43624cc28f - std[617be2ca0a6fd877]::panicking::default_hook::{closure#0}
[INFO] [stdout]    4:     0x5c43624cbeba - std[617be2ca0a6fd877]::panicking::default_hook
[INFO] [stdout]    5:     0x5c43624cb9f5 - std[617be2ca0a6fd877]::panicking::panic_with_hook
[INFO] [stdout]    6:     0x5c43624f2741 - std[617be2ca0a6fd877]::panicking::panic_handler::{closure#0}
[INFO] [stdout]    7:     0x5c43624f26f9 - std[617be2ca0a6fd877]::sys::backtrace::__rust_end_short_backtrace::<std[617be2ca0a6fd877]::panicking::panic_handler::{closure#0}, !>
[INFO] [stdout]    8:     0x5c43624f2bfc - __rustc[ea4f61d10b84890b]::rust_begin_unwind
[INFO] [stdout]    9:     0x5c436242beeb - core[a373ad73a504971]::panicking::panic_fmt
[INFO] [stdout]   10:     0x5c436242fd11 - core[a373ad73a504971]::result::unwrap_failed
[INFO] [stdout]   11:     0x5c43623fb5fc - run_suite[87ccfb1b9ec6d51a]::run_file_test
[INFO] [stdout]   12:     0x5c43623ffca5 - <run_suite[87ccfb1b9ec6d51a]::run_file_test_tests_suite_logical_operator_or_truth_chef::{closure#0} as core[a373ad73a504971]::ops::function::FnOnce<()>>::call_once
[INFO] [stdout]   13:     0x5c436250b5eb - test[aada8e7e76ba119b]::__rust_begin_short_backtrace::<core[a373ad73a504971]::result::Result<(), alloc[2e1b2a31b91974c5]::string::String>, fn() -> core[a373ad73a504971]::result::Result<(), alloc[2e1b2a31b91974c5]::string::String>>
[INFO] [stdout]   14:     0x5c43625075b1 - test[aada8e7e76ba119b]::run_test::{closure#0}
[INFO] [stdout]   15:     0x5c4362506d9c - std[617be2ca0a6fd877]::sys::backtrace::__rust_begin_short_backtrace::<test[aada8e7e76ba119b]::run_test::{closure#1}, ()>
[INFO] [stdout]   16:     0x5c436252676c - <std[617be2ca0a6fd877]::thread::lifecycle::spawn_unchecked<test[aada8e7e76ba119b]::run_test::{closure#1}, ()>::{closure#1} as core[a373ad73a504971]::ops::function::FnOnce<()>>::call_once::{shim:vtable#0}
[INFO] [stdout]   17:     0x5c43624f4264 - <std[617be2ca0a6fd877]::sys::thread::unix::Thread>::new::thread_start
[INFO] [stdout]   18:     0x716885f67dfa - <unknown>
[INFO] [stdout]   19:     0x716885ffb3d4 - clone
[INFO] [stdout]   20:                0x0 - <unknown>
[INFO] [stdout] 
[INFO] [stdout] ---- run_file_test_tests_suite_number_trailing_dot_chef stdout ----
[INFO] [stdout] /opt/rustwide/workdir/tests/suite/number/trailing_dot.chef
[INFO] [stdout] 
[INFO] [stdout] thread 'run_file_test_tests_suite_number_trailing_dot_chef' (551) panicked at tests/run_suite.rs:30:10:
[INFO] [stdout] Command execution error.: Os { code: 2, kind: NotFound, message: "No such file or directory" }
[INFO] [stdout] stack backtrace:
[INFO] [stdout]    0:     0x5c43624cd1f7 - <<std[617be2ca0a6fd877]::sys::backtrace::BacktraceLock>::print::DisplayBacktrace as core[a373ad73a504971]::fmt::Display>::fmt
[INFO] [stdout]    1:     0x5c436242c05a - core[a373ad73a504971]::fmt::write
[INFO] [stdout]    2:     0x5c43624cc7ab - <alloc[2e1b2a31b91974c5]::vec::Vec<u8> as core[a373ad73a504971]::io::write::Write>::write_fmt
[INFO] [stdout]    3:     0x5c43624cc28f - std[617be2ca0a6fd877]::panicking::default_hook::{closure#0}
[INFO] [stdout]    4:     0x5c43624cbeba - std[617be2ca0a6fd877]::panicking::default_hook
[INFO] [stdout]    5:     0x5c43624cb9f5 - std[617be2ca0a6fd877]::panicking::panic_with_hook
[INFO] [stdout]    6:     0x5c43624f2741 - std[617be2ca0a6fd877]::panicking::panic_handler::{closure#0}
[INFO] [stdout]    7:     0x5c43624f26f9 - std[617be2ca0a6fd877]::sys::backtrace::__rust_end_short_backtrace::<std[617be2ca0a6fd877]::panicking::panic_handler::{closure#0}, !>
[INFO] [stdout]    8:     0x5c43624f2bfc - __rustc[ea4f61d10b84890b]::rust_begin_unwind
[INFO] [stdout]    9:     0x5c436242beeb - core[a373ad73a504971]::panicking::panic_fmt
[INFO] [stdout]   10:     0x5c436242fd11 - core[a373ad73a504971]::result::unwrap_failed
[INFO] [stdout]   11:     0x5c43623fb5fc - run_suite[87ccfb1b9ec6d51a]::run_file_test
[INFO] [stdout]   12:     0x5c43623ffa35 - <run_suite[87ccfb1b9ec6d51a]::run_file_test_tests_suite_number_trailing_dot_chef::{closure#0} as core[a373ad73a504971]::ops::function::FnOnce<()>>::call_once
[INFO] [stdout]   13:     0x5c436250b5eb - test[aada8e7e76ba119b]::__rust_begin_short_backtrace::<core[a373ad73a504971]::result::Result<(), alloc[2e1b2a31b91974c5]::string::String>, fn() -> core[a373ad73a504971]::result::Result<(), alloc[2e1b2a31b91974c5]::string::String>>
[INFO] [stdout]   14:     0x5c43625075b1 - test[aada8e7e76ba119b]::run_test::{closure#0}
[INFO] [stdout]   15:     0x5c4362506d9c - std[617be2ca0a6fd877]::sys::backtrace::__rust_begin_short_backtrace::<test[aada8e7e76ba119b]::run_test::{closure#1}, ()>
[INFO] [stdout]   16:     0x5c436252676c - <std[617be2ca0a6fd877]::thread::lifecycle::spawn_unchecked<test[aada8e7e76ba119b]::run_test::{closure#1}, ()>::{closure#1} as core[a373ad73a504971]::ops::function::FnOnce<()>>::call_once::{shim:vtable#0}
[INFO] [stdout]   17:     0x5c43624f4264 - <std[617be2ca0a6fd877]::sys::thread::unix::Thread>::new::thread_start
[INFO] [stdout]   18:     0x716885f67dfa - <unknown>
[INFO] [stdout]   19:     0x716885ffb3d4 - clone
[INFO] [stdout]   20:                0x0 - <unknown>
[INFO] [stdout] 
[INFO] [stdout] ---- run_file_test_tests_suite_structure_no_else_block_chef stdout ----
[INFO] [stdout] /opt/rustwide/workdir/tests/suite/structure/no_else_block.chef
[INFO] [stdout] 
[INFO] [stdout] thread 'run_file_test_tests_suite_structure_no_else_block_chef' (553) panicked at tests/run_suite.rs:30:10:
[INFO] [stdout] Command execution error.: Os { code: 2, kind: NotFound, message: "No such file or directory" }
[INFO] [stdout] stack backtrace:
[INFO] [stdout]    0:     0x5c43624cd1f7 - <<std[617be2ca0a6fd877]::sys::backtrace::BacktraceLock>::print::DisplayBacktrace as core[a373ad73a504971]::fmt::Display>::fmt
[INFO] [stdout]    1:     0x5c436242c05a - core[a373ad73a504971]::fmt::write
[INFO] [stdout]    2:     0x5c43624cc7ab - <alloc[2e1b2a31b91974c5]::vec::Vec<u8> as core[a373ad73a504971]::io::write::Write>::write_fmt
[INFO] [stdout]    3:     0x5c43624cc28f - std[617be2ca0a6fd877]::panicking::default_hook::{closure#0}
[INFO] [stdout]    4:     0x5c43624cbeba - std[617be2ca0a6fd877]::panicking::default_hook
[INFO] [stdout]    5:     0x5c43624cb9f5 - std[617be2ca0a6fd877]::panicking::panic_with_hook
[INFO] [stdout]    6:     0x5c43624f2741 - std[617be2ca0a6fd877]::panicking::panic_handler::{closure#0}
[INFO] [stdout]    7:     0x5c43624f26f9 - std[617be2ca0a6fd877]::sys::backtrace::__rust_end_short_backtrace::<std[617be2ca0a6fd877]::panicking::panic_handler::{closure#0}, !>
[INFO] [stdout]    8:     0x5c43624f2bfc - __rustc[ea4f61d10b84890b]::rust_begin_unwind
[INFO] [stdout]    9:     0x5c436242beeb - core[a373ad73a504971]::panicking::panic_fmt
[INFO] [stdout]   10:     0x5c436242fd11 - core[a373ad73a504971]::result::unwrap_failed
[INFO] [stdout]   11:     0x5c43623fb5fc - run_suite[87ccfb1b9ec6d51a]::run_file_test
[INFO] [stdout]   12:     0x5c43623ffb85 - <run_suite[87ccfb1b9ec6d51a]::run_file_test_tests_suite_structure_no_else_block_chef::{closure#0} as core[a373ad73a504971]::ops::function::FnOnce<()>>::call_once
[INFO] [stdout]   13:     0x5c436250b5eb - test[aada8e7e76ba119b]::__rust_begin_short_backtrace::<core[a373ad73a504971]::result::Result<(), alloc[2e1b2a31b91974c5]::string::String>, fn() -> core[a373ad73a504971]::result::Result<(), alloc[2e1b2a31b91974c5]::string::String>>
[INFO] [stdout]   14:     0x5c43625075b1 - test[aada8e7e76ba119b]::run_test::{closure#0}
[INFO] [stdout]   15:     0x5c4362506d9c - std[617be2ca0a6fd877]::sys::backtrace::__rust_begin_short_backtrace::<test[aada8e7e76ba119b]::run_test::{closure#1}, ()>
[INFO] [stdout]   16:     0x5c436252676c - <std[617be2ca0a6fd877]::thread::lifecycle::spawn_unchecked<test[aada8e7e76ba119b]::run_test::{closure#1}, ()>::{closure#1} as core[a373ad73a504971]::ops::function::FnOnce<()>>::call_once::{shim:vtable#0}
[INFO] [stdout]   17:     0x5c43624f4264 - <std[617be2ca0a6fd877]::sys::thread::unix::Thread>::new::thread_start
[INFO] [stdout]   18:     0x716885f67dfa - <unknown>
[INFO] [stdout]   19:     0x716885ffb3d4 - clone
[INFO] [stdout]   20:                0x0 - <unknown>
[INFO] [stdout] 
[INFO] [stdout] ---- run_file_test_tests_suite_precedence_chef stdout ----
[INFO] [stdout] /opt/rustwide/workdir/tests/suite/precedence.chef
[INFO] [stdout] 
[INFO] [stdout] thread 'run_file_test_tests_suite_precedence_chef' (552) panicked at tests/run_suite.rs:30:10:
[INFO] [stdout] Command execution error.: Os { code: 2, kind: NotFound, message: "No such file or directory" }
[INFO] [stdout] stack backtrace:
[INFO] [stdout]    0:     0x5c43624cd1f7 - <<std[617be2ca0a6fd877]::sys::backtrace::BacktraceLock>::print::DisplayBacktrace as core[a373ad73a504971]::fmt::Display>::fmt
[INFO] [stdout]    1:     0x5c436242c05a - core[a373ad73a504971]::fmt::write
[INFO] [stdout]    2:     0x5c43624cc7ab - <alloc[2e1b2a31b91974c5]::vec::Vec<u8> as core[a373ad73a504971]::io::write::Write>::write_fmt
[INFO] [stdout]    3:     0x5c43624cc28f - std[617be2ca0a6fd877]::panicking::default_hook::{closure#0}
[INFO] [stdout]    4:     0x5c43624cbeba - std[617be2ca0a6fd877]::panicking::default_hook
[INFO] [stdout]    5:     0x5c43624cb9f5 - std[617be2ca0a6fd877]::panicking::panic_with_hook
[INFO] [stdout]    6:     0x5c43624f2741 - std[617be2ca0a6fd877]::panicking::panic_handler::{closure#0}
[INFO] [stdout]    7:     0x5c43624f26f9 - std[617be2ca0a6fd877]::sys::backtrace::__rust_end_short_backtrace::<std[617be2ca0a6fd877]::panicking::panic_handler::{closure#0}, !>
[INFO] [stdout]    8:     0x5c43624f2bfc - __rustc[ea4f61d10b84890b]::rust_begin_unwind
[INFO] [stdout]    9:     0x5c436242beeb - core[a373ad73a504971]::panicking::panic_fmt
[INFO] [stdout]   10:     0x5c436242fd11 - core[a373ad73a504971]::result::unwrap_failed
[INFO] [stdout]   11:     0x5c43623fb5fc - run_suite[87ccfb1b9ec6d51a]::run_file_test
[INFO] [stdout]   12:     0x5c43623ff6d5 - <run_suite[87ccfb1b9ec6d51a]::run_file_test_tests_suite_precedence_chef::{closure#0} as core[a373ad73a504971]::ops::function::FnOnce<()>>::call_once
[INFO] [stdout]   13:     0x5c436250b5eb - test[aada8e7e76ba119b]::__rust_begin_short_backtrace::<core[a373ad73a504971]::result::Result<(), alloc[2e1b2a31b91974c5]::string::String>, fn() -> core[a373ad73a504971]::result::Result<(), alloc[2e1b2a31b91974c5]::string::String>>
[INFO] [stdout]   14:     0x5c43625075b1 - test[aada8e7e76ba119b]::run_test::{closure#0}
[INFO] [stdout]   15:     0x5c4362506d9c - std[617be2ca0a6fd877]::sys::backtrace::__rust_begin_short_backtrace::<test[aada8e7e76ba119b]::run_test::{closure#1}, ()>
[INFO] [stdout]   16:     0x5c436252676c - <std[617be2ca0a6fd877]::thread::lifecycle::spawn_unchecked<test[aada8e7e76ba119b]::run_test::{closure#1}, ()>::{closure#1} as core[a373ad73a504971]::ops::function::FnOnce<()>>::call_once::{shim:vtable#0}
[INFO] [stdout]   17:     0x5c43624f4264 - <std[617be2ca0a6fd877]::sys::thread::unix::Thread>::new::thread_start
[INFO] [stdout]   18:     0x716885f67dfa - <unknown>
[INFO] [stdout]   19:     0x716885ffb3d4 - clone
[INFO] [stdout]   20:                0x0 - <unknown>
[INFO] [stdout] 
[INFO] [stdout] ---- run_file_test_tests_suite_number_nan_equality_chef stdout ----
[INFO] [stdout] /opt/rustwide/workdir/tests/suite/number/nan_equality.chef
[INFO] [stdout] 
[INFO] [stdout] thread 'run_file_test_tests_suite_number_nan_equality_chef' (547) panicked at tests/run_suite.rs:30:10:
[INFO] [stdout] Command execution error.: Os { code: 2, kind: NotFound, message: "No such file or directory" }
[INFO] [stdout] stack backtrace:
[INFO] [stdout]    0:     0x5c43624cd1f7 - <<std[617be2ca0a6fd877]::sys::backtrace::BacktraceLock>::print::DisplayBacktrace as core[a373ad73a504971]::fmt::Display>::fmt
[INFO] [stdout]    1:     0x5c436242c05a - core[a373ad73a504971]::fmt::write
[INFO] [stdout]    2:     0x5c43624cc7ab - <alloc[2e1b2a31b91974c5]::vec::Vec<u8> as core[a373ad73a504971]::io::write::Write>::write_fmt
[INFO] [stdout]    3:     0x5c43624cc28f - std[617be2ca0a6fd877]::panicking::default_hook::{closure#0}
[INFO] [stdout]    4:     0x5c43624cbeba - std[617be2ca0a6fd877]::panicking::default_hook
[INFO] [stdout]    5:     0x5c43624cb9f5 - std[617be2ca0a6fd877]::panicking::panic_with_hook
[INFO] [stdout]    6:     0x5c43624f2741 - std[617be2ca0a6fd877]::panicking::panic_handler::{closure#0}
[INFO] [stdout]    7:     0x5c43624f26f9 - std[617be2ca0a6fd877]::sys::backtrace::__rust_end_short_backtrace::<std[617be2ca0a6fd877]::panicking::panic_handler::{closure#0}, !>
[INFO] [stdout]    8:     0x5c43624f2bfc - __rustc[ea4f61d10b84890b]::rust_begin_unwind
[INFO] [stdout]    9:     0x5c436242beeb - core[a373ad73a504971]::panicking::panic_fmt
[INFO] [stdout]   10:     0x5c436242fd11 - core[a373ad73a504971]::result::unwrap_failed
[INFO] [stdout]   11:     0x5c43623fb5fc - run_suite[87ccfb1b9ec6d51a]::run_file_test
[INFO] [stdout]   12:     0x5c43623ffa05 - <run_suite[87ccfb1b9ec6d51a]::run_file_test_tests_suite_number_nan_equality_chef::{closure#0} as core[a373ad73a504971]::ops::function::FnOnce<()>>::call_once
[INFO] [stdout]   13:     0x5c436250b5eb - test[aada8e7e76ba119b]::__rust_begin_short_backtrace::<core[a373ad73a504971]::result::Result<(), alloc[2e1b2a31b91974c5]::string::String>, fn() -> core[a373ad73a504971]::result::Result<(), alloc[2e1b2a31b91974c5]::string::String>>
[INFO] [stdout]   14:     0x5c43625075b1 - test[aada8e7e76ba119b]::run_test::{closure#0}
[INFO] [stdout]   15:     0x5c4362506d9c - std[617be2ca0a6fd877]::sys::backtrace::__rust_begin_short_backtrace::<test[aada8e7e76ba119b]::run_test::{closure#1}, ()>
[INFO] [stdout]   16:     0x5c436252676c - <std[617be2ca0a6fd877]::thread::lifecycle::spawn_unchecked<test[aada8e7e76ba119b]::run_test::{closure#1}, ()>::{closure#1} as core[a373ad73a504971]::ops::function::FnOnce<()>>::call_once::{shim:vtable#0}
[INFO] [stdout]   17:     0x5c43624f4264 - <std[617be2ca0a6fd877]::sys::thread::unix::Thread>::new::thread_start
[INFO] [stdout]   18:     0x716885f67dfa - <unknown>
[INFO] [stdout]   19:     0x716885ffb3d4 - clone
[INFO] [stdout]   20:                0x0 - <unknown>
[INFO] [stdout] 
[INFO] [stdout] ---- run_file_test_tests_suite_structure_no_if_block_chef stdout ----
[INFO] [stdout] /opt/rustwide/workdir/tests/suite/structure/no_if_block.chef
[INFO] [stdout] 
[INFO] [stdout] thread 'run_file_test_tests_suite_structure_no_if_block_chef' (555) panicked at tests/run_suite.rs:30:10:
[INFO] [stdout] Command execution error.: Os { code: 2, kind: NotFound, message: "No such file or directory" }
[INFO] [stdout] stack backtrace:
[INFO] [stdout]    0:     0x5c43624cd1f7 - <<std[617be2ca0a6fd877]::sys::backtrace::BacktraceLock>::print::DisplayBacktrace as core[a373ad73a504971]::fmt::Display>::fmt
[INFO] [stdout]    1:     0x5c436242c05a - core[a373ad73a504971]::fmt::write
[INFO] [stdout]    2:     0x5c43624cc7ab - <alloc[2e1b2a31b91974c5]::vec::Vec<u8> as core[a373ad73a504971]::io::write::Write>::write_fmt
[INFO] [stdout]    3:     0x5c43624cc28f - std[617be2ca0a6fd877]::panicking::default_hook::{closure#0}
[INFO] [stdout]    4:     0x5c43624cbeba - std[617be2ca0a6fd877]::panicking::default_hook
[INFO] [stdout]    5:     0x5c43624cb9f5 - std[617be2ca0a6fd877]::panicking::panic_with_hook
[INFO] [stdout]    6:     0x5c43624f2741 - std[617be2ca0a6fd877]::panicking::panic_handler::{closure#0}
[INFO] [stdout]    7:     0x5c43624f26f9 - std[617be2ca0a6fd877]::sys::backtrace::__rust_end_short_backtrace::<std[617be2ca0a6fd877]::panicking::panic_handler::{closure#0}, !>
[INFO] [stdout]    8:     0x5c43624f2bfc - __rustc[ea4f61d10b84890b]::rust_begin_unwind
[INFO] [stdout]    9:     0x5c436242beeb - core[a373ad73a504971]::panicking::panic_fmt
[INFO] [stdout]   10:     0x5c436242fd11 - core[a373ad73a504971]::result::unwrap_failed
[INFO] [stdout]   11:     0x5c43623fb5fc - run_suite[87ccfb1b9ec6d51a]::run_file_test
[INFO] [stdout]   12:     0x5c43623ffb55 - <run_suite[87ccfb1b9ec6d51a]::run_file_test_tests_suite_structure_no_if_block_chef::{closure#0} as core[a373ad73a504971]::ops::function::FnOnce<()>>::call_once
[INFO] [stdout]   13:     0x5c436250b5eb - test[aada8e7e76ba119b]::__rust_begin_short_backtrace::<core[a373ad73a504971]::result::Result<(), alloc[2e1b2a31b91974c5]::string::String>, fn() -> core[a373ad73a504971]::result::Result<(), alloc[2e1b2a31b91974c5]::string::String>>
[INFO] [stdout]   14:     0x5c43625075b1 - test[aada8e7e76ba119b]::run_test::{closure#0}
[INFO] [stdout]   15:     0x5c4362506d9c - std[617be2ca0a6fd877]::sys::backtrace::__rust_begin_short_backtrace::<test[aada8e7e76ba119b]::run_test::{closure#1}, ()>
[INFO] [stdout]   16:     0x5c436252676c - <std[617be2ca0a6fd877]::thread::lifecycle::spawn_unchecked<test[aada8e7e76ba119b]::run_test::{closure#1}, ()>::{closure#1} as core[a373ad73a504971]::ops::function::FnOnce<()>>::call_once::{shim:vtable#0}
[INFO] [stdout]   17:     0x5c43624f4264 - <std[617be2ca0a6fd877]::sys::thread::unix::Thread>::new::thread_start
[INFO] [stdout]   18:     0x716885f67dfa - <unknown>
[INFO] [stdout]   19:     0x716885ffb3d4 - clone
[INFO] [stdout]   20:                0x0 - <unknown>
[INFO] [stdout] 
[INFO] [stdout] ---- run_file_test_tests_suite_unexpected_character_chef stdout ----
[INFO] [stdout] /opt/rustwide/workdir/tests/suite/unexpected_character.chef
[INFO] [stdout] 
[INFO] [stdout] thread 'run_file_test_tests_suite_unexpected_character_chef' (561) panicked at tests/run_suite.rs:30:10:
[INFO] [stdout] Command execution error.: Os { code: 2, kind: NotFound, message: "No such file or directory" }
[INFO] [stdout] stack backtrace:
[INFO] [stdout]    0:     0x5c43624cd1f7 - <<std[617be2ca0a6fd877]::sys::backtrace::BacktraceLock>::print::DisplayBacktrace as core[a373ad73a504971]::fmt::Display>::fmt
[INFO] [stdout]    1:     0x5c436242c05a - core[a373ad73a504971]::fmt::write
[INFO] [stdout]    2:     0x5c43624cc7ab - <alloc[2e1b2a31b91974c5]::vec::Vec<u8> as core[a373ad73a504971]::io::write::Write>::write_fmt
[INFO] [stdout]    3:     0x5c43624cc28f - std[617be2ca0a6fd877]::panicking::default_hook::{closure#0}
[INFO] [stdout]    4:     0x5c43624cbeba - std[617be2ca0a6fd877]::panicking::default_hook
[INFO] [stdout]    5:     0x5c43624cb9f5 - std[617be2ca0a6fd877]::panicking::panic_with_hook
[INFO] [stdout]    6:     0x5c43624f2741 - std[617be2ca0a6fd877]::panicking::panic_handler::{closure#0}
[INFO] [stdout]    7:     0x5c43624f26f9 - std[617be2ca0a6fd877]::sys::backtrace::__rust_end_short_backtrace::<std[617be2ca0a6fd877]::panicking::panic_handler::{closure#0}, !>
[INFO] [stdout]    8:     0x5c43624f2bfc - __rustc[ea4f61d10b84890b]::rust_begin_unwind
[INFO] [stdout]    9:     0x5c436242beeb - core[a373ad73a504971]::panicking::panic_fmt
[INFO] [stdout]   10:     0x5c436242fd11 - core[a373ad73a504971]::result::unwrap_failed
[INFO] [stdout]   11:     0x5c43623fb5fc - run_suite[87ccfb1b9ec6d51a]::run_file_test
[INFO] [stdout]   12:     0x5c43623ffb25 - <run_suite[87ccfb1b9ec6d51a]::run_file_test_tests_suite_unexpected_character_chef::{closure#0} as core[a373ad73a504971]::ops::function::FnOnce<()>>::call_once
[INFO] [stdout]   13:     0x5c436250b5eb - test[aada8e7e76ba119b]::__rust_begin_short_backtrace::<core[a373ad73a504971]::result::Result<(), alloc[2e1b2a31b91974c5]::string::String>, fn() -> core[a373ad73a504971]::result::Result<(), alloc[2e1b2a31b91974c5]::string::String>>
[INFO] [stdout]   14:     0x5c43625075b1 - test[aada8e7e76ba119b]::run_test::{closure#0}
[INFO] [stdout]   15:     0x5c4362506d9c - std[617be2ca0a6fd877]::sys::backtrace::__rust_begin_short_backtrace::<test[aada8e7e76ba119b]::run_test::{closure#1}, ()>
[INFO] [stdout]   16:     0x5c436252676c - <std[617be2ca0a6fd877]::thread::lifecycle::spawn_unchecked<test[aada8e7e76ba119b]::run_test::{closure#1}, ()>::{closure#1} as core[a373ad73a504971]::ops::function::FnOnce<()>>::call_once::{shim:vtable#0}
[INFO] [stdout]   17:     0x5c43624f4264 - <std[617be2ca0a6fd877]::sys::thread::unix::Thread>::new::thread_start
[INFO] [stdout]   18:     0x716885f67dfa - <unknown>
[INFO] [stdout]   19:     0x716885ffb3d4 - clone
[INFO] [stdout]   20:                0x0 - <unknown>
[INFO] [stdout] 
[INFO] [stdout] ---- run_file_test_tests_suite_structure_no_steps_section_chef stdout ----
[INFO] [stdout] /opt/rustwide/workdir/tests/suite/structure/no_steps_section.chef
[INFO] [stdout] 
[INFO] [stdout] thread 'run_file_test_tests_suite_structure_no_steps_section_chef' (559) panicked at tests/run_suite.rs:30:10:
[INFO] [stdout] Command execution error.: Os { code: 2, kind: NotFound, message: "No such file or directory" }
[INFO] [stdout] stack backtrace:
[INFO] [stdout]    0:     0x5c43624cd1f7 - <<std[617be2ca0a6fd877]::sys::backtrace::BacktraceLock>::print::DisplayBacktrace as core[a373ad73a504971]::fmt::Display>::fmt
[INFO] [stdout]    1:     0x5c436242c05a - core[a373ad73a504971]::fmt::write
[INFO] [stdout]    2:     0x5c43624cc7ab - <alloc[2e1b2a31b91974c5]::vec::Vec<u8> as core[a373ad73a504971]::io::write::Write>::write_fmt
[INFO] [stdout]    3:     0x5c43624cc28f - std[617be2ca0a6fd877]::panicking::default_hook::{closure#0}
[INFO] [stdout]    4:     0x5c43624cbeba - std[617be2ca0a6fd877]::panicking::default_hook
[INFO] [stdout]    5:     0x5c43624cb9f5 - std[617be2ca0a6fd877]::panicking::panic_with_hook
[INFO] [stdout]    6:     0x5c43624f2741 - std[617be2ca0a6fd877]::panicking::panic_handler::{closure#0}
[INFO] [stdout]    7:     0x5c43624f26f9 - std[617be2ca0a6fd877]::sys::backtrace::__rust_end_short_backtrace::<std[617be2ca0a6fd877]::panicking::panic_handler::{closure#0}, !>
[INFO] [stdout]    8:     0x5c43624f2bfc - __rustc[ea4f61d10b84890b]::rust_begin_unwind
[INFO] [stdout]    9:     0x5c436242beeb - core[a373ad73a504971]::panicking::panic_fmt
[INFO] [stdout]   10:     0x5c436242fd11 - core[a373ad73a504971]::result::unwrap_failed
[INFO] [stdout]   11:     0x5c43623fb5fc - run_suite[87ccfb1b9ec6d51a]::run_file_test
[INFO] [stdout]   12:     0x5c43623ffd95 - <run_suite[87ccfb1b9ec6d51a]::run_file_test_tests_suite_structure_no_steps_section_chef::{closure#0} as core[a373ad73a504971]::ops::function::FnOnce<()>>::call_once
[INFO] [stdout]   13:     0x5c436250b5eb - test[aada8e7e76ba119b]::__rust_begin_short_backtrace::<core[a373ad73a504971]::result::Result<(), alloc[2e1b2a31b91974c5]::string::String>, fn() -> core[a373ad73a504971]::result::Result<(), alloc[2e1b2a31b91974c5]::string::String>>
[INFO] [stdout]   14:     0x5c43625075b1 - test[aada8e7e76ba119b]::run_test::{closure#0}
[INFO] [stdout]   15:     0x5c4362506d9c - std[617be2ca0a6fd877]::sys::backtrace::__rust_begin_short_backtrace::<test[aada8e7e76ba119b]::run_test::{closure#1}, ()>
[INFO] [stdout]   16:     0x5c436252676c - <std[617be2ca0a6fd877]::thread::lifecycle::spawn_unchecked<test[aada8e7e76ba119b]::run_test::{closure#1}, ()>::{closure#1} as core[a373ad73a504971]::ops::function::FnOnce<()>>::call_once::{shim:vtable#0}
[INFO] [stdout]   17:     0x5c43624f4264 - <std[617be2ca0a6fd877]::sys::thread::unix::Thread>::new::thread_start
[INFO] [stdout]   18:     0x716885f67dfa - <unknown>
[INFO] [stdout]   19:     0x716885ffb3d4 - clone
[INFO] [stdout]   20:                0x0 - <unknown>
[INFO] [stdout] 
[INFO] [stdout] 
[INFO] [stdout] failures:
[INFO] [stdout]     run_file_test_tests_suite_assignment_associativity_chef
[INFO] [stdout]     run_file_test_tests_suite_assignment_grouping_chef
[INFO] [stdout]     run_file_test_tests_suite_assignment_infix_operator_chef
[INFO] [stdout]     run_file_test_tests_suite_assignment_local_chef
[INFO] [stdout]     run_file_test_tests_suite_assignment_prefix_operator_chef
[INFO] [stdout]     run_file_test_tests_suite_assignment_syntax_chef
[INFO] [stdout]     run_file_test_tests_suite_assignment_undefined_chef
[INFO] [stdout]     run_file_test_tests_suite_bool_equality_chef
[INFO] [stdout]     run_file_test_tests_suite_bool_not_chef
[INFO] [stdout]     run_file_test_tests_suite_call_bool_chef
[INFO] [stdout]     run_file_test_tests_suite_call_nil_chef
[INFO] [stdout]     run_file_test_tests_suite_call_num_chef
[INFO] [stdout]     run_file_test_tests_suite_call_string_chef
[INFO] [stdout]     run_file_test_tests_suite_comments_line_at_eof_chef
[INFO] [stdout]     run_file_test_tests_suite_comments_only_line_comment_and_line_chef
[INFO] [stdout]     run_file_test_tests_suite_comments_only_line_comment_chef
[INFO] [stdout]     run_file_test_tests_suite_comments_unicode_chef
[INFO] [stdout]     run_file_test_tests_suite_empty_file_chef
[INFO] [stdout]     run_file_test_tests_suite_expressions_evaluate_chef
[INFO] [stdout]     run_file_test_tests_suite_function_body_must_be_block_chef
[INFO] [stdout]     run_file_test_tests_suite_function_empty_body_chef
[INFO] [stdout]     run_file_test_tests_suite_function_extra_arguments_chef
[INFO] [stdout]     run_file_test_tests_suite_function_local_mutual_recursion_chef
[INFO] [stdout]     run_file_test_tests_suite_function_local_recursion_chef
[INFO] [stdout]     run_file_test_tests_suite_function_missing_arguments_chef
[INFO] [stdout]     run_file_test_tests_suite_function_missing_comma_in_parameters_chef
[INFO] [stdout]     run_file_test_tests_suite_function_nested_call_with_arguments_chef
[INFO] [stdout]     run_file_test_tests_suite_function_parameters_chef
[INFO] [stdout]     run_file_test_tests_suite_function_print_chef
[INFO] [stdout]     run_file_test_tests_suite_function_recursion_chef
[INFO] [stdout]     run_file_test_tests_suite_function_too_many_arguments_chef
[INFO] [stdout]     run_file_test_tests_suite_function_too_many_parameters_chef
[INFO] [stdout]     run_file_test_tests_suite_if_else_chef
[INFO] [stdout]     run_file_test_tests_suite_if_fun_in_else_chef
[INFO] [stdout]     run_file_test_tests_suite_if_fun_in_then_chef
[INFO] [stdout]     run_file_test_tests_suite_if_if_chef
[INFO] [stdout]     run_file_test_tests_suite_if_truth_chef
[INFO] [stdout]     run_file_test_tests_suite_limit_too_many_constants_chef
[INFO] [stdout]     run_file_test_tests_suite_logical_operator_and_chef
[INFO] [stdout]     run_file_test_tests_suite_logical_operator_and_truth_chef
[INFO] [stdout]     run_file_test_tests_suite_logical_operator_or_chef
[INFO] [stdout]     run_file_test_tests_suite_logical_operator_or_truth_chef
[INFO] [stdout]     run_file_test_tests_suite_nil_literal_chef
[INFO] [stdout]     run_file_test_tests_suite_number_leading_dot_chef
[INFO] [stdout]     run_file_test_tests_suite_number_literals_chef
[INFO] [stdout]     run_file_test_tests_suite_number_nan_equality_chef
[INFO] [stdout]     run_file_test_tests_suite_number_trailing_dot_chef
[INFO] [stdout]     run_file_test_tests_suite_precedence_chef
[INFO] [stderr] error: test failed, to rerun pass `--test run_suite`
[INFO] [stdout]     run_file_test_tests_suite_structure_no_else_block_chef
[INFO] [stdout]     run_file_test_tests_suite_structure_no_if_block_chef
[INFO] [stdout]     run_file_test_tests_suite_structure_no_steps_section_chef
[INFO] [stdout]     run_file_test_tests_suite_unexpected_character_chef
[INFO] [stdout] 
[INFO] [stdout] test result: FAILED. 0 passed; 52 failed; 0 ignored; 0 measured; 0 filtered out; finished in 0.08s
[INFO] [stdout] 
[INFO] running `Command { std: "docker" "inspect" "4c8dde0ef899d4005b3504259cfeb084181533d4779eff771193ad4f034c82a2", kill_on_drop: false }`
[INFO] running `Command { std: "docker" "rm" "-f" "4c8dde0ef899d4005b3504259cfeb084181533d4779eff771193ad4f034c82a2", kill_on_drop: false }`
[INFO] [stdout] 4c8dde0ef899d4005b3504259cfeb084181533d4779eff771193ad4f034c82a2
