[INFO] cloning repository https://github.com/Cobular/SplatCad-Backend
[INFO] running `Command { std: "git" "-c" "credential.helper=" "-c" "credential.helper=/workspace/cargo-home/bin/git-credential-null" "clone" "--bare" "https://github.com/Cobular/SplatCad-Backend" "/workspace/cache/git-repos/https%3A%2F%2Fgithub.com%2FCobular%2FSplatCad-Backend", kill_on_drop: false }`
[INFO] [stderr] Cloning into bare repository '/workspace/cache/git-repos/https%3A%2F%2Fgithub.com%2FCobular%2FSplatCad-Backend'...
[INFO] running `Command { std: "git" "rev-parse" "HEAD", kill_on_drop: false }`
[INFO] [stdout] 4d744b65c05c364b2adb1ddbe825bd1e4a76a776
[INFO] testing Cobular/SplatCad-Backend against 1.99.0-beta.8+cargoflags=--release for beta-release-1.100-3
[INFO] running `Command { std: "git" "clone" "/workspace/cache/git-repos/https%3A%2F%2Fgithub.com%2FCobular%2FSplatCad-Backend" "/workspace/builds/worker-7-tc1/source", kill_on_drop: false }`
[INFO] [stderr] Cloning into '/workspace/builds/worker-7-tc1/source'...
[INFO] [stderr] done.
[INFO] started tweaking git repo https://github.com/Cobular/SplatCad-Backend
[INFO] finished tweaking git repo https://github.com/Cobular/SplatCad-Backend
[INFO] tweaked toml for git repo https://github.com/Cobular/SplatCad-Backend written to /workspace/builds/worker-7-tc1/source/Cargo.toml
[INFO] validating manifest of git repo https://github.com/Cobular/SplatCad-Backend on toolchain 1.99.0-beta.8
[INFO] running `Command { std: CARGO_HOME="/workspace/cargo-home" RUSTUP_HOME="/workspace/rustup-home" "/workspace/cargo-home/bin/cargo" "+1.99.0-beta.8" "metadata" "--manifest-path" "Cargo.toml" "--no-deps", kill_on_drop: false }`
[INFO] crate git repo https://github.com/Cobular/SplatCad-Backend already has a lockfile, it will not be regenerated
[INFO] running `Command { std: CARGO_HOME="/workspace/cargo-home" RUSTUP_HOME="/workspace/rustup-home" "/workspace/cargo-home/bin/cargo" "+1.99.0-beta.8" "fetch" "--manifest-path" "Cargo.toml", kill_on_drop: false }`
[INFO] [stderr]     Blocking waiting for file lock on package cache
[INFO] [stderr]     Updating crates.io index
[INFO] [stderr]     Updating git repository `https://github.com/SeaQL/sea-orm`
[INFO] [stderr]     Blocking waiting for file lock on package cache
[INFO] [stderr]  Downloading crates ...
[INFO] [stderr]   Downloaded tracing-log v0.1.3
[INFO] [stderr]   Downloaded valuable v0.1.0
[INFO] [stderr]   Downloaded simple_asn1 v0.6.2
[INFO] [stderr]   Downloaded binascii v0.1.4
[INFO] [stderr]   Downloaded atomic v0.5.1
[INFO] [stderr]   Downloaded sea-orm-migration v0.9.1
[INFO] [stderr]   Downloaded iana-time-zone v0.1.41
[INFO] [stderr]   Downloaded sea-query-driver v0.2.0
[INFO] [stderr]   Downloaded ppv-lite86 v0.2.16
[INFO] [stderr]   Downloaded jsonwebtoken v8.1.1
[INFO] [stderr]   Downloaded futures-macro v0.3.21
[INFO] [stderr]   Downloaded clap_lex v0.2.4
[INFO] [stderr]   Downloaded wasm-bindgen-futures v0.4.32
[INFO] [stderr]   Downloaded parking v2.0.0
[INFO] [stderr]   Downloaded async-lock v2.5.0
[INFO] [stderr]   Downloaded tracing-core v0.1.29
[INFO] [stderr]   Downloaded uuid v1.1.2
[INFO] [stderr]   Downloaded async-io v1.7.0
[INFO] [stderr]   Downloaded sea-schema-derive v0.1.0
[INFO] [stderr]   Downloaded num_threads v0.1.6
[INFO] [stderr]   Downloaded sea-query-derive v0.2.0
[INFO] [stderr]   Downloaded subtle v2.4.1
[INFO] [stderr]   Downloaded futures-io v0.3.21
[INFO] [stderr]   Downloaded heck v0.3.3
[INFO] [stderr]   Downloaded wasm-bindgen-shared v0.2.82
[INFO] [stderr]   Downloaded android_system_properties v0.1.4
[INFO] [stderr]   Downloaded matchers v0.1.0
[INFO] [stderr]   Downloaded stable-pattern v0.1.0
[INFO] [stderr]   Downloaded thread_local v1.1.4
[INFO] [stderr]   Downloaded thiserror-impl v1.0.32
[INFO] [stderr]   Downloaded block-buffer v0.10.2
[INFO] [stderr]   Downloaded cpufeatures v0.2.2
[INFO] [stderr]   Downloaded md-5 v0.10.1
[INFO] [stderr]   Downloaded waker-fn v1.1.0
[INFO] [stderr]   Downloaded event-listener v2.5.3
[INFO] [stderr]   Downloaded ctor v0.1.23
[INFO] [stderr]   Downloaded digest v0.10.3
[INFO] [stderr]   Downloaded byteorder v1.4.3
[INFO] [stderr]   Downloaded futures-executor v0.3.21
[INFO] [stderr]   Downloaded tracing-subscriber v0.3.15
[INFO] [stderr]   Downloaded serde v1.0.143
[INFO] [stderr]   Downloaded serde_derive v1.0.143
[INFO] [stderr]   Downloaded generic-array v0.14.6
[INFO] [stderr]   Downloaded gloo-timers v0.2.4
[INFO] [stderr]   Downloaded mio v0.8.4
[INFO] [stderr]   Downloaded whoami v1.2.1
[INFO] [stderr]   Downloaded async-executor v1.4.1
[INFO] [stderr]   Downloaded itoa v1.0.3
[INFO] [stderr]   Downloaded parking_lot_core v0.9.3
[INFO] [stderr]   Downloaded rand_core v0.6.3
[INFO] [stderr]   Downloaded clap_derive v3.2.15
[INFO] [stderr]   Downloaded heck v0.4.0
[INFO] [stderr]   Downloaded value-bag v1.0.0-alpha.9
[INFO] [stderr]   Downloaded ansi_term v0.12.1
[INFO] [stderr]   Downloaded time-macros v0.2.4
[INFO] [stderr]   Downloaded postgres-types v0.2.3
[INFO] [stderr]   Downloaded sha2 v0.10.2
[INFO] [stderr]   Downloaded wasm-bindgen-macro v0.2.82
[INFO] [stderr]   Downloaded wasm-bindgen-macro-support v0.2.82
[INFO] [stderr]   Downloaded wasi v0.10.0+wasi-snapshot-preview1
[INFO] [stderr]   Downloaded core-foundation v0.9.3
[INFO] [stderr]   Downloaded core-foundation-sys v0.8.3
[INFO] [stderr]   Downloaded thiserror v1.0.32
[INFO] [stderr]   Downloaded stringprep v0.1.2
[INFO] [stderr]   Downloaded fallible-iterator v0.2.0
[INFO] [stderr]   Downloaded wasm-bindgen-backend v0.2.82
[INFO] [stderr]   Downloaded num-integer v0.1.45
[INFO] [stderr]   Downloaded sea-orm-cli v0.9.1
[INFO] [stderr]   Downloaded ahash v0.7.6
[INFO] [stderr]   Downloaded hmac v0.12.1
[INFO] [stderr]   Downloaded polling v2.2.0
[INFO] [stderr]   Downloaded os_str_bytes v6.2.0
[INFO] [stderr]   Downloaded tracing-attributes v0.1.22
[INFO] [stderr]   Downloaded getrandom v0.2.7
[INFO] [stderr]   Downloaded postgres-protocol v0.6.4
[INFO] [stderr]   Downloaded time v0.1.44
[INFO] [stderr]   Downloaded async-stream v0.3.3
[INFO] [stderr]   Downloaded tower-service v0.3.2
[INFO] [stderr]   Downloaded once_cell v1.13.0
[INFO] [stderr]   Downloaded unicode-ident v1.0.3
[INFO] [stderr]   Downloaded smallvec v1.9.0
[INFO] [stderr]   Downloaded unicode-segmentation v1.9.0
[INFO] [stderr]   Downloaded ryu v1.0.11
[INFO] [stderr]   Downloaded arrayvec v0.7.2
[INFO] [stderr]   Downloaded bytes v1.2.1
[INFO] [stderr]   Downloaded futures-lite v1.12.0
[INFO] [stderr]   Downloaded crossbeam-utils v0.8.11
[INFO] [stderr]   Downloaded async-channel v1.7.0
[INFO] [stderr]   Downloaded sqlformat v0.1.8
[INFO] [stderr]   Downloaded proc-macro2 v1.0.43
[INFO] [stderr]   Downloaded typenum v1.15.0
[INFO] [stderr]   Downloaded kv-log-macro v1.0.7
[INFO] [stderr]   Downloaded pear_codegen v0.2.3
[INFO] [stderr]   Downloaded devise v0.3.1
[INFO] [stderr]   Downloaded num-traits v0.2.15
[INFO] [stderr]   Downloaded futures v0.3.21
[INFO] [stderr]   Downloaded aead v0.4.3
[INFO] [stderr]   Downloaded sharded-slab v0.1.4
[INFO] [stderr]   Downloaded indexmap v1.9.1
[INFO] [stderr]   Downloaded concurrent-queue v1.2.4
[INFO] [stderr]   Downloaded tracing v0.1.36
[INFO] [stderr]   Downloaded polyval v0.5.3
[INFO] [stderr]   Downloaded glob v0.3.0
[INFO] [stderr]   Downloaded schannel v0.1.20
[INFO] [stderr]   Downloaded pkg-config v0.3.25
[INFO] [stderr]   Downloaded yansi v0.5.1
[INFO] [stderr]   Downloaded sqlx-rt v0.6.1
[INFO] [stderr]   Downloaded time v0.3.13
[INFO] [stderr]   Downloaded js-sys v0.3.59
[INFO] [stderr]   Downloaded figment v0.10.6
[INFO] [stderr]   Downloaded aho-corasick v0.7.18
[INFO] [stderr]   Downloaded rust_decimal v1.26.1
[INFO] [stderr]   Downloaded devise_codegen v0.3.1
[INFO] [stderr]   Downloaded regex-automata v0.1.10
[INFO] [stderr]   Downloaded sea-orm-macros v0.9.1
[INFO] [stderr]   Downloaded universal-hash v0.4.1
[INFO] [stderr]   Downloaded spin v0.9.4
[INFO] [stderr]   Downloaded sea-query v0.26.2
[INFO] [stderr]   Downloaded unicode-normalization v0.1.21
[INFO] [stderr]   Downloaded serde_json v1.0.83
[INFO] [stderr]   Downloaded wasm-bindgen v0.2.82
[INFO] [stderr]   Downloaded syn v1.0.99
[INFO] [stderr]   Downloaded chrono v0.4.21
[INFO] [stderr]   Downloaded dotenvy v0.15.1
[INFO] [stderr]   Downloaded loom v0.5.6
[INFO] [stderr]   Downloaded clap v3.2.16
[INFO] [stderr]   Downloaded async-std v1.12.0
[INFO] [stderr]   Downloaded aliasable v0.1.3
[INFO] [stderr]   Downloaded ubyte v0.10.2
[INFO] [stderr]   Downloaded proc-macro2-diagnostics v0.9.1
[INFO] [stderr]   Downloaded regex v1.6.0
[INFO] [stderr]   Downloaded async-attributes v1.1.2
[INFO] [stderr]   Downloaded scoped-tls v1.0.0
[INFO] [stderr]   Downloaded pem v1.1.0
[INFO] [stderr]   Downloaded regex-syntax v0.6.27
[INFO] [stderr]   Downloaded crossbeam-queue v0.3.6
[INFO] [stderr]   Downloaded ouroboros v0.15.2
[INFO] [stderr]   Downloaded ghash v0.4.4
[INFO] [stderr]   Downloaded opaque-debug v0.3.0
[INFO] [stderr]   Downloaded dirs-sys v0.3.7
[INFO] [stderr]   Downloaded uncased v0.9.7
[INFO] [stderr]   Downloaded async-stream-impl v0.3.3
[INFO] [stderr]   Downloaded libc v0.2.129
[INFO] [stderr]   Downloaded atoi v1.0.0
[INFO] [stderr]   Downloaded ref-cast-impl v1.0.9
[INFO] [stderr]   Downloaded openssl-macros v0.1.0
[INFO] [stderr]   Downloaded bae v0.1.7
[INFO] [stderr]   Downloaded sha-1 v0.10.0
[INFO] [stderr]   Downloaded web-sys v0.3.59
[INFO] [stderr]   Downloaded either v1.7.0
[INFO] [stderr]   Downloaded async-global-executor v2.2.0
[INFO] [stderr]   Downloaded dirs v4.0.0
[INFO] [stderr]   Downloaded crc v3.0.0
[INFO] [stderr]   Downloaded sea-strum v0.23.0
[INFO] [stderr]   Downloaded cipher v0.3.0
[INFO] [stderr]   Downloaded unicode-xid v0.2.3
[INFO] [stderr]   Downloaded cache-padded v1.2.0
[INFO] [stderr]   Downloaded crc-catalog v2.1.0
[INFO] [stderr]   Downloaded atomic-waker v1.0.0
[INFO] [stderr]   Downloaded ref-cast v1.0.9
[INFO] [stderr]   Downloaded pear v0.2.3
[INFO] [stderr]   Downloaded ctr v0.8.0
[INFO] [stderr]   Downloaded paste v1.0.8
[INFO] [stderr]   Downloaded parking_lot_core v0.8.5
[INFO] [stderr]   Downloaded native-tls v0.2.10
[INFO] [stderr]   Downloaded signal-hook-registry v1.4.0
[INFO] [stderr]   Downloaded state v0.5.3
[INFO] [stderr]   Downloaded hashlink v0.8.0
[INFO] [stderr]   Downloaded rustversion v1.0.9
[INFO] [stderr]   Downloaded tokio-native-tls v0.3.0
[INFO] [stderr]   Downloaded openssl-probe v0.1.5
[INFO] [stderr]   Downloaded Inflector v0.11.4
[INFO] [stderr]   Downloaded blocking v1.2.0
[INFO] [stderr]   Downloaded async-task v4.3.0
[INFO] [stderr]   Downloaded sqlx-macros v0.6.1
[INFO] [stderr]   Downloaded security-framework-sys v2.6.1
[INFO] [stderr]   Downloaded lock_api v0.4.7
[INFO] [stderr]   Downloaded ouroboros_macro v0.15.2
[INFO] [stderr]   Downloaded devise_core v0.3.1
[INFO] [stderr]   Downloaded multer v2.0.3
[INFO] [stderr]   Downloaded sea-strum_macros v0.23.0
[INFO] [stderr]   Downloaded inlinable_string v0.1.15
[INFO] [stderr]   Downloaded async-trait v0.1.57
[INFO] [stderr]   Downloaded generator v0.7.1
[INFO] [stderr]   Downloaded wepoll-ffi v0.1.2
[INFO] [stderr]   Downloaded cookie v0.16.0
[INFO] [stderr]   Downloaded tokio-stream v0.1.9
[INFO] [stderr]   Downloaded sea-schema v0.9.3
[INFO] [stderr]   Downloaded openssl-sys v0.9.75
[INFO] [stderr]   Downloaded futures-intrusive v0.4.0
[INFO] [stderr]   Downloaded rocket_http v0.5.0-rc.2
[INFO] [stderr]   Downloaded unicode_categories v0.1.1
[INFO] [stderr]   Downloaded security-framework v2.6.1
[INFO] [stderr]   Downloaded num-bigint v0.4.3
[INFO] [stderr]   Downloaded rocket_codegen v0.5.0-rc.2
[INFO] [stderr]   Downloaded itertools v0.10.3
[INFO] [stderr]   Downloaded aes-gcm v0.9.4
[INFO] [stderr]   Downloaded aes v0.7.5
[INFO] [stderr]   Downloaded sqlx v0.6.1
[INFO] [stderr]   Downloaded hkdf v0.12.3
[INFO] [stderr]   Downloaded hyper v0.14.20
[INFO] [stderr]   Downloaded openssl v0.10.41
[INFO] [stderr]   Downloaded sqlx-core v0.6.1
[INFO] [stderr]   Downloaded rocket v0.5.0-rc.2
[INFO] [stderr]   Downloaded sea-orm v0.9.1
[INFO] [stderr]   Downloaded tokio v1.20.1
[INFO] [stderr]   Downloaded windows_aarch64_msvc v0.32.0
[INFO] [stderr]   Downloaded windows_x86_64_msvc v0.32.0
[INFO] [stderr]   Downloaded windows_x86_64_gnu v0.32.0
[INFO] [stderr]   Downloaded windows_i686_msvc v0.32.0
[INFO] [stderr]   Downloaded windows_i686_gnu v0.32.0
[INFO] [stderr]   Downloaded windows v0.32.0
[INFO] running `Command { std: "docker" "create" "-v" "/var/lib/crater-agent-workspace/builds/worker-7-tc1/source:/opt/rustwide/workdir:ro,Z" "-v" "/var/lib/crater-agent-workspace/builds/worker-7-tc1/target:/opt/rustwide/target:rw,Z" "-v" "/var/lib/crater-agent-workspace/cargo-home:/opt/rustwide/cargo-home:ro,Z" "-v" "/var/lib/crater-agent-workspace/rustup-home:/opt/rustwide/rustup-home:ro,Z" "-m" "1610612736" "--network" "none" "ghcr.io/rust-lang/crates-build-env/linux@sha256:77db811e55d90add9212f6832c23229e3de5f1c1f9905e8cb07319ea15df73ac" "sleep" "infinity", kill_on_drop: false }`
[INFO] [stdout] d55415615d8647ed8a81aa9eee009b1433c2d568b74a4609395fc26dad89a542
[INFO] running `Command { std: "docker" "start" "d55415615d8647ed8a81aa9eee009b1433c2d568b74a4609395fc26dad89a542", kill_on_drop: false }`
[INFO] running `Command { std: "docker" "inspect" "d55415615d8647ed8a81aa9eee009b1433c2d568b74a4609395fc26dad89a542", kill_on_drop: false }`
[INFO] running `Command { std: "docker" "exec" "-e" "SOURCE_DIR=/opt/rustwide/workdir" "-e" "CARGO_HOME=/opt/rustwide/cargo-home" "-e" "RUSTUP_HOME=/opt/rustwide/rustup-home" "-e" "CARGO_TARGET_DIR=/opt/rustwide/target" "-w" "/opt/rustwide/workdir" "--user" "0:0" "d55415615d8647ed8a81aa9eee009b1433c2d568b74a4609395fc26dad89a542" "/opt/rustwide/cargo-home/bin/cargo" "+1.99.0-beta.8" "metadata" "--no-deps" "--format-version=1", kill_on_drop: false }`
[INFO] running `Command { std: "docker" "inspect" "d55415615d8647ed8a81aa9eee009b1433c2d568b74a4609395fc26dad89a542", kill_on_drop: false }`
[INFO] running `Command { std: "docker" "exec" "-e" "SOURCE_DIR=/opt/rustwide/workdir" "-e" "CARGO_HOME=/opt/rustwide/cargo-home" "-e" "RUSTUP_HOME=/opt/rustwide/rustup-home" "-e" "CARGO_TARGET_DIR=/opt/rustwide/target" "-e" "CARGO_INCREMENTAL=0" "-e" "RUST_BACKTRACE=full" "-e" "RUSTFLAGS=--cap-lints=warn" "-e" "RUSTDOCFLAGS=--cap-lints=warn" "-w" "/opt/rustwide/workdir" "--user" "0:0" "d55415615d8647ed8a81aa9eee009b1433c2d568b74a4609395fc26dad89a542" "/opt/rustwide/cargo-home/bin/cargo" "+1.99.0-beta.8" "build" "--frozen" "--message-format=json" "--release", kill_on_drop: false }`
[INFO] [stderr]    Compiling version_check v0.9.4
[INFO] [stderr]    Compiling proc-macro2 v1.0.43
[INFO] [stderr]    Compiling quote v1.0.21
[INFO] [stderr]    Compiling unicode-ident v1.0.3
[INFO] [stderr]    Compiling syn v1.0.99
[INFO] [stderr]    Compiling libc v0.2.129
[INFO] [stderr]    Compiling typenum v1.15.0
[INFO] [stderr]    Compiling memchr v2.5.0
[INFO] [stderr]    Compiling futures-core v0.3.21
[INFO] [stderr]    Compiling cfg-if v1.0.0
[INFO] [stderr]    Compiling once_cell v1.13.0
[INFO] [stderr]    Compiling serde_derive v1.0.143
[INFO] [stderr]    Compiling log v0.4.17
[INFO] [stderr]    Compiling generic-array v0.14.6
[INFO] [stderr]    Compiling value-bag v1.0.0-alpha.9
[INFO] [stderr]    Compiling pin-project-lite v0.2.9
[INFO] [stderr]    Compiling cc v1.0.73
[INFO] [stderr]    Compiling ahash v0.7.6
[INFO] [stderr]    Compiling num-traits v0.2.15
[INFO] [stderr]    Compiling futures-channel v0.3.21
[INFO] [stderr]    Compiling serde v1.0.143
[INFO] [stderr]    Compiling pkg-config v0.3.25
[INFO] [stderr]    Compiling getrandom v0.2.7
[INFO] [stderr]    Compiling slab v0.4.7
[INFO] [stderr]    Compiling futures-io v0.3.21
[INFO] [stderr]    Compiling bytes v1.2.1
[INFO] [stderr]    Compiling itoa v1.0.3
[INFO] [stderr]    Compiling subtle v2.4.1
[INFO] [stderr]    Compiling time-macros v0.2.4
[INFO] [stderr]    Compiling openssl-sys v0.9.75
[INFO] [stderr]    Compiling socket2 v0.4.4
[INFO] [stderr]    Compiling num-integer v0.1.45
[INFO] [stderr]    Compiling tokio v1.20.1
[INFO] [stderr]    Compiling num_cpus v1.13.1
[INFO] [stderr]    Compiling signal-hook-registry v1.4.0
[INFO] [stderr]    Compiling lock_api v0.4.7
[INFO] [stderr]    Compiling futures-task v0.3.21
[INFO] [stderr]    Compiling futures-sink v0.3.21
[INFO] [stderr]    Compiling unicode-segmentation v1.9.0
[INFO] [stderr]    Compiling crypto-common v0.1.6
[INFO] [stderr]    Compiling block-buffer v0.10.2
[INFO] [stderr]    Compiling serde_json v1.0.83
[INFO] [stderr]    Compiling bitflags v1.3.2
[INFO] [stderr]    Compiling cpufeatures v0.2.2
[INFO] [stderr]    Compiling futures-util v0.3.21
[INFO] [stderr]    Compiling openssl v0.10.41
[INFO] [stderr]    Compiling digest v0.10.3
[INFO] [stderr]    Compiling proc-macro2-diagnostics v0.9.1
[INFO] [stderr]    Compiling mio v0.8.4
[INFO] [stderr]    Compiling parking_lot_core v0.8.5
[INFO] [stderr]    Compiling smallvec v1.9.0
[INFO] [stderr]    Compiling native-tls v0.2.10
[INFO] [stderr]    Compiling yansi v0.5.1
[INFO] [stderr]    Compiling num_threads v0.1.6
[INFO] [stderr]    Compiling hashbrown v0.12.3
[INFO] [stderr]    Compiling time v0.3.13
[INFO] [stderr]    Compiling tracing-core v0.1.29
[INFO] [stderr]    Compiling indexmap v1.9.1
[INFO] [stderr]    Compiling rust_decimal v1.26.1
[INFO] [stderr]    Compiling rand_core v0.6.3
[INFO] [stderr]    Compiling proc-macro-error-attr v1.0.4
[INFO] [stderr]    Compiling num-bigint v0.4.3
[INFO] [stderr]    Compiling httparse v1.7.1
[INFO] [stderr]    Compiling pin-utils v0.1.0
[INFO] [stderr]    Compiling percent-encoding v2.1.0
[INFO] [stderr]    Compiling ppv-lite86 v0.2.16
[INFO] [stderr]    Compiling hmac v0.12.1
[INFO] [stderr]    Compiling rand_chacha v0.3.1
[INFO] [stderr]    Compiling heck v0.3.3
[INFO] [stderr]    Compiling proc-macro-error v1.0.4
[INFO] [stderr]    Compiling ryu v1.0.11
[INFO] [stderr]    Compiling fastrand v1.8.0
[INFO] [stderr]    Compiling either v1.7.0
[INFO] [stderr]    Compiling rand v0.8.5
[INFO] [stderr]    Compiling hkdf v0.12.3
[INFO] [stderr]    Compiling sha2 v0.10.2
[INFO] [stderr]    Compiling crossbeam-queue v0.3.6
[INFO] [stderr]    Compiling tinyvec_macros v0.1.0
[INFO] [stderr]    Compiling scopeguard v1.1.0
[INFO] [stderr]    Compiling foreign-types-shared v0.1.1
[INFO] [stderr]    Compiling base64 v0.13.0
[INFO] [stderr]    Compiling event-listener v2.5.3
[INFO] [stderr]    Compiling foreign-types v0.3.2
[INFO] [stderr]    Compiling tinyvec v1.6.0
[INFO] [stderr]    Compiling cookie v0.16.0
[INFO] [stderr]    Compiling crossbeam-utils v0.8.11
[INFO] [stderr]    Compiling ctor v0.1.23
[INFO] [stderr]    Compiling tokio-macros v1.8.0
[INFO] [stderr]    Compiling futures-macro v0.3.21
[INFO] [stderr]    Compiling openssl-macros v0.1.0
[INFO] [stderr]    Compiling thiserror-impl v1.0.32
[INFO] [stderr]    Compiling tracing-attributes v0.1.22
[INFO] [stderr]    Compiling opaque-debug v0.3.0
[INFO] [stderr]    Compiling ref-cast v1.0.9
[INFO] [stderr]    Compiling unicode-normalization v0.1.21
[INFO] [stderr]    Compiling thiserror v1.0.32
[INFO] [stderr]    Compiling pear_codegen v0.2.3
[INFO] [stderr]    Compiling tracing v0.1.36
[INFO] [stderr]    Compiling universal-hash v0.4.1
[INFO] [stderr]    Compiling cipher v0.3.0
[INFO] [stderr]    Compiling time v0.1.44
[INFO] [stderr]    Compiling instant v0.1.12
[INFO] [stderr]    Compiling arrayvec v0.7.2
[INFO] [stderr]    Compiling unicode-bidi v0.3.8
[INFO] [stderr]    Compiling iana-time-zone v0.1.41
[INFO] [stderr]    Compiling fnv v1.0.7
[INFO] [stderr]    Compiling matches v0.1.9
[INFO] [stderr]    Compiling cache-padded v1.2.0
[INFO] [stderr]    Compiling openssl-probe v0.1.5
[INFO] [stderr]    Compiling concurrent-queue v1.2.4
[INFO] [stderr]    Compiling http v0.2.8
[INFO] [stderr]    Compiling futures-executor v0.3.21
[INFO] [stderr]    Compiling futures v0.3.21
[INFO] [stderr]    Compiling polyval v0.5.3
[INFO] [stderr]    Compiling ref-cast-impl v1.0.9
[INFO] [stderr]    Compiling heck v0.4.0
[INFO] [stderr]    Compiling dirs-sys v0.3.7
[INFO] [stderr]    Compiling waker-fn v1.1.0
[INFO] [stderr]    Compiling minimal-lexical v0.2.1
[INFO] [stderr]    Compiling parking v2.0.0
[INFO] [stderr]    Compiling futures-lite v1.12.0
[INFO] [stderr]    Compiling nom v7.1.1
[INFO] [stderr]    Compiling dirs v4.0.0
[INFO] [stderr]    Compiling parking_lot v0.11.2
[INFO] [stderr]    Compiling ghash v0.4.4
[INFO] [stderr]    Compiling tokio-native-tls v0.3.0
[INFO] [stderr]    Compiling idna v0.2.3
[INFO] [stderr]    Compiling tokio-stream v0.1.9
[INFO] [stderr]    Compiling tokio-util v0.7.3
[INFO] [stderr]    Compiling chrono v0.4.21
[INFO] [stderr]    Compiling uuid v1.1.2
[INFO] [stderr]    Compiling form_urlencoded v1.0.1
[INFO] [stderr]    Compiling ctr v0.8.0
[INFO] [stderr]    Compiling aes v0.7.5
[INFO] [stderr]    Compiling devise_core v0.3.1
[INFO] [stderr]    Compiling itertools v0.10.3
[INFO] [stderr]    Compiling aead v0.4.3
[INFO] [stderr]    Compiling uncased v0.9.7
[INFO] [stderr]    Compiling crc-catalog v2.1.0
[INFO] [stderr]    Compiling paste v1.0.8
[INFO] [stderr]    Compiling try-lock v0.2.3
[INFO] [stderr]    Compiling rustversion v1.0.9
[INFO] [stderr]    Compiling unicode_categories v0.1.1
[INFO] [stderr]    Compiling async-trait v0.1.57
[INFO] [stderr]    Compiling want v0.3.0
[INFO] [stderr]    Compiling devise_codegen v0.3.1
[INFO] [stderr]    Compiling sqlformat v0.1.8
[INFO] [stderr]    Compiling crc v3.0.0
[INFO] [stderr]    Compiling aes-gcm v0.9.4
[INFO] [stderr]    Compiling url v2.2.2
[INFO] [stderr]    Compiling sqlx-rt v0.6.1
[INFO] [stderr]    Compiling futures-intrusive v0.4.0
[INFO] [stderr]    Compiling http-body v0.4.5
[INFO] [stderr]    Compiling dotenvy v0.15.1
[INFO] [stderr]    Compiling stringprep v0.1.2
[INFO] [stderr]    Compiling sea-query-derive v0.2.0
[INFO] [stderr]    Compiling sea-query-driver v0.2.0
[INFO] [stderr]    Compiling async-stream-impl v0.3.3
[INFO] [stderr]    Compiling atoi v1.0.0
[INFO] [stderr]    Compiling hashlink v0.8.0
[INFO] [stderr]    Compiling sha-1 v0.10.0
[INFO] [stderr]    Compiling md-5 v0.10.1
[INFO] [stderr]    Compiling atty v0.2.14
[INFO] [stderr]    Compiling encoding_rs v0.8.31
[INFO] [stderr]    Compiling hex v0.4.3
[INFO] [stderr]    Compiling inlinable_string v0.1.15
[INFO] [stderr]    Compiling httpdate v1.0.2
[INFO] [stderr]    Compiling regex-syntax v0.6.27
[INFO] [stderr]    Compiling parking_lot_core v0.9.3
[INFO] [stderr]    Compiling whoami v1.2.1
[INFO] [stderr]    Compiling async-task v4.3.0
[INFO] [stderr]    Compiling byteorder v1.4.3
[INFO] [stderr]    Compiling tower-service v0.3.2
[INFO] [stderr]    Compiling hyper v0.14.20
[INFO] [stderr]    Compiling pear v0.2.3
[INFO] [stderr]    Compiling async-stream v0.3.3
[INFO] [stderr]    Compiling sea-query v0.26.2
[INFO] [stderr]    Compiling sqlx-core v0.6.1
[INFO] [stderr]    Compiling devise v0.3.1
[INFO] [stderr]    Compiling h2 v0.3.13
[INFO] [stderr]    Compiling async-channel v1.7.0
[INFO] [stderr]    Compiling polling v2.2.0
[INFO] [stderr]    Compiling stable-pattern v0.1.0
[INFO] [stderr]    Compiling multer v2.0.3
[INFO] [stderr]    Compiling figment v0.10.6
[INFO] [stderr]    Compiling atomic v0.5.1
[INFO] [stderr]    Compiling atomic-waker v1.0.0
[INFO] [stderr]    Compiling lazy_static v1.4.0
[INFO] [stderr]    Compiling state v0.5.3
[INFO] [stderr]    Compiling Inflector v0.11.4
[INFO] [stderr]    Compiling rocket_http v0.5.0-rc.2
[INFO] [stderr]    Compiling ouroboros_macro v0.15.2
[INFO] [stderr]    Compiling blocking v1.2.0
[INFO] [stderr]    Compiling async-io v1.7.0
[INFO] [stderr]    Compiling sea-strum_macros v0.23.0
[INFO] [stderr]    Compiling regex-automata v0.1.10
[INFO] [stderr]    Compiling sqlx-macros v0.6.1
[INFO] [stderr]    Compiling async-executor v1.4.1
[INFO] [stderr]    Compiling toml v0.5.9
[INFO] [stderr]    Compiling bae v0.1.7
[INFO] [stderr]    Compiling async-lock v2.5.0
[INFO] [stderr]    Compiling aho-corasick v0.7.18
[INFO] [stderr]    Compiling rocket v0.5.0-rc.2
[INFO] [stderr]    Compiling remove_dir_all v0.5.3
[INFO] [stderr]    Compiling mime v0.3.16
[INFO] [stderr]    Compiling aliasable v0.1.3
[INFO] [stderr]    Compiling unicode-xid v0.2.3
[INFO] [stderr]    Compiling os_str_bytes v6.2.0
[INFO] [stderr]    Compiling glob v0.3.0
[INFO] [stderr]    Compiling spin v0.9.4
[INFO] [stderr]    Compiling rocket_codegen v0.5.0-rc.2
[INFO] [stderr]    Compiling clap_lex v0.2.4
[INFO] [stderr]    Compiling ouroboros v0.15.2
[INFO] [stderr]    Compiling tempfile v3.3.0
[INFO] [stderr]    Compiling regex v1.6.0
[INFO] [stderr]    Compiling sqlx v0.6.1
[INFO] [stderr]    Compiling async-global-executor v2.2.0
[INFO] [stderr]    Compiling sea-orm-macros v0.9.1
[INFO] [stderr]    Compiling matchers v0.1.0
[INFO] [stderr]    Compiling parking_lot v0.12.1
[INFO] [stderr]    Compiling sea-strum v0.23.0
[INFO] [stderr]    Compiling tracing-log v0.1.3
[INFO] [stderr]    Compiling sharded-slab v0.1.4
[INFO] [stderr]    Compiling ubyte v0.10.2
[INFO] [stderr]    Compiling clap_derive v3.2.15
[INFO] [stderr]    Compiling kv-log-macro v1.0.7
[INFO] [stderr]    Compiling async-attributes v1.1.2
[INFO] [stderr]    Compiling sea-schema-derive v0.1.0
[INFO] [stderr]    Compiling thread_local v1.1.4
[INFO] [stderr]    Compiling textwrap v0.15.0
[INFO] [stderr]    Compiling termcolor v1.1.3
[INFO] [stderr]    Compiling ansi_term v0.12.1
[INFO] [stderr]    Compiling strsim v0.10.0
[INFO] [stderr]    Compiling binascii v0.1.4
[INFO] [stderr]    Compiling tracing-subscriber v0.3.15
[INFO] [stderr]    Compiling sea-schema v0.9.3
[INFO] [stderr]    Compiling clap v3.2.16
[INFO] [stderr]    Compiling async-std v1.12.0
[INFO] [stderr]    Compiling sea-orm v0.9.1
[INFO] [stderr]    Compiling ring v0.16.20
[INFO] [stderr]    Compiling dotenv v0.15.0
[INFO] [stderr]    Compiling sea-orm-cli v0.9.1
[INFO] [stderr]    Compiling spin v0.5.2
[INFO] [stderr]    Compiling untrusted v0.7.1
[INFO] [stderr]    Compiling sea-orm-rocket-codegen v0.5.0 (https://github.com/SeaQL/sea-orm#be0f7b4f)
[INFO] [stderr]    Compiling simple_asn1 v0.6.2
[INFO] [stderr]    Compiling pem v1.1.0
[INFO] [stderr]    Compiling sea-orm-rocket v0.5.0 (https://github.com/SeaQL/sea-orm#be0f7b4f)
[INFO] [stderr]    Compiling entity v0.1.0 (/opt/rustwide/workdir/entity)
[INFO] [stderr]    Compiling sea-orm-migration v0.9.1
[INFO] [stderr]    Compiling migration v0.1.0 (/opt/rustwide/workdir/migration)
[INFO] [stdout] warning: unused import: `TransactionTrait`
[INFO] [stdout]  --> migration/src/m20220810_230432_seed.rs:1:65
[INFO] [stdout]   |
[INFO] [stdout] 1 | use sea_orm_migration::{prelude::*, sea_orm::{ActiveModelTrait, TransactionTrait}};
[INFO] [stdout]   |                                                                 ^^^^^^^^^^^^^^^^
[INFO] [stdout]   |
[INFO] [stdout]   = note: `#[warn(unused_imports)]` (part of `#[warn(unused)]`) on by default
[INFO] [stdout] 
[INFO] [stdout] 
[INFO] [stderr]    Compiling jsonwebtoken v8.1.1
[INFO] [stderr]    Compiling splat_cad_backend v0.1.0 (/opt/rustwide/workdir)
[INFO] [stdout] warning: unused import: `create`
[INFO] [stdout]   --> src/routes/project.rs:37:14
[INFO] [stdout]    |
[INFO] [stdout] 37 | pub async fn create(
[INFO] [stdout]    |              ^^^^^^
[INFO] [stdout]    |
[INFO] [stdout]    = note: `#[warn(unused_imports)]` (part of `#[warn(unused)]`) on by default
[INFO] [stdout] 
[INFO] [stdout] 
[INFO] [stdout] warning: unused import: `read_one`
[INFO] [stdout]   --> src/routes/project.rs:77:14
[INFO] [stdout]    |
[INFO] [stdout] 77 | pub async fn read_one(
[INFO] [stdout]    |              ^^^^^^^^
[INFO] [stdout] 
[INFO] [stdout] 
[INFO] [stdout] warning: unused import: `read_all_for_user`
[INFO] [stdout]   --> src/routes/project.rs:93:14
[INFO] [stdout]    |
[INFO] [stdout] 93 | pub async fn read_all_for_user(
[INFO] [stdout]    |              ^^^^^^^^^^^^^^^^^
[INFO] [stdout] 
[INFO] [stdout] 
[INFO] [stdout] warning: unused import: `get_files_for_project`
[INFO] [stdout]    --> src/routes/project.rs:112:14
[INFO] [stdout]     |
[INFO] [stdout] 112 | pub async fn get_files_for_project(
[INFO] [stdout]     |              ^^^^^^^^^^^^^^^^^^^^^
[INFO] [stdout] 
[INFO] [stdout] 
[INFO] [stdout] warning: unused import: `get_commits_for_project`
[INFO] [stdout]    --> src/routes/project.rs:134:14
[INFO] [stdout]     |
[INFO] [stdout] 134 | pub async fn get_commits_for_project(
[INFO] [stdout]     |              ^^^^^^^^^^^^^^^^^^^^^^^
[INFO] [stdout] 
[INFO] [stdout] 
[INFO] [stdout] warning: unused import: `get_versions_for_project`
[INFO] [stdout]    --> src/routes/project.rs:157:14
[INFO] [stdout]     |
[INFO] [stdout] 157 | pub async fn get_versions_for_project(
[INFO] [stdout]     |              ^^^^^^^^^^^^^^^^^^^^^^^^
[INFO] [stdout] 
[INFO] [stdout] 
[INFO] [stdout] warning: unused import: `user_id`
[INFO] [stdout]  --> src/routes/debug.rs:5:8
[INFO] [stdout]   |
[INFO] [stdout] 5 | pub fn user_id(user: User) -> String {
[INFO] [stdout]   |        ^^^^^^^
[INFO] [stdout] 
[INFO] [stdout] 
[INFO] [stdout] warning: field `0` is never read
[INFO] [stdout]  --> src/errors.rs:6:14
[INFO] [stdout]   |
[INFO] [stdout] 6 |     JwtError(ErrorKind),
[INFO] [stdout]   |     -------- ^^^^^^^^^
[INFO] [stdout]   |     |
[INFO] [stdout]   |     field in this variant
[INFO] [stdout]   |
[INFO] [stdout]   = note: `MyError` has a derived impl for the trait `Debug`, but this is intentionally ignored during dead code analysis
[INFO] [stdout]   = note: `#[warn(dead_code)]` (part of `#[warn(unused)]`) on by default
[INFO] [stdout] help: consider changing the field to be of unit type to suppress this warning while preserving the field numbering, or remove the field
[INFO] [stdout]   |
[INFO] [stdout] 6 -     JwtError(ErrorKind),
[INFO] [stdout] 6 +     JwtError(()),
[INFO] [stdout]   |
[INFO] [stdout] 
[INFO] [stdout] 
[INFO] [stdout] warning: field `0` is never read
[INFO] [stdout]  --> src/errors.rs:7:11
[INFO] [stdout]   |
[INFO] [stdout] 7 |     DbErr(DbErr),
[INFO] [stdout]   |     ----- ^^^^^
[INFO] [stdout]   |     |
[INFO] [stdout]   |     field in this variant
[INFO] [stdout]   |
[INFO] [stdout]   = note: `MyError` has a derived impl for the trait `Debug`, but this is intentionally ignored during dead code analysis
[INFO] [stdout] help: consider changing the field to be of unit type to suppress this warning while preserving the field numbering, or remove the field
[INFO] [stdout]   |
[INFO] [stdout] 7 -     DbErr(DbErr),
[INFO] [stdout] 7 +     DbErr(()),
[INFO] [stdout]   |
[INFO] [stdout] 
[INFO] [stdout] 
[INFO] [stderr]     Finished `release` profile [optimized] target(s) in 7m 53s
[INFO] [stderr] warning: the following packages contain code that will be rejected by a future version of Rust: openssl v0.10.41, sqlx-core v0.6.1
[INFO] [stderr] note: to see what the problems were, use the option `--future-incompat-report`, or run `cargo report future-incompatibilities --id 2`
[INFO] running `Command { std: "docker" "inspect" "d55415615d8647ed8a81aa9eee009b1433c2d568b74a4609395fc26dad89a542", kill_on_drop: false }`
[INFO] running `Command { std: "docker" "exec" "-e" "SOURCE_DIR=/opt/rustwide/workdir" "-e" "CARGO_HOME=/opt/rustwide/cargo-home" "-e" "RUSTUP_HOME=/opt/rustwide/rustup-home" "-e" "CARGO_TARGET_DIR=/opt/rustwide/target" "-e" "CARGO_INCREMENTAL=0" "-e" "RUST_BACKTRACE=full" "-e" "RUSTFLAGS=--cap-lints=warn" "-e" "RUSTDOCFLAGS=--cap-lints=warn" "-w" "/opt/rustwide/workdir" "--user" "0:0" "d55415615d8647ed8a81aa9eee009b1433c2d568b74a4609395fc26dad89a542" "/opt/rustwide/cargo-home/bin/cargo" "+1.99.0-beta.8" "test" "--frozen" "--no-run" "--message-format=json" "--release", kill_on_drop: false }`
[INFO] [stderr]    Compiling splat_cad_backend v0.1.0 (/opt/rustwide/workdir)
[INFO] [stdout] warning: unused import: `TransactionTrait`
[INFO] [stdout]  --> migration/src/m20220810_230432_seed.rs:1:65
[INFO] [stdout]   |
[INFO] [stdout] 1 | use sea_orm_migration::{prelude::*, sea_orm::{ActiveModelTrait, TransactionTrait}};
[INFO] [stdout]   |                                                                 ^^^^^^^^^^^^^^^^
[INFO] [stdout]   |
[INFO] [stdout]   = note: `#[warn(unused_imports)]` (part of `#[warn(unused)]`) on by default
[INFO] [stdout] 
[INFO] [stdout] 
[INFO] [stdout] warning: unused import: `create`
[INFO] [stdout]   --> src/routes/project.rs:37:14
[INFO] [stdout]    |
[INFO] [stdout] 37 | pub async fn create(
[INFO] [stdout]    |              ^^^^^^
[INFO] [stdout]    |
[INFO] [stdout]    = note: `#[warn(unused_imports)]` (part of `#[warn(unused)]`) on by default
[INFO] [stdout] 
[INFO] [stdout] 
[INFO] [stdout] warning: unused import: `read_one`
[INFO] [stdout]   --> src/routes/project.rs:77:14
[INFO] [stdout]    |
[INFO] [stdout] 77 | pub async fn read_one(
[INFO] [stdout]    |              ^^^^^^^^
[INFO] [stdout] 
[INFO] [stdout] 
[INFO] [stdout] warning: unused import: `read_all_for_user`
[INFO] [stdout]   --> src/routes/project.rs:93:14
[INFO] [stdout]    |
[INFO] [stdout] 93 | pub async fn read_all_for_user(
[INFO] [stdout]    |              ^^^^^^^^^^^^^^^^^
[INFO] [stdout] 
[INFO] [stdout] 
[INFO] [stdout] warning: unused import: `get_files_for_project`
[INFO] [stdout]    --> src/routes/project.rs:112:14
[INFO] [stdout]     |
[INFO] [stdout] 112 | pub async fn get_files_for_project(
[INFO] [stdout]     |              ^^^^^^^^^^^^^^^^^^^^^
[INFO] [stdout] 
[INFO] [stdout] 
[INFO] [stdout] warning: unused import: `get_commits_for_project`
[INFO] [stdout]    --> src/routes/project.rs:134:14
[INFO] [stdout]     |
[INFO] [stdout] 134 | pub async fn get_commits_for_project(
[INFO] [stdout]     |              ^^^^^^^^^^^^^^^^^^^^^^^
[INFO] [stdout] 
[INFO] [stdout] 
[INFO] [stdout] warning: unused import: `get_versions_for_project`
[INFO] [stdout]    --> src/routes/project.rs:157:14
[INFO] [stdout]     |
[INFO] [stdout] 157 | pub async fn get_versions_for_project(
[INFO] [stdout]     |              ^^^^^^^^^^^^^^^^^^^^^^^^
[INFO] [stdout] 
[INFO] [stdout] 
[INFO] [stdout] warning: field `0` is never read
[INFO] [stdout]  --> src/errors.rs:6:14
[INFO] [stdout]   |
[INFO] [stdout] 6 |     JwtError(ErrorKind),
[INFO] [stdout]   |     -------- ^^^^^^^^^
[INFO] [stdout]   |     |
[INFO] [stdout]   |     field in this variant
[INFO] [stdout]   |
[INFO] [stdout]   = note: `MyError` has a derived impl for the trait `Debug`, but this is intentionally ignored during dead code analysis
[INFO] [stdout]   = note: `#[warn(dead_code)]` (part of `#[warn(unused)]`) on by default
[INFO] [stdout] help: consider changing the field to be of unit type to suppress this warning while preserving the field numbering, or remove the field
[INFO] [stdout]   |
[INFO] [stdout] 6 -     JwtError(ErrorKind),
[INFO] [stdout] 6 +     JwtError(()),
[INFO] [stdout]   |
[INFO] [stdout] 
[INFO] [stdout] 
[INFO] [stdout] warning: field `0` is never read
[INFO] [stdout]  --> src/errors.rs:7:11
[INFO] [stdout]   |
[INFO] [stdout] 7 |     DbErr(DbErr),
[INFO] [stdout]   |     ----- ^^^^^
[INFO] [stdout]   |     |
[INFO] [stdout]   |     field in this variant
[INFO] [stdout]   |
[INFO] [stdout]   = note: `MyError` has a derived impl for the trait `Debug`, but this is intentionally ignored during dead code analysis
[INFO] [stdout] help: consider changing the field to be of unit type to suppress this warning while preserving the field numbering, or remove the field
[INFO] [stdout]   |
[INFO] [stdout] 7 -     DbErr(DbErr),
[INFO] [stdout] 7 +     DbErr(()),
[INFO] [stdout]   |
[INFO] [stdout] 
[INFO] [stdout] 
[INFO] [stderr]     Finished `release` profile [optimized] target(s) in 25.98s
[INFO] [stderr] warning: the following packages contain code that will be rejected by a future version of Rust: openssl v0.10.41, sqlx-core v0.6.1
[INFO] [stderr] note: to see what the problems were, use the option `--future-incompat-report`, or run `cargo report future-incompatibilities --id 2`
[INFO] running `Command { std: "docker" "inspect" "d55415615d8647ed8a81aa9eee009b1433c2d568b74a4609395fc26dad89a542", kill_on_drop: false }`
[INFO] running `Command { std: "docker" "exec" "-e" "SOURCE_DIR=/opt/rustwide/workdir" "-e" "CARGO_HOME=/opt/rustwide/cargo-home" "-e" "RUSTUP_HOME=/opt/rustwide/rustup-home" "-e" "CARGO_TARGET_DIR=/opt/rustwide/target" "-e" "CARGO_INCREMENTAL=0" "-e" "RUST_BACKTRACE=full" "-e" "RUSTFLAGS=--cap-lints=warn" "-e" "RUSTDOCFLAGS=--cap-lints=warn" "-w" "/opt/rustwide/workdir" "--user" "0:0" "d55415615d8647ed8a81aa9eee009b1433c2d568b74a4609395fc26dad89a542" "/opt/rustwide/cargo-home/bin/cargo" "+1.99.0-beta.8" "test" "--frozen" "--release", kill_on_drop: false }`
[INFO] [stderr] warning: unused import: `TransactionTrait`
[INFO] [stderr]  --> migration/src/m20220810_230432_seed.rs:1:65
[INFO] [stderr]   |
[INFO] [stderr] 1 | use sea_orm_migration::{prelude::*, sea_orm::{ActiveModelTrait, TransactionTrait}};
[INFO] [stderr]   |                                                                 ^^^^^^^^^^^^^^^^
[INFO] [stderr]   |
[INFO] [stderr]   = note: `#[warn(unused_imports)]` (part of `#[warn(unused)]`) on by default
[INFO] [stderr] 
[INFO] [stderr] warning: `migration` (lib) generated 1 warning (run `cargo fix --lib -p migration` to apply 1 suggestion)
[INFO] [stderr] warning: unused import: `create`
[INFO] [stderr]   --> src/routes/project.rs:37:14
[INFO] [stderr]    |
[INFO] [stderr] 37 | pub async fn create(
[INFO] [stderr]    |              ^^^^^^
[INFO] [stderr]    |
[INFO] [stderr]    = note: `#[warn(unused_imports)]` (part of `#[warn(unused)]`) on by default
[INFO] [stderr] 
[INFO] [stderr] warning: unused import: `read_one`
[INFO] [stderr]   --> src/routes/project.rs:77:14
[INFO] [stderr]    |
[INFO] [stderr] 77 | pub async fn read_one(
[INFO] [stderr]    |              ^^^^^^^^
[INFO] [stderr] 
[INFO] [stderr] warning: unused import: `read_all_for_user`
[INFO] [stderr]   --> src/routes/project.rs:93:14
[INFO] [stderr]    |
[INFO] [stderr] 93 | pub async fn read_all_for_user(
[INFO] [stderr]    |              ^^^^^^^^^^^^^^^^^
[INFO] [stderr] 
[INFO] [stderr] warning: unused import: `get_files_for_project`
[INFO] [stderr]    --> src/routes/project.rs:112:14
[INFO] [stderr]     |
[INFO] [stderr] 112 | pub async fn get_files_for_project(
[INFO] [stderr]     |              ^^^^^^^^^^^^^^^^^^^^^
[INFO] [stderr] 
[INFO] [stderr] warning: unused import: `get_commits_for_project`
[INFO] [stderr]    --> src/routes/project.rs:134:14
[INFO] [stderr]     |
[INFO] [stderr] 134 | pub async fn get_commits_for_project(
[INFO] [stderr]     |              ^^^^^^^^^^^^^^^^^^^^^^^
[INFO] [stderr] 
[INFO] [stderr] warning: unused import: `get_versions_for_project`
[INFO] [stderr]    --> src/routes/project.rs:157:14
[INFO] [stderr]     |
[INFO] [stderr] 157 | pub async fn get_versions_for_project(
[INFO] [stderr]     |              ^^^^^^^^^^^^^^^^^^^^^^^^
[INFO] [stderr] 
[INFO] [stderr] warning: field `0` is never read
[INFO] [stderr]  --> src/errors.rs:6:14
[INFO] [stderr]   |
[INFO] [stderr] 6 |     JwtError(ErrorKind),
[INFO] [stderr]   |     -------- ^^^^^^^^^
[INFO] [stderr]   |     |
[INFO] [stderr]   |     field in this variant
[INFO] [stderr]   |
[INFO] [stderr]   = note: `MyError` has a derived impl for the trait `Debug`, but this is intentionally ignored during dead code analysis
[INFO] [stderr]   = note: `#[warn(dead_code)]` (part of `#[warn(unused)]`) on by default
[INFO] [stderr] help: consider changing the field to be of unit type to suppress this warning while preserving the field numbering, or remove the field
[INFO] [stderr]   |
[INFO] [stderr] 6 -     JwtError(ErrorKind),
[INFO] [stderr] 6 +     JwtError(()),
[INFO] [stderr]   |
[INFO] [stderr] 
[INFO] [stderr] warning: field `0` is never read
[INFO] [stderr]  --> src/errors.rs:7:11
[INFO] [stderr]   |
[INFO] [stderr] 7 |     DbErr(DbErr),
[INFO] [stderr]   |     ----- ^^^^^
[INFO] [stderr]   |     |
[INFO] [stderr]   |     field in this variant
[INFO] [stderr]   |
[INFO] [stderr]   = note: `MyError` has a derived impl for the trait `Debug`, but this is intentionally ignored during dead code analysis
[INFO] [stderr] help: consider changing the field to be of unit type to suppress this warning while preserving the field numbering, or remove the field
[INFO] [stderr]   |
[INFO] [stderr] 7 -     DbErr(DbErr),
[INFO] [stderr] 7 +     DbErr(()),
[INFO] [stderr]   |
[INFO] [stderr] 
[INFO] [stderr] warning: `splat_cad_backend` (bin "splat_cad_backend" test) generated 8 warnings
[INFO] [stderr]     Finished `release` profile [optimized] target(s) in 0.44s
[INFO] [stderr] warning: the following packages contain code that will be rejected by a future version of Rust: openssl v0.10.41, sqlx-core v0.6.1
[INFO] [stderr] note: to see what the problems were, use the option `--future-incompat-report`, or run `cargo report future-incompatibilities --id 2`
[INFO] [stderr]      Running unittests src/main.rs (/opt/rustwide/target/release/deps/splat_cad_backend-330bf6609eeff34a)
[INFO] [stdout] 
[INFO] [stdout] running 1 test
[INFO] [stdout] Error: failed to initialize database: Connection Error: pool timed out while waiting for an open connection
[INFO] [stdout] Error: Attempted to fetch unattached database `splat_cad_backend::pool::Db`.
[INFO] [stdout]    >> `splat_cad_backend::pool::Db::init()` fairing must be attached prior to using this database.
[INFO] [stderr] error: test failed, to rerun pass `--bin splat_cad_backend`
[INFO] [stdout] test tests::basic_rocket_tests::test::hello_world ... FAILED
[INFO] [stdout] 
[INFO] [stdout] failures:
[INFO] [stdout] 
[INFO] [stdout] ---- tests::basic_rocket_tests::test::hello_world stdout ----
[INFO] [stdout] 
[INFO] [stdout] thread 'tests::basic_rocket_tests::test::hello_world' (6302) panicked at src/main.rs:25:36:
[INFO] [stdout] called `Option::unwrap()` on a `None` value
[INFO] [stdout] stack backtrace:
[INFO] [stdout]    0:     0x63ecbd895351 - <<std[70759c8f55707aa4]::sys::backtrace::BacktraceLock>::print::DisplayBacktrace as core[df12db4294e9bfd3]::fmt::Display>::fmt
[INFO] [stdout]    1:     0x63ecbd8ae73a - core[df12db4294e9bfd3]::fmt::write
[INFO] [stdout]    2:     0x63ecbd899d8c - <alloc[2182bb758b4b3781]::vec::Vec<u8> as core[df12db4294e9bfd3]::io::write::Write>::write_fmt
[INFO] [stdout]    3:     0x63ecbd86fb56 - std[70759c8f55707aa4]::panicking::default_hook::{closure#0}
[INFO] [stdout]    4:     0x63ecbd88cbf9 - std[70759c8f55707aa4]::panicking::default_hook
[INFO] [stdout]    5:     0x63ecbd4f35a0 - test[9d35eded1c95d3be]::test_main_inner::<test[9d35eded1c95d3be]::test_main_static::{closure#0}>::{closure#0}
[INFO] [stdout]    6:     0x63ecbd88cf22 - std[70759c8f55707aa4]::panicking::panic_with_hook
[INFO] [stdout]    7:     0x63ecbd86fc34 - std[70759c8f55707aa4]::panicking::panic_handler::{closure#0}
[INFO] [stdout]    8:     0x63ecbd8684d9 - std[70759c8f55707aa4]::sys::backtrace::__rust_end_short_backtrace::<std[70759c8f55707aa4]::panicking::panic_handler::{closure#0}, !>
[INFO] [stdout]    9:     0x63ecbd870a8d - __rustc[8fa7c3cbc660c2b3]::rust_begin_unwind
[INFO] [stdout]   10:     0x63ecbd8aee9c - core[df12db4294e9bfd3]::panicking::panic_fmt
[INFO] [stdout]   11:     0x63ecbd8aee62 - core[df12db4294e9bfd3]::panicking::panic
[INFO] [stdout]   12:     0x63ecbd8aec19 - core[df12db4294e9bfd3]::option::unwrap_failed
[INFO] [stdout]   13:     0x63ecbd48bea8 - splat_cad_backend[18a5815d31728457]::run_migrations::{closure#0}
[INFO] [stdout]   14:     0x63ecbd793e80 - <rocket[927926e470ee2d81]::fairing::ad_hoc::AdHoc as rocket[927926e470ee2d81]::fairing::Fairing>::on_ignite::{closure#0}
[INFO] [stdout]   15:     0x63ecbd4b585e - <std[70759c8f55707aa4]::thread::local::LocalKey<core[df12db4294e9bfd3]::cell::Cell<tokio[15a2caf26423b339]::coop::Budget>>>::with::<tokio[15a2caf26423b339]::coop::with_budget<core[df12db4294e9bfd3]::task::poll::Poll<core[df12db4294e9bfd3]::result::Result<rocket[927926e470ee2d81]::local::asynchronous::client::Client, rocket[927926e470ee2d81]::error::Error>>, <tokio[15a2caf26423b339]::park::thread::CachedParkThread>::block_on<<rocket[927926e470ee2d81]::local::asynchronous::client::Client>::_new<rocket[927926e470ee2d81]::phase::Build>::{closure#0}>::{closure#0}>::{closure#0}, core[df12db4294e9bfd3]::task::poll::Poll<core[df12db4294e9bfd3]::result::Result<rocket[927926e470ee2d81]::local::asynchronous::client::Client, rocket[927926e470ee2d81]::error::Error>>>
[INFO] [stdout]   16:     0x63ecbd450575 - <tokio[15a2caf26423b339]::runtime::Runtime>::block_on::<<rocket[927926e470ee2d81]::local::asynchronous::client::Client>::_new<rocket[927926e470ee2d81]::phase::Build>::{closure#0}>
[INFO] [stdout]   17:     0x63ecbd4d4c20 - <rocket[927926e470ee2d81]::local::blocking::client::Client>::_new::<rocket[927926e470ee2d81]::phase::Build>
[INFO] [stdout]   18:     0x63ecbd43a3ff - splat_cad_backend[18a5815d31728457]::tests::basic_rocket_tests::test::hello_world
[INFO] [stdout]   19:     0x63ecbd490769 - <splat_cad_backend[18a5815d31728457]::tests::basic_rocket_tests::test::hello_world::{closure#0} as core[df12db4294e9bfd3]::ops::function::FnOnce<()>>::call_once
[INFO] [stdout]   20:     0x63ecbd4e688b - test[9d35eded1c95d3be]::__rust_begin_short_backtrace::<core[df12db4294e9bfd3]::result::Result<(), alloc[2182bb758b4b3781]::string::String>, fn() -> core[df12db4294e9bfd3]::result::Result<(), alloc[2182bb758b4b3781]::string::String>>
[INFO] [stdout]   21:     0x63ecbd4f3ef5 - test[9d35eded1c95d3be]::run_test::{closure#0}
[INFO] [stdout]   22:     0x63ecbd4ed7b4 - std[70759c8f55707aa4]::sys::backtrace::__rust_begin_short_backtrace::<test[9d35eded1c95d3be]::run_test::{closure#1}, ()>
[INFO] [stdout]   23:     0x63ecbd4f7052 - <std[70759c8f55707aa4]::thread::lifecycle::spawn_unchecked<test[9d35eded1c95d3be]::run_test::{closure#1}, ()>::{closure#1} as core[df12db4294e9bfd3]::ops::function::FnOnce<()>>::call_once::{shim:vtable#0}
[INFO] [stdout]   24:     0x63ecbd8941e9 - <std[70759c8f55707aa4]::sys::thread::unix::Thread>::new::thread_start
[INFO] [stdout]   25:     0x70510ea02dfa - <unknown>
[INFO] [stdout]   26:     0x70510ea963d4 - clone
[INFO] [stdout]   27:                0x0 - <unknown>
[INFO] [stdout] 
[INFO] [stdout] 
[INFO] [stdout] failures:
[INFO] [stdout]     tests::basic_rocket_tests::test::hello_world
[INFO] [stdout] 
[INFO] [stdout] test result: FAILED. 0 passed; 1 failed; 0 ignored; 0 measured; 0 filtered out; finished in 5.01s
[INFO] [stdout] 
[INFO] running `Command { std: "docker" "inspect" "d55415615d8647ed8a81aa9eee009b1433c2d568b74a4609395fc26dad89a542", kill_on_drop: false }`
[INFO] running `Command { std: "docker" "rm" "-f" "d55415615d8647ed8a81aa9eee009b1433c2d568b74a4609395fc26dad89a542", kill_on_drop: false }`
[INFO] [stdout] d55415615d8647ed8a81aa9eee009b1433c2d568b74a4609395fc26dad89a542
