[INFO] cloning repository https://github.com/ChrisGreenaway/accounts-solution
[INFO] running `Command { std: "git" "-c" "credential.helper=" "-c" "credential.helper=/workspace/cargo-home/bin/git-credential-null" "clone" "--bare" "https://github.com/ChrisGreenaway/accounts-solution" "/workspace/cache/git-repos/https%3A%2F%2Fgithub.com%2FChrisGreenaway%2Faccounts-solution", kill_on_drop: false }`
[INFO] [stderr] Cloning into bare repository '/workspace/cache/git-repos/https%3A%2F%2Fgithub.com%2FChrisGreenaway%2Faccounts-solution'...
[INFO] running `Command { std: "git" "rev-parse" "HEAD", kill_on_drop: false }`
[INFO] [stdout] 96c519ffbebf8d80b50866ea78bc43c56bc40bb8
[INFO] testing ChrisGreenaway/accounts-solution against 1.100.0-beta.1+cargoflags=--release for beta-release-1.100-3
[INFO] running `Command { std: "git" "clone" "/workspace/cache/git-repos/https%3A%2F%2Fgithub.com%2FChrisGreenaway%2Faccounts-solution" "/workspace/builds/worker-7-tc2/source", kill_on_drop: false }`
[INFO] [stderr] Cloning into '/workspace/builds/worker-7-tc2/source'...
[INFO] [stderr] done.
[INFO] started tweaking git repo https://github.com/ChrisGreenaway/accounts-solution
[INFO] finished tweaking git repo https://github.com/ChrisGreenaway/accounts-solution
[INFO] tweaked toml for git repo https://github.com/ChrisGreenaway/accounts-solution written to /workspace/builds/worker-7-tc2/source/Cargo.toml
[INFO] validating manifest of git repo https://github.com/ChrisGreenaway/accounts-solution on toolchain 1.100.0-beta.1
[INFO] running `Command { std: CARGO_HOME="/workspace/cargo-home" RUSTUP_HOME="/workspace/rustup-home" "/workspace/cargo-home/bin/cargo" "+1.100.0-beta.1" "metadata" "--manifest-path" "Cargo.toml" "--no-deps", kill_on_drop: false }`
[INFO] crate git repo https://github.com/ChrisGreenaway/accounts-solution already has a lockfile, it will not be regenerated
[INFO] running `Command { std: CARGO_HOME="/workspace/cargo-home" RUSTUP_HOME="/workspace/rustup-home" "/workspace/cargo-home/bin/cargo" "+1.100.0-beta.1" "fetch" "--manifest-path" "Cargo.toml", kill_on_drop: false }`
[INFO] running `Command { std: "docker" "create" "-v" "/var/lib/crater-agent-workspace/builds/worker-7-tc2/source:/opt/rustwide/workdir:ro,Z" "-v" "/var/lib/crater-agent-workspace/builds/worker-7-tc2/target:/opt/rustwide/target:rw,Z" "-v" "/var/lib/crater-agent-workspace/cargo-home:/opt/rustwide/cargo-home:ro,Z" "-v" "/var/lib/crater-agent-workspace/rustup-home:/opt/rustwide/rustup-home:ro,Z" "-m" "1610612736" "--network" "none" "ghcr.io/rust-lang/crates-build-env/linux@sha256:77db811e55d90add9212f6832c23229e3de5f1c1f9905e8cb07319ea15df73ac" "sleep" "infinity", kill_on_drop: false }`
[INFO] [stdout] 1fe914a843412cba0cc76932f6d481ef46afab57e3ec3098b4a1830e136f5a7f
[INFO] running `Command { std: "docker" "start" "1fe914a843412cba0cc76932f6d481ef46afab57e3ec3098b4a1830e136f5a7f", kill_on_drop: false }`
[INFO] running `Command { std: "docker" "inspect" "1fe914a843412cba0cc76932f6d481ef46afab57e3ec3098b4a1830e136f5a7f", kill_on_drop: false }`
[INFO] running `Command { std: "docker" "exec" "-e" "SOURCE_DIR=/opt/rustwide/workdir" "-e" "CARGO_HOME=/opt/rustwide/cargo-home" "-e" "RUSTUP_HOME=/opt/rustwide/rustup-home" "-e" "CARGO_TARGET_DIR=/opt/rustwide/target" "-w" "/opt/rustwide/workdir" "--user" "0:0" "1fe914a843412cba0cc76932f6d481ef46afab57e3ec3098b4a1830e136f5a7f" "/opt/rustwide/cargo-home/bin/cargo" "+1.100.0-beta.1" "metadata" "--no-deps" "--format-version=1", kill_on_drop: false }`
[INFO] running `Command { std: "docker" "inspect" "1fe914a843412cba0cc76932f6d481ef46afab57e3ec3098b4a1830e136f5a7f", kill_on_drop: false }`
[INFO] running `Command { std: "docker" "exec" "-e" "SOURCE_DIR=/opt/rustwide/workdir" "-e" "CARGO_HOME=/opt/rustwide/cargo-home" "-e" "RUSTUP_HOME=/opt/rustwide/rustup-home" "-e" "CARGO_TARGET_DIR=/opt/rustwide/target" "-e" "CARGO_INCREMENTAL=0" "-e" "RUST_BACKTRACE=full" "-e" "RUSTFLAGS=--cap-lints=warn" "-e" "RUSTDOCFLAGS=--cap-lints=warn" "-w" "/opt/rustwide/workdir" "--user" "0:0" "1fe914a843412cba0cc76932f6d481ef46afab57e3ec3098b4a1830e136f5a7f" "/opt/rustwide/cargo-home/bin/cargo" "+1.100.0-beta.1" "build" "--frozen" "--message-format=json" "--release", kill_on_drop: false }`
[INFO] [stderr]    Compiling proc-macro2 v1.0.29
[INFO] [stderr]    Compiling unicode-xid v0.2.2
[INFO] [stderr]    Compiling syn v1.0.76
[INFO] [stderr]    Compiling serde_derive v1.0.130
[INFO] [stderr]    Compiling memchr v2.4.1
[INFO] [stderr]    Compiling serde v1.0.130
[INFO] [stderr]    Compiling autocfg v1.0.1
[INFO] [stderr]    Compiling ryu v1.0.5
[INFO] [stderr]    Compiling regex-automata v0.1.10
[INFO] [stderr]    Compiling arrayvec v0.5.2
[INFO] [stderr]    Compiling itoa v0.4.8
[INFO] [stderr]    Compiling num-traits v0.2.14
[INFO] [stderr]    Compiling csv-core v0.1.10
[INFO] [stderr]    Compiling quote v1.0.9
[INFO] [stderr]    Compiling bstr v0.2.16
[INFO] [stderr]    Compiling rust_decimal v1.15.0
[INFO] [stderr]    Compiling csv v1.1.6
[INFO] [stderr]    Compiling accounts-solution v0.1.0 (/opt/rustwide/workdir)
[INFO] [stderr]     Finished `release` profile [optimized] target(s) in 18.38s
[INFO] running `Command { std: "docker" "inspect" "1fe914a843412cba0cc76932f6d481ef46afab57e3ec3098b4a1830e136f5a7f", kill_on_drop: false }`
[INFO] running `Command { std: "docker" "exec" "-e" "SOURCE_DIR=/opt/rustwide/workdir" "-e" "CARGO_HOME=/opt/rustwide/cargo-home" "-e" "RUSTUP_HOME=/opt/rustwide/rustup-home" "-e" "CARGO_TARGET_DIR=/opt/rustwide/target" "-e" "CARGO_INCREMENTAL=0" "-e" "RUST_BACKTRACE=full" "-e" "RUSTFLAGS=--cap-lints=warn" "-e" "RUSTDOCFLAGS=--cap-lints=warn" "-w" "/opt/rustwide/workdir" "--user" "0:0" "1fe914a843412cba0cc76932f6d481ef46afab57e3ec3098b4a1830e136f5a7f" "/opt/rustwide/cargo-home/bin/cargo" "+1.100.0-beta.1" "test" "--frozen" "--no-run" "--message-format=json" "--release", kill_on_drop: false }`
[INFO] [stderr]    Compiling test_bin v0.3.0
[INFO] [stderr]    Compiling accounts-solution v0.1.0 (/opt/rustwide/workdir)
[INFO] [stdout] warning: hiding a lifetime that's elided elsewhere is confusing
[INFO] [stdout]    --> tests/integration_test.rs:126:19
[INFO] [stdout]     |
[INFO] [stdout] 126 | fn stdout(output: &Output) -> Cow<str> {
[INFO] [stdout]     |                   ^^^^^^^     ^^^^^^^^ the same lifetime is hidden here
[INFO] [stdout]     |                   |
[INFO] [stdout]     |                   the lifetime is elided here
[INFO] [stdout]     |
[INFO] [stdout]     = help: the same lifetime is referred to in inconsistent ways, making the signature confusing
[INFO] [stdout]     = note: `#[warn(mismatched_lifetime_syntaxes)]` on by default
[INFO] [stdout] help: use `'_` for type paths
[INFO] [stdout]     |
[INFO] [stdout] 126 | fn stdout(output: &Output) -> Cow<'_, str> {
[INFO] [stdout]     |                                   +++
[INFO] [stdout] 
[INFO] [stdout] 
[INFO] [stdout] warning: hiding a lifetime that's elided elsewhere is confusing
[INFO] [stdout]    --> tests/integration_test.rs:130:19
[INFO] [stdout]     |
[INFO] [stdout] 130 | fn stderr(output: &Output) -> Cow<str> {
[INFO] [stdout]     |                   ^^^^^^^     ^^^^^^^^ the same lifetime is hidden here
[INFO] [stdout]     |                   |
[INFO] [stdout]     |                   the lifetime is elided here
[INFO] [stdout]     |
[INFO] [stdout]     = help: the same lifetime is referred to in inconsistent ways, making the signature confusing
[INFO] [stdout] help: use `'_` for type paths
[INFO] [stdout]     |
[INFO] [stdout] 130 | fn stderr(output: &Output) -> Cow<'_, str> {
[INFO] [stdout]     |                                   +++
[INFO] [stdout] 
[INFO] [stdout] 
[INFO] [stderr]     Finished `release` profile [optimized] target(s) in 2.36s
[INFO] running `Command { std: "docker" "inspect" "1fe914a843412cba0cc76932f6d481ef46afab57e3ec3098b4a1830e136f5a7f", kill_on_drop: false }`
[INFO] running `Command { std: "docker" "exec" "-e" "SOURCE_DIR=/opt/rustwide/workdir" "-e" "CARGO_HOME=/opt/rustwide/cargo-home" "-e" "RUSTUP_HOME=/opt/rustwide/rustup-home" "-e" "CARGO_TARGET_DIR=/opt/rustwide/target" "-e" "CARGO_INCREMENTAL=0" "-e" "RUST_BACKTRACE=full" "-e" "RUSTFLAGS=--cap-lints=warn" "-e" "RUSTDOCFLAGS=--cap-lints=warn" "-w" "/opt/rustwide/workdir" "--user" "0:0" "1fe914a843412cba0cc76932f6d481ef46afab57e3ec3098b4a1830e136f5a7f" "/opt/rustwide/cargo-home/bin/cargo" "+1.100.0-beta.1" "test" "--frozen" "--release", kill_on_drop: false }`
[INFO] [stderr] warning: hiding a lifetime that's elided elsewhere is confusing
[INFO] [stderr]    --> tests/integration_test.rs:126:19
[INFO] [stderr]     |
[INFO] [stderr] 126 | fn stdout(output: &Output) -> Cow<str> {
[INFO] [stderr]     |                   ^^^^^^^     ^^^^^^^^ the same lifetime is hidden here
[INFO] [stderr]     |                   |
[INFO] [stderr]     |                   the lifetime is elided here
[INFO] [stderr]     |
[INFO] [stderr]     = help: the same lifetime is referred to in inconsistent ways, making the signature confusing
[INFO] [stderr]     = note: `#[warn(mismatched_lifetime_syntaxes)]` on by default
[INFO] [stderr] help: use `'_` for type paths
[INFO] [stderr]     |
[INFO] [stderr] 126 | fn stdout(output: &Output) -> Cow<'_, str> {
[INFO] [stderr]     |                                   +++
[INFO] [stderr] 
[INFO] [stderr] warning: hiding a lifetime that's elided elsewhere is confusing
[INFO] [stderr]    --> tests/integration_test.rs:130:19
[INFO] [stderr]     |
[INFO] [stderr] 130 | fn stderr(output: &Output) -> Cow<str> {
[INFO] [stderr]     |                   ^^^^^^^     ^^^^^^^^ the same lifetime is hidden here
[INFO] [stderr]     |                   |
[INFO] [stderr]     |                   the lifetime is elided here
[INFO] [stderr]     |
[INFO] [stderr]     = help: the same lifetime is referred to in inconsistent ways, making the signature confusing
[INFO] [stderr] help: use `'_` for type paths
[INFO] [stderr]     |
[INFO] [stderr] 130 | fn stderr(output: &Output) -> Cow<'_, str> {
[INFO] [stderr]     |                                   +++
[INFO] [stderr] 
[INFO] [stderr] warning: `accounts-solution` (test "integration_test") generated 2 warnings (run `cargo fix --test "integration_test" -p accounts-solution` to apply 2 suggestions)
[INFO] [stderr]     Finished `release` profile [optimized] target(s) in 0.04s
[INFO] [stderr]      Running unittests src/main.rs (/opt/rustwide/target/release/build/accounts-solution/6f68044cc2be8f6f/out/accounts_solution-6f68044cc2be8f6f)
[INFO] [stdout] 
[INFO] [stdout] running 20 tests
[INFO] [stdout] test processor::tests::dispute_withdrawal ... ok
[INFO] [stdout] test processor::tests::multiple_clients_with_a_chargeback_incorrect_client ... ok
[INFO] [stdout] test processor::tests::multiple_clients ... ok
[INFO] [stdout] test processor::tests::multiple_clients_with_a_chargeback ... ok
[INFO] [stdout] test processor::tests::multiple_clients_with_a_resolve_incorrect_client ... ok
[INFO] [stdout] test processor::tests::multiple_clients_with_a_dispute_incorrect_client ... ok
[INFO] [stdout] test processor::tests::multiple_clients_with_a_resolve ... ok
[INFO] [stdout] test processor::tests::multiple_clients_with_a_dispute ... ok
[INFO] [stdout] test processor::tests::misordered_transactions ... ok
[INFO] [stdout] test processor::tests::multiple_deposits_and_withdrawals ... ok
[INFO] [stdout] test processor::tests::one_chargeback ... ok
[INFO] [stdout] test processor::tests::one_resolve ... ok
[INFO] [stdout] test processor::tests::one_deposit ... ok
[INFO] [stdout] test processor::tests::resolve_dispute_that_does_not_exist_but_deposit_does ... ok
[INFO] [stdout] test processor::tests::dispute_transaction_that_does_not_exist ... ok
[INFO] [stdout] test processor::tests::one_dispute ... ok
[INFO] [stdout] test processor::tests::one_withdrawal ... ok
[INFO] [stdout] test processor::tests::resolve_dispute_that_does_not_exist ... ok
[INFO] [stdout] test processor::tests::chargeback_dispute_that_does_not_exist ... ok
[INFO] [stdout] test processor::tests::chargeback_dispute_that_does_not_exist_but_deposit_does ... ok
[INFO] [stdout] 
[INFO] [stdout] test result: ok. 20 passed; 0 failed; 0 ignored; 0 measured; 0 filtered out; finished in 0.02s
[INFO] [stdout] 
[INFO] [stderr]      Running tests/integration_test.rs (/opt/rustwide/target/release/build/accounts-solution/08733bf4ca594f54/out/integration_test-08733bf4ca594f54)
[INFO] [stdout] 
[INFO] [stdout] running 11 tests
[INFO] [stdout] test complex ... FAILED
[INFO] [stdout] test empty ... FAILED
[INFO] [stdout] test just_headers ... FAILED
[INFO] [stderr] error: test failed, to rerun pass `--test integration_test`
[INFO] [stdout] test chargeback ... FAILED
[INFO] [stdout] test no_args ... FAILED
[INFO] [stdout] test decimal ... FAILED
[INFO] [stdout] test file_not_exists ... FAILED
[INFO] [stdout] test extra_args ... FAILED
[INFO] [stdout] test nonsense ... FAILED
[INFO] [stdout] test simple ... FAILED
[INFO] [stdout] test spaces ... FAILED
[INFO] [stdout] 
[INFO] [stdout] failures:
[INFO] [stdout] 
[INFO] [stdout] ---- complex stdout ----
[INFO] [stdout] 
[INFO] [stdout] thread 'complex' (589) panicked at /opt/rustwide/cargo-home/registry/src/index.crates.io-1949cf8c6b5b557f/test_bin-0.3.0/src/lib.rs:59:5:
[INFO] [stdout] assertion failed: current_dir.ends_with("target/debug/deps") ||
[INFO] [stdout]     current_dir.ends_with("target/release/deps")
[INFO] [stdout] stack backtrace:
[INFO] [stdout]    0:     0x6080464eb551 - <<std[617be2ca0a6fd877]::sys::backtrace::BacktraceLock>::print::DisplayBacktrace as core[a373ad73a504971]::fmt::Display>::fmt
[INFO] [stdout]    1:     0x6080464ff4ca - core[a373ad73a504971]::fmt::write
[INFO] [stdout]    2:     0x6080464ef76c - <alloc[2e1b2a31b91974c5]::vec::Vec<u8> as core[a373ad73a504971]::io::write::Write>::write_fmt
[INFO] [stdout]    3:     0x6080464c75c6 - std[617be2ca0a6fd877]::panicking::default_hook::{closure#0}
[INFO] [stdout]    4:     0x6080464e3be9 - std[617be2ca0a6fd877]::panicking::default_hook
[INFO] [stdout]    5:     0x60804647fea0 - test[aada8e7e76ba119b]::test_main_inner::{closure#0}
[INFO] [stdout]    6:     0x6080464e3da2 - std[617be2ca0a6fd877]::panicking::panic_with_hook
[INFO] [stdout]    7:     0x6080464c76a4 - std[617be2ca0a6fd877]::panicking::panic_handler::{closure#0}
[INFO] [stdout]    8:     0x6080464c0389 - std[617be2ca0a6fd877]::sys::backtrace::__rust_end_short_backtrace::<std[617be2ca0a6fd877]::panicking::panic_handler::{closure#0}, !>
[INFO] [stdout]    9:     0x6080464c827d - __rustc[ea4f61d10b84890b]::rust_begin_unwind
[INFO] [stdout]   10:     0x6080464ffbfc - core[a373ad73a504971]::panicking::panic_fmt
[INFO] [stdout]   11:     0x6080464ffbc2 - core[a373ad73a504971]::panicking::panic
[INFO] [stdout]   12:     0x608046473226 - test_bin[a0366041648a7e05]::get_test_bin
[INFO] [stdout]   13:     0x60804646fe8e - integration_test[1cb6cc2fcb1d0538]::run_args
[INFO] [stdout]   14:     0x60804646fb41 - integration_test[1cb6cc2fcb1d0538]::run
[INFO] [stdout]   15:     0x6080464717ed - <integration_test[1cb6cc2fcb1d0538]::complex::{closure#0} as core[a373ad73a504971]::ops::function::FnOnce<()>>::call_once
[INFO] [stdout]   16:     0x6080464732eb - test[aada8e7e76ba119b]::__rust_begin_short_backtrace::<core[a373ad73a504971]::result::Result<(), alloc[2e1b2a31b91974c5]::string::String>, fn() -> core[a373ad73a504971]::result::Result<(), alloc[2e1b2a31b91974c5]::string::String>>
[INFO] [stdout]   17:     0x6080464804c5 - test[aada8e7e76ba119b]::run_test::{closure#0}
[INFO] [stdout]   18:     0x608046479db4 - std[617be2ca0a6fd877]::sys::backtrace::__rust_begin_short_backtrace::<test[aada8e7e76ba119b]::run_test::{closure#1}, ()>
[INFO] [stdout]   19:     0x608046483552 - <std[617be2ca0a6fd877]::thread::lifecycle::spawn_unchecked<test[aada8e7e76ba119b]::run_test::{closure#1}, ()>::{closure#1} as core[a373ad73a504971]::ops::function::FnOnce<()>>::call_once::{shim:vtable#0}
[INFO] [stdout]   20:     0x6080464eadaf - <std[617be2ca0a6fd877]::sys::thread::unix::Thread>::new::thread_start
[INFO] [stdout]   21:     0x7fdebf032dfa - <unknown>
[INFO] [stdout]   22:     0x7fdebf0c63d4 - clone
[INFO] [stdout]   23:                0x0 - <unknown>
[INFO] [stdout] 
[INFO] [stdout] ---- empty stdout ----
[INFO] [stdout] 
[INFO] [stdout] thread 'empty' (591) panicked at /opt/rustwide/cargo-home/registry/src/index.crates.io-1949cf8c6b5b557f/test_bin-0.3.0/src/lib.rs:59:5:
[INFO] [stdout] assertion failed: current_dir.ends_with("target/debug/deps") ||
[INFO] [stdout]     current_dir.ends_with("target/release/deps")
[INFO] [stdout] stack backtrace:
[INFO] [stdout]    0:     0x6080464eb551 - <<std[617be2ca0a6fd877]::sys::backtrace::BacktraceLock>::print::DisplayBacktrace as core[a373ad73a504971]::fmt::Display>::fmt
[INFO] [stdout]    1:     0x6080464ff4ca - core[a373ad73a504971]::fmt::write
[INFO] [stdout]    2:     0x6080464ef76c - <alloc[2e1b2a31b91974c5]::vec::Vec<u8> as core[a373ad73a504971]::io::write::Write>::write_fmt
[INFO] [stdout]    3:     0x6080464c75c6 - std[617be2ca0a6fd877]::panicking::default_hook::{closure#0}
[INFO] [stdout]    4:     0x6080464e3be9 - std[617be2ca0a6fd877]::panicking::default_hook
[INFO] [stdout]    5:     0x60804647fea0 - test[aada8e7e76ba119b]::test_main_inner::{closure#0}
[INFO] [stdout]    6:     0x6080464e3da2 - std[617be2ca0a6fd877]::panicking::panic_with_hook
[INFO] [stdout]    7:     0x6080464c76a4 - std[617be2ca0a6fd877]::panicking::panic_handler::{closure#0}
[INFO] [stdout]    8:     0x6080464c0389 - std[617be2ca0a6fd877]::sys::backtrace::__rust_end_short_backtrace::<std[617be2ca0a6fd877]::panicking::panic_handler::{closure#0}, !>
[INFO] [stdout]    9:     0x6080464c827d - __rustc[ea4f61d10b84890b]::rust_begin_unwind
[INFO] [stdout]   10:     0x6080464ffbfc - core[a373ad73a504971]::panicking::panic_fmt
[INFO] [stdout]   11:     0x6080464ffbc2 - core[a373ad73a504971]::panicking::panic
[INFO] [stdout]   12:     0x608046473226 - test_bin[a0366041648a7e05]::get_test_bin
[INFO] [stdout]   13:     0x60804646fe8e - integration_test[1cb6cc2fcb1d0538]::run_args
[INFO] [stdout]   14:     0x60804646fb41 - integration_test[1cb6cc2fcb1d0538]::run
[INFO] [stdout]   15:     0x608046471152 - <integration_test[1cb6cc2fcb1d0538]::empty::{closure#0} as core[a373ad73a504971]::ops::function::FnOnce<()>>::call_once
[INFO] [stdout]   16:     0x6080464732eb - test[aada8e7e76ba119b]::__rust_begin_short_backtrace::<core[a373ad73a504971]::result::Result<(), alloc[2e1b2a31b91974c5]::string::String>, fn() -> core[a373ad73a504971]::result::Result<(), alloc[2e1b2a31b91974c5]::string::String>>
[INFO] [stdout]   17:     0x6080464804c5 - test[aada8e7e76ba119b]::run_test::{closure#0}
[INFO] [stdout]   18:     0x608046479db4 - std[617be2ca0a6fd877]::sys::backtrace::__rust_begin_short_backtrace::<test[aada8e7e76ba119b]::run_test::{closure#1}, ()>
[INFO] [stdout]   19:     0x608046483552 - <std[617be2ca0a6fd877]::thread::lifecycle::spawn_unchecked<test[aada8e7e76ba119b]::run_test::{closure#1}, ()>::{closure#1} as core[a373ad73a504971]::ops::function::FnOnce<()>>::call_once::{shim:vtable#0}
[INFO] [stdout]   20:     0x6080464eadaf - <std[617be2ca0a6fd877]::sys::thread::unix::Thread>::new::thread_start
[INFO] [stdout]   21:     0x7fdebf032dfa - <unknown>
[INFO] [stdout]   22:     0x7fdebf0c63d4 - clone
[INFO] [stdout]   23:                0x0 - <unknown>
[INFO] [stdout] 
[INFO] [stdout] ---- just_headers stdout ----
[INFO] [stdout] 
[INFO] [stdout] thread 'just_headers' (594) panicked at /opt/rustwide/cargo-home/registry/src/index.crates.io-1949cf8c6b5b557f/test_bin-0.3.0/src/lib.rs:59:5:
[INFO] [stdout] assertion failed: current_dir.ends_with("target/debug/deps") ||
[INFO] [stdout]     current_dir.ends_with("target/release/deps")
[INFO] [stdout] stack backtrace:
[INFO] [stdout]    0:     0x6080464eb551 - <<std[617be2ca0a6fd877]::sys::backtrace::BacktraceLock>::print::DisplayBacktrace as core[a373ad73a504971]::fmt::Display>::fmt
[INFO] [stdout]    1:     0x6080464ff4ca - core[a373ad73a504971]::fmt::write
[INFO] [stdout]    2:     0x6080464ef76c - <alloc[2e1b2a31b91974c5]::vec::Vec<u8> as core[a373ad73a504971]::io::write::Write>::write_fmt
[INFO] [stdout]    3:     0x6080464c75c6 - std[617be2ca0a6fd877]::panicking::default_hook::{closure#0}
[INFO] [stdout]    4:     0x6080464e3be9 - std[617be2ca0a6fd877]::panicking::default_hook
[INFO] [stdout]    5:     0x60804647fea0 - test[aada8e7e76ba119b]::test_main_inner::{closure#0}
[INFO] [stdout]    6:     0x6080464e3da2 - std[617be2ca0a6fd877]::panicking::panic_with_hook
[INFO] [stdout]    7:     0x6080464c76a4 - std[617be2ca0a6fd877]::panicking::panic_handler::{closure#0}
[INFO] [stdout]    8:     0x6080464c0389 - std[617be2ca0a6fd877]::sys::backtrace::__rust_end_short_backtrace::<std[617be2ca0a6fd877]::panicking::panic_handler::{closure#0}, !>
[INFO] [stdout]    9:     0x6080464c827d - __rustc[ea4f61d10b84890b]::rust_begin_unwind
[INFO] [stdout]   10:     0x6080464ffbfc - core[a373ad73a504971]::panicking::panic_fmt
[INFO] [stdout]   11:     0x6080464ffbc2 - core[a373ad73a504971]::panicking::panic
[INFO] [stdout]   12:     0x608046473226 - test_bin[a0366041648a7e05]::get_test_bin
[INFO] [stdout]   13:     0x60804646fe8e - integration_test[1cb6cc2fcb1d0538]::run_args
[INFO] [stdout]   14:     0x60804646fb41 - integration_test[1cb6cc2fcb1d0538]::run
[INFO] [stdout]   15:     0x608046470df2 - <integration_test[1cb6cc2fcb1d0538]::just_headers::{closure#0} as core[a373ad73a504971]::ops::function::FnOnce<()>>::call_once
[INFO] [stdout]   16:     0x6080464732eb - test[aada8e7e76ba119b]::__rust_begin_short_backtrace::<core[a373ad73a504971]::result::Result<(), alloc[2e1b2a31b91974c5]::string::String>, fn() -> core[a373ad73a504971]::result::Result<(), alloc[2e1b2a31b91974c5]::string::String>>
[INFO] [stdout]   17:     0x6080464804c5 - test[aada8e7e76ba119b]::run_test::{closure#0}
[INFO] [stdout]   18:     0x608046479db4 - std[617be2ca0a6fd877]::sys::backtrace::__rust_begin_short_backtrace::<test[aada8e7e76ba119b]::run_test::{closure#1}, ()>
[INFO] [stdout]   19:     0x608046483552 - <std[617be2ca0a6fd877]::thread::lifecycle::spawn_unchecked<test[aada8e7e76ba119b]::run_test::{closure#1}, ()>::{closure#1} as core[a373ad73a504971]::ops::function::FnOnce<()>>::call_once::{shim:vtable#0}
[INFO] [stdout]   20:     0x6080464eadaf - <std[617be2ca0a6fd877]::sys::thread::unix::Thread>::new::thread_start
[INFO] [stdout]   21:     0x7fdebf032dfa - <unknown>
[INFO] [stdout]   22:     0x7fdebf0c63d4 - clone
[INFO] [stdout]   23:                0x0 - <unknown>
[INFO] [stdout] 
[INFO] [stdout] ---- chargeback stdout ----
[INFO] [stdout] 
[INFO] [stdout] thread 'chargeback' (588) panicked at /opt/rustwide/cargo-home/registry/src/index.crates.io-1949cf8c6b5b557f/test_bin-0.3.0/src/lib.rs:59:5:
[INFO] [stdout] assertion failed: current_dir.ends_with("target/debug/deps") ||
[INFO] [stdout]     current_dir.ends_with("target/release/deps")
[INFO] [stdout] stack backtrace:
[INFO] [stdout]    0:     0x6080464eb551 - <<std[617be2ca0a6fd877]::sys::backtrace::BacktraceLock>::print::DisplayBacktrace as core[a373ad73a504971]::fmt::Display>::fmt
[INFO] [stdout]    1:     0x6080464ff4ca - core[a373ad73a504971]::fmt::write
[INFO] [stdout]    2:     0x6080464ef76c - <alloc[2e1b2a31b91974c5]::vec::Vec<u8> as core[a373ad73a504971]::io::write::Write>::write_fmt
[INFO] [stdout]    3:     0x6080464c75c6 - std[617be2ca0a6fd877]::panicking::default_hook::{closure#0}
[INFO] [stdout]    4:     0x6080464e3be9 - std[617be2ca0a6fd877]::panicking::default_hook
[INFO] [stdout]    5:     0x60804647fea0 - test[aada8e7e76ba119b]::test_main_inner::{closure#0}
[INFO] [stdout]    6:     0x6080464e3da2 - std[617be2ca0a6fd877]::panicking::panic_with_hook
[INFO] [stdout]    7:     0x6080464c76a4 - std[617be2ca0a6fd877]::panicking::panic_handler::{closure#0}
[INFO] [stdout]    8:     0x6080464c0389 - std[617be2ca0a6fd877]::sys::backtrace::__rust_end_short_backtrace::<std[617be2ca0a6fd877]::panicking::panic_handler::{closure#0}, !>
[INFO] [stdout]    9:     0x6080464c827d - __rustc[ea4f61d10b84890b]::rust_begin_unwind
[INFO] [stdout]   10:     0x6080464ffbfc - core[a373ad73a504971]::panicking::panic_fmt
[INFO] [stdout]   11:     0x6080464ffbc2 - core[a373ad73a504971]::panicking::panic
[INFO] [stdout]   12:     0x608046473226 - test_bin[a0366041648a7e05]::get_test_bin
[INFO] [stdout]   13:     0x60804646fe8e - integration_test[1cb6cc2fcb1d0538]::run_args
[INFO] [stdout]   14:     0x60804646fb41 - integration_test[1cb6cc2fcb1d0538]::run
[INFO] [stdout]   15:     0x608046470897 - <integration_test[1cb6cc2fcb1d0538]::chargeback::{closure#0} as core[a373ad73a504971]::ops::function::FnOnce<()>>::call_once
[INFO] [stdout]   16:     0x6080464732eb - test[aada8e7e76ba119b]::__rust_begin_short_backtrace::<core[a373ad73a504971]::result::Result<(), alloc[2e1b2a31b91974c5]::string::String>, fn() -> core[a373ad73a504971]::result::Result<(), alloc[2e1b2a31b91974c5]::string::String>>
[INFO] [stdout]   17:     0x6080464804c5 - test[aada8e7e76ba119b]::run_test::{closure#0}
[INFO] [stdout]   18:     0x608046479db4 - std[617be2ca0a6fd877]::sys::backtrace::__rust_begin_short_backtrace::<test[aada8e7e76ba119b]::run_test::{closure#1}, ()>
[INFO] [stdout]   19:     0x608046483552 - <std[617be2ca0a6fd877]::thread::lifecycle::spawn_unchecked<test[aada8e7e76ba119b]::run_test::{closure#1}, ()>::{closure#1} as core[a373ad73a504971]::ops::function::FnOnce<()>>::call_once::{shim:vtable#0}
[INFO] [stdout]   20:     0x6080464eadaf - <std[617be2ca0a6fd877]::sys::thread::unix::Thread>::new::thread_start
[INFO] [stdout]   21:     0x7fdebf032dfa - <unknown>
[INFO] [stdout]   22:     0x7fdebf0c63d4 - clone
[INFO] [stdout]   23:                0x0 - <unknown>
[INFO] [stdout] 
[INFO] [stdout] ---- no_args stdout ----
[INFO] [stdout] 
[INFO] [stdout] thread 'no_args' (595) panicked at /opt/rustwide/cargo-home/registry/src/index.crates.io-1949cf8c6b5b557f/test_bin-0.3.0/src/lib.rs:59:5:
[INFO] [stdout] assertion failed: current_dir.ends_with("target/debug/deps") ||
[INFO] [stdout]     current_dir.ends_with("target/release/deps")
[INFO] [stdout] stack backtrace:
[INFO] [stdout]    0:     0x6080464eb551 - <<std[617be2ca0a6fd877]::sys::backtrace::BacktraceLock>::print::DisplayBacktrace as core[a373ad73a504971]::fmt::Display>::fmt
[INFO] [stdout]    1:     0x6080464ff4ca - core[a373ad73a504971]::fmt::write
[INFO] [stdout]    2:     0x6080464ef76c - <alloc[2e1b2a31b91974c5]::vec::Vec<u8> as core[a373ad73a504971]::io::write::Write>::write_fmt
[INFO] [stdout]    3:     0x6080464c75c6 - std[617be2ca0a6fd877]::panicking::default_hook::{closure#0}
[INFO] [stdout]    4:     0x6080464e3be9 - std[617be2ca0a6fd877]::panicking::default_hook
[INFO] [stdout]    5:     0x60804647fea0 - test[aada8e7e76ba119b]::test_main_inner::{closure#0}
[INFO] [stdout]    6:     0x6080464e3da2 - std[617be2ca0a6fd877]::panicking::panic_with_hook
[INFO] [stdout]    7:     0x6080464c76a4 - std[617be2ca0a6fd877]::panicking::panic_handler::{closure#0}
[INFO] [stdout]    8:     0x6080464c0389 - std[617be2ca0a6fd877]::sys::backtrace::__rust_end_short_backtrace::<std[617be2ca0a6fd877]::panicking::panic_handler::{closure#0}, !>
[INFO] [stdout]    9:     0x6080464c827d - __rustc[ea4f61d10b84890b]::rust_begin_unwind
[INFO] [stdout]   10:     0x6080464ffbfc - core[a373ad73a504971]::panicking::panic_fmt
[INFO] [stdout]   11:     0x6080464ffbc2 - core[a373ad73a504971]::panicking::panic
[INFO] [stdout]   12:     0x608046473226 - test_bin[a0366041648a7e05]::get_test_bin
[INFO] [stdout]   13:     0x60804646fe8e - integration_test[1cb6cc2fcb1d0538]::run_args
[INFO] [stdout]   14:     0x6080464720e8 - <integration_test[1cb6cc2fcb1d0538]::no_args::{closure#0} as core[a373ad73a504971]::ops::function::FnOnce<()>>::call_once
[INFO] [stdout]   15:     0x6080464732eb - test[aada8e7e76ba119b]::__rust_begin_short_backtrace::<core[a373ad73a504971]::result::Result<(), alloc[2e1b2a31b91974c5]::string::String>, fn() -> core[a373ad73a504971]::result::Result<(), alloc[2e1b2a31b91974c5]::string::String>>
[INFO] [stdout]   16:     0x6080464804c5 - test[aada8e7e76ba119b]::run_test::{closure#0}
[INFO] [stdout]   17:     0x608046479db4 - std[617be2ca0a6fd877]::sys::backtrace::__rust_begin_short_backtrace::<test[aada8e7e76ba119b]::run_test::{closure#1}, ()>
[INFO] [stdout]   18:     0x608046483552 - <std[617be2ca0a6fd877]::thread::lifecycle::spawn_unchecked<test[aada8e7e76ba119b]::run_test::{closure#1}, ()>::{closure#1} as core[a373ad73a504971]::ops::function::FnOnce<()>>::call_once::{shim:vtable#0}
[INFO] [stdout]   19:     0x6080464eadaf - <std[617be2ca0a6fd877]::sys::thread::unix::Thread>::new::thread_start
[INFO] [stdout]   20:     0x7fdebf032dfa - <unknown>
[INFO] [stdout]   21:     0x7fdebf0c63d4 - clone
[INFO] [stdout]   22:                0x0 - <unknown>
[INFO] [stdout] 
[INFO] [stdout] ---- decimal stdout ----
[INFO] [stdout] 
[INFO] [stdout] thread 'decimal' (590) panicked at /opt/rustwide/cargo-home/registry/src/index.crates.io-1949cf8c6b5b557f/test_bin-0.3.0/src/lib.rs:59:5:
[INFO] [stdout] assertion failed: current_dir.ends_with("target/debug/deps") ||
[INFO] [stdout]     current_dir.ends_with("target/release/deps")
[INFO] [stdout] stack backtrace:
[INFO] [stdout]    0:     0x6080464eb551 - <<std[617be2ca0a6fd877]::sys::backtrace::BacktraceLock>::print::DisplayBacktrace as core[a373ad73a504971]::fmt::Display>::fmt
[INFO] [stdout]    1:     0x6080464ff4ca - core[a373ad73a504971]::fmt::write
[INFO] [stdout]    2:     0x6080464ef76c - <alloc[2e1b2a31b91974c5]::vec::Vec<u8> as core[a373ad73a504971]::io::write::Write>::write_fmt
[INFO] [stdout]    3:     0x6080464c75c6 - std[617be2ca0a6fd877]::panicking::default_hook::{closure#0}
[INFO] [stdout]    4:     0x6080464e3be9 - std[617be2ca0a6fd877]::panicking::default_hook
[INFO] [stdout]    5:     0x60804647fea0 - test[aada8e7e76ba119b]::test_main_inner::{closure#0}
[INFO] [stdout]    6:     0x6080464e3da2 - std[617be2ca0a6fd877]::panicking::panic_with_hook
[INFO] [stdout]    7:     0x6080464c76a4 - std[617be2ca0a6fd877]::panicking::panic_handler::{closure#0}
[INFO] [stdout]    8:     0x6080464c0389 - std[617be2ca0a6fd877]::sys::backtrace::__rust_end_short_backtrace::<std[617be2ca0a6fd877]::panicking::panic_handler::{closure#0}, !>
[INFO] [stdout]    9:     0x6080464c827d - __rustc[ea4f61d10b84890b]::rust_begin_unwind
[INFO] [stdout]   10:     0x6080464ffbfc - core[a373ad73a504971]::panicking::panic_fmt
[INFO] [stdout]   11:     0x6080464ffbc2 - core[a373ad73a504971]::panicking::panic
[INFO] [stdout]   12:     0x608046473226 - test_bin[a0366041648a7e05]::get_test_bin
[INFO] [stdout]   13:     0x60804646fe8e - integration_test[1cb6cc2fcb1d0538]::run_args
[INFO] [stdout]   14:     0x60804646fb41 - integration_test[1cb6cc2fcb1d0538]::run
[INFO] [stdout]   15:     0x608046471e57 - <integration_test[1cb6cc2fcb1d0538]::decimal::{closure#0} as core[a373ad73a504971]::ops::function::FnOnce<()>>::call_once
[INFO] [stdout]   16:     0x6080464732eb - test[aada8e7e76ba119b]::__rust_begin_short_backtrace::<core[a373ad73a504971]::result::Result<(), alloc[2e1b2a31b91974c5]::string::String>, fn() -> core[a373ad73a504971]::result::Result<(), alloc[2e1b2a31b91974c5]::string::String>>
[INFO] [stdout]   17:     0x6080464804c5 - test[aada8e7e76ba119b]::run_test::{closure#0}
[INFO] [stdout]   18:     0x608046479db4 - std[617be2ca0a6fd877]::sys::backtrace::__rust_begin_short_backtrace::<test[aada8e7e76ba119b]::run_test::{closure#1}, ()>
[INFO] [stdout]   19:     0x608046483552 - <std[617be2ca0a6fd877]::thread::lifecycle::spawn_unchecked<test[aada8e7e76ba119b]::run_test::{closure#1}, ()>::{closure#1} as core[a373ad73a504971]::ops::function::FnOnce<()>>::call_once::{shim:vtable#0}
[INFO] [stdout]   20:     0x6080464eadaf - <std[617be2ca0a6fd877]::sys::thread::unix::Thread>::new::thread_start
[INFO] [stdout]   21:     0x7fdebf032dfa - <unknown>
[INFO] [stdout]   22:     0x7fdebf0c63d4 - clone
[INFO] [stdout]   23:                0x0 - <unknown>
[INFO] [stdout] 
[INFO] [stdout] ---- file_not_exists stdout ----
[INFO] [stdout] 
[INFO] [stdout] thread 'file_not_exists' (593) panicked at /opt/rustwide/cargo-home/registry/src/index.crates.io-1949cf8c6b5b557f/test_bin-0.3.0/src/lib.rs:59:5:
[INFO] [stdout] assertion failed: current_dir.ends_with("target/debug/deps") ||
[INFO] [stdout]     current_dir.ends_with("target/release/deps")
[INFO] [stdout] stack backtrace:
[INFO] [stdout]    0:     0x6080464eb551 - <<std[617be2ca0a6fd877]::sys::backtrace::BacktraceLock>::print::DisplayBacktrace as core[a373ad73a504971]::fmt::Display>::fmt
[INFO] [stdout]    1:     0x6080464ff4ca - core[a373ad73a504971]::fmt::write
[INFO] [stdout]    2:     0x6080464ef76c - <alloc[2e1b2a31b91974c5]::vec::Vec<u8> as core[a373ad73a504971]::io::write::Write>::write_fmt
[INFO] [stdout]    3:     0x6080464c75c6 - std[617be2ca0a6fd877]::panicking::default_hook::{closure#0}
[INFO] [stdout]    4:     0x6080464e3be9 - std[617be2ca0a6fd877]::panicking::default_hook
[INFO] [stdout]    5:     0x60804647fea0 - test[aada8e7e76ba119b]::test_main_inner::{closure#0}
[INFO] [stdout]    6:     0x6080464e3da2 - std[617be2ca0a6fd877]::panicking::panic_with_hook
[INFO] [stdout]    7:     0x6080464c76a4 - std[617be2ca0a6fd877]::panicking::panic_handler::{closure#0}
[INFO] [stdout]    8:     0x6080464c0389 - std[617be2ca0a6fd877]::sys::backtrace::__rust_end_short_backtrace::<std[617be2ca0a6fd877]::panicking::panic_handler::{closure#0}, !>
[INFO] [stdout]    9:     0x6080464c827d - __rustc[ea4f61d10b84890b]::rust_begin_unwind
[INFO] [stdout]   10:     0x6080464ffbfc - core[a373ad73a504971]::panicking::panic_fmt
[INFO] [stdout]   11:     0x6080464ffbc2 - core[a373ad73a504971]::panicking::panic
[INFO] [stdout]   12:     0x608046473226 - test_bin[a0366041648a7e05]::get_test_bin
[INFO] [stdout]   13:     0x60804646fe8e - integration_test[1cb6cc2fcb1d0538]::run_args
[INFO] [stdout]   14:     0x60804646fb41 - integration_test[1cb6cc2fcb1d0538]::run
[INFO] [stdout]   15:     0x608046470f84 - <integration_test[1cb6cc2fcb1d0538]::file_not_exists::{closure#0} as core[a373ad73a504971]::ops::function::FnOnce<()>>::call_once
[INFO] [stdout]   16:     0x6080464732eb - test[aada8e7e76ba119b]::__rust_begin_short_backtrace::<core[a373ad73a504971]::result::Result<(), alloc[2e1b2a31b91974c5]::string::String>, fn() -> core[a373ad73a504971]::result::Result<(), alloc[2e1b2a31b91974c5]::string::String>>
[INFO] [stdout]   17:     0x6080464804c5 - test[aada8e7e76ba119b]::run_test::{closure#0}
[INFO] [stdout]   18:     0x608046479db4 - std[617be2ca0a6fd877]::sys::backtrace::__rust_begin_short_backtrace::<test[aada8e7e76ba119b]::run_test::{closure#1}, ()>
[INFO] [stdout]   19:     0x608046483552 - <std[617be2ca0a6fd877]::thread::lifecycle::spawn_unchecked<test[aada8e7e76ba119b]::run_test::{closure#1}, ()>::{closure#1} as core[a373ad73a504971]::ops::function::FnOnce<()>>::call_once::{shim:vtable#0}
[INFO] [stdout]   20:     0x6080464eadaf - <std[617be2ca0a6fd877]::sys::thread::unix::Thread>::new::thread_start
[INFO] [stdout]   21:     0x7fdebf032dfa - <unknown>
[INFO] [stdout]   22:     0x7fdebf0c63d4 - clone
[INFO] [stdout]   23:                0x0 - <unknown>
[INFO] [stdout] 
[INFO] [stdout] ---- extra_args stdout ----
[INFO] [stdout] 
[INFO] [stdout] thread 'extra_args' (592) panicked at /opt/rustwide/cargo-home/registry/src/index.crates.io-1949cf8c6b5b557f/test_bin-0.3.0/src/lib.rs:59:5:
[INFO] [stdout] assertion failed: current_dir.ends_with("target/debug/deps") ||
[INFO] [stdout]     current_dir.ends_with("target/release/deps")
[INFO] [stdout] stack backtrace:
[INFO] [stdout]    0:     0x6080464eb551 - <<std[617be2ca0a6fd877]::sys::backtrace::BacktraceLock>::print::DisplayBacktrace as core[a373ad73a504971]::fmt::Display>::fmt
[INFO] [stdout]    1:     0x6080464ff4ca - core[a373ad73a504971]::fmt::write
[INFO] [stdout]    2:     0x6080464ef76c - <alloc[2e1b2a31b91974c5]::vec::Vec<u8> as core[a373ad73a504971]::io::write::Write>::write_fmt
[INFO] [stdout]    3:     0x6080464c75c6 - std[617be2ca0a6fd877]::panicking::default_hook::{closure#0}
[INFO] [stdout]    4:     0x6080464e3be9 - std[617be2ca0a6fd877]::panicking::default_hook
[INFO] [stdout]    5:     0x60804647fea0 - test[aada8e7e76ba119b]::test_main_inner::{closure#0}
[INFO] [stdout]    6:     0x6080464e3da2 - std[617be2ca0a6fd877]::panicking::panic_with_hook
[INFO] [stdout]    7:     0x6080464c76a4 - std[617be2ca0a6fd877]::panicking::panic_handler::{closure#0}
[INFO] [stdout]    8:     0x6080464c0389 - std[617be2ca0a6fd877]::sys::backtrace::__rust_end_short_backtrace::<std[617be2ca0a6fd877]::panicking::panic_handler::{closure#0}, !>
[INFO] [stdout]    9:     0x6080464c827d - __rustc[ea4f61d10b84890b]::rust_begin_unwind
[INFO] [stdout]   10:     0x6080464ffbfc - core[a373ad73a504971]::panicking::panic_fmt
[INFO] [stdout]   11:     0x6080464ffbc2 - core[a373ad73a504971]::panicking::panic
[INFO] [stdout]   12:     0x608046473226 - test_bin[a0366041648a7e05]::get_test_bin
[INFO] [stdout]   13:     0x60804646fe8e - integration_test[1cb6cc2fcb1d0538]::run_args
[INFO] [stdout]   14:     0x608046470b6b - <integration_test[1cb6cc2fcb1d0538]::extra_args::{closure#0} as core[a373ad73a504971]::ops::function::FnOnce<()>>::call_once
[INFO] [stdout]   15:     0x6080464732eb - test[aada8e7e76ba119b]::__rust_begin_short_backtrace::<core[a373ad73a504971]::result::Result<(), alloc[2e1b2a31b91974c5]::string::String>, fn() -> core[a373ad73a504971]::result::Result<(), alloc[2e1b2a31b91974c5]::string::String>>
[INFO] [stdout]   16:     0x6080464804c5 - test[aada8e7e76ba119b]::run_test::{closure#0}
[INFO] [stdout]   17:     0x608046479db4 - std[617be2ca0a6fd877]::sys::backtrace::__rust_begin_short_backtrace::<test[aada8e7e76ba119b]::run_test::{closure#1}, ()>
[INFO] [stdout]   18:     0x608046483552 - <std[617be2ca0a6fd877]::thread::lifecycle::spawn_unchecked<test[aada8e7e76ba119b]::run_test::{closure#1}, ()>::{closure#1} as core[a373ad73a504971]::ops::function::FnOnce<()>>::call_once::{shim:vtable#0}
[INFO] [stdout]   19:     0x6080464eadaf - <std[617be2ca0a6fd877]::sys::thread::unix::Thread>::new::thread_start
[INFO] [stdout]   20:     0x7fdebf032dfa - <unknown>
[INFO] [stdout]   21:     0x7fdebf0c63d4 - clone
[INFO] [stdout]   22:                0x0 - <unknown>
[INFO] [stdout] 
[INFO] [stdout] ---- nonsense stdout ----
[INFO] [stdout] 
[INFO] [stdout] thread 'nonsense' (596) panicked at /opt/rustwide/cargo-home/registry/src/index.crates.io-1949cf8c6b5b557f/test_bin-0.3.0/src/lib.rs:59:5:
[INFO] [stdout] assertion failed: current_dir.ends_with("target/debug/deps") ||
[INFO] [stdout]     current_dir.ends_with("target/release/deps")
[INFO] [stdout] stack backtrace:
[INFO] [stdout]    0:     0x6080464eb551 - <<std[617be2ca0a6fd877]::sys::backtrace::BacktraceLock>::print::DisplayBacktrace as core[a373ad73a504971]::fmt::Display>::fmt
[INFO] [stdout]    1:     0x6080464ff4ca - core[a373ad73a504971]::fmt::write
[INFO] [stdout]    2:     0x6080464ef76c - <alloc[2e1b2a31b91974c5]::vec::Vec<u8> as core[a373ad73a504971]::io::write::Write>::write_fmt
[INFO] [stdout]    3:     0x6080464c75c6 - std[617be2ca0a6fd877]::panicking::default_hook::{closure#0}
[INFO] [stdout]    4:     0x6080464e3be9 - std[617be2ca0a6fd877]::panicking::default_hook
[INFO] [stdout]    5:     0x60804647fea0 - test[aada8e7e76ba119b]::test_main_inner::{closure#0}
[INFO] [stdout]    6:     0x6080464e3da2 - std[617be2ca0a6fd877]::panicking::panic_with_hook
[INFO] [stdout]    7:     0x6080464c76a4 - std[617be2ca0a6fd877]::panicking::panic_handler::{closure#0}
[INFO] [stdout]    8:     0x6080464c0389 - std[617be2ca0a6fd877]::sys::backtrace::__rust_end_short_backtrace::<std[617be2ca0a6fd877]::panicking::panic_handler::{closure#0}, !>
[INFO] [stdout]    9:     0x6080464c827d - __rustc[ea4f61d10b84890b]::rust_begin_unwind
[INFO] [stdout]   10:     0x6080464ffbfc - core[a373ad73a504971]::panicking::panic_fmt
[INFO] [stdout]   11:     0x6080464ffbc2 - core[a373ad73a504971]::panicking::panic
[INFO] [stdout]   12:     0x608046473226 - test_bin[a0366041648a7e05]::get_test_bin
[INFO] [stdout]   13:     0x60804646fe8e - integration_test[1cb6cc2fcb1d0538]::run_args
[INFO] [stdout]   14:     0x60804646fb41 - integration_test[1cb6cc2fcb1d0538]::run
[INFO] [stdout]   15:     0x6080464722b2 - <integration_test[1cb6cc2fcb1d0538]::nonsense::{closure#0} as core[a373ad73a504971]::ops::function::FnOnce<()>>::call_once
[INFO] [stdout]   16:     0x6080464732eb - test[aada8e7e76ba119b]::__rust_begin_short_backtrace::<core[a373ad73a504971]::result::Result<(), alloc[2e1b2a31b91974c5]::string::String>, fn() -> core[a373ad73a504971]::result::Result<(), alloc[2e1b2a31b91974c5]::string::String>>
[INFO] [stdout]   17:     0x6080464804c5 - test[aada8e7e76ba119b]::run_test::{closure#0}
[INFO] [stdout]   18:     0x608046479db4 - std[617be2ca0a6fd877]::sys::backtrace::__rust_begin_short_backtrace::<test[aada8e7e76ba119b]::run_test::{closure#1}, ()>
[INFO] [stdout]   19:     0x608046483552 - <std[617be2ca0a6fd877]::thread::lifecycle::spawn_unchecked<test[aada8e7e76ba119b]::run_test::{closure#1}, ()>::{closure#1} as core[a373ad73a504971]::ops::function::FnOnce<()>>::call_once::{shim:vtable#0}
[INFO] [stdout]   20:     0x6080464eadaf - <std[617be2ca0a6fd877]::sys::thread::unix::Thread>::new::thread_start
[INFO] [stdout]   21:     0x7fdebf032dfa - <unknown>
[INFO] [stdout]   22:     0x7fdebf0c63d4 - clone
[INFO] [stdout]   23:                0x0 - <unknown>
[INFO] [stdout] 
[INFO] [stdout] ---- simple stdout ----
[INFO] [stdout] 
[INFO] [stdout] thread 'simple' (597) panicked at /opt/rustwide/cargo-home/registry/src/index.crates.io-1949cf8c6b5b557f/test_bin-0.3.0/src/lib.rs:59:5:
[INFO] [stdout] assertion failed: current_dir.ends_with("target/debug/deps") ||
[INFO] [stdout]     current_dir.ends_with("target/release/deps")
[INFO] [stdout] stack backtrace:
[INFO] [stdout]    0:     0x6080464eb551 - <<std[617be2ca0a6fd877]::sys::backtrace::BacktraceLock>::print::DisplayBacktrace as core[a373ad73a504971]::fmt::Display>::fmt
[INFO] [stdout]    1:     0x6080464ff4ca - core[a373ad73a504971]::fmt::write
[INFO] [stdout]    2:     0x6080464ef76c - <alloc[2e1b2a31b91974c5]::vec::Vec<u8> as core[a373ad73a504971]::io::write::Write>::write_fmt
[INFO] [stdout]    3:     0x6080464c75c6 - std[617be2ca0a6fd877]::panicking::default_hook::{closure#0}
[INFO] [stdout]    4:     0x6080464e3be9 - std[617be2ca0a6fd877]::panicking::default_hook
[INFO] [stdout]    5:     0x60804647fea0 - test[aada8e7e76ba119b]::test_main_inner::{closure#0}
[INFO] [stdout]    6:     0x6080464e3da2 - std[617be2ca0a6fd877]::panicking::panic_with_hook
[INFO] [stdout]    7:     0x6080464c76a4 - std[617be2ca0a6fd877]::panicking::panic_handler::{closure#0}
[INFO] [stdout]    8:     0x6080464c0389 - std[617be2ca0a6fd877]::sys::backtrace::__rust_end_short_backtrace::<std[617be2ca0a6fd877]::panicking::panic_handler::{closure#0}, !>
[INFO] [stdout]    9:     0x6080464c827d - __rustc[ea4f61d10b84890b]::rust_begin_unwind
[INFO] [stdout]   10:     0x6080464ffbfc - core[a373ad73a504971]::panicking::panic_fmt
[INFO] [stdout]   11:     0x6080464ffbc2 - core[a373ad73a504971]::panicking::panic
[INFO] [stdout]   12:     0x608046473226 - test_bin[a0366041648a7e05]::get_test_bin
[INFO] [stdout]   13:     0x60804646fe8e - integration_test[1cb6cc2fcb1d0538]::run_args
[INFO] [stdout]   14:     0x60804646fb41 - integration_test[1cb6cc2fcb1d0538]::run
[INFO] [stdout]   15:     0x6080464712e7 - <integration_test[1cb6cc2fcb1d0538]::simple::{closure#0} as core[a373ad73a504971]::ops::function::FnOnce<()>>::call_once
[INFO] [stdout]   16:     0x6080464732eb - test[aada8e7e76ba119b]::__rust_begin_short_backtrace::<core[a373ad73a504971]::result::Result<(), alloc[2e1b2a31b91974c5]::string::String>, fn() -> core[a373ad73a504971]::result::Result<(), alloc[2e1b2a31b91974c5]::string::String>>
[INFO] [stdout]   17:     0x6080464804c5 - test[aada8e7e76ba119b]::run_test::{closure#0}
[INFO] [stdout]   18:     0x608046479db4 - std[617be2ca0a6fd877]::sys::backtrace::__rust_begin_short_backtrace::<test[aada8e7e76ba119b]::run_test::{closure#1}, ()>
[INFO] [stdout]   19:     0x608046483552 - <std[617be2ca0a6fd877]::thread::lifecycle::spawn_unchecked<test[aada8e7e76ba119b]::run_test::{closure#1}, ()>::{closure#1} as core[a373ad73a504971]::ops::function::FnOnce<()>>::call_once::{shim:vtable#0}
[INFO] [stdout]   20:     0x6080464eadaf - <std[617be2ca0a6fd877]::sys::thread::unix::Thread>::new::thread_start
[INFO] [stdout]   21:     0x7fdebf032dfa - <unknown>
[INFO] [stdout]   22:     0x7fdebf0c63d4 - clone
[INFO] [stdout]   23:                0x0 - <unknown>
[INFO] [stdout] 
[INFO] [stdout] ---- spaces stdout ----
[INFO] [stdout] 
[INFO] [stdout] thread 'spaces' (598) panicked at /opt/rustwide/cargo-home/registry/src/index.crates.io-1949cf8c6b5b557f/test_bin-0.3.0/src/lib.rs:59:5:
[INFO] [stdout] assertion failed: current_dir.ends_with("target/debug/deps") ||
[INFO] [stdout]     current_dir.ends_with("target/release/deps")
[INFO] [stdout] stack backtrace:
[INFO] [stdout]    0:     0x6080464eb551 - <<std[617be2ca0a6fd877]::sys::backtrace::BacktraceLock>::print::DisplayBacktrace as core[a373ad73a504971]::fmt::Display>::fmt
[INFO] [stdout]    1:     0x6080464ff4ca - core[a373ad73a504971]::fmt::write
[INFO] [stdout]    2:     0x6080464ef76c - <alloc[2e1b2a31b91974c5]::vec::Vec<u8> as core[a373ad73a504971]::io::write::Write>::write_fmt
[INFO] [stdout]    3:     0x6080464c75c6 - std[617be2ca0a6fd877]::panicking::default_hook::{closure#0}
[INFO] [stdout]    4:     0x6080464e3be9 - std[617be2ca0a6fd877]::panicking::default_hook
[INFO] [stdout]    5:     0x60804647fea0 - test[aada8e7e76ba119b]::test_main_inner::{closure#0}
[INFO] [stdout]    6:     0x6080464e3da2 - std[617be2ca0a6fd877]::panicking::panic_with_hook
[INFO] [stdout]    7:     0x6080464c76a4 - std[617be2ca0a6fd877]::panicking::panic_handler::{closure#0}
[INFO] [stdout]    8:     0x6080464c0389 - std[617be2ca0a6fd877]::sys::backtrace::__rust_end_short_backtrace::<std[617be2ca0a6fd877]::panicking::panic_handler::{closure#0}, !>
[INFO] [stdout]    9:     0x6080464c827d - __rustc[ea4f61d10b84890b]::rust_begin_unwind
[INFO] [stdout]   10:     0x6080464ffbfc - core[a373ad73a504971]::panicking::panic_fmt
[INFO] [stdout]   11:     0x6080464ffbc2 - core[a373ad73a504971]::panicking::panic
[INFO] [stdout]   12:     0x608046473226 - test_bin[a0366041648a7e05]::get_test_bin
[INFO] [stdout]   13:     0x60804646fe8e - integration_test[1cb6cc2fcb1d0538]::run_args
[INFO] [stdout]   14:     0x60804646fb41 - integration_test[1cb6cc2fcb1d0538]::run
[INFO] [stdout]   15:     0x608046471567 - <integration_test[1cb6cc2fcb1d0538]::spaces::{closure#0} as core[a373ad73a504971]::ops::function::FnOnce<()>>::call_once
[INFO] [stdout]   16:     0x6080464732eb - test[aada8e7e76ba119b]::__rust_begin_short_backtrace::<core[a373ad73a504971]::result::Result<(), alloc[2e1b2a31b91974c5]::string::String>, fn() -> core[a373ad73a504971]::result::Result<(), alloc[2e1b2a31b91974c5]::string::String>>
[INFO] [stdout]   17:     0x6080464804c5 - test[aada8e7e76ba119b]::run_test::{closure#0}
[INFO] [stdout]   18:     0x608046479db4 - std[617be2ca0a6fd877]::sys::backtrace::__rust_begin_short_backtrace::<test[aada8e7e76ba119b]::run_test::{closure#1}, ()>
[INFO] [stdout]   19:     0x608046483552 - <std[617be2ca0a6fd877]::thread::lifecycle::spawn_unchecked<test[aada8e7e76ba119b]::run_test::{closure#1}, ()>::{closure#1} as core[a373ad73a504971]::ops::function::FnOnce<()>>::call_once::{shim:vtable#0}
[INFO] [stdout]   20:     0x6080464eadaf - <std[617be2ca0a6fd877]::sys::thread::unix::Thread>::new::thread_start
[INFO] [stdout]   21:     0x7fdebf032dfa - <unknown>
[INFO] [stdout]   22:     0x7fdebf0c63d4 - clone
[INFO] [stdout]   23:                0x0 - <unknown>
[INFO] [stdout] 
[INFO] [stdout] 
[INFO] [stdout] failures:
[INFO] [stdout]     chargeback
[INFO] [stdout]     complex
[INFO] [stdout]     decimal
[INFO] [stdout]     empty
[INFO] [stdout]     extra_args
[INFO] [stdout]     file_not_exists
[INFO] [stdout]     just_headers
[INFO] [stdout]     no_args
[INFO] [stdout]     nonsense
[INFO] [stdout]     simple
[INFO] [stdout]     spaces
[INFO] [stdout] 
[INFO] [stdout] test result: FAILED. 0 passed; 11 failed; 0 ignored; 0 measured; 0 filtered out; finished in 0.01s
[INFO] [stdout] 
[INFO] running `Command { std: "docker" "inspect" "1fe914a843412cba0cc76932f6d481ef46afab57e3ec3098b4a1830e136f5a7f", kill_on_drop: false }`
[INFO] running `Command { std: "docker" "rm" "-f" "1fe914a843412cba0cc76932f6d481ef46afab57e3ec3098b4a1830e136f5a7f", kill_on_drop: false }`
[INFO] [stdout] 1fe914a843412cba0cc76932f6d481ef46afab57e3ec3098b4a1830e136f5a7f
