[INFO] cloning repository https://github.com/CaptainEmpower/smart-hooks
[INFO] running `Command { std: "git" "-c" "credential.helper=" "-c" "credential.helper=/workspace/cargo-home/bin/git-credential-null" "clone" "--bare" "https://github.com/CaptainEmpower/smart-hooks" "/workspace/cache/git-repos/https%3A%2F%2Fgithub.com%2FCaptainEmpower%2Fsmart-hooks", kill_on_drop: false }`
[INFO] [stderr] Cloning into bare repository '/workspace/cache/git-repos/https%3A%2F%2Fgithub.com%2FCaptainEmpower%2Fsmart-hooks'...
[INFO] running `Command { std: "git" "rev-parse" "HEAD", kill_on_drop: false }`
[INFO] [stdout] 14a06f651c536e02304bf0f5528c2ff51ed10149
[INFO] testing CaptainEmpower/smart-hooks against 1.100.0-beta.1+cargoflags=--release for beta-release-1.100-3
[INFO] running `Command { std: "git" "clone" "/workspace/cache/git-repos/https%3A%2F%2Fgithub.com%2FCaptainEmpower%2Fsmart-hooks" "/workspace/builds/worker-2-tc2/source", kill_on_drop: false }`
[INFO] [stderr] Cloning into '/workspace/builds/worker-2-tc2/source'...
[INFO] [stderr] done.
[INFO] started tweaking git repo https://github.com/CaptainEmpower/smart-hooks
[INFO] finished tweaking git repo https://github.com/CaptainEmpower/smart-hooks
[INFO] tweaked toml for git repo https://github.com/CaptainEmpower/smart-hooks written to /workspace/builds/worker-2-tc2/source/Cargo.toml
[INFO] validating manifest of git repo https://github.com/CaptainEmpower/smart-hooks on toolchain 1.100.0-beta.1
[INFO] running `Command { std: CARGO_HOME="/workspace/cargo-home" RUSTUP_HOME="/workspace/rustup-home" "/workspace/cargo-home/bin/cargo" "+1.100.0-beta.1" "metadata" "--manifest-path" "Cargo.toml" "--no-deps", kill_on_drop: false }`
[INFO] crate git repo https://github.com/CaptainEmpower/smart-hooks already has a lockfile, it will not be regenerated
[INFO] running `Command { std: CARGO_HOME="/workspace/cargo-home" RUSTUP_HOME="/workspace/rustup-home" "/workspace/cargo-home/bin/cargo" "+1.100.0-beta.1" "fetch" "--manifest-path" "Cargo.toml", kill_on_drop: false }`
[INFO] [stderr] warning: unused workspace dependency `smart-hooks-core`
[INFO] [stderr]   --> Cargo.toml:19:25
[INFO] [stderr]    |
[INFO] [stderr] 19 | [workspace.dependencies.smart-hooks-core]
[INFO] [stderr]    |                         ^^^^^^^^^^^^^^^^
[INFO] [stderr]    |
[INFO] [stderr]    = note: `cargo::unused_workspace_dependencies` is set to `warn` by default
[INFO] [stderr] help: consider removing the workspace dependency `smart-hooks-core`
[INFO] [stderr] warning: unused workspace dependency `tokio`
[INFO] [stderr]   --> Cargo.toml:22:25
[INFO] [stderr]    |
[INFO] [stderr] 22 | [workspace.dependencies.tokio]
[INFO] [stderr]    |                         ^^^^^
[INFO] [stderr]    |
[INFO] [stderr] help: consider removing the workspace dependency `tokio`
[INFO] [stderr] warning: workspace (manifest) generated 2 warnings
[INFO] running `Command { std: "docker" "create" "-v" "/var/lib/crater-agent-workspace/builds/worker-2-tc2/source:/opt/rustwide/workdir:ro,Z" "-v" "/var/lib/crater-agent-workspace/builds/worker-2-tc2/target:/opt/rustwide/target:rw,Z" "-v" "/var/lib/crater-agent-workspace/cargo-home:/opt/rustwide/cargo-home:ro,Z" "-v" "/var/lib/crater-agent-workspace/rustup-home:/opt/rustwide/rustup-home:ro,Z" "-m" "1610612736" "--network" "none" "ghcr.io/rust-lang/crates-build-env/linux@sha256:77db811e55d90add9212f6832c23229e3de5f1c1f9905e8cb07319ea15df73ac" "sleep" "infinity", kill_on_drop: false }`
[INFO] [stdout] 819b602bf92afc45b6fc5863478f50ca839db10cfe7d28b4c55f77ec8b4c6396
[INFO] running `Command { std: "docker" "start" "819b602bf92afc45b6fc5863478f50ca839db10cfe7d28b4c55f77ec8b4c6396", kill_on_drop: false }`
[INFO] running `Command { std: "docker" "inspect" "819b602bf92afc45b6fc5863478f50ca839db10cfe7d28b4c55f77ec8b4c6396", kill_on_drop: false }`
[INFO] running `Command { std: "docker" "exec" "-e" "SOURCE_DIR=/opt/rustwide/workdir" "-e" "CARGO_HOME=/opt/rustwide/cargo-home" "-e" "RUSTUP_HOME=/opt/rustwide/rustup-home" "-e" "CARGO_TARGET_DIR=/opt/rustwide/target" "-w" "/opt/rustwide/workdir" "--user" "0:0" "819b602bf92afc45b6fc5863478f50ca839db10cfe7d28b4c55f77ec8b4c6396" "/opt/rustwide/cargo-home/bin/cargo" "+1.100.0-beta.1" "metadata" "--no-deps" "--format-version=1", kill_on_drop: false }`
[INFO] running `Command { std: "docker" "inspect" "819b602bf92afc45b6fc5863478f50ca839db10cfe7d28b4c55f77ec8b4c6396", kill_on_drop: false }`
[INFO] running `Command { std: "docker" "exec" "-e" "SOURCE_DIR=/opt/rustwide/workdir" "-e" "CARGO_HOME=/opt/rustwide/cargo-home" "-e" "RUSTUP_HOME=/opt/rustwide/rustup-home" "-e" "CARGO_TARGET_DIR=/opt/rustwide/target" "-e" "CARGO_INCREMENTAL=0" "-e" "RUST_BACKTRACE=full" "-e" "RUSTFLAGS=--cap-lints=warn" "-e" "RUSTDOCFLAGS=--cap-lints=warn" "-w" "/opt/rustwide/workdir" "--user" "0:0" "819b602bf92afc45b6fc5863478f50ca839db10cfe7d28b4c55f77ec8b4c6396" "/opt/rustwide/cargo-home/bin/cargo" "+1.100.0-beta.1" "build" "--frozen" "--message-format=json" "--release", kill_on_drop: false }`
[INFO] [stderr] warning: unused workspace dependency `smart-hooks-core`
[INFO] [stderr]   --> Cargo.toml:19:25
[INFO] [stderr]    |
[INFO] [stderr] 19 | [workspace.dependencies.smart-hooks-core]
[INFO] [stderr]    |                         ^^^^^^^^^^^^^^^^
[INFO] [stderr]    |
[INFO] [stderr]    = note: `cargo::unused_workspace_dependencies` is set to `warn` by default
[INFO] [stderr] help: consider removing the workspace dependency `smart-hooks-core`
[INFO] [stderr] warning: unused workspace dependency `tokio`
[INFO] [stderr]   --> Cargo.toml:22:25
[INFO] [stderr]    |
[INFO] [stderr] 22 | [workspace.dependencies.tokio]
[INFO] [stderr]    |                         ^^^^^
[INFO] [stderr]    |
[INFO] [stderr] help: consider removing the workspace dependency `tokio`
[INFO] [stderr] warning: workspace (manifest) generated 2 warnings
[INFO] [stderr]    Compiling proc-macro2 v1.0.103
[INFO] [stderr]    Compiling unicode-ident v1.0.22
[INFO] [stderr]    Compiling quote v1.0.42
[INFO] [stderr]    Compiling serde_core v1.0.228
[INFO] [stderr]    Compiling serde v1.0.228
[INFO] [stderr]    Compiling memchr v2.7.6
[INFO] [stderr]    Compiling utf8parse v0.2.2
[INFO] [stderr]    Compiling equivalent v1.0.2
[INFO] [stderr]    Compiling anstyle v1.0.13
[INFO] [stderr]    Compiling hashbrown v0.16.0
[INFO] [stderr]    Compiling anstyle-query v1.1.5
[INFO] [stderr]    Compiling colorchoice v1.0.4
[INFO] [stderr]    Compiling is_terminal_polyfill v1.70.2
[INFO] [stderr]    Compiling serde_json v1.0.145
[INFO] [stderr]    Compiling regex-syntax v0.8.8
[INFO] [stderr]    Compiling heck v0.5.0
[INFO] [stderr]    Compiling toml_write v0.1.2
[INFO] [stderr]    Compiling winnow v0.7.13
[INFO] [stderr]    Compiling anstyle-parse v0.2.7
[INFO] [stderr]    Compiling anyhow v1.0.100
[INFO] [stderr]    Compiling clap_lex v0.7.6
[INFO] [stderr]    Compiling strsim v0.11.1
[INFO] [stderr]    Compiling same-file v1.0.6
[INFO] [stderr]    Compiling ryu v1.0.20
[INFO] [stderr]    Compiling itoa v1.0.15
[INFO] [stderr]    Compiling walkdir v2.5.0
[INFO] [stderr]    Compiling anstream v0.6.21
[INFO] [stderr]    Compiling clap_builder v4.5.51
[INFO] [stderr]    Compiling indexmap v2.12.0
[INFO] [stderr]    Compiling syn v2.0.110
[INFO] [stderr]    Compiling aho-corasick v1.1.4
[INFO] [stderr]    Compiling regex-automata v0.4.13
[INFO] [stderr]    Compiling serde_derive v1.0.228
[INFO] [stderr]    Compiling clap_derive v4.5.49
[INFO] [stderr]    Compiling clap v4.5.51
[INFO] [stderr]    Compiling regex v1.12.2
[INFO] [stderr]    Compiling toml_datetime v0.6.11
[INFO] [stderr]    Compiling serde_spanned v0.6.9
[INFO] [stderr]    Compiling toml_edit v0.22.27
[INFO] [stderr]    Compiling toml v0.8.23
[INFO] [stderr]    Compiling smart-hooks v0.3.0 (/opt/rustwide/workdir/smart-hooks)
[INFO] [stderr] warning: unused dependency `regex`
[INFO] [stderr]   --> smart-hooks/Cargo.toml:22:1
[INFO] [stderr]    |
[INFO] [stderr] 22 | regex = "1.0"
[INFO] [stderr]    | ^^^^^^^^^^^^^
[INFO] [stderr]    |
[INFO] [stderr]    = note: `cargo::unused_dependencies` is set to `warn` by default
[INFO] [stderr] help: consider removing the dependency on `regex`
[INFO] [stderr] warning: unused dependency `walkdir`
[INFO] [stderr]   --> smart-hooks/Cargo.toml:23:1
[INFO] [stderr]    |
[INFO] [stderr] 23 | walkdir = "2.5.0"
[INFO] [stderr]    | ^^^^^^^^^^^^^^^^^
[INFO] [stderr]    |
[INFO] [stderr] help: consider removing the dependency on `walkdir`
[INFO] [stderr] warning: `smart-hooks` (manifest) generated 2 warnings
[INFO] [stderr]     Finished `release` profile [optimized] target(s) in 53.02s
[INFO] running `Command { std: "docker" "inspect" "819b602bf92afc45b6fc5863478f50ca839db10cfe7d28b4c55f77ec8b4c6396", kill_on_drop: false }`
[INFO] running `Command { std: "docker" "exec" "-e" "SOURCE_DIR=/opt/rustwide/workdir" "-e" "CARGO_HOME=/opt/rustwide/cargo-home" "-e" "RUSTUP_HOME=/opt/rustwide/rustup-home" "-e" "CARGO_TARGET_DIR=/opt/rustwide/target" "-e" "CARGO_INCREMENTAL=0" "-e" "RUST_BACKTRACE=full" "-e" "RUSTFLAGS=--cap-lints=warn" "-e" "RUSTDOCFLAGS=--cap-lints=warn" "-w" "/opt/rustwide/workdir" "--user" "0:0" "819b602bf92afc45b6fc5863478f50ca839db10cfe7d28b4c55f77ec8b4c6396" "/opt/rustwide/cargo-home/bin/cargo" "+1.100.0-beta.1" "test" "--frozen" "--no-run" "--message-format=json" "--release", kill_on_drop: false }`
[INFO] [stderr] warning: unused workspace dependency `smart-hooks-core`
[INFO] [stderr]   --> Cargo.toml:19:25
[INFO] [stderr]    |
[INFO] [stderr] 19 | [workspace.dependencies.smart-hooks-core]
[INFO] [stderr]    |                         ^^^^^^^^^^^^^^^^
[INFO] [stderr]    |
[INFO] [stderr]    = note: `cargo::unused_workspace_dependencies` is set to `warn` by default
[INFO] [stderr] help: consider removing the workspace dependency `smart-hooks-core`
[INFO] [stderr] warning: unused workspace dependency `tokio`
[INFO] [stderr]   --> Cargo.toml:22:25
[INFO] [stderr]    |
[INFO] [stderr] 22 | [workspace.dependencies.tokio]
[INFO] [stderr]    |                         ^^^^^
[INFO] [stderr]    |
[INFO] [stderr] help: consider removing the workspace dependency `tokio`
[INFO] [stderr] warning: workspace (manifest) generated 2 warnings
[INFO] [stderr]    Compiling libc v0.2.177
[INFO] [stderr]    Compiling getrandom v0.3.4
[INFO] [stderr]    Compiling rustix v1.1.2
[INFO] [stderr]    Compiling bitflags v2.10.0
[INFO] [stderr]    Compiling cfg-if v1.0.4
[INFO] [stderr]    Compiling linux-raw-sys v0.11.0
[INFO] [stderr]    Compiling fastrand v2.3.0
[INFO] [stderr]    Compiling once_cell v1.21.3
[INFO] [stderr]    Compiling tempfile v3.23.0
[INFO] [stderr]    Compiling smart-hooks v0.3.0 (/opt/rustwide/workdir/smart-hooks)
[INFO] [stderr] warning: unused dependency `regex`
[INFO] [stderr]   --> smart-hooks/Cargo.toml:22:1
[INFO] [stderr]    |
[INFO] [stderr] 22 | regex = "1.0"
[INFO] [stderr]    | ^^^^^^^^^^^^^
[INFO] [stderr]    |
[INFO] [stderr]    = note: `cargo::unused_dependencies` is set to `warn` by default
[INFO] [stderr] help: consider removing the dependency on `regex`
[INFO] [stderr] warning: unused dependency `walkdir`
[INFO] [stderr]   --> smart-hooks/Cargo.toml:23:1
[INFO] [stderr]    |
[INFO] [stderr] 23 | walkdir = "2.5.0"
[INFO] [stderr]    | ^^^^^^^^^^^^^^^^^
[INFO] [stderr]    |
[INFO] [stderr] help: consider removing the dependency on `walkdir`
[INFO] [stderr] warning: `smart-hooks` (manifest) generated 2 warnings
[INFO] [stderr]     Finished `release` profile [optimized] target(s) in 17.45s
[INFO] running `Command { std: "docker" "inspect" "819b602bf92afc45b6fc5863478f50ca839db10cfe7d28b4c55f77ec8b4c6396", kill_on_drop: false }`
[INFO] running `Command { std: "docker" "exec" "-e" "SOURCE_DIR=/opt/rustwide/workdir" "-e" "CARGO_HOME=/opt/rustwide/cargo-home" "-e" "RUSTUP_HOME=/opt/rustwide/rustup-home" "-e" "CARGO_TARGET_DIR=/opt/rustwide/target" "-e" "CARGO_INCREMENTAL=0" "-e" "RUST_BACKTRACE=full" "-e" "RUSTFLAGS=--cap-lints=warn" "-e" "RUSTDOCFLAGS=--cap-lints=warn" "-w" "/opt/rustwide/workdir" "--user" "0:0" "819b602bf92afc45b6fc5863478f50ca839db10cfe7d28b4c55f77ec8b4c6396" "/opt/rustwide/cargo-home/bin/cargo" "+1.100.0-beta.1" "test" "--frozen" "--release", kill_on_drop: false }`
[INFO] [stderr] warning: unused workspace dependency `smart-hooks-core`
[INFO] [stderr]   --> Cargo.toml:19:25
[INFO] [stderr]    |
[INFO] [stderr] 19 | [workspace.dependencies.smart-hooks-core]
[INFO] [stderr]    |                         ^^^^^^^^^^^^^^^^
[INFO] [stderr]    |
[INFO] [stderr]    = note: `cargo::unused_workspace_dependencies` is set to `warn` by default
[INFO] [stderr] help: consider removing the workspace dependency `smart-hooks-core`
[INFO] [stderr] warning: unused workspace dependency `tokio`
[INFO] [stderr]   --> Cargo.toml:22:25
[INFO] [stderr]    |
[INFO] [stderr] 22 | [workspace.dependencies.tokio]
[INFO] [stderr]    |                         ^^^^^
[INFO] [stderr]    |
[INFO] [stderr] help: consider removing the workspace dependency `tokio`
[INFO] [stderr] warning: workspace (manifest) generated 2 warnings
[INFO] [stderr] warning: unused dependency `regex`
[INFO] [stderr]   --> smart-hooks/Cargo.toml:22:1
[INFO] [stderr]    |
[INFO] [stderr] 22 | regex = "1.0"
[INFO] [stderr]    | ^^^^^^^^^^^^^
[INFO] [stderr]    |
[INFO] [stderr]    = note: `cargo::unused_dependencies` is set to `warn` by default
[INFO] [stderr] help: consider removing the dependency on `regex`
[INFO] [stderr] warning: unused dependency `walkdir`
[INFO] [stderr]   --> smart-hooks/Cargo.toml:23:1
[INFO] [stderr]    |
[INFO] [stderr] 23 | walkdir = "2.5.0"
[INFO] [stderr]    | ^^^^^^^^^^^^^^^^^
[INFO] [stderr]    |
[INFO] [stderr] help: consider removing the dependency on `walkdir`
[INFO] [stderr] warning: `smart-hooks` (manifest) generated 2 warnings
[INFO] [stderr]     Finished `release` profile [optimized] target(s) in 0.10s
[INFO] [stderr]      Running unittests src/lib.rs (/opt/rustwide/target/release/build/smart-hooks/472c712f4228176e/out/smart_hooks-472c712f4228176e)
[INFO] [stdout] 
[INFO] [stdout] running 50 tests
[INFO] [stdout] test execution::plan_executor::tests::a_passing_report_has_no_failure_message ... ok
[INFO] [stdout] test analysis::file_analyzer::tests::test_contains_error_handling ... ok
[INFO] [stdout] test analysis::file_analyzer::tests::test_contains_move_operations ... ok
[INFO] [stdout] test analysis::config::tests::test_default_config ... ok
[INFO] [stdout] test analysis::config::tests::test_integration_test_patterns ... ok
[INFO] [stdout] test execution::plan_executor::tests::a_report_summarises_every_failure_by_name ... ok
[INFO] [stdout] test analysis::dependency_mapper::tests::test_config_based_core_module ... ok
[INFO] [stdout] test analysis::dependency_mapper::tests::test_create_test_plan_empty ... ok
[INFO] [stdout] test analysis::file_analyzer::tests::test_contains_conflict_resolution ... ok
[INFO] [stdout] test analysis::dependency_mapper::tests::test_config_based_core_validator ... ok
[INFO] [stdout] test utilities::file_utils::tests::fixtures_under_a_tests_directory_are_not_core_files ... ok
[INFO] [stdout] test project::tests::test_crate_for_file ... ok
[INFO] [stdout] test project::tests::test_discover_single_crate_project ... ok
[INFO] [stdout] test project::tests::test_discover_workspace_project ... ok
[INFO] [stdout] test utilities::file_utils::tests::a_backslash_is_part_of_a_unix_filename_not_a_separator ... ok
[INFO] [stdout] test utilities::file_utils::tests::core_files_are_recognised_from_nested_crate_paths ... ok
[INFO] [stdout] test analysis::config::tests::a_config_without_optional_patterns_terminates ... ok
[INFO] [stdout] test utilities::file_utils::tests::core_files_are_recognised_from_repository_relative_paths ... ok
[INFO] [stdout] test utilities::file_utils::tests::relative_paths_are_stripped_by_prefix ... ok
[INFO] [stdout] test utilities::impact_analyzer::tests::test_determine_impact_level_high ... ok
[INFO] [stdout] test utilities::impact_analyzer::tests::test_determine_impact_level_medium ... ok
[INFO] [stdout] test analysis::file_analyzer::tests::test_functionality_flags_default ... ok
[INFO] [stdout] test utilities::file_utils::tests::rust_files_are_recognised_by_extension_alone ... ok
[INFO] [stdout] test utilities::file_utils::tests::test_code_and_non_rust_paths_are_not_core_files ... ok
[INFO] [stdout] test utilities::impact_analyzer::tests::test_determine_impact_level_dependency ... ok
[INFO] [stdout] test analysis::dependency_mapper::tests::test_create_test_plan_non_rust_files ... ok
[INFO] [stdout] test utilities::impact_analyzer::tests::test_determine_impact_level_none ... ok
[INFO] [stdout] test analysis::config::tests::test_unit_test_pattern_matching ... ok
[INFO] [stdout] test utilities::impact_analyzer::tests::test_impact_level_ordering ... ok
[INFO] [stdout] test execution::plan_executor::tests::an_empty_plan_runs_nothing_and_passes ... ok
[INFO] [stdout] test dependency::tests::test_rust_dependency_analyzer ... ok
[INFO] [stdout] test utilities::module_utils::tests::a_backslash_is_part_of_a_unix_filename_not_a_separator ... ok
[INFO] [stdout] test utilities::module_utils::tests::a_nested_main_rs_is_a_module_not_a_crate_root ... ok
[INFO] [stdout] test utilities::module_utils::tests::crate_roots_and_non_rust_paths_have_no_module ... ok
[INFO] [stdout] test utilities::module_utils::tests::identifies_behavioural_modules ... ok
[INFO] [stdout] test utilities::module_utils::tests::extracts_module_names_from_nested_crate_paths ... ok
[INFO] [stdout] test utilities::module_utils::tests::identifies_core_modules ... ok
[INFO] [stdout] test utilities::module_utils::tests::maps_mod_rs_to_its_directory ... ok
[INFO] [stdout] test utilities::module_utils::tests::test_trees_yield_no_module_wherever_src_appears ... ok
[INFO] [stdout] test utilities::path_segments::tests::leading_dot_and_empty_segments_are_dropped ... ok
[INFO] [stdout] test utilities::path_segments::tests::a_backslash_in_a_unix_filename_is_part_of_the_name ... ok
[INFO] [stdout] test utilities::path_segments::tests::git_style_paths_split_on_every_platform ... ok
[INFO] [stdout] test utilities::module_utils::tests::a_directory_named_src_deeper_in_the_tree_wins ... ok
[INFO] [stdout] test utilities::module_utils::tests::a_module_whose_name_starts_with_mod_is_not_mangled ... ok
[INFO] [stdout] test utilities::module_utils::tests::core_module_matching_is_segment_aware ... ok
[INFO] [stdout] test utilities::module_utils::tests::extracts_module_names_from_repository_relative_paths ... ok
[INFO] [stdout] test analysis::file_analyzer::tests::test_contains_core_types ... ok
[INFO] [stdout] test utilities::impact_analyzer::tests::test_impact_level_max ... ok
[INFO] [stdout] test execution::test_runner::tests::test_run_cargo_command_help ... ok
[INFO] [stdout] test execution::plan_executor::tests::unit_suites_are_reported_in_a_stable_order ... ok
[INFO] [stderr]      Running unittests src/main.rs (/opt/rustwide/target/release/build/smart-hooks/65570522ee323e9a/out/smart_hooks-65570522ee323e9a)
[INFO] [stdout] 
[INFO] [stdout] test result: ok. 50 passed; 0 failed; 0 ignored; 0 measured; 0 filtered out; finished in 32.46s
[INFO] [stdout] 
[INFO] [stdout] 
[INFO] [stdout] running 11 tests
[INFO] [stdout] test cli::tests::dry_run_is_opt_in ... ok
[INFO] [stdout] test smart_analysis::test_selection::tests::result_json_reports_completed_only_when_every_suite_passed ... ok
[INFO] [stdout] test smart_analysis::test_selection::tests::result_json_reports_failure_rather_than_completion ... ok
[INFO] [stdout] test cli::tests::removed_subcommands_are_rejected_rather_than_parsed_as_files ... ok
[INFO] [stdout] test cli::tests::quiet_and_verbose_together_are_rejected ... ok
[INFO] [stdout] test cli::tests::global_flags_are_accepted_before_the_subcommand ... ok
[INFO] [stdout] test cli::tests::test_subcommand_collects_files ... ok
[INFO] [stdout] test smart_analysis::test_selection::tests::dry_run_reports_the_plan_without_executing_it ... ok
[INFO] [stdout] test smart_analysis::test_selection::tests::empty_file_list_runs_nothing_and_succeeds ... ok
[INFO] [stdout] test smart_analysis::test_selection::tests::plan_json_sorts_unit_tests_and_is_marked_planned ... ok
[INFO] [stdout] test cli::tests::quiet_alone_is_accepted ... ok
[INFO] [stderr]      Running tests/cli_integration.rs (/opt/rustwide/target/release/build/smart-hooks/97dcfe927bcd6f6c/out/cli_integration-97dcfe927bcd6f6c)
[INFO] [stdout] 
[INFO] [stdout] test result: ok. 11 passed; 0 failed; 0 ignored; 0 measured; 0 filtered out; finished in 0.15s
[INFO] [stdout] 
[INFO] [stdout] 
[INFO] [stdout] running 8 tests
[INFO] [stdout] test contradictory_global_flags_fail_with_a_non_zero_exit ... FAILED
[INFO] [stdout] test json_mode_emits_exactly_one_document_after_running_the_tests ... FAILED
[INFO] [stdout] test a_repository_relative_path_selects_the_matching_module ... FAILED
[INFO] [stdout] test removed_subcommands_exit_non_zero_rather_than_silently_passing ... FAILED
[INFO] [stdout] test structural_paths_do_not_schedule_an_absent_test_target ... FAILED
[INFO] [stdout] test dry_run_reports_a_plan_without_running_cargo ... FAILED
[INFO] [stdout] test no_files_succeeds_and_selects_nothing ... FAILED
[INFO] [stdout] test non_rust_files_select_nothing ... FAILED
[INFO] [stdout] 
[INFO] [stdout] failures:
[INFO] [stdout] 
[INFO] [stdout] ---- contradictory_global_flags_fail_with_a_non_zero_exit stdout ----
[INFO] [stdout] 
[INFO] [stdout] thread 'contradictory_global_flags_fail_with_a_non_zero_exit' (2507) panicked at smart-hooks/tests/cli_integration.rs:25:10:
[INFO] [stdout] failed to run the smart-hooks binary: Os { code: 2, kind: NotFound, message: "No such file or directory" }
[INFO] [stdout] stack backtrace:
[INFO] [stdout]    0:     0x5dcad902e201 - <<std[617be2ca0a6fd877]::sys::backtrace::BacktraceLock>::print::DisplayBacktrace as core[a373ad73a504971]::fmt::Display>::fmt
[INFO] [stdout]    1:     0x5dcad9042b9a - core[a373ad73a504971]::fmt::write
[INFO] [stdout]    2:     0x5dcad903241c - <alloc[2e1b2a31b91974c5]::vec::Vec<u8> as core[a373ad73a504971]::io::write::Write>::write_fmt
[INFO] [stdout]    3:     0x5dcad900a1e6 - std[617be2ca0a6fd877]::panicking::default_hook::{closure#0}
[INFO] [stdout]    4:     0x5dcad9026899 - std[617be2ca0a6fd877]::panicking::default_hook
[INFO] [stdout]    5:     0x5dcad8fbbd30 - test[aada8e7e76ba119b]::test_main_inner::{closure#0}
[INFO] [stdout]    6:     0x5dcad9026a52 - std[617be2ca0a6fd877]::panicking::panic_with_hook
[INFO] [stdout]    7:     0x5dcad900a292 - std[617be2ca0a6fd877]::panicking::panic_handler::{closure#0}
[INFO] [stdout]    8:     0x5dcad9002fa9 - std[617be2ca0a6fd877]::sys::backtrace::__rust_end_short_backtrace::<std[617be2ca0a6fd877]::panicking::panic_handler::{closure#0}, !>
[INFO] [stdout]    9:     0x5dcad900ae9d - __rustc[ea4f61d10b84890b]::rust_begin_unwind
[INFO] [stdout]   10:     0x5dcad90432cc - core[a373ad73a504971]::panicking::panic_fmt
[INFO] [stdout]   11:     0x5dcad90430a2 - core[a373ad73a504971]::result::unwrap_failed
[INFO] [stdout]   12:     0x5dcad8faa875 - cli_integration[9b5e9b5198a12faa]::run
[INFO] [stdout]   13:     0x5dcad8fabd47 - <cli_integration[9b5e9b5198a12faa]::contradictory_global_flags_fail_with_a_non_zero_exit::{closure#0} as core[a373ad73a504971]::ops::function::FnOnce<()>>::call_once
[INFO] [stdout]   14:     0x5dcad8faf17b - test[aada8e7e76ba119b]::__rust_begin_short_backtrace::<core[a373ad73a504971]::result::Result<(), alloc[2e1b2a31b91974c5]::string::String>, fn() -> core[a373ad73a504971]::result::Result<(), alloc[2e1b2a31b91974c5]::string::String>>
[INFO] [stdout]   15:     0x5dcad8fbc355 - test[aada8e7e76ba119b]::run_test::{closure#0}
[INFO] [stdout]   16:     0x5dcad8fb5c44 - std[617be2ca0a6fd877]::sys::backtrace::__rust_begin_short_backtrace::<test[aada8e7e76ba119b]::run_test::{closure#1}, ()>
[INFO] [stdout]   17:     0x5dcad8fbf3e2 - <std[617be2ca0a6fd877]::thread::lifecycle::spawn_unchecked<test[aada8e7e76ba119b]::run_test::{closure#1}, ()>::{closure#1} as core[a373ad73a504971]::ops::function::FnOnce<()>>::call_once::{shim:vtable#0}
[INFO] [stdout]   18:     0x5dcad902da5f - <std[617be2ca0a6fd877]::sys::thread::unix::Thread>::new::thread_start
[INFO] [stdout]   19:     0x795b62780dfa - <unknown>
[INFO] [stdout]   20:     0x795b628143d4 - clone
[INFO] [stdout]   21:                0x0 - <unknown>
[INFO] [stdout] 
[INFO] [stdout] ---- json_mode_emits_exactly_one_document_after_running_the_tests stdout ----
[INFO] [stdout] 
[INFO] [stdout] thread 'json_mode_emits_exactly_one_document_after_running_the_tests' (2509) panicked at smart-hooks/tests/cli_integration.rs:25:10:
[INFO] [stdout] failed to run the smart-hooks binary: Os { code: 2, kind: NotFound, message: "No such file or directory" }
[INFO] [stdout] stack backtrace:
[INFO] [stdout]    0:     0x5dcad902e201 - <<std[617be2ca0a6fd877]::sys::backtrace::BacktraceLock>::print::DisplayBacktrace as core[a373ad73a504971]::fmt::Display>::fmt
[INFO] [stdout]    1:     0x5dcad9042b9a - core[a373ad73a504971]::fmt::write
[INFO] [stdout]    2:     0x5dcad903241c - <alloc[2e1b2a31b91974c5]::vec::Vec<u8> as core[a373ad73a504971]::io::write::Write>::write_fmt
[INFO] [stdout]    3:     0x5dcad900a1e6 - std[617be2ca0a6fd877]::panicking::default_hook::{closure#0}
[INFO] [stdout]    4:     0x5dcad9026899 - std[617be2ca0a6fd877]::panicking::default_hook
[INFO] [stdout]    5:     0x5dcad8fbbd30 - test[aada8e7e76ba119b]::test_main_inner::{closure#0}
[INFO] [stdout]    6:     0x5dcad9026a52 - std[617be2ca0a6fd877]::panicking::panic_with_hook
[INFO] [stdout]    7:     0x5dcad900a292 - std[617be2ca0a6fd877]::panicking::panic_handler::{closure#0}
[INFO] [stdout]    8:     0x5dcad9002fa9 - std[617be2ca0a6fd877]::sys::backtrace::__rust_end_short_backtrace::<std[617be2ca0a6fd877]::panicking::panic_handler::{closure#0}, !>
[INFO] [stdout]    9:     0x5dcad900ae9d - __rustc[ea4f61d10b84890b]::rust_begin_unwind
[INFO] [stdout]   10:     0x5dcad90432cc - core[a373ad73a504971]::panicking::panic_fmt
[INFO] [stdout]   11:     0x5dcad90430a2 - core[a373ad73a504971]::result::unwrap_failed
[INFO] [stdout]   12:     0x5dcad8faa875 - cli_integration[9b5e9b5198a12faa]::run
[INFO] [stdout]   13:     0x5dcad8fac5e9 - <cli_integration[9b5e9b5198a12faa]::json_mode_emits_exactly_one_document_after_running_the_tests::{closure#0} as core[a373ad73a504971]::ops::function::FnOnce<()>>::call_once
[INFO] [stdout]   14:     0x5dcad8faf17b - test[aada8e7e76ba119b]::__rust_begin_short_backtrace::<core[a373ad73a504971]::result::Result<(), alloc[2e1b2a31b91974c5]::string::String>, fn() -> core[a373ad73a504971]::result::Result<(), alloc[2e1b2a31b91974c5]::string::String>>
[INFO] [stdout]   15:     0x5dcad8fbc355 - test[aada8e7e76ba119b]::run_test::{closure#0}
[INFO] [stdout]   16:     0x5dcad8fb5c44 - std[617be2ca0a6fd877]::sys::backtrace::__rust_begin_short_backtrace::<test[aada8e7e76ba119b]::run_test::{closure#1}, ()>
[INFO] [stdout]   17:     0x5dcad8fbf3e2 - <std[617be2ca0a6fd877]::thread::lifecycle::spawn_unchecked<test[aada8e7e76ba119b]::run_test::{closure#1}, ()>::{closure#1} as core[a373ad73a504971]::ops::function::FnOnce<()>>::call_once::{shim:vtable#0}
[INFO] [stdout]   18:     0x5dcad902da5f - <std[617be2ca0a6fd877]::sys::thread::unix::Thread>::new::thread_start
[INFO] [stdout]   19:     0x795b62780dfa - <unknown>
[INFO] [stdout]   20:     0x795b628143d4 - clone
[INFO] [stdout]   21:                0x0 - <unknown>
[INFO] [stdout] 
[INFO] [stdout] ---- a_repository_relative_path_selects_the_matching_module stdout ----
[INFO] [stdout] 
[INFO] [stdout] thread 'a_repository_relative_path_selects_the_matching_module' (2506) panicked at smart-hooks/tests/cli_integration.rs:25:10:
[INFO] [stdout] failed to run the smart-hooks binary: Os { code: 2, kind: NotFound, message: "No such file or directory" }
[INFO] [stdout] stack backtrace:
[INFO] [stdout]    0:     0x5dcad902e201 - <<std[617be2ca0a6fd877]::sys::backtrace::BacktraceLock>::print::DisplayBacktrace as core[a373ad73a504971]::fmt::Display>::fmt
[INFO] [stdout]    1:     0x5dcad9042b9a - core[a373ad73a504971]::fmt::write
[INFO] [stdout]    2:     0x5dcad903241c - <alloc[2e1b2a31b91974c5]::vec::Vec<u8> as core[a373ad73a504971]::io::write::Write>::write_fmt
[INFO] [stdout]    3:     0x5dcad900a1e6 - std[617be2ca0a6fd877]::panicking::default_hook::{closure#0}
[INFO] [stdout]    4:     0x5dcad9026899 - std[617be2ca0a6fd877]::panicking::default_hook
[INFO] [stdout]    5:     0x5dcad8fbbd30 - test[aada8e7e76ba119b]::test_main_inner::{closure#0}
[INFO] [stdout]    6:     0x5dcad9026a52 - std[617be2ca0a6fd877]::panicking::panic_with_hook
[INFO] [stdout]    7:     0x5dcad900a292 - std[617be2ca0a6fd877]::panicking::panic_handler::{closure#0}
[INFO] [stdout]    8:     0x5dcad9002fa9 - std[617be2ca0a6fd877]::sys::backtrace::__rust_end_short_backtrace::<std[617be2ca0a6fd877]::panicking::panic_handler::{closure#0}, !>
[INFO] [stdout]    9:     0x5dcad900ae9d - __rustc[ea4f61d10b84890b]::rust_begin_unwind
[INFO] [stdout]   10:     0x5dcad90432cc - core[a373ad73a504971]::panicking::panic_fmt
[INFO] [stdout]   11:     0x5dcad90430a2 - core[a373ad73a504971]::result::unwrap_failed
[INFO] [stdout]   12:     0x5dcad8faa875 - cli_integration[9b5e9b5198a12faa]::run
[INFO] [stdout]   13:     0x5dcad8fabf67 - <cli_integration[9b5e9b5198a12faa]::a_repository_relative_path_selects_the_matching_module::{closure#0} as core[a373ad73a504971]::ops::function::FnOnce<()>>::call_once
[INFO] [stdout]   14:     0x5dcad8faf17b - test[aada8e7e76ba119b]::__rust_begin_short_backtrace::<core[a373ad73a504971]::result::Result<(), alloc[2e1b2a31b91974c5]::string::String>, fn() -> core[a373ad73a504971]::result::Result<(), alloc[2e1b2a31b91974c5]::string::String>>
[INFO] [stdout]   15:     0x5dcad8fbc355 - test[aada8e7e76ba119b]::run_test::{closure#0}
[INFO] [stdout]   16:     0x5dcad8fb5c44 - std[617be2ca0a6fd877]::sys::backtrace::__rust_begin_short_backtrace::<test[aada8e7e76ba119b]::run_test::{closure#1}, ()>
[INFO] [stdout]   17:     0x5dcad8fbf3e2 - <std[617be2ca0a6fd877]::thread::lifecycle::spawn_unchecked<test[aada8e7e76ba119b]::run_test::{closure#1}, ()>::{closure#1} as core[a373ad73a504971]::ops::function::FnOnce<()>>::call_once::{shim:vtable#0}
[INFO] [stdout]   18:     0x5dcad902da5f - <std[617be2ca0a6fd877]::sys::thread::unix::Thread>::new::thread_start
[INFO] [stdout]   19:     0x795b62780dfa - <unknown>
[INFO] [stdout]   20:     0x795b628143d4 - clone
[INFO] [stdout]   21:                0x0 - <unknown>
[INFO] [stdout] 
[INFO] [stdout] ---- removed_subcommands_exit_non_zero_rather_than_silently_passing stdout ----
[INFO] [stdout] 
[INFO] [stdout] thread 'removed_subcommands_exit_non_zero_rather_than_silently_passing' (2512) panicked at smart-hooks/tests/cli_integration.rs:25:10:
[INFO] [stdout] failed to run the smart-hooks binary: Os { code: 2, kind: NotFound, message: "No such file or directory" }
[INFO] [stdout] stack backtrace:
[INFO] [stdout]    0:     0x5dcad902e201 - <<std[617be2ca0a6fd877]::sys::backtrace::BacktraceLock>::print::DisplayBacktrace as core[a373ad73a504971]::fmt::Display>::fmt
[INFO] [stdout]    1:     0x5dcad9042b9a - core[a373ad73a504971]::fmt::write
[INFO] [stdout]    2:     0x5dcad903241c - <alloc[2e1b2a31b91974c5]::vec::Vec<u8> as core[a373ad73a504971]::io::write::Write>::write_fmt
[INFO] [stdout]    3:     0x5dcad900a1e6 - std[617be2ca0a6fd877]::panicking::default_hook::{closure#0}
[INFO] [stdout]    4:     0x5dcad9026899 - std[617be2ca0a6fd877]::panicking::default_hook
[INFO] [stdout]    5:     0x5dcad8fbbd30 - test[aada8e7e76ba119b]::test_main_inner::{closure#0}
[INFO] [stdout]    6:     0x5dcad9026a52 - std[617be2ca0a6fd877]::panicking::panic_with_hook
[INFO] [stdout]    7:     0x5dcad900a292 - std[617be2ca0a6fd877]::panicking::panic_handler::{closure#0}
[INFO] [stdout]    8:     0x5dcad9002fa9 - std[617be2ca0a6fd877]::sys::backtrace::__rust_end_short_backtrace::<std[617be2ca0a6fd877]::panicking::panic_handler::{closure#0}, !>
[INFO] [stdout]    9:     0x5dcad900ae9d - __rustc[ea4f61d10b84890b]::rust_begin_unwind
[INFO] [stdout]   10:     0x5dcad90432cc - core[a373ad73a504971]::panicking::panic_fmt
[INFO] [stdout]   11:     0x5dcad90430a2 - core[a373ad73a504971]::result::unwrap_failed
[INFO] [stdout]   12:     0x5dcad8faa875 - cli_integration[9b5e9b5198a12faa]::run
[INFO] [stdout]   13:     0x5dcad8fac98f - <cli_integration[9b5e9b5198a12faa]::removed_subcommands_exit_non_zero_rather_than_silently_passing::{closure#0} as core[a373ad73a504971]::ops::function::FnOnce<()>>::call_once
[INFO] [stdout]   14:     0x5dcad8faf17b - test[aada8e7e76ba119b]::__rust_begin_short_backtrace::<core[a373ad73a504971]::result::Result<(), alloc[2e1b2a31b91974c5]::string::String>, fn() -> core[a373ad73a504971]::result::Result<(), alloc[2e1b2a31b91974c5]::string::String>>
[INFO] [stdout]   15:     0x5dcad8fbc355 - test[aada8e7e76ba119b]::run_test::{closure#0}
[INFO] [stdout]   16:     0x5dcad8fb5c44 - std[617be2ca0a6fd877]::sys::backtrace::__rust_begin_short_backtrace::<test[aada8e7e76ba119b]::run_test::{closure#1}, ()>
[INFO] [stdout]   17:     0x5dcad8fbf3e2 - <std[617be2ca0a6fd877]::thread::lifecycle::spawn_unchecked<test[aada8e7e76ba119b]::run_test::{closure#1}, ()>::{closure#1} as core[a373ad73a504971]::ops::function::FnOnce<()>>::call_once::{shim:vtable#0}
[INFO] [stdout]   18:     0x5dcad902da5f - <std[617be2ca0a6fd877]::sys::thread::unix::Thread>::new::thread_start
[INFO] [stdout]   19:     0x795b62780dfa - <unknown>
[INFO] [stdout]   20:     0x795b628143d4 - clone
[INFO] [stdout]   21:                0x0 - <unknown>
[INFO] [stdout] 
[INFO] [stdout] ---- structural_paths_do_not_schedule_an_absent_test_target stdout ----
[INFO] [stdout] 
[INFO] [stdout] thread 'structural_paths_do_not_schedule_an_absent_test_target' (2514) panicked at smart-hooks/tests/cli_integration.rs:25:10:
[INFO] [stdout] failed to run the smart-hooks binary: Os { code: 2, kind: NotFound, message: "No such file or directory" }
[INFO] [stdout] stack backtrace:
[INFO] [stdout]    0:     0x5dcad902e201 - <<std[617be2ca0a6fd877]::sys::backtrace::BacktraceLock>::print::DisplayBacktrace as core[a373ad73a504971]::fmt::Display>::fmt
[INFO] [stdout]    1:     0x5dcad9042b9a - core[a373ad73a504971]::fmt::write
[INFO] [stdout]    2:     0x5dcad903241c - <alloc[2e1b2a31b91974c5]::vec::Vec<u8> as core[a373ad73a504971]::io::write::Write>::write_fmt
[INFO] [stdout]    3:     0x5dcad900a1e6 - std[617be2ca0a6fd877]::panicking::default_hook::{closure#0}
[INFO] [stdout]    4:     0x5dcad9026899 - std[617be2ca0a6fd877]::panicking::default_hook
[INFO] [stdout]    5:     0x5dcad8fbbd30 - test[aada8e7e76ba119b]::test_main_inner::{closure#0}
[INFO] [stdout]    6:     0x5dcad9026a52 - std[617be2ca0a6fd877]::panicking::panic_with_hook
[INFO] [stdout]    7:     0x5dcad900a292 - std[617be2ca0a6fd877]::panicking::panic_handler::{closure#0}
[INFO] [stdout]    8:     0x5dcad9002fa9 - std[617be2ca0a6fd877]::sys::backtrace::__rust_end_short_backtrace::<std[617be2ca0a6fd877]::panicking::panic_handler::{closure#0}, !>
[INFO] [stdout]    9:     0x5dcad900ae9d - __rustc[ea4f61d10b84890b]::rust_begin_unwind
[INFO] [stdout]   10:     0x5dcad90432cc - core[a373ad73a504971]::panicking::panic_fmt
[INFO] [stdout]   11:     0x5dcad90430a2 - core[a373ad73a504971]::result::unwrap_failed
[INFO] [stdout]   12:     0x5dcad8faa875 - cli_integration[9b5e9b5198a12faa]::run
[INFO] [stdout]   13:     0x5dcad8fac385 - <cli_integration[9b5e9b5198a12faa]::structural_paths_do_not_schedule_an_absent_test_target::{closure#0} as core[a373ad73a504971]::ops::function::FnOnce<()>>::call_once
[INFO] [stdout]   14:     0x5dcad8faf17b - test[aada8e7e76ba119b]::__rust_begin_short_backtrace::<core[a373ad73a504971]::result::Result<(), alloc[2e1b2a31b91974c5]::string::String>, fn() -> core[a373ad73a504971]::result::Result<(), alloc[2e1b2a31b91974c5]::string::String>>
[INFO] [stdout]   15:     0x5dcad8fbc355 - test[aada8e7e76ba119b]::run_test::{closure#0}
[INFO] [stdout]   16:     0x5dcad8fb5c44 - std[617be2ca0a6fd877]::sys::backtrace::__rust_begin_short_backtrace::<test[aada8e7e76ba119b]::run_test::{closure#1}, ()>
[INFO] [stdout]   17:     0x5dcad8fbf3e2 - <std[617be2ca0a6fd877]::thread::lifecycle::spawn_unchecked<test[aada8e7e76ba119b]::run_test::{closure#1}, ()>::{closure#1} as core[a373ad73a504971]::ops::function::FnOnce<()>>::call_once::{shim:vtable#0}
[INFO] [stdout]   18:     0x5dcad902da5f - <std[617be2ca0a6fd877]::sys::thread::unix::Thread>::new::thread_start
[INFO] [stdout]   19:     0x795b62780dfa - <unknown>
[INFO] [stdout]   20:     0x795b628143d4 - clone
[INFO] [stdout]   21:                0x0 - <unknown>
[INFO] [stdout] 
[INFO] [stdout] ---- dry_run_reports_a_plan_without_running_cargo stdout ----
[INFO] [stdout] 
[INFO] [stdout] thread 'dry_run_reports_a_plan_without_running_cargo' (2508) panicked at smart-hooks/tests/cli_integration.rs:25:10:
[INFO] [stdout] failed to run the smart-hooks binary: Os { code: 2, kind: NotFound, message: "No such file or directory" }
[INFO] [stdout] stack backtrace:
[INFO] [stdout]    0:     0x5dcad902e201 - <<std[617be2ca0a6fd877]::sys::backtrace::BacktraceLock>::print::DisplayBacktrace as core[a373ad73a504971]::fmt::Display>::fmt
[INFO] [stdout]    1:     0x5dcad9042b9a - core[a373ad73a504971]::fmt::write
[INFO] [stdout]    2:     0x5dcad903241c - <alloc[2e1b2a31b91974c5]::vec::Vec<u8> as core[a373ad73a504971]::io::write::Write>::write_fmt
[INFO] [stdout]    3:     0x5dcad900a1e6 - std[617be2ca0a6fd877]::panicking::default_hook::{closure#0}
[INFO] [stdout]    4:     0x5dcad9026899 - std[617be2ca0a6fd877]::panicking::default_hook
[INFO] [stdout]    5:     0x5dcad8fbbd30 - test[aada8e7e76ba119b]::test_main_inner::{closure#0}
[INFO] [stdout]    6:     0x5dcad9026a52 - std[617be2ca0a6fd877]::panicking::panic_with_hook
[INFO] [stdout]    7:     0x5dcad900a292 - std[617be2ca0a6fd877]::panicking::panic_handler::{closure#0}
[INFO] [stdout]    8:     0x5dcad9002fa9 - std[617be2ca0a6fd877]::sys::backtrace::__rust_end_short_backtrace::<std[617be2ca0a6fd877]::panicking::panic_handler::{closure#0}, !>
[INFO] [stdout]    9:     0x5dcad900ae9d - __rustc[ea4f61d10b84890b]::rust_begin_unwind
[INFO] [stdout]   10:     0x5dcad90432cc - core[a373ad73a504971]::panicking::panic_fmt
[INFO] [stdout]   11:     0x5dcad90430a2 - core[a373ad73a504971]::result::unwrap_failed
[INFO] [stdout]   12:     0x5dcad8faa875 - cli_integration[9b5e9b5198a12faa]::run
[INFO] [stdout]   13:     0x5dcad8fabb96 - <cli_integration[9b5e9b5198a12faa]::dry_run_reports_a_plan_without_running_cargo::{closure#0} as core[a373ad73a504971]::ops::function::FnOnce<()>>::call_once
[INFO] [stdout]   14:     0x5dcad8faf17b - test[aada8e7e76ba119b]::__rust_begin_short_backtrace::<core[a373ad73a504971]::result::Result<(), alloc[2e1b2a31b91974c5]::string::String>, fn() -> core[a373ad73a504971]::result::Result<(), alloc[2e1b2a31b91974c5]::string::String>>
[INFO] [stdout]   15:     0x5dcad8fbc355 - test[aada8e7e76ba119b]::run_test::{closure#0}
[INFO] [stdout]   16:     0x5dcad8fb5c44 - std[617be2ca0a6fd877]::sys::backtrace::__rust_begin_short_backtrace::<test[aada8e7e76ba119b]::run_test::{closure#1}, ()>
[INFO] [stdout]   17:     0x5dcad8fbf3e2 - <std[617be2ca0a6fd877]::thread::lifecycle::spawn_unchecked<test[aada8e7e76ba119b]::run_test::{closure#1}, ()>::{closure#1} as core[a373ad73a504971]::ops::function::FnOnce<()>>::call_once::{shim:vtable#0}
[INFO] [stdout]   18:     0x5dcad902da5f - <std[617be2ca0a6fd877]::sys::thread::unix::Thread>::new::thread_start
[INFO] [stdout]   19:     0x795b62780dfa - <unknown>
[INFO] [stdout]   20:     0x795b628143d4 - clone
[INFO] [stdout]   21:                0x0 - <unknown>
[INFO] [stdout] 
[INFO] [stdout] ---- no_files_succeeds_and_selects_nothing stdout ----
[INFO] [stdout] 
[INFO] [stdout] thread 'no_files_succeeds_and_selects_nothing' (2510) panicked at smart-hooks/tests/cli_integration.rs:25:10:
[INFO] [stdout] failed to run the smart-hooks binary: Os { code: 2, kind: NotFound, message: "No such file or directory" }
[INFO] [stdout] stack backtrace:
[INFO] [stdout]    0:     0x5dcad902e201 - <<std[617be2ca0a6fd877]::sys::backtrace::BacktraceLock>::print::DisplayBacktrace as core[a373ad73a504971]::fmt::Display>::fmt
[INFO] [stdout]    1:     0x5dcad9042b9a - core[a373ad73a504971]::fmt::write
[INFO] [stdout]    2:     0x5dcad903241c - <alloc[2e1b2a31b91974c5]::vec::Vec<u8> as core[a373ad73a504971]::io::write::Write>::write_fmt
[INFO] [stdout]    3:     0x5dcad900a1e6 - std[617be2ca0a6fd877]::panicking::default_hook::{closure#0}
[INFO] [stdout]    4:     0x5dcad9026899 - std[617be2ca0a6fd877]::panicking::default_hook
[INFO] [stdout]    5:     0x5dcad8fbbd30 - test[aada8e7e76ba119b]::test_main_inner::{closure#0}
[INFO] [stdout]    6:     0x5dcad9026a52 - std[617be2ca0a6fd877]::panicking::panic_with_hook
[INFO] [stdout]    7:     0x5dcad900a292 - std[617be2ca0a6fd877]::panicking::panic_handler::{closure#0}
[INFO] [stdout]    8:     0x5dcad9002fa9 - std[617be2ca0a6fd877]::sys::backtrace::__rust_end_short_backtrace::<std[617be2ca0a6fd877]::panicking::panic_handler::{closure#0}, !>
[INFO] [stdout]    9:     0x5dcad900ae9d - __rustc[ea4f61d10b84890b]::rust_begin_unwind
[INFO] [stdout]   10:     0x5dcad90432cc - core[a373ad73a504971]::panicking::panic_fmt
[INFO] [stdout]   11:     0x5dcad90430a2 - core[a373ad73a504971]::result::unwrap_failed
[INFO] [stdout]   12:     0x5dcad8faa875 - cli_integration[9b5e9b5198a12faa]::run
[INFO] [stdout]   13:     0x5dcad8fab875 - <cli_integration[9b5e9b5198a12faa]::no_files_succeeds_and_selects_nothing::{closure#0} as core[a373ad73a504971]::ops::function::FnOnce<()>>::call_once
[INFO] [stdout]   14:     0x5dcad8faf17b - test[aada8e7e76ba119b]::__rust_begin_short_backtrace::<core[a373ad73a504971]::result::Result<(), alloc[2e1b2a31b91974c5]::string::String>, fn() -> core[a373ad73a504971]::result::Result<(), alloc[2e1b2a31b91974c5]::string::String>>
[INFO] [stdout]   15:     0x5dcad8fbc355 - test[aada8e7e76ba119b]::run_test::{closure#0}
[INFO] [stdout]   16:     0x5dcad8fb5c44 - std[617be2ca0a6fd877]::sys::backtrace::__rust_begin_short_backtrace::<test[aada8e7e76ba119b]::run_test::{closure#1}, ()>
[INFO] [stdout]   17:     0x5dcad8fbf3e2 - <std[617be2ca0a6fd877]::thread::lifecycle::spawn_unchecked<test[aada8e7e76ba119b]::run_test::{closure#1}, ()>::{closure#1} as core[a373ad73a504971]::ops::function::FnOnce<()>>::call_once::{shim:vtable#0}
[INFO] [stdout]   18:     0x5dcad902da5f - <std[617be2ca0a6fd877]::sys::thread::unix::Thread>::new::thread_start
[INFO] [stdout]   19:     0x795b62780dfa - <unknown>
[INFO] [stdout]   20:     0x795b628143d4 - clone
[INFO] [stdout]   21:                0x0 - <unknown>
[INFO] [stdout] 
[INFO] [stdout] ---- non_rust_files_select_nothing stdout ----
[INFO] [stdout] 
[INFO] [stdout] thread 'non_rust_files_select_nothing' (2511) panicked at smart-hooks/tests/cli_integration.rs:25:10:
[INFO] [stdout] failed to run the smart-hooks binary: Os { code: 2, kind: NotFound, message: "No such file or directory" }
[INFO] [stdout] stack backtrace:
[INFO] [stdout]    0:     0x5dcad902e201 - <<std[617be2ca0a6fd877]::sys::backtrace::BacktraceLock>::print::DisplayBacktrace as core[a373ad73a504971]::fmt::Display>::fmt
[INFO] [stdout]    1:     0x5dcad9042b9a - core[a373ad73a504971]::fmt::write
[INFO] [stdout]    2:     0x5dcad903241c - <alloc[2e1b2a31b91974c5]::vec::Vec<u8> as core[a373ad73a504971]::io::write::Write>::write_fmt
[INFO] [stdout]    3:     0x5dcad900a1e6 - std[617be2ca0a6fd877]::panicking::default_hook::{closure#0}
[INFO] [stdout]    4:     0x5dcad9026899 - std[617be2ca0a6fd877]::panicking::default_hook
[INFO] [stdout]    5:     0x5dcad8fbbd30 - test[aada8e7e76ba119b]::test_main_inner::{closure#0}
[INFO] [stdout]    6:     0x5dcad9026a52 - std[617be2ca0a6fd877]::panicking::panic_with_hook
[INFO] [stdout]    7:     0x5dcad900a292 - std[617be2ca0a6fd877]::panicking::panic_handler::{closure#0}
[INFO] [stdout]    8:     0x5dcad9002fa9 - std[617be2ca0a6fd877]::sys::backtrace::__rust_end_short_backtrace::<std[617be2ca0a6fd877]::panicking::panic_handler::{closure#0}, !>
[INFO] [stdout]    9:     0x5dcad900ae9d - __rustc[ea4f61d10b84890b]::rust_begin_unwind
[INFO] [stdout]   10:     0x5dcad90432cc - core[a373ad73a504971]::panicking::panic_fmt
[INFO] [stdout]   11:     0x5dcad90430a2 - core[a373ad73a504971]::result::unwrap_failed
[INFO] [stdout]   12:     0x5dcad8faa875 - cli_integration[9b5e9b5198a12faa]::run
[INFO] [stdout]   13:     0x5dcad8fab4e8 - <cli_integration[9b5e9b5198a12faa]::non_rust_files_select_nothing::{closure#0} as core[a373ad73a504971]::ops::function::FnOnce<()>>::call_once
[INFO] [stdout]   14:     0x5dcad8faf17b - test[aada8e7e76ba119b]::__rust_begin_short_backtrace::<core[a373ad73a504971]::result::Result<(), alloc[2e1b2a31b91974c5]::string::String>, fn() -> core[a373ad73a504971]::result::Result<(), alloc[2e1b2a31b91974c5]::string::String>>
[INFO] [stdout]   15:     0x5dcad8fbc355 - test[aada8e7e76ba119b]::run_test::{closure#0}
[INFO] [stdout]   16:     0x5dcad8fb5c44 - std[617be2ca0a6fd877]::sys::backtrace::__rust_begin_short_backtrace::<test[aada8e7e76ba119b]::run_test::{closure#1}, ()>
[INFO] [stdout]   17:     0x5dcad8fbf3e2 - <std[617be2ca0a6fd877]::thread::lifecycle::spawn_unchecked<test[aada8e7e76ba119b]::run_test::{closure#1}, ()>::{closure#1} as core[a373ad73a504971]::ops::function::FnOnce<()>>::call_once::{shim:vtable#0}
[INFO] [stdout]   18:     0x5dcad902da5f - <std[617be2ca0a6fd877]::sys::thread::unix::Thread>::new::thread_start
[INFO] [stdout]   19:     0x795b62780dfa - <unknown>
[INFO] [stdout]   20:     0x795b628143d4 - clone
[INFO] [stdout]   21:                0x0 - <unknown>
[INFO] [stdout] 
[INFO] [stdout] 
[INFO] [stdout] failures:
[INFO] [stdout]     a_repository_relative_path_selects_the_matching_module
[INFO] [stdout]     contradictory_global_flags_fail_with_a_non_zero_exit
[INFO] [stdout]     dry_run_reports_a_plan_without_running_cargo
[INFO] [stdout]     json_mode_emits_exactly_one_document_after_running_the_tests
[INFO] [stdout]     no_files_succeeds_and_selects_nothing
[INFO] [stdout]     non_rust_files_select_nothing
[INFO] [stdout]     removed_subcommands_exit_non_zero_rather_than_silently_passing
[INFO] [stdout]     structural_paths_do_not_schedule_an_absent_test_target
[INFO] [stdout] 
[INFO] [stdout] test result: FAILED. 0 passed; 8 failed; 0 ignored; 0 measured; 0 filtered out; finished in 0.02s
[INFO] [stdout] 
[INFO] [stderr] error: test failed, to rerun pass `--test cli_integration`
[INFO] running `Command { std: "docker" "inspect" "819b602bf92afc45b6fc5863478f50ca839db10cfe7d28b4c55f77ec8b4c6396", kill_on_drop: false }`
[INFO] running `Command { std: "docker" "rm" "-f" "819b602bf92afc45b6fc5863478f50ca839db10cfe7d28b4c55f77ec8b4c6396", kill_on_drop: false }`
[INFO] [stdout] 819b602bf92afc45b6fc5863478f50ca839db10cfe7d28b4c55f77ec8b4c6396
