[INFO] cloning repository https://github.com/Brutus1066/envcraft
[INFO] running `Command { std: "git" "-c" "credential.helper=" "-c" "credential.helper=/workspace/cargo-home/bin/git-credential-null" "clone" "--bare" "https://github.com/Brutus1066/envcraft" "/workspace/cache/git-repos/https%3A%2F%2Fgithub.com%2FBrutus1066%2Fenvcraft", kill_on_drop: false }`
[INFO] [stderr] Cloning into bare repository '/workspace/cache/git-repos/https%3A%2F%2Fgithub.com%2FBrutus1066%2Fenvcraft'...
[INFO] running `Command { std: "git" "rev-parse" "HEAD", kill_on_drop: false }`
[INFO] [stdout] ce5cddb621e6d1e80abc8d9eff144434e232bec0
[INFO] testing Brutus1066/envcraft against 1.100.0-beta.1+cargoflags=--release for beta-release-1.100-3
[INFO] running `Command { std: "git" "clone" "/workspace/cache/git-repos/https%3A%2F%2Fgithub.com%2FBrutus1066%2Fenvcraft" "/workspace/builds/worker-5-tc2/source", kill_on_drop: false }`
[INFO] [stderr] Cloning into '/workspace/builds/worker-5-tc2/source'...
[INFO] [stderr] done.
[INFO] started tweaking git repo https://github.com/Brutus1066/envcraft
[INFO] finished tweaking git repo https://github.com/Brutus1066/envcraft
[INFO] tweaked toml for git repo https://github.com/Brutus1066/envcraft written to /workspace/builds/worker-5-tc2/source/Cargo.toml
[INFO] validating manifest of git repo https://github.com/Brutus1066/envcraft on toolchain 1.100.0-beta.1
[INFO] running `Command { std: CARGO_HOME="/workspace/cargo-home" RUSTUP_HOME="/workspace/rustup-home" "/workspace/cargo-home/bin/cargo" "+1.100.0-beta.1" "metadata" "--manifest-path" "Cargo.toml" "--no-deps", kill_on_drop: false }`
[INFO] crate git repo https://github.com/Brutus1066/envcraft already has a lockfile, it will not be regenerated
[INFO] running `Command { std: CARGO_HOME="/workspace/cargo-home" RUSTUP_HOME="/workspace/rustup-home" "/workspace/cargo-home/bin/cargo" "+1.100.0-beta.1" "fetch" "--manifest-path" "Cargo.toml", kill_on_drop: false }`
[INFO] running `Command { std: "docker" "create" "-v" "/var/lib/crater-agent-workspace/builds/worker-5-tc2/source:/opt/rustwide/workdir:ro,Z" "-v" "/var/lib/crater-agent-workspace/builds/worker-5-tc2/target:/opt/rustwide/target:rw,Z" "-v" "/var/lib/crater-agent-workspace/cargo-home:/opt/rustwide/cargo-home:ro,Z" "-v" "/var/lib/crater-agent-workspace/rustup-home:/opt/rustwide/rustup-home:ro,Z" "-m" "1610612736" "--network" "none" "ghcr.io/rust-lang/crates-build-env/linux@sha256:77db811e55d90add9212f6832c23229e3de5f1c1f9905e8cb07319ea15df73ac" "sleep" "infinity", kill_on_drop: false }`
[INFO] [stdout] f57648f8da4debd8539b3c5481d6ad6f604ba3b230d4f437629eea09a473245a
[INFO] running `Command { std: "docker" "start" "f57648f8da4debd8539b3c5481d6ad6f604ba3b230d4f437629eea09a473245a", kill_on_drop: false }`
[INFO] running `Command { std: "docker" "inspect" "f57648f8da4debd8539b3c5481d6ad6f604ba3b230d4f437629eea09a473245a", kill_on_drop: false }`
[INFO] running `Command { std: "docker" "exec" "-e" "SOURCE_DIR=/opt/rustwide/workdir" "-e" "CARGO_HOME=/opt/rustwide/cargo-home" "-e" "RUSTUP_HOME=/opt/rustwide/rustup-home" "-e" "CARGO_TARGET_DIR=/opt/rustwide/target" "-w" "/opt/rustwide/workdir" "--user" "0:0" "f57648f8da4debd8539b3c5481d6ad6f604ba3b230d4f437629eea09a473245a" "/opt/rustwide/cargo-home/bin/cargo" "+1.100.0-beta.1" "metadata" "--no-deps" "--format-version=1", kill_on_drop: false }`
[INFO] running `Command { std: "docker" "inspect" "f57648f8da4debd8539b3c5481d6ad6f604ba3b230d4f437629eea09a473245a", kill_on_drop: false }`
[INFO] running `Command { std: "docker" "exec" "-e" "SOURCE_DIR=/opt/rustwide/workdir" "-e" "CARGO_HOME=/opt/rustwide/cargo-home" "-e" "RUSTUP_HOME=/opt/rustwide/rustup-home" "-e" "CARGO_TARGET_DIR=/opt/rustwide/target" "-e" "CARGO_INCREMENTAL=0" "-e" "RUST_BACKTRACE=full" "-e" "RUSTFLAGS=--cap-lints=warn" "-e" "RUSTDOCFLAGS=--cap-lints=warn" "-w" "/opt/rustwide/workdir" "--user" "0:0" "f57648f8da4debd8539b3c5481d6ad6f604ba3b230d4f437629eea09a473245a" "/opt/rustwide/cargo-home/bin/cargo" "+1.100.0-beta.1" "build" "--frozen" "--message-format=json" "--release", kill_on_drop: false }`
[INFO] [stderr]    Compiling proc-macro2 v1.0.106
[INFO] [stderr]    Compiling unicode-ident v1.0.22
[INFO] [stderr]    Compiling quote v1.0.44
[INFO] [stderr]    Compiling serde_core v1.0.228
[INFO] [stderr]    Compiling utf8parse v0.2.2
[INFO] [stderr]    Compiling is_terminal_polyfill v1.70.2
[INFO] [stderr]    Compiling anstyle v1.0.13
[INFO] [stderr]    Compiling anstyle-query v1.1.5
[INFO] [stderr]    Compiling colorchoice v1.0.4
[INFO] [stderr]    Compiling serde v1.0.228
[INFO] [stderr]    Compiling hashbrown v0.16.1
[INFO] [stderr]    Compiling clap_lex v0.7.7
[INFO] [stderr]    Compiling strsim v0.11.1
[INFO] [stderr]    Compiling heck v0.5.0
[INFO] [stderr]    Compiling equivalent v1.0.2
[INFO] [stderr]    Compiling thiserror v1.0.69
[INFO] [stderr]    Compiling itoa v1.0.17
[INFO] [stderr]    Compiling ryu v1.0.22
[INFO] [stderr]    Compiling unsafe-libyaml v0.2.11
[INFO] [stderr]    Compiling anstyle-parse v0.2.7
[INFO] [stderr]    Compiling anstream v0.6.21
[INFO] [stderr]    Compiling clap_builder v4.5.56
[INFO] [stderr]    Compiling syn v2.0.114
[INFO] [stderr]    Compiling indexmap v2.13.0
[INFO] [stderr]    Compiling serde_derive v1.0.228
[INFO] [stderr]    Compiling clap_derive v4.5.55
[INFO] [stderr]    Compiling thiserror-impl v1.0.69
[INFO] [stderr]    Compiling clap v4.5.56
[INFO] [stderr]    Compiling serde_yaml v0.9.34+deprecated
[INFO] [stderr]    Compiling envcraft v0.1.2 (/opt/rustwide/workdir)
[INFO] [stderr]     Finished `release` profile [optimized] target(s) in 31.01s
[INFO] running `Command { std: "docker" "inspect" "f57648f8da4debd8539b3c5481d6ad6f604ba3b230d4f437629eea09a473245a", kill_on_drop: false }`
[INFO] running `Command { std: "docker" "exec" "-e" "SOURCE_DIR=/opt/rustwide/workdir" "-e" "CARGO_HOME=/opt/rustwide/cargo-home" "-e" "RUSTUP_HOME=/opt/rustwide/rustup-home" "-e" "CARGO_TARGET_DIR=/opt/rustwide/target" "-e" "CARGO_INCREMENTAL=0" "-e" "RUST_BACKTRACE=full" "-e" "RUSTFLAGS=--cap-lints=warn" "-e" "RUSTDOCFLAGS=--cap-lints=warn" "-w" "/opt/rustwide/workdir" "--user" "0:0" "f57648f8da4debd8539b3c5481d6ad6f604ba3b230d4f437629eea09a473245a" "/opt/rustwide/cargo-home/bin/cargo" "+1.100.0-beta.1" "test" "--frozen" "--no-run" "--message-format=json" "--release", kill_on_drop: false }`
[INFO] [stderr]    Compiling libc v0.2.180
[INFO] [stderr]    Compiling rustix v1.1.3
[INFO] [stderr]    Compiling getrandom v0.3.4
[INFO] [stderr]    Compiling bitflags v2.10.0
[INFO] [stderr]    Compiling cfg-if v1.0.4
[INFO] [stderr]    Compiling linux-raw-sys v0.11.0
[INFO] [stderr]    Compiling once_cell v1.21.3
[INFO] [stderr]    Compiling fastrand v2.3.0
[INFO] [stderr]    Compiling tempfile v3.24.0
[INFO] [stderr]    Compiling envcraft v0.1.2 (/opt/rustwide/workdir)
[INFO] [stderr]     Finished `release` profile [optimized] target(s) in 21.31s
[INFO] running `Command { std: "docker" "inspect" "f57648f8da4debd8539b3c5481d6ad6f604ba3b230d4f437629eea09a473245a", kill_on_drop: false }`
[INFO] running `Command { std: "docker" "exec" "-e" "SOURCE_DIR=/opt/rustwide/workdir" "-e" "CARGO_HOME=/opt/rustwide/cargo-home" "-e" "RUSTUP_HOME=/opt/rustwide/rustup-home" "-e" "CARGO_TARGET_DIR=/opt/rustwide/target" "-e" "CARGO_INCREMENTAL=0" "-e" "RUST_BACKTRACE=full" "-e" "RUSTFLAGS=--cap-lints=warn" "-e" "RUSTDOCFLAGS=--cap-lints=warn" "-w" "/opt/rustwide/workdir" "--user" "0:0" "f57648f8da4debd8539b3c5481d6ad6f604ba3b230d4f437629eea09a473245a" "/opt/rustwide/cargo-home/bin/cargo" "+1.100.0-beta.1" "test" "--frozen" "--release", kill_on_drop: false }`
[INFO] [stderr]     Finished `release` profile [optimized] target(s) in 0.07s
[INFO] [stderr]      Running unittests src/main.rs (/opt/rustwide/target/release/build/envcraft/c56a5f5bd36af11c/out/envcraft-c56a5f5bd36af11c)
[INFO] [stdout] 
[INFO] [stdout] running 32 tests
[INFO] [stdout] test diff::tests::test_diff_complex ... ok
[INFO] [stdout] test diff::tests::test_diff_added ... ok
[INFO] [stdout] test diff::tests::test_diff_format_redacted ... ok
[INFO] [stdout] test diff::tests::test_diff_removed ... ok
[INFO] [stdout] test format::tests::test_format_preserves_comments ... ok
[INFO] [stdout] test format::tests::test_format_preserves_values ... ok
[INFO] [stdout] test format::tests::test_format_complex ... ok
[INFO] [stdout] test diff::tests::test_diff_format_normal ... ok
[INFO] [stdout] test format::tests::test_format_trims_whitespace ... ok
[INFO] [stdout] test parser::tests::test_parse_empty_value ... ok
[INFO] [stdout] test parser::tests::test_parse_preserves_line_structure ... ok
[INFO] [stdout] test parser::tests::test_parse_simple_env ... ok
[INFO] [stdout] test diff::tests::test_diff_changed ... ok
[INFO] [stdout] test format::tests::test_format_empty_value ... ok
[INFO] [stdout] test format::tests::test_format_mixed_case_key ... ok
[INFO] [stdout] test format::tests::test_format_sorts_alphabetically ... ok
[INFO] [stdout] test diff::tests::test_diff_identical ... ok
[INFO] [stdout] test cli::tests::verify_cli ... ok
[INFO] [stdout] test format::tests::test_format_uppercase_keys ... ok
[INFO] [stdout] test parser::tests::test_parse_quoted_values ... ok
[INFO] [stdout] test schema::tests::test_schema_parsing ... ok
[INFO] [stdout] test schema::tests::test_validation_bool_case_insensitive ... ok
[INFO] [stdout] test schema::tests::test_validation_extra_key ... ok
[INFO] [stdout] test schema::tests::test_validation_missing_key ... ok
[INFO] [stdout] test schema::tests::test_validation_success ... ok
[INFO] [stdout] test schema::tests::test_validation_type_error_bool ... ok
[INFO] [stdout] test parser::tests::test_empty_key_rejected ... ok
[INFO] [stdout] test parser::tests::test_invalid_line ... ok
[INFO] [stdout] test schema::tests::test_validation_type_error_int ... ok
[INFO] [stdout] test parser::tests::test_parse_whitespace_handling ... ok
[INFO] [stdout] test schema::tests::test_schema_invalid_type ... ok
[INFO] [stdout] test schema::tests::test_schema_type_aliases ... ok
[INFO] [stdout] 
[INFO] [stdout] test result: ok. 32 passed; 0 failed; 0 ignored; 0 measured; 0 filtered out; finished in 0.01s
[INFO] [stdout] 
[INFO] [stderr]      Running tests/integration_tests.rs (/opt/rustwide/target/release/build/envcraft/06d09e983b7afeed/out/integration_tests-06d09e983b7afeed)
[INFO] [stdout] 
[INFO] [stdout] running 12 tests
[INFO] [stdout] test test_diff_redact ... FAILED
[INFO] [stdout] test test_check_type_error ... FAILED
[INFO] [stdout] test test_version_flag ... FAILED
[INFO] [stdout] test test_check_extra_key_warning ... FAILED
[INFO] [stdout] test test_check_valid_env ... FAILED
[INFO] [stdout] test test_diff_added_removed_changed ... FAILED
[INFO] [stdout] test test_format_in_place ... FAILED
[INFO] [stdout] test test_check_missing_key ... FAILED
[INFO] [stdout] test test_diff_identical_files ... FAILED
[INFO] [stdout] test test_format_preserves_comments ... FAILED
[INFO] [stdout] test test_format_stdout ... FAILED
[INFO] [stdout] test test_help_flag ... FAILED
[INFO] [stdout] 
[INFO] [stdout] failures:
[INFO] [stdout] 
[INFO] [stdout] ---- test_diff_redact stdout ----
[INFO] [stdout] 
[INFO] [stdout] thread 'test_diff_redact' (864) panicked at tests/integration_tests.rs:149:10:
[INFO] [stdout] Failed to run envcraft: Os { code: 2, kind: NotFound, message: "No such file or directory" }
[INFO] [stdout] stack backtrace:
[INFO] [stdout]    0:     0x62bf10d12ad5 - <unknown>
[INFO] [stdout]    1:     0x62bf10cfa85a - <unknown>
[INFO] [stdout]    2:     0x62bf10d1216b - <unknown>
[INFO] [stdout]    3:     0x62bf10d11c4f - <unknown>
[INFO] [stdout]    4:     0x62bf10d1187a - <unknown>
[INFO] [stdout]    5:     0x62bf10d113b5 - <unknown>
[INFO] [stdout]    6:     0x62bf10d381f1 - <unknown>
[INFO] [stdout]    7:     0x62bf10d381a9 - <unknown>
[INFO] [stdout]    8:     0x62bf10d386ac - <unknown>
[INFO] [stdout]    9:     0x62bf10cfa6eb - <unknown>
[INFO] [stdout]   10:     0x62bf10cfd951 - <unknown>
[INFO] [stdout]   11:     0x62bf10cf6928 - <unknown>
[INFO] [stdout]   12:     0x62bf10d51e0b - <unknown>
[INFO] [stdout]   13:     0x62bf10d4ddd1 - <unknown>
[INFO] [stdout]   14:     0x62bf10d4d5bc - <unknown>
[INFO] [stdout]   15:     0x62bf10d6d25c - <unknown>
[INFO] [stdout]   16:     0x62bf10d39f24 - <unknown>
[INFO] [stdout]   17:     0x71310e4bfdfa - <unknown>
[INFO] [stdout]   18:     0x71310e5533d4 - clone
[INFO] [stdout]   19:                0x0 - <unknown>
[INFO] [stdout] 
[INFO] [stdout] ---- test_check_type_error stdout ----
[INFO] [stdout] 
[INFO] [stdout] thread 'test_check_type_error' (860) panicked at tests/integration_tests.rs:80:10:
[INFO] [stdout] Failed to run envcraft: Os { code: 2, kind: NotFound, message: "No such file or directory" }
[INFO] [stdout] stack backtrace:
[INFO] [stdout]    0:     0x62bf10d12ad5 - <unknown>
[INFO] [stdout]    1:     0x62bf10cfa85a - <unknown>
[INFO] [stdout]    2:     0x62bf10d1216b - <unknown>
[INFO] [stdout]    3:     0x62bf10d11c4f - <unknown>
[INFO] [stdout]    4:     0x62bf10d1187a - <unknown>
[INFO] [stdout]    5:     0x62bf10d113b5 - <unknown>
[INFO] [stdout]    6:     0x62bf10d381f1 - <unknown>
[INFO] [stdout]    7:     0x62bf10d381a9 - <unknown>
[INFO] [stdout]    8:     0x62bf10d386ac - <unknown>
[INFO] [stdout]    9:     0x62bf10cfa6eb - <unknown>
[INFO] [stdout]   10:     0x62bf10cfd951 - <unknown>
[INFO] [stdout]   11:     0x62bf10cf81a5 - <unknown>
[INFO] [stdout]   12:     0x62bf10d51e0b - <unknown>
[INFO] [stdout]   13:     0x62bf10d4ddd1 - <unknown>
[INFO] [stdout]   14:     0x62bf10d4d5bc - <unknown>
[INFO] [stdout]   15:     0x62bf10d6d25c - <unknown>
[INFO] [stdout]   16:     0x62bf10d39f24 - <unknown>
[INFO] [stdout]   17:     0x71310e4bfdfa - <unknown>
[INFO] [stdout]   18:     0x71310e5533d4 - clone
[INFO] [stdout]   19:                0x0 - <unknown>
[INFO] [stdout] 
[INFO] [stdout] ---- test_version_flag stdout ----
[INFO] [stdout] 
[INFO] [stdout] thread 'test_version_flag' (869) panicked at tests/integration_tests.rs:217:10:
[INFO] [stdout] Failed to run envcraft: Os { code: 2, kind: NotFound, message: "No such file or directory" }
[INFO] [stdout] stack backtrace:
[INFO] [stderr] error: test failed, to rerun pass `--test integration_tests`
[INFO] [stdout]    0:     0x62bf10d12ad5 - <unknown>
[INFO] [stdout]    1:     0x62bf10cfa85a - <unknown>
[INFO] [stdout]    2:     0x62bf10d1216b - <unknown>
[INFO] [stdout]    3:     0x62bf10d11c4f - <unknown>
[INFO] [stdout]    4:     0x62bf10d1187a - <unknown>
[INFO] [stdout]    5:     0x62bf10d113b5 - <unknown>
[INFO] [stdout]    6:     0x62bf10d381f1 - <unknown>
[INFO] [stdout]    7:     0x62bf10d381a9 - <unknown>
[INFO] [stdout]    8:     0x62bf10d386ac - <unknown>
[INFO] [stdout]    9:     0x62bf10cfa6eb - <unknown>
[INFO] [stdout]   10:     0x62bf10cfd951 - <unknown>
[INFO] [stdout]   11:     0x62bf10cf6bc0 - <unknown>
[INFO] [stdout]   12:     0x62bf10d51e0b - <unknown>
[INFO] [stdout]   13:     0x62bf10d4ddd1 - <unknown>
[INFO] [stdout]   14:     0x62bf10d4d5bc - <unknown>
[INFO] [stdout]   15:     0x62bf10d6d25c - <unknown>
[INFO] [stdout]   16:     0x62bf10d39f24 - <unknown>
[INFO] [stdout]   17:     0x71310e4bfdfa - <unknown>
[INFO] [stdout]   18:     0x71310e5533d4 - clone
[INFO] [stdout]   19:                0x0 - <unknown>
[INFO] [stdout] 
[INFO] [stdout] ---- test_check_extra_key_warning stdout ----
[INFO] [stdout] 
[INFO] [stdout] thread 'test_check_extra_key_warning' (858) panicked at tests/integration_tests.rs:98:10:
[INFO] [stdout] Failed to run envcraft: Os { code: 2, kind: NotFound, message: "No such file or directory" }
[INFO] [stdout] stack backtrace:
[INFO] [stdout]    0:     0x62bf10d12ad5 - <unknown>
[INFO] [stdout]    1:     0x62bf10cfa85a - <unknown>
[INFO] [stdout]    2:     0x62bf10d1216b - <unknown>
[INFO] [stdout]    3:     0x62bf10d11c4f - <unknown>
[INFO] [stdout]    4:     0x62bf10d1187a - <unknown>
[INFO] [stdout]    5:     0x62bf10d113b5 - <unknown>
[INFO] [stdout]    6:     0x62bf10d381f1 - <unknown>
[INFO] [stdout]    7:     0x62bf10d381a9 - <unknown>
[INFO] [stdout]    8:     0x62bf10d386ac - <unknown>
[INFO] [stdout]    9:     0x62bf10cfa6eb - <unknown>
[INFO] [stdout]   10:     0x62bf10cfd951 - <unknown>
[INFO] [stdout]   11:     0x62bf10cf8b35 - <unknown>
[INFO] [stdout]   12:     0x62bf10d51e0b - <unknown>
[INFO] [stdout]   13:     0x62bf10d4ddd1 - <unknown>
[INFO] [stdout]   14:     0x62bf10d4d5bc - <unknown>
[INFO] [stdout]   15:     0x62bf10d6d25c - <unknown>
[INFO] [stdout]   16:     0x62bf10d39f24 - <unknown>
[INFO] [stdout]   17:     0x71310e4bfdfa - <unknown>
[INFO] [stdout]   18:     0x71310e5533d4 - clone
[INFO] [stdout]   19:                0x0 - <unknown>
[INFO] [stdout] 
[INFO] [stdout] ---- test_check_valid_env stdout ----
[INFO] [stdout] 
[INFO] [stdout] thread 'test_check_valid_env' (861) panicked at tests/integration_tests.rs:47:10:
[INFO] [stdout] Failed to run envcraft: Os { code: 2, kind: NotFound, message: "No such file or directory" }
[INFO] [stdout] stack backtrace:
[INFO] [stdout]    0:     0x62bf10d12ad5 - <unknown>
[INFO] [stdout]    1:     0x62bf10cfa85a - <unknown>
[INFO] [stdout]    2:     0x62bf10d1216b - <unknown>
[INFO] [stdout]    3:     0x62bf10d11c4f - <unknown>
[INFO] [stdout]    4:     0x62bf10d1187a - <unknown>
[INFO] [stdout]    5:     0x62bf10d113b5 - <unknown>
[INFO] [stdout]    6:     0x62bf10d381f1 - <unknown>
[INFO] [stdout]    7:     0x62bf10d381a9 - <unknown>
[INFO] [stdout]    8:     0x62bf10d386ac - <unknown>
[INFO] [stdout]    9:     0x62bf10cfa6eb - <unknown>
[INFO] [stdout]   10:     0x62bf10cfd951 - <unknown>
[INFO] [stdout]   11:     0x62bf10cf72e3 - <unknown>
[INFO] [stdout]   12:     0x62bf10d51e0b - <unknown>
[INFO] [stdout]   13:     0x62bf10d4ddd1 - <unknown>
[INFO] [stdout]   14:     0x62bf10d4d5bc - <unknown>
[INFO] [stdout]   15:     0x62bf10d6d25c - <unknown>
[INFO] [stdout]   16:     0x62bf10d39f24 - <unknown>
[INFO] [stdout]   17:     0x71310e4bfdfa - <unknown>
[INFO] [stdout]   18:     0x71310e5533d4 - clone
[INFO] [stdout]   19:                0x0 - <unknown>
[INFO] [stdout] 
[INFO] [stdout] ---- test_diff_added_removed_changed stdout ----
[INFO] [stdout] 
[INFO] [stdout] thread 'test_diff_added_removed_changed' (862) panicked at tests/integration_tests.rs:130:10:
[INFO] [stdout] Failed to run envcraft: Os { code: 2, kind: NotFound, message: "No such file or directory" }
[INFO] [stdout] stack backtrace:
[INFO] [stdout]    0:     0x62bf10d12ad5 - <unknown>
[INFO] [stdout]    1:     0x62bf10cfa85a - <unknown>
[INFO] [stdout]    2:     0x62bf10d1216b - <unknown>
[INFO] [stdout]    3:     0x62bf10d11c4f - <unknown>
[INFO] [stdout]    4:     0x62bf10d1187a - <unknown>
[INFO] [stdout]    5:     0x62bf10d113b5 - <unknown>
[INFO] [stdout]    6:     0x62bf10d381f1 - <unknown>
[INFO] [stdout]    7:     0x62bf10d381a9 - <unknown>
[INFO] [stdout]    8:     0x62bf10d386ac - <unknown>
[INFO] [stdout]    9:     0x62bf10cfa6eb - <unknown>
[INFO] [stdout]   10:     0x62bf10cfd951 - <unknown>
[INFO] [stdout]   11:     0x62bf10cf916e - <unknown>
[INFO] [stdout]   12:     0x62bf10d51e0b - <unknown>
[INFO] [stdout]   13:     0x62bf10d4ddd1 - <unknown>
[INFO] [stdout]   14:     0x62bf10d4d5bc - <unknown>
[INFO] [stdout]   15:     0x62bf10d6d25c - <unknown>
[INFO] [stdout]   16:     0x62bf10d39f24 - <unknown>
[INFO] [stdout]   17:     0x71310e4bfdfa - <unknown>
[INFO] [stdout]   18:     0x71310e5533d4 - clone
[INFO] [stdout]   19:                0x0 - <unknown>
[INFO] [stdout] 
[INFO] [stdout] ---- test_format_in_place stdout ----
[INFO] [stdout] 
[INFO] [stdout] thread 'test_format_in_place' (865) panicked at tests/integration_tests.rs:192:10:
[INFO] [stdout] Failed to run envcraft: Os { code: 2, kind: NotFound, message: "No such file or directory" }
[INFO] [stdout] stack backtrace:
[INFO] [stdout]    0:     0x62bf10d12ad5 - <unknown>
[INFO] [stdout]    1:     0x62bf10cfa85a - <unknown>
[INFO] [stdout]    2:     0x62bf10d1216b - <unknown>
[INFO] [stdout]    3:     0x62bf10d11c4f - <unknown>
[INFO] [stdout]    4:     0x62bf10d1187a - <unknown>
[INFO] [stdout]    5:     0x62bf10d113b5 - <unknown>
[INFO] [stdout]    6:     0x62bf10d381f1 - <unknown>
[INFO] [stdout]    7:     0x62bf10d381a9 - <unknown>
[INFO] [stdout]    8:     0x62bf10d386ac - <unknown>
[INFO] [stdout]    9:     0x62bf10cfa6eb - <unknown>
[INFO] [stdout]   10:     0x62bf10cfd951 - <unknown>
[INFO] [stdout]   11:     0x62bf10cf7d19 - <unknown>
[INFO] [stdout]   12:     0x62bf10d51e0b - <unknown>
[INFO] [stdout]   13:     0x62bf10d4ddd1 - <unknown>
[INFO] [stdout]   14:     0x62bf10d4d5bc - <unknown>
[INFO] [stdout]   15:     0x62bf10d6d25c - <unknown>
[INFO] [stdout]   16:     0x62bf10d39f24 - <unknown>
[INFO] [stdout]   17:     0x71310e4bfdfa - <unknown>
[INFO] [stdout]   18:     0x71310e5533d4 - clone
[INFO] [stdout]   19:                0x0 - <unknown>
[INFO] [stdout] 
[INFO] [stdout] ---- test_check_missing_key stdout ----
[INFO] [stdout] 
[INFO] [stdout] thread 'test_check_missing_key' (859) panicked at tests/integration_tests.rs:65:10:
[INFO] [stdout] Failed to run envcraft: Os { code: 2, kind: NotFound, message: "No such file or directory" }
[INFO] [stdout] stack backtrace:
[INFO] [stdout]    0:     0x62bf10d12ad5 - <unknown>
[INFO] [stdout]    1:     0x62bf10cfa85a - <unknown>
[INFO] [stdout]    2:     0x62bf10d1216b - <unknown>
[INFO] [stdout]    3:     0x62bf10d11c4f - <unknown>
[INFO] [stdout]    4:     0x62bf10d1187a - <unknown>
[INFO] [stdout]    5:     0x62bf10d113b5 - <unknown>
[INFO] [stdout]    6:     0x62bf10d381f1 - <unknown>
[INFO] [stdout]    7:     0x62bf10d381a9 - <unknown>
[INFO] [stdout]    8:     0x62bf10d386ac - <unknown>
[INFO] [stdout]    9:     0x62bf10cfa6eb - <unknown>
[INFO] [stdout]   10:     0x62bf10cfd951 - <unknown>
[INFO] [stdout]   11:     0x62bf10cf84f5 - <unknown>
[INFO] [stdout]   12:     0x62bf10d51e0b - <unknown>
[INFO] [stdout]   13:     0x62bf10d4ddd1 - <unknown>
[INFO] [stdout]   14:     0x62bf10d4d5bc - <unknown>
[INFO] [stdout]   15:     0x62bf10d6d25c - <unknown>
[INFO] [stdout]   16:     0x62bf10d39f24 - <unknown>
[INFO] [stdout]   17:     0x71310e4bfdfa - <unknown>
[INFO] [stdout]   18:     0x71310e5533d4 - clone
[INFO] [stdout]   19:                0x0 - <unknown>
[INFO] [stdout] 
[INFO] [stdout] ---- test_diff_identical_files stdout ----
[INFO] [stdout] 
[INFO] [stdout] thread 'test_diff_identical_files' (863) panicked at tests/integration_tests.rs:113:10:
[INFO] [stdout] Failed to run envcraft: Os { code: 2, kind: NotFound, message: "No such file or directory" }
[INFO] [stdout] stack backtrace:
[INFO] [stdout]    0:     0x62bf10d12ad5 - <unknown>
[INFO] [stdout]    1:     0x62bf10cfa85a - <unknown>
[INFO] [stdout]    2:     0x62bf10d1216b - <unknown>
[INFO] [stdout]    3:     0x62bf10d11c4f - <unknown>
[INFO] [stdout]    4:     0x62bf10d1187a - <unknown>
[INFO] [stdout]    5:     0x62bf10d113b5 - <unknown>
[INFO] [stdout]    6:     0x62bf10d381f1 - <unknown>
[INFO] [stdout]    7:     0x62bf10d381a9 - <unknown>
[INFO] [stdout]    8:     0x62bf10d386ac - <unknown>
[INFO] [stdout]    9:     0x62bf10cfa6eb - <unknown>
[INFO] [stdout]   10:     0x62bf10cfd951 - <unknown>
[INFO] [stdout]   11:     0x62bf10cf8808 - <unknown>
[INFO] [stdout]   12:     0x62bf10d51e0b - <unknown>
[INFO] [stdout]   13:     0x62bf10d4ddd1 - <unknown>
[INFO] [stdout]   14:     0x62bf10d4d5bc - <unknown>
[INFO] [stdout]   15:     0x62bf10d6d25c - <unknown>
[INFO] [stdout]   16:     0x62bf10d39f24 - <unknown>
[INFO] [stdout]   17:     0x71310e4bfdfa - <unknown>
[INFO] [stdout]   18:     0x71310e5533d4 - clone
[INFO] [stdout]   19:                0x0 - <unknown>
[INFO] [stdout] 
[INFO] [stdout] ---- test_format_preserves_comments stdout ----
[INFO] [stdout] 
[INFO] [stdout] thread 'test_format_preserves_comments' (866) panicked at tests/integration_tests.rs:206:10:
[INFO] [stdout] Failed to run envcraft: Os { code: 2, kind: NotFound, message: "No such file or directory" }
[INFO] [stdout] stack backtrace:
[INFO] [stdout]    0:     0x62bf10d12ad5 - <unknown>
[INFO] [stdout]    1:     0x62bf10cfa85a - <unknown>
[INFO] [stdout]    2:     0x62bf10d1216b - <unknown>
[INFO] [stdout]    3:     0x62bf10d11c4f - <unknown>
[INFO] [stdout]    4:     0x62bf10d1187a - <unknown>
[INFO] [stdout]    5:     0x62bf10d113b5 - <unknown>
[INFO] [stdout]    6:     0x62bf10d381f1 - <unknown>
[INFO] [stdout]    7:     0x62bf10d381a9 - <unknown>
[INFO] [stdout]    8:     0x62bf10d386ac - <unknown>
[INFO] [stdout]    9:     0x62bf10cfa6eb - <unknown>
[INFO] [stdout]   10:     0x62bf10cfd951 - <unknown>
[INFO] [stdout]   11:     0x62bf10cf8e2f - <unknown>
[INFO] [stdout]   12:     0x62bf10d51e0b - <unknown>
[INFO] [stdout]   13:     0x62bf10d4ddd1 - <unknown>
[INFO] [stdout]   14:     0x62bf10d4d5bc - <unknown>
[INFO] [stdout]   15:     0x62bf10d6d25c - <unknown>
[INFO] [stdout]   16:     0x62bf10d39f24 - <unknown>
[INFO] [stdout]   17:     0x71310e4bfdfa - <unknown>
[INFO] [stdout]   18:     0x71310e5533d4 - clone
[INFO] [stdout]   19:                0x0 - <unknown>
[INFO] [stdout] 
[INFO] [stdout] ---- test_format_stdout stdout ----
[INFO] [stdout] 
[INFO] [stdout] thread 'test_format_stdout' (867) panicked at tests/integration_tests.rs:165:10:
[INFO] [stdout] Failed to run envcraft: Os { code: 2, kind: NotFound, message: "No such file or directory" }
[INFO] [stdout] stack backtrace:
[INFO] [stdout]    0:     0x62bf10d12ad5 - <unknown>
[INFO] [stdout]    1:     0x62bf10cfa85a - <unknown>
[INFO] [stdout]    2:     0x62bf10d1216b - <unknown>
[INFO] [stdout]    3:     0x62bf10d11c4f - <unknown>
[INFO] [stdout]    4:     0x62bf10d1187a - <unknown>
[INFO] [stdout]    5:     0x62bf10d113b5 - <unknown>
[INFO] [stdout]    6:     0x62bf10d381f1 - <unknown>
[INFO] [stdout]    7:     0x62bf10d381a9 - <unknown>
[INFO] [stdout]    8:     0x62bf10d386ac - <unknown>
[INFO] [stdout]    9:     0x62bf10cfa6eb - <unknown>
[INFO] [stdout]   10:     0x62bf10cfd951 - <unknown>
[INFO] [stdout]   11:     0x62bf10cf6f92 - <unknown>
[INFO] [stdout]   12:     0x62bf10d51e0b - <unknown>
[INFO] [stdout]   13:     0x62bf10d4ddd1 - <unknown>
[INFO] [stdout]   14:     0x62bf10d4d5bc - <unknown>
[INFO] [stdout]   15:     0x62bf10d6d25c - <unknown>
[INFO] [stdout]   16:     0x62bf10d39f24 - <unknown>
[INFO] [stdout]   17:     0x71310e4bfdfa - <unknown>
[INFO] [stdout]   18:     0x71310e5533d4 - clone
[INFO] [stdout]   19:                0x0 - <unknown>
[INFO] [stdout] 
[INFO] [stdout] ---- test_help_flag stdout ----
[INFO] [stdout] 
[INFO] [stdout] thread 'test_help_flag' (868) panicked at tests/integration_tests.rs:229:10:
[INFO] [stdout] Failed to run envcraft: Os { code: 2, kind: NotFound, message: "No such file or directory" }
[INFO] [stdout] stack backtrace:
[INFO] [stdout]    0:     0x62bf10d12ad5 - <unknown>
[INFO] [stdout]    1:     0x62bf10cfa85a - <unknown>
[INFO] [stdout]    2:     0x62bf10d1216b - <unknown>
[INFO] [stdout]    3:     0x62bf10d11c4f - <unknown>
[INFO] [stdout]    4:     0x62bf10d1187a - <unknown>
[INFO] [stdout]    5:     0x62bf10d113b5 - <unknown>
[INFO] [stdout]    6:     0x62bf10d381f1 - <unknown>
[INFO] [stdout]    7:     0x62bf10d381a9 - <unknown>
[INFO] [stdout]    8:     0x62bf10d386ac - <unknown>
[INFO] [stdout]    9:     0x62bf10cfa6eb - <unknown>
[INFO] [stdout]   10:     0x62bf10cfd951 - <unknown>
[INFO] [stdout]   11:     0x62bf10cf65af - <unknown>
[INFO] [stdout]   12:     0x62bf10d51e0b - <unknown>
[INFO] [stdout]   13:     0x62bf10d4ddd1 - <unknown>
[INFO] [stdout]   14:     0x62bf10d4d5bc - <unknown>
[INFO] [stdout]   15:     0x62bf10d6d25c - <unknown>
[INFO] [stdout]   16:     0x62bf10d39f24 - <unknown>
[INFO] [stdout]   17:     0x71310e4bfdfa - <unknown>
[INFO] [stdout]   18:     0x71310e5533d4 - clone
[INFO] [stdout]   19:                0x0 - <unknown>
[INFO] [stdout] 
[INFO] [stdout] 
[INFO] [stdout] failures:
[INFO] [stdout]     test_check_extra_key_warning
[INFO] [stdout]     test_check_missing_key
[INFO] [stdout]     test_check_type_error
[INFO] [stdout]     test_check_valid_env
[INFO] [stdout]     test_diff_added_removed_changed
[INFO] [stdout]     test_diff_identical_files
[INFO] [stdout]     test_diff_redact
[INFO] [stdout]     test_format_in_place
[INFO] [stdout]     test_format_preserves_comments
[INFO] [stdout]     test_format_stdout
[INFO] [stdout]     test_help_flag
[INFO] [stdout]     test_version_flag
[INFO] [stdout] 
[INFO] [stdout] test result: FAILED. 0 passed; 12 failed; 0 ignored; 0 measured; 0 filtered out; finished in 0.09s
[INFO] [stdout] 
[INFO] running `Command { std: "docker" "inspect" "f57648f8da4debd8539b3c5481d6ad6f604ba3b230d4f437629eea09a473245a", kill_on_drop: false }`
[INFO] running `Command { std: "docker" "rm" "-f" "f57648f8da4debd8539b3c5481d6ad6f604ba3b230d4f437629eea09a473245a", kill_on_drop: false }`
[INFO] [stdout] f57648f8da4debd8539b3c5481d6ad6f604ba3b230d4f437629eea09a473245a
