[INFO] cloning repository https://github.com/Beige-Coffee/programming-lightning-intro
[INFO] running `Command { std: "git" "-c" "credential.helper=" "-c" "credential.helper=/workspace/cargo-home/bin/git-credential-null" "clone" "--bare" "https://github.com/Beige-Coffee/programming-lightning-intro" "/workspace/cache/git-repos/https%3A%2F%2Fgithub.com%2FBeige-Coffee%2Fprogramming-lightning-intro", kill_on_drop: false }`
[INFO] [stderr] Cloning into bare repository '/workspace/cache/git-repos/https%3A%2F%2Fgithub.com%2FBeige-Coffee%2Fprogramming-lightning-intro'...
[INFO] running `Command { std: "git" "rev-parse" "HEAD", kill_on_drop: false }`
[INFO] [stdout] be6ea623b39af83dd4531a35224758d763de6cc2
[INFO] testing Beige-Coffee/programming-lightning-intro against 1.99.0-beta.8+cargoflags=--release for beta-release-1.100-3
[INFO] running `Command { std: "git" "clone" "/workspace/cache/git-repos/https%3A%2F%2Fgithub.com%2FBeige-Coffee%2Fprogramming-lightning-intro" "/workspace/builds/worker-7-tc1/source", kill_on_drop: false }`
[INFO] [stderr] Cloning into '/workspace/builds/worker-7-tc1/source'...
[INFO] [stderr] done.
[INFO] started tweaking git repo https://github.com/Beige-Coffee/programming-lightning-intro
[INFO] finished tweaking git repo https://github.com/Beige-Coffee/programming-lightning-intro
[INFO] tweaked toml for git repo https://github.com/Beige-Coffee/programming-lightning-intro written to /workspace/builds/worker-7-tc1/source/Cargo.toml
[INFO] validating manifest of git repo https://github.com/Beige-Coffee/programming-lightning-intro on toolchain 1.99.0-beta.8
[INFO] running `Command { std: CARGO_HOME="/workspace/cargo-home" RUSTUP_HOME="/workspace/rustup-home" "/workspace/cargo-home/bin/cargo" "+1.99.0-beta.8" "metadata" "--manifest-path" "Cargo.toml" "--no-deps", kill_on_drop: false }`
[INFO] crate git repo https://github.com/Beige-Coffee/programming-lightning-intro already has a lockfile, it will not be regenerated
[INFO] running `Command { std: CARGO_HOME="/workspace/cargo-home" RUSTUP_HOME="/workspace/rustup-home" "/workspace/cargo-home/bin/cargo" "+1.99.0-beta.8" "fetch" "--manifest-path" "Cargo.toml", kill_on_drop: false }`
[INFO] [stderr]     Blocking waiting for file lock on package cache
[INFO] [stderr]     Updating crates.io index
[INFO] [stderr]     Blocking waiting for file lock on package cache
[INFO] [stderr]  Downloading crates ...
[INFO] [stderr]   Downloaded windows-targets v0.52.6
[INFO] [stderr]   Downloaded adler2 v2.0.0
[INFO] [stderr]   Downloaded tokio-macros v2.4.0
[INFO] [stderr]   Downloaded version_check v0.9.5
[INFO] [stderr]   Downloaded generic-array v0.14.7
[INFO] [stderr]   Downloaded percent-encoding v2.3.1
[INFO] [stderr]   Downloaded idna_adapter v1.2.0
[INFO] [stderr]   Downloaded zerofrom-derive v0.1.4
[INFO] [stderr]   Downloaded stable_deref_trait v1.2.0
[INFO] [stderr]   Downloaded icu_provider_macros v1.5.0
[INFO] [stderr]   Downloaded write16 v1.0.0
[INFO] [stderr]   Downloaded utf16_iter v1.0.5
[INFO] [stderr]   Downloaded pin-project-lite v0.2.15
[INFO] [stderr]   Downloaded crypto-common v0.1.6
[INFO] [stderr]   Downloaded block-buffer v0.10.4
[INFO] [stderr]   Downloaded cpufeatures v0.2.16
[INFO] [stderr]   Downloaded windows-targets v0.48.5
[INFO] [stderr]   Downloaded wasm-bindgen-shared v0.2.95
[INFO] [stderr]   Downloaded wasm-bindgen-futures v0.4.45
[INFO] [stderr]   Downloaded zerofrom v0.1.4
[INFO] [stderr]   Downloaded yoke-derive v0.7.4
[INFO] [stderr]   Downloaded signal-hook-registry v1.4.2
[INFO] [stderr]   Downloaded parking_lot_core v0.9.10
[INFO] [stderr]   Downloaded redox_syscall v0.5.7
[INFO] [stderr]   Downloaded autocfg v1.4.0
[INFO] [stderr]   Downloaded rustc-demangle v0.1.24
[INFO] [stderr]   Downloaded ripemd v0.1.3
[INFO] [stderr]   Downloaded wasm-bindgen-macro v0.2.95
[INFO] [stderr]   Downloaded form_urlencoded v1.2.1
[INFO] [stderr]   Downloaded lock_api v0.4.12
[INFO] [stderr]   Downloaded wasm-bindgen-macro-support v0.2.95
[INFO] [stderr]   Downloaded synstructure v0.13.1
[INFO] [stderr]   Downloaded yoke v0.7.4
[INFO] [stderr]   Downloaded tinystr v0.7.6
[INFO] [stderr]   Downloaded displaydoc v0.2.5
[INFO] [stderr]   Downloaded writeable v0.5.5
[INFO] [stderr]   Downloaded litemap v0.7.3
[INFO] [stderr]   Downloaded icu_locid_transform v1.5.0
[INFO] [stderr]   Downloaded shlex v1.3.0
[INFO] [stderr]   Downloaded equivalent v1.0.1
[INFO] [stderr]   Downloaded hex_lit v0.1.1
[INFO] [stderr]   Downloaded unicode-ident v1.0.8
[INFO] [stderr]   Downloaded quote v1.0.37
[INFO] [stderr]   Downloaded parking_lot v0.12.3
[INFO] [stderr]   Downloaded smallvec v1.13.2
[INFO] [stderr]   Downloaded bitflags v2.6.0
[INFO] [stderr]   Downloaded addr2line v0.24.2
[INFO] [stderr]   Downloaded digest v0.10.7
[INFO] [stderr]   Downloaded typenum v1.17.0
[INFO] [stderr]   Downloaded ryu v1.0.18
[INFO] [stderr]   Downloaded winreg v0.50.0
[INFO] [stderr]   Downloaded wasm-bindgen-backend v0.2.95
[INFO] [stderr]   Downloaded once_cell v1.20.2
[INFO] [stderr]   Downloaded zerovec-derive v0.10.3
[INFO] [stderr]   Downloaded icu_locid_transform_data v1.5.0
[INFO] [stderr]   Downloaded tokio-rustls v0.24.1
[INFO] [stderr]   Downloaded spin v0.9.8
[INFO] [stderr]   Downloaded cc v1.2.0
[INFO] [stderr]   Downloaded errno v0.3.9
[INFO] [stderr]   Downloaded system-configuration-sys v0.5.0
[INFO] [stderr]   Downloaded http-body v0.4.6
[INFO] [stderr]   Downloaded futures-task v0.3.31
[INFO] [stderr]   Downloaded lightning-types v0.1.0
[INFO] [stderr]   Downloaded bech32 v0.9.1
[INFO] [stderr]   Downloaded chunked_transfer v1.5.0
[INFO] [stderr]   Downloaded anstyle-wincon v3.0.7
[INFO] [stderr]   Downloaded proc-macro2 v1.0.89
[INFO] [stderr]   Downloaded socket2 v0.5.7
[INFO] [stderr]   Downloaded bytes v1.8.0
[INFO] [stderr]   Downloaded miniz_oxide v0.8.0
[INFO] [stderr]   Downloaded sha2 v0.10.8
[INFO] [stderr]   Downloaded wasm-bindgen v0.2.95
[INFO] [stderr]   Downloaded log v0.4.22
[INFO] [stderr]   Downloaded icu_provider v1.5.0
[INFO] [stderr]   Downloaded icu_locid v1.5.0
[INFO] [stderr]   Downloaded icu_normalizer v1.5.0
[INFO] [stderr]   Downloaded icu_normalizer_data v1.5.0
[INFO] [stderr]   Downloaded sct v0.7.1
[INFO] [stderr]   Downloaded openssl-macros v0.1.1
[INFO] [stderr]   Downloaded system-configuration v0.5.1
[INFO] [stderr]   Downloaded sync_wrapper v0.1.2
[INFO] [stderr]   Downloaded want v0.3.1
[INFO] [stderr]   Downloaded httpdate v1.0.3
[INFO] [stderr]   Downloaded futures-core v0.3.31
[INFO] [stderr]   Downloaded slab v0.4.9
[INFO] [stderr]   Downloaded lightning-net-tokio v0.0.125
[INFO] [stderr]   Downloaded base58ck v0.1.0
[INFO] [stderr]   Downloaded anstream v0.6.18
[INFO] [stderr]   Downloaded colorchoice v1.0.3
[INFO] [stderr]   Downloaded serde_derive v1.0.185
[INFO] [stderr]   Downloaded js-sys v0.3.72
[INFO] [stderr]   Downloaded url v2.5.3
[INFO] [stderr]   Downloaded icu_properties v1.5.1
[INFO] [stderr]   Downloaded tokio-native-tls v0.3.1
[INFO] [stderr]   Downloaded fastrand v2.2.0
[INFO] [stderr]   Downloaded futures-io v0.3.31
[INFO] [stderr]   Downloaded bitcoin-io v0.1.3
[INFO] [stderr]   Downloaded bitcoin-internals v0.3.0
[INFO] [stderr]   Downloaded lightning-block-sync v0.0.125
[INFO] [stderr]   Downloaded clap_lex v0.7.4
[INFO] [stderr]   Downloaded anstyle v1.0.10
[INFO] [stderr]   Downloaded is_terminal_polyfill v1.70.1
[INFO] [stderr]   Downloaded anstyle-query v1.1.2
[INFO] [stderr]   Downloaded anstyle-parse v0.2.6
[INFO] [stderr]   Downloaded memchr v2.7.4
[INFO] [stderr]   Downloaded serde v1.0.185
[INFO] [stderr]   Downloaded bumpalo v3.16.0
[INFO] [stderr]   Downloaded icu_collections v1.5.0
[INFO] [stderr]   Downloaded core-foundation v0.9.4
[INFO] [stderr]   Downloaded pkg-config v0.3.31
[INFO] [stderr]   Downloaded rustls-pemfile v1.0.4
[INFO] [stderr]   Downloaded ipnet v2.10.1
[INFO] [stderr]   Downloaded httparse v1.9.5
[INFO] [stderr]   Downloaded futures-channel v0.3.31
[INFO] [stderr]   Downloaded hyper-rustls v0.24.2
[INFO] [stderr]   Downloaded arrayvec v0.7.6
[INFO] [stderr]   Downloaded lightning-invoice v0.32.0
[INFO] [stderr]   Downloaded clap_derive v4.5.28
[INFO] [stderr]   Downloaded mio v1.0.2
[INFO] [stderr]   Downloaded backtrace v0.3.74
[INFO] [stderr]   Downloaded tempfile v3.14.0
[INFO] [stderr]   Downloaded security-framework-sys v2.12.1
[INFO] [stderr]   Downloaded core-foundation-sys v0.8.7
[INFO] [stderr]   Downloaded tracing-core v0.1.32
[INFO] [stderr]   Downloaded futures-sink v0.3.31
[INFO] [stderr]   Downloaded rand_core v0.4.2
[INFO] [stderr]   Downloaded bitcoin-units v0.1.2
[INFO] [stderr]   Downloaded zerovec v0.10.4
[INFO] [stderr]   Downloaded native-tls v0.2.12
[INFO] [stderr]   Downloaded reqwest v0.11.27
[INFO] [stderr]   Downloaded idna v1.0.3
[INFO] [stderr]   Downloaded serde_json v1.0.109
[INFO] [stderr]   Downloaded schannel v0.1.27
[INFO] [stderr]   Downloaded rand v0.4.6
[INFO] [stderr]   Downloaded bitcoin_hashes v0.14.0
[INFO] [stderr]   Downloaded clap v4.5.29
[INFO] [stderr]   Downloaded rustls-webpki v0.101.7
[INFO] [stderr]   Downloaded hex-conservative v0.2.1
[INFO] [stderr]   Downloaded icu_properties_data v1.5.0
[INFO] [stderr]   Downloaded indexmap v2.6.0
[INFO] [stderr]   Downloaded bech32 v0.11.0
[INFO] [stderr]   Downloaded base64 v0.13.1
[INFO] [stderr]   Downloaded webpki-roots v0.25.4
[INFO] [stderr]   Downloaded security-framework v2.11.1
[INFO] [stderr]   Downloaded openssl-sys v0.9.104
[INFO] [stderr]   Downloaded base64 v0.21.7
[INFO] [stderr]   Downloaded tracing v0.1.40
[INFO] [stderr]   Downloaded syn v2.0.87
[INFO] [stderr]   Downloaded http v0.2.12
[INFO] [stderr]   Downloaded tokio-util v0.7.12
[INFO] [stderr]   Downloaded gimli v0.31.1
[INFO] [stderr]   Downloaded secp256k1 v0.29.1
[INFO] [stderr]   Downloaded hashbrown v0.15.1
[INFO] [stderr]   Downloaded futures-util v0.3.31
[INFO] [stderr]   Downloaded object v0.36.5
[INFO] [stderr]   Downloaded h2 v0.3.26
[INFO] [stderr]   Downloaded clap_builder v4.5.29
[INFO] [stderr]   Downloaded hyper v0.14.31
[INFO] [stderr]   Downloaded windows_x86_64_gnullvm v0.52.6
[INFO] [stderr]   Downloaded windows_aarch64_gnullvm v0.48.5
[INFO] [stderr]   Downloaded windows_aarch64_gnullvm v0.52.6
[INFO] [stderr]   Downloaded windows_x86_64_gnullvm v0.48.5
[INFO] [stderr]   Downloaded rustls v0.21.12
[INFO] [stderr]   Downloaded openssl v0.10.68
[INFO] [stderr]   Downloaded windows_i686_gnullvm v0.52.6
[INFO] [stderr]   Downloaded rustix v0.38.41
[INFO] [stderr]   Downloaded bitcoin v0.32.2
[INFO] [stderr]   Downloaded web-sys v0.3.72
[INFO] [stderr]   Downloaded tokio v1.41.1
[INFO] [stderr]   Downloaded libc v0.2.162
[INFO] [stderr]   Downloaded windows_x86_64_msvc v0.48.5
[INFO] [stderr]   Downloaded windows_x86_64_gnu v0.48.5
[INFO] [stderr]   Downloaded windows_aarch64_msvc v0.48.5
[INFO] [stderr]   Downloaded windows_x86_64_msvc v0.52.6
[INFO] [stderr]   Downloaded windows_x86_64_gnu v0.52.6
[INFO] [stderr]   Downloaded windows_aarch64_msvc v0.52.6
[INFO] [stderr]   Downloaded windows_i686_gnu v0.48.5
[INFO] [stderr]   Downloaded windows_i686_gnu v0.52.6
[INFO] [stderr]   Downloaded windows_i686_msvc v0.48.5
[INFO] [stderr]   Downloaded windows_i686_msvc v0.52.6
[INFO] [stderr]   Downloaded encoding_rs v0.8.35
[INFO] [stderr]   Downloaded lightning v0.0.125
[INFO] [stderr]   Downloaded linux-raw-sys v0.4.14
[INFO] [stderr]   Downloaded windows-sys v0.59.0
[INFO] [stderr]   Downloaded windows-sys v0.48.0
[INFO] [stderr]   Downloaded secp256k1-sys v0.10.1
[INFO] [stderr]   Downloaded ring v0.17.8
[INFO] running `Command { std: "docker" "create" "-v" "/var/lib/crater-agent-workspace/builds/worker-7-tc1/source:/opt/rustwide/workdir:ro,Z" "-v" "/var/lib/crater-agent-workspace/builds/worker-7-tc1/target:/opt/rustwide/target:rw,Z" "-v" "/var/lib/crater-agent-workspace/cargo-home:/opt/rustwide/cargo-home:ro,Z" "-v" "/var/lib/crater-agent-workspace/rustup-home:/opt/rustwide/rustup-home:ro,Z" "-m" "1610612736" "--network" "none" "ghcr.io/rust-lang/crates-build-env/linux@sha256:77db811e55d90add9212f6832c23229e3de5f1c1f9905e8cb07319ea15df73ac" "sleep" "infinity", kill_on_drop: false }`
[INFO] [stdout] 4d0e9f958766eff7ab0028344fc87d7e87a27737152ec94ecd4d7e7861b84140
[INFO] running `Command { std: "docker" "start" "4d0e9f958766eff7ab0028344fc87d7e87a27737152ec94ecd4d7e7861b84140", kill_on_drop: false }`
[INFO] running `Command { std: "docker" "inspect" "4d0e9f958766eff7ab0028344fc87d7e87a27737152ec94ecd4d7e7861b84140", kill_on_drop: false }`
[INFO] running `Command { std: "docker" "exec" "-e" "SOURCE_DIR=/opt/rustwide/workdir" "-e" "CARGO_HOME=/opt/rustwide/cargo-home" "-e" "RUSTUP_HOME=/opt/rustwide/rustup-home" "-e" "CARGO_TARGET_DIR=/opt/rustwide/target" "-w" "/opt/rustwide/workdir" "--user" "0:0" "4d0e9f958766eff7ab0028344fc87d7e87a27737152ec94ecd4d7e7861b84140" "/opt/rustwide/cargo-home/bin/cargo" "+1.99.0-beta.8" "metadata" "--no-deps" "--format-version=1", kill_on_drop: false }`
[INFO] running `Command { std: "docker" "inspect" "4d0e9f958766eff7ab0028344fc87d7e87a27737152ec94ecd4d7e7861b84140", kill_on_drop: false }`
[INFO] running `Command { std: "docker" "exec" "-e" "SOURCE_DIR=/opt/rustwide/workdir" "-e" "CARGO_HOME=/opt/rustwide/cargo-home" "-e" "RUSTUP_HOME=/opt/rustwide/rustup-home" "-e" "CARGO_TARGET_DIR=/opt/rustwide/target" "-e" "CARGO_INCREMENTAL=0" "-e" "RUST_BACKTRACE=full" "-e" "RUSTFLAGS=--cap-lints=warn" "-e" "RUSTDOCFLAGS=--cap-lints=warn" "-w" "/opt/rustwide/workdir" "--user" "0:0" "4d0e9f958766eff7ab0028344fc87d7e87a27737152ec94ecd4d7e7861b84140" "/opt/rustwide/cargo-home/bin/cargo" "+1.99.0-beta.8" "build" "--frozen" "--message-format=json" "--release", kill_on_drop: false }`
[INFO] [stderr]    Compiling proc-macro2 v1.0.89
[INFO] [stderr]    Compiling unicode-ident v1.0.8
[INFO] [stderr]    Compiling shlex v1.3.0
[INFO] [stderr]    Compiling libc v0.2.162
[INFO] [stderr]    Compiling cfg-if v1.0.0
[INFO] [stderr]    Compiling autocfg v1.4.0
[INFO] [stderr]    Compiling smallvec v1.13.2
[INFO] [stderr]    Compiling parking_lot_core v0.9.10
[INFO] [stderr]    Compiling pin-project-lite v0.2.15
[INFO] [stderr]    Compiling scopeguard v1.2.0
[INFO] [stderr]    Compiling stable_deref_trait v1.2.0
[INFO] [stderr]    Compiling bytes v1.8.0
[INFO] [stderr]    Compiling bitcoin-io v0.1.3
[INFO] [stderr]    Compiling once_cell v1.20.2
[INFO] [stderr]    Compiling vcpkg v0.2.15
[INFO] [stderr]    Compiling bitcoin-internals v0.3.0
[INFO] [stderr]    Compiling itoa v1.0.11
[INFO] [stderr]    Compiling arrayvec v0.7.6
[INFO] [stderr]    Compiling pkg-config v0.3.31
[INFO] [stderr]    Compiling writeable v0.5.5
[INFO] [stderr]    Compiling litemap v0.7.3
[INFO] [stderr]    Compiling hex_lit v0.1.1
[INFO] [stderr]    Compiling cc v1.2.0
[INFO] [stderr]    Compiling typenum v1.17.0
[INFO] [stderr]    Compiling version_check v0.9.5
[INFO] [stderr]    Compiling hex-conservative v0.2.1
[INFO] [stderr]    Compiling futures-core v0.3.31
[INFO] [stderr]    Compiling fnv v1.0.7
[INFO] [stderr]    Compiling icu_locid_transform_data v1.5.0
[INFO] [stderr]    Compiling untrusted v0.9.0
[INFO] [stderr]    Compiling log v0.4.22
[INFO] [stderr]    Compiling spin v0.9.8
[INFO] [stderr]    Compiling bitcoin v0.32.2
[INFO] [stderr]    Compiling bitcoin_hashes v0.14.0
[INFO] [stderr]    Compiling tracing-core v0.1.32
[INFO] [stderr]    Compiling bitcoin-units v0.1.2
[INFO] [stderr]    Compiling generic-array v0.14.7
[INFO] [stderr]    Compiling lock_api v0.4.12
[INFO] [stderr]    Compiling slab v0.4.9
[INFO] [stderr]    Compiling http v0.2.12
[INFO] [stderr]    Compiling futures-io v0.3.31
[INFO] [stderr]    Compiling icu_properties_data v1.5.0
[INFO] [stderr]    Compiling futures-sink v0.3.31
[INFO] [stderr]    Compiling httparse v1.9.5
[INFO] [stderr]    Compiling memchr v2.7.4
[INFO] [stderr]    Compiling hashbrown v0.15.1
[INFO] [stderr]    Compiling equivalent v1.0.1
[INFO] [stderr]    Compiling openssl v0.10.68
[INFO] [stderr]    Compiling futures-task v0.3.31
[INFO] [stderr]    Compiling foreign-types-shared v0.1.1
[INFO] [stderr]    Compiling serde v1.0.185
[INFO] [stderr]    Compiling pin-utils v0.1.0
[INFO] [stderr]    Compiling quote v1.0.37
[INFO] [stderr]    Compiling bech32 v0.11.0
[INFO] [stderr]    Compiling foreign-types v0.3.2
[INFO] [stderr]    Compiling tracing v0.1.40
[INFO] [stderr]    Compiling mio v1.0.2
[INFO] [stderr]    Compiling signal-hook-registry v1.4.2
[INFO] [stderr]    Compiling socket2 v0.5.7
[INFO] [stderr]    Compiling getrandom v0.2.15
[INFO] [stderr]    Compiling syn v2.0.87
[INFO] [stderr]    Compiling parking_lot v0.12.3
[INFO] [stderr]    Compiling icu_normalizer_data v1.5.0
[INFO] [stderr]    Compiling rustls v0.21.12
[INFO] [stderr]    Compiling bitflags v2.6.0
[INFO] [stderr]    Compiling write16 v1.0.0
[INFO] [stderr]    Compiling utf8_iter v1.0.4
[INFO] [stderr]    Compiling utf16_iter v1.0.5
[INFO] [stderr]    Compiling native-tls v0.2.12
[INFO] [stderr]    Compiling try-lock v0.2.5
[INFO] [stderr]    Compiling futures-util v0.3.31
[INFO] [stderr]    Compiling bech32 v0.9.1
[INFO] [stderr]    Compiling want v0.3.1
[INFO] [stderr]    Compiling indexmap v2.6.0
[INFO] [stderr]    Compiling futures-channel v0.3.31
[INFO] [stderr]    Compiling openssl-probe v0.1.5
[INFO] [stderr]    Compiling serde_json v1.0.109
[INFO] [stderr]    Compiling http-body v0.4.6
[INFO] [stderr]    Compiling utf8parse v0.2.2
[INFO] [stderr]    Compiling secp256k1-sys v0.10.1
[INFO] [stderr]    Compiling openssl-sys v0.9.104
[INFO] [stderr]    Compiling ring v0.17.8
[INFO] [stderr]    Compiling percent-encoding v2.3.1
[INFO] [stderr]    Compiling tower-service v0.3.3
[INFO] [stderr]    Compiling httpdate v1.0.3
[INFO] [stderr]    Compiling ryu v1.0.18
[INFO] [stderr]    Compiling base58ck v0.1.0
[INFO] [stderr]    Compiling block-buffer v0.10.4
[INFO] [stderr]    Compiling crypto-common v0.1.6
[INFO] [stderr]    Compiling form_urlencoded v1.2.1
[INFO] [stderr]    Compiling anstyle-parse v0.2.6
[INFO] [stderr]    Compiling is_terminal_polyfill v1.70.1
[INFO] [stderr]    Compiling anstyle-query v1.1.2
[INFO] [stderr]    Compiling colorchoice v1.0.3
[INFO] [stderr]    Compiling anstyle v1.0.10
[INFO] [stderr]    Compiling digest v0.10.7
[INFO] [stderr]    Compiling base64 v0.21.7
[INFO] [stderr]    Compiling strsim v0.11.1
[INFO] [stderr]    Compiling heck v0.5.0
[INFO] [stderr]    Compiling clap_lex v0.7.4
[INFO] [stderr]    Compiling encoding_rs v0.8.35
[INFO] [stderr]    Compiling anstream v0.6.18
[INFO] [stderr]    Compiling cpufeatures v0.2.16
[INFO] [stderr]    Compiling sync_wrapper v0.1.2
[INFO] [stderr]    Compiling ipnet v2.10.1
[INFO] [stderr]    Compiling chunked_transfer v1.5.0
[INFO] [stderr]    Compiling mime v0.3.17
[INFO] [stderr]    Compiling webpki-roots v0.25.4
[INFO] [stderr]    Compiling rustls-pemfile v1.0.4
[INFO] [stderr]    Compiling sha2 v0.10.8
[INFO] [stderr]    Compiling clap_builder v4.5.29
[INFO] [stderr]    Compiling ripemd v0.1.3
[INFO] [stderr]    Compiling rand v0.4.6
[INFO] [stderr]    Compiling hex v0.4.3
[INFO] [stderr]    Compiling base64 v0.13.1
[INFO] [stderr]    Compiling synstructure v0.13.1
[INFO] [stderr]    Compiling zerovec-derive v0.10.3
[INFO] [stderr]    Compiling tokio-macros v2.4.0
[INFO] [stderr]    Compiling displaydoc v0.2.5
[INFO] [stderr]    Compiling icu_provider_macros v1.5.0
[INFO] [stderr]    Compiling openssl-macros v0.1.1
[INFO] [stderr]    Compiling serde_derive v1.0.185
[INFO] [stderr]    Compiling clap_derive v4.5.28
[INFO] [stderr]    Compiling zerofrom-derive v0.1.4
[INFO] [stderr]    Compiling yoke-derive v0.7.4
[INFO] [stderr]    Compiling tokio v1.41.1
[INFO] [stderr]    Compiling zerofrom v0.1.4
[INFO] [stderr]    Compiling yoke v0.7.4
[INFO] [stderr]    Compiling zerovec v0.10.4
[INFO] [stderr]    Compiling tinystr v0.7.6
[INFO] [stderr]    Compiling icu_collections v1.5.0
[INFO] [stderr]    Compiling clap v4.5.29
[INFO] [stderr]    Compiling icu_locid v1.5.0
[INFO] [stderr]    Compiling icu_provider v1.5.0
[INFO] [stderr]    Compiling icu_locid_transform v1.5.0
[INFO] [stderr]    Compiling icu_properties v1.5.1
[INFO] [stderr]    Compiling secp256k1 v0.29.1
[INFO] [stderr]    Compiling serde_urlencoded v0.7.1
[INFO] [stderr]    Compiling icu_normalizer v1.5.0
[INFO] [stderr]    Compiling tokio-util v0.7.12
[INFO] [stderr]    Compiling tokio-native-tls v0.3.1
[INFO] [stderr]    Compiling idna_adapter v1.2.0
[INFO] [stderr]    Compiling idna v1.0.3
[INFO] [stderr]    Compiling h2 v0.3.26
[INFO] [stderr]    Compiling url v2.5.3
[INFO] [stderr]    Compiling sct v0.7.1
[INFO] [stderr]    Compiling rustls-webpki v0.101.7
[INFO] [stderr]    Compiling hyper v0.14.31
[INFO] [stderr]    Compiling lightning-types v0.1.0
[INFO] [stderr]    Compiling lightning-invoice v0.32.0
[INFO] [stderr]    Compiling tokio-rustls v0.24.1
[INFO] [stderr]    Compiling lightning v0.0.125
[INFO] [stderr]    Compiling hyper-tls v0.5.0
[INFO] [stderr]    Compiling hyper-rustls v0.24.2
[INFO] [stderr]    Compiling reqwest v0.11.27
[INFO] [stderr]    Compiling lightning-net-tokio v0.0.125
[INFO] [stderr]    Compiling lightning-block-sync v0.0.125
[INFO] [stderr]    Compiling pl-00-intro v0.1.0 (/opt/rustwide/workdir)
[INFO] [stderr]     Finished `release` profile [optimized] target(s) in 2m 44s
[INFO] [stderr] warning: the following packages contain code that will be rejected by a future version of Rust: lightning v0.0.125
[INFO] [stderr] note: to see what the problems were, use the option `--future-incompat-report`, or run `cargo report future-incompatibilities --id 1`
[INFO] running `Command { std: "docker" "inspect" "4d0e9f958766eff7ab0028344fc87d7e87a27737152ec94ecd4d7e7861b84140", kill_on_drop: false }`
[INFO] running `Command { std: "docker" "exec" "-e" "SOURCE_DIR=/opt/rustwide/workdir" "-e" "CARGO_HOME=/opt/rustwide/cargo-home" "-e" "RUSTUP_HOME=/opt/rustwide/rustup-home" "-e" "CARGO_TARGET_DIR=/opt/rustwide/target" "-e" "CARGO_INCREMENTAL=0" "-e" "RUST_BACKTRACE=full" "-e" "RUSTFLAGS=--cap-lints=warn" "-e" "RUSTDOCFLAGS=--cap-lints=warn" "-w" "/opt/rustwide/workdir" "--user" "0:0" "4d0e9f958766eff7ab0028344fc87d7e87a27737152ec94ecd4d7e7861b84140" "/opt/rustwide/cargo-home/bin/cargo" "+1.99.0-beta.8" "test" "--frozen" "--no-run" "--message-format=json" "--release", kill_on_drop: false }`
[INFO] [stderr]    Compiling pl-00-intro v0.1.0 (/opt/rustwide/workdir)
[INFO] [stderr]     Finished `release` profile [optimized] target(s) in 2.12s
[INFO] [stderr] warning: the following packages contain code that will be rejected by a future version of Rust: lightning v0.0.125
[INFO] [stderr] note: to see what the problems were, use the option `--future-incompat-report`, or run `cargo report future-incompatibilities --id 1`
[INFO] running `Command { std: "docker" "inspect" "4d0e9f958766eff7ab0028344fc87d7e87a27737152ec94ecd4d7e7861b84140", kill_on_drop: false }`
[INFO] running `Command { std: "docker" "exec" "-e" "SOURCE_DIR=/opt/rustwide/workdir" "-e" "CARGO_HOME=/opt/rustwide/cargo-home" "-e" "RUSTUP_HOME=/opt/rustwide/rustup-home" "-e" "CARGO_TARGET_DIR=/opt/rustwide/target" "-e" "CARGO_INCREMENTAL=0" "-e" "RUST_BACKTRACE=full" "-e" "RUSTFLAGS=--cap-lints=warn" "-e" "RUSTDOCFLAGS=--cap-lints=warn" "-w" "/opt/rustwide/workdir" "--user" "0:0" "4d0e9f958766eff7ab0028344fc87d7e87a27737152ec94ecd4d7e7861b84140" "/opt/rustwide/cargo-home/bin/cargo" "+1.99.0-beta.8" "test" "--frozen" "--release", kill_on_drop: false }`
[INFO] [stderr]     Finished `release` profile [optimized] target(s) in 0.18s
[INFO] [stderr] warning: the following packages contain code that will be rejected by a future version of Rust: lightning v0.0.125
[INFO] [stderr] note: to see what the problems were, use the option `--future-incompat-report`, or run `cargo report future-incompatibilities --id 1`
[INFO] [stderr]      Running unittests src/lib.rs (/opt/rustwide/target/release/deps/pl_00_intro-0b0587d36c3d35a9)
[INFO] [stdout] 
[INFO] [stdout] running 16 tests
[INFO] [stdout] test exercises_appendix::test::test_derive_revocation_public_key ... ok
[INFO] [stdout] test exercises::test::test_02_build_funding_transaction ... FAILED
[INFO] [stdout] test exercises::test::test_01_two_of_two_multisig_witness_script ... FAILED
[INFO] [stdout] test exercises::test::test_04_generate_revocation_pubkey ... FAILED
[INFO] [stdout] test exercises_appendix::test::test_node_keys_manager ... ok
[INFO] [stdout] test exercises::test::test_03_build_refund_transaction ... FAILED
[INFO] [stdout] test exercises::test::test_06_to_local ... FAILED
[INFO] [stdout] test exercises::test::test_05_generate_revocation_privkey ... FAILED
[INFO] [stdout] test exercises_appendix::test::test_build_commitment_locktime ... ok
[INFO] [stdout] test exercises::test::test_07_build_commitment_transaction ... FAILED
[INFO] [stdout] test exercises_appendix::test::test_derive_channel_keys ... ok
[INFO] [stdout] test exercises_appendix::test::test_derive_private_key ... ok
[INFO] [stdout] test exercises::test::test_08_build_htlc_commitment_transaction ... FAILED
[INFO] [stdout] test exercises::test::test_09_build_htlc_timeout_transaction ... FAILED
[INFO] [stdout] test exercises_appendix::test::test_get_commitment_transaction_number_obscure_factor ... ok
[INFO] [stdout] test exercises_appendix::test::test_build_commitment_input ... ok
[INFO] [stdout] 
[INFO] [stdout] failures:
[INFO] [stdout] 
[INFO] [stdout] ---- exercises::test::test_02_build_funding_transaction stdout ----
[INFO] [stdout] 
[INFO] [stdout] thread 'exercises::test::test_02_build_funding_transaction' (3163) panicked at src/exercises/exercises.rs:43:5:
[INFO] [stdout] not implemented
[INFO] [stdout] stack backtrace:
[INFO] [stdout]    0:     0x606149c23bb1 - <<std[70759c8f55707aa4]::sys::backtrace::BacktraceLock>::print::DisplayBacktrace as core[df12db4294e9bfd3]::fmt::Display>::fmt
[INFO] [stdout]    1:     0x606149c3864a - core[df12db4294e9bfd3]::fmt::write
[INFO] [stdout]    2:     0x606149c2804c - <alloc[2182bb758b4b3781]::vec::Vec<u8> as core[df12db4294e9bfd3]::io::write::Write>::write_fmt
[INFO] [stdout]    3:     0x606149c001a6 - std[70759c8f55707aa4]::panicking::default_hook::{closure#0}
[INFO] [stdout]    4:     0x606149c1c319 - std[70759c8f55707aa4]::panicking::default_hook
[INFO] [stdout]    5:     0x606149b9dae0 - test[9d35eded1c95d3be]::test_main_inner::<test[9d35eded1c95d3be]::test_main_static::{closure#0}>::{closure#0}
[INFO] [stdout]    6:     0x606149c1c4d2 - std[70759c8f55707aa4]::panicking::panic_with_hook
[INFO] [stdout]    7:     0x606149c00284 - std[70759c8f55707aa4]::panicking::panic_handler::{closure#0}
[INFO] [stdout]    8:     0x606149bf8fd9 - std[70759c8f55707aa4]::sys::backtrace::__rust_end_short_backtrace::<std[70759c8f55707aa4]::panicking::panic_handler::{closure#0}, !>
[INFO] [stdout]    9:     0x606149c00e4d - __rustc[8fa7c3cbc660c2b3]::rust_begin_unwind
[INFO] [stdout]   10:     0x606149c38d7c - core[df12db4294e9bfd3]::panicking::panic_fmt
[INFO] [stdout]   11:     0x606149c38d42 - core[df12db4294e9bfd3]::panicking::panic
[INFO] [stdout]   12:     0x606149b90967 - pl_00_intro[e1ebfe524255351e]::exercises::exercises::build_funding_transaction
[INFO] [stdout]   13:     0x606149b8ea6d - pl_00_intro[e1ebfe524255351e]::exercises::test::test_02_build_funding_transaction
[INFO] [stdout]   14:     0x606149b8d049 - <pl_00_intro[e1ebfe524255351e]::exercises::test::test_02_build_funding_transaction::{closure#0} as core[df12db4294e9bfd3]::ops::function::FnOnce<()>>::call_once
[INFO] [stdout]   15:     0x606149b90dcb - test[9d35eded1c95d3be]::__rust_begin_short_backtrace::<core[df12db4294e9bfd3]::result::Result<(), alloc[2182bb758b4b3781]::string::String>, fn() -> core[df12db4294e9bfd3]::result::Result<(), alloc[2182bb758b4b3781]::string::String>>
[INFO] [stdout]   16:     0x606149b9e435 - test[9d35eded1c95d3be]::run_test::{closure#0}
[INFO] [stdout]   17:     0x606149b97cf4 - std[70759c8f55707aa4]::sys::backtrace::__rust_begin_short_backtrace::<test[9d35eded1c95d3be]::run_test::{closure#1}, ()>
[INFO] [stdout]   18:     0x606149ba1592 - <std[70759c8f55707aa4]::thread::lifecycle::spawn_unchecked<test[9d35eded1c95d3be]::run_test::{closure#1}, ()>::{closure#1} as core[df12db4294e9bfd3]::ops::function::FnOnce<()>>::call_once::{shim:vtable#0}
[INFO] [stdout]   19:     0x606149c23489 - <std[70759c8f55707aa4]::sys::thread::unix::Thread>::new::thread_start
[INFO] [stdout]   20:     0x7ab9c4f2bdfa - <unknown>
[INFO] [stdout]   21:     0x7ab9c4fbf3d4 - clone
[INFO] [stdout]   22:                0x0 - <unknown>
[INFO] [stdout] 
[INFO] [stdout] ---- exercises::test::test_01_two_of_two_multisig_witness_script stdout ----
[INFO] [stdout] 
[INFO] [stdout] thread 'exercises::test::test_01_two_of_two_multisig_witness_script' (3162) panicked at src/exercises/exercises.rs:29:5:
[INFO] [stdout] not implemented
[INFO] [stdout] stack backtrace:
[INFO] [stdout]    0:     0x606149c23bb1 - <<std[70759c8f55707aa4]::sys::backtrace::BacktraceLock>::print::DisplayBacktrace as core[df12db4294e9bfd3]::fmt::Display>::fmt
[INFO] [stdout]    1:     0x606149c3864a - core[df12db4294e9bfd3]::fmt::write
[INFO] [stdout]    2:     0x606149c2804c - <alloc[2182bb758b4b3781]::vec::Vec<u8> as core[df12db4294e9bfd3]::io::write::Write>::write_fmt
[INFO] [stdout]    3:     0x606149c001a6 - std[70759c8f55707aa4]::panicking::default_hook::{closure#0}
[INFO] [stdout]    4:     0x606149c1c319 - std[70759c8f55707aa4]::panicking::default_hook
[INFO] [stdout]    5:     0x606149b9dae0 - test[9d35eded1c95d3be]::test_main_inner::<test[9d35eded1c95d3be]::test_main_static::{closure#0}>::{closure#0}
[INFO] [stdout]    6:     0x606149c1c4d2 - std[70759c8f55707aa4]::panicking::panic_with_hook
[INFO] [stdout]    7:     0x606149c00284 - std[70759c8f55707aa4]::panicking::panic_handler::{closure#0}
[INFO] [stdout]    8:     0x606149bf8fd9 - std[70759c8f55707aa4]::sys::backtrace::__rust_end_short_backtrace::<std[70759c8f55707aa4]::panicking::panic_handler::{closure#0}, !>
[INFO] [stdout]    9:     0x606149c00e4d - __rustc[8fa7c3cbc660c2b3]::rust_begin_unwind
[INFO] [stdout]   10:     0x606149c38d7c - core[df12db4294e9bfd3]::panicking::panic_fmt
[INFO] [stdout]   11:     0x606149c38d42 - core[df12db4294e9bfd3]::panicking::panic
[INFO] [stdout]   12:     0x606149b90b9a - pl_00_intro[e1ebfe524255351e]::exercises::exercises::two_of_two_multisig_witness_script
[INFO] [stdout]   13:     0x606149b8ef82 - pl_00_intro[e1ebfe524255351e]::exercises::test::test_01_two_of_two_multisig_witness_script
[INFO] [stdout]   14:     0x606149b8d129 - <pl_00_intro[e1ebfe524255351e]::exercises::test::test_01_two_of_two_multisig_witness_script::{closure#0} as core[df12db4294e9bfd3]::ops::function::FnOnce<()>>::call_once
[INFO] [stdout]   15:     0x606149b90dcb - test[9d35eded1c95d3be]::__rust_begin_short_backtrace::<core[df12db4294e9bfd3]::result::Result<(), alloc[2182bb758b4b3781]::string::String>, fn() -> core[df12db4294e9bfd3]::result::Result<(), alloc[2182bb758b4b3781]::string::String>>
[INFO] [stdout]   16:     0x606149b9e435 - test[9d35eded1c95d3be]::run_test::{closure#0}
[INFO] [stdout]   17:     0x606149b97cf4 - std[70759c8f55707aa4]::sys::backtrace::__rust_begin_short_backtrace::<test[9d35eded1c95d3be]::run_test::{closure#1}, ()>
[INFO] [stdout]   18:     0x606149ba1592 - <std[70759c8f55707aa4]::thread::lifecycle::spawn_unchecked<test[9d35eded1c95d3be]::run_test::{closure#1}, ()>::{closure#1} as core[df12db4294e9bfd3]::ops::function::FnOnce<()>>::call_once::{shim:vtable#0}
[INFO] [stdout]   19:     0x606149c23489 - <std[70759c8f55707aa4]::sys::thread::unix::Thread>::new::thread_start
[INFO] [stdout]   20:     0x7ab9c4f2bdfa - <unknown>
[INFO] [stdout]   21:     0x7ab9c4fbf3d4 - clone
[INFO] [stdout]   22:                0x0 - <unknown>
[INFO] [stdout] 
[INFO] [stdout] ---- exercises::test::test_04_generate_revocation_pubkey stdout ----
[INFO] [stdout] 
[INFO] [stdout] thread 'exercises::test::test_04_generate_revocation_pubkey' (3165) panicked at src/exercises/exercises.rs:69:5:
[INFO] [stdout] not implemented
[INFO] [stdout] stack backtrace:
[INFO] [stdout]    0:     0x606149c23bb1 - <<std[70759c8f55707aa4]::sys::backtrace::BacktraceLock>::print::DisplayBacktrace as core[df12db4294e9bfd3]::fmt::Display>::fmt
[INFO] [stdout]    1:     0x606149c3864a - core[df12db4294e9bfd3]::fmt::write
[INFO] [stdout]    2:     0x606149c2804c - <alloc[2182bb758b4b3781]::vec::Vec<u8> as core[df12db4294e9bfd3]::io::write::Write>::write_fmt
[INFO] [stdout]    3:     0x606149c001a6 - std[70759c8f55707aa4]::panicking::default_hook::{closure#0}
[INFO] [stdout]    4:     0x606149c1c319 - std[70759c8f55707aa4]::panicking::default_hook
[INFO] [stdout]    5:     0x606149b9dae0 - test[9d35eded1c95d3be]::test_main_inner::<test[9d35eded1c95d3be]::test_main_static::{closure#0}>::{closure#0}
[INFO] [stdout]    6:     0x606149c1c4d2 - std[70759c8f55707aa4]::panicking::panic_with_hook
[INFO] [stdout]    7:     0x606149c00284 - std[70759c8f55707aa4]::panicking::panic_handler::{closure#0}
[INFO] [stdout]    8:     0x606149bf8fd9 - std[70759c8f55707aa4]::sys::backtrace::__rust_end_short_backtrace::<std[70759c8f55707aa4]::panicking::panic_handler::{closure#0}, !>
[INFO] [stdout]    9:     0x606149c00e4d - __rustc[8fa7c3cbc660c2b3]::rust_begin_unwind
[INFO] [stdout]   10:     0x606149c38d7c - core[df12db4294e9bfd3]::panicking::panic_fmt
[INFO] [stdout]   11:     0x606149c38d42 - core[df12db4294e9bfd3]::panicking::panic
[INFO] [stdout]   12:     0x606149b90a0a - pl_00_intro[e1ebfe524255351e]::exercises::exercises::generate_revocation_pubkey
[INFO] [stdout]   13:     0x606149b8eb25 - pl_00_intro[e1ebfe524255351e]::exercises::test::test_04_generate_revocation_pubkey
[INFO] [stdout]   14:     0x606149b8d069 - <pl_00_intro[e1ebfe524255351e]::exercises::test::test_04_generate_revocation_pubkey::{closure#0} as core[df12db4294e9bfd3]::ops::function::FnOnce<()>>::call_once
[INFO] [stdout]   15:     0x606149b90dcb - test[9d35eded1c95d3be]::__rust_begin_short_backtrace::<core[df12db4294e9bfd3]::result::Result<(), alloc[2182bb758b4b3781]::string::String>, fn() -> core[df12db4294e9bfd3]::result::Result<(), alloc[2182bb758b4b3781]::string::String>>
[INFO] [stdout]   16:     0x606149b9e435 - test[9d35eded1c95d3be]::run_test::{closure#0}
[INFO] [stdout]   17:     0x606149b97cf4 - std[70759c8f55707aa4]::sys::backtrace::__rust_begin_short_backtrace::<test[9d35eded1c95d3be]::run_test::{closure#1}, ()>
[INFO] [stdout]   18:     0x606149ba1592 - <std[70759c8f55707aa4]::thread::lifecycle::spawn_unchecked<test[9d35eded1c95d3be]::run_test::{closure#1}, ()>::{closure#1} as core[df12db4294e9bfd3]::ops::function::FnOnce<()>>::call_once::{shim:vtable#0}
[INFO] [stdout]   19:     0x606149c23489 - <std[70759c8f55707aa4]::sys::thread::unix::Thread>::new::thread_start
[INFO] [stdout]   20:     0x7ab9c4f2bdfa - <unknown>
[INFO] [stdout]   21:     0x7ab9c4fbf3d4 - clone
[INFO] [stdout]   22:                0x0 - <unknown>
[INFO] [stdout] 
[INFO] [stdout] ---- exercises::test::test_03_build_refund_transaction stdout ----
[INFO] [stdout] 
[INFO] [stdout] thread 'exercises::test::test_03_build_refund_transaction' (3164) panicked at src/exercises/exercises.rs:58:5:
[INFO] [stdout] not implemented
[INFO] [stdout] stack backtrace:
[INFO] [stdout]    0:     0x606149c23bb1 - <<std[70759c8f55707aa4]::sys::backtrace::BacktraceLock>::print::DisplayBacktrace as core[df12db4294e9bfd3]::fmt::Display>::fmt
[INFO] [stdout]    1:     0x606149c3864a - core[df12db4294e9bfd3]::fmt::write
[INFO] [stdout]    2:     0x606149c2804c - <alloc[2182bb758b4b3781]::vec::Vec<u8> as core[df12db4294e9bfd3]::io::write::Write>::write_fmt
[INFO] [stdout]    3:     0x606149c001a6 - std[70759c8f55707aa4]::panicking::default_hook::{closure#0}
[INFO] [stdout]    4:     0x606149c1c319 - std[70759c8f55707aa4]::panicking::default_hook
[INFO] [stdout]    5:     0x606149b9dae0 - test[9d35eded1c95d3be]::test_main_inner::<test[9d35eded1c95d3be]::test_main_static::{closure#0}>::{closure#0}
[INFO] [stdout]    6:     0x606149c1c4d2 - std[70759c8f55707aa4]::panicking::panic_with_hook
[INFO] [stdout]    7:     0x606149c00284 - std[70759c8f55707aa4]::panicking::panic_handler::{closure#0}
[INFO] [stdout]    8:     0x606149bf8fd9 - std[70759c8f55707aa4]::sys::backtrace::__rust_end_short_backtrace::<std[70759c8f55707aa4]::panicking::panic_handler::{closure#0}, !>
[INFO] [stdout]    9:     0x606149c00e4d - __rustc[8fa7c3cbc660c2b3]::rust_begin_unwind
[INFO] [stdout]   10:     0x606149c38d7c - core[df12db4294e9bfd3]::panicking::panic_fmt
[INFO] [stdout]   11:     0x606149c38d42 - core[df12db4294e9bfd3]::panicking::panic
[INFO] [stdout]   12:     0x606149b908f0 - pl_00_intro[e1ebfe524255351e]::exercises::exercises::build_refund_transaction
[INFO] [stdout]   13:     0x606149b8e91f - pl_00_intro[e1ebfe524255351e]::exercises::test::test_03_build_refund_transaction
[INFO] [stdout]   14:     0x606149b8d029 - <pl_00_intro[e1ebfe524255351e]::exercises::test::test_03_build_refund_transaction::{closure#0} as core[df12db4294e9bfd3]::ops::function::FnOnce<()>>::call_once
[INFO] [stdout]   15:     0x606149b90dcb - test[9d35eded1c95d3be]::__rust_begin_short_backtrace::<core[df12db4294e9bfd3]::result::Result<(), alloc[2182bb758b4b3781]::string::String>, fn() -> core[df12db4294e9bfd3]::result::Result<(), alloc[2182bb758b4b3781]::string::String>>
[INFO] [stdout]   16:     0x606149b9e435 - test[9d35eded1c95d3be]::run_test::{closure#0}
[INFO] [stdout]   17:     0x606149b97cf4 - std[70759c8f55707aa4]::sys::backtrace::__rust_begin_short_backtrace::<test[9d35eded1c95d3be]::run_test::{closure#1}, ()>
[INFO] [stdout]   18:     0x606149ba1592 - <std[70759c8f55707aa4]::thread::lifecycle::spawn_unchecked<test[9d35eded1c95d3be]::run_test::{closure#1}, ()>::{closure#1} as core[df12db4294e9bfd3]::ops::function::FnOnce<()>>::call_once::{shim:vtable#0}
[INFO] [stdout]   19:     0x606149c23489 - <std[70759c8f55707aa4]::sys::thread::unix::Thread>::new::thread_start
[INFO] [stdout]   20:     0x7ab9c4f2bdfa - <unknown>
[INFO] [stdout]   21:     0x7ab9c4fbf3d4 - clone
[INFO] [stdout]   22:                0x0 - <unknown>
[INFO] [stdout] 
[INFO] [stdout] ---- exercises::test::test_06_to_local stdout ----
[INFO] [stdout] 
[INFO] [stdout] thread 'exercises::test::test_06_to_local' (3167) panicked at src/exercises/exercises.rs:90:5:
[INFO] [stdout] not implemented
[INFO] [stdout] stack backtrace:
[INFO] [stdout]    0:     0x606149c23bb1 - <<std[70759c8f55707aa4]::sys::backtrace::BacktraceLock>::print::DisplayBacktrace as core[df12db4294e9bfd3]::fmt::Display>::fmt
[INFO] [stdout]    1:     0x606149c3864a - core[df12db4294e9bfd3]::fmt::write
[INFO] [stdout]    2:     0x606149c2804c - <alloc[2182bb758b4b3781]::vec::Vec<u8> as core[df12db4294e9bfd3]::io::write::Write>::write_fmt
[INFO] [stdout]    3:     0x606149c001a6 - std[70759c8f55707aa4]::panicking::default_hook::{closure#0}
[INFO] [stdout]    4:     0x606149c1c319 - std[70759c8f55707aa4]::panicking::default_hook
[INFO] [stdout]    5:     0x606149b9dae0 - test[9d35eded1c95d3be]::test_main_inner::<test[9d35eded1c95d3be]::test_main_static::{closure#0}>::{closure#0}
[INFO] [stdout]    6:     0x606149c1c4d2 - std[70759c8f55707aa4]::panicking::panic_with_hook
[INFO] [stdout]    7:     0x606149c00284 - std[70759c8f55707aa4]::panicking::panic_handler::{closure#0}
[INFO] [stdout]    8:     0x606149bf8fd9 - std[70759c8f55707aa4]::sys::backtrace::__rust_end_short_backtrace::<std[70759c8f55707aa4]::panicking::panic_handler::{closure#0}, !>
[INFO] [stdout]    9:     0x606149c00e4d - __rustc[8fa7c3cbc660c2b3]::rust_begin_unwind
[INFO] [stdout]   10:     0x606149c38d7c - core[df12db4294e9bfd3]::panicking::panic_fmt
[INFO] [stdout]   11:     0x606149c38d42 - core[df12db4294e9bfd3]::panicking::panic
[INFO] [stdout]   12:     0x606149b8e842 - pl_00_intro[e1ebfe524255351e]::exercises::test::test_06_to_local
[INFO] [stdout]   13:     0x606149b8d009 - <pl_00_intro[e1ebfe524255351e]::exercises::test::test_06_to_local::{closure#0} as core[df12db4294e9bfd3]::ops::function::FnOnce<()>>::call_once
[INFO] [stdout]   14:     0x606149b90dcb - test[9d35eded1c95d3be]::__rust_begin_short_backtrace::<core[df12db4294e9bfd3]::result::Result<(), alloc[2182bb758b4b3781]::string::String>, fn() -> core[df12db4294e9bfd3]::result::Result<(), alloc[2182bb758b4b3781]::string::String>>
[INFO] [stdout]   15:     0x606149b9e435 - test[9d35eded1c95d3be]::run_test::{closure#0}
[INFO] [stdout]   16:     0x606149b97cf4 - std[70759c8f55707aa4]::sys::backtrace::__rust_begin_short_backtrace::<test[9d35eded1c95d3be]::run_test::{closure#1}, ()>
[INFO] [stdout]   17:     0x606149ba1592 - <std[70759c8f55707aa4]::thread::lifecycle::spawn_unchecked<test[9d35eded1c95d3be]::run_test::{closure#1}, ()>::{closure#1} as core[df12db4294e9bfd3]::ops::function::FnOnce<()>>::call_once::{shim:vtable#0}
[INFO] [stdout]   18:     0x606149c23489 - <std[70759c8f55707aa4]::sys::thread::unix::Thread>::new::thread_start
[INFO] [stdout]   19:     0x7ab9c4f2bdfa - <unknown>
[INFO] [stdout]   20:     0x7ab9c4fbf3d4 - clone
[INFO] [stdout]   21:                0x0 - <unknown>
[INFO] [stdout] 
[INFO] [stdout] ---- exercises::test::test_05_generate_revocation_privkey stdout ----
[INFO] [stdout] 
[INFO] [stdout] thread 'exercises::test::test_05_generate_revocation_privkey' (3166) panicked at src/exercises/exercises.rs:78:5:
[INFO] [stdout] not implemented
[INFO] [stdout] stack backtrace:
[INFO] [stdout]    0:     0x606149c23bb1 - <<std[70759c8f55707aa4]::sys::backtrace::BacktraceLock>::print::DisplayBacktrace as core[df12db4294e9bfd3]::fmt::Display>::fmt
[INFO] [stdout]    1:     0x606149c3864a - core[df12db4294e9bfd3]::fmt::write
[INFO] [stdout]    2:     0x606149c2804c - <alloc[2182bb758b4b3781]::vec::Vec<u8> as core[df12db4294e9bfd3]::io::write::Write>::write_fmt
[INFO] [stdout]    3:     0x606149c001a6 - std[70759c8f55707aa4]::panicking::default_hook::{closure#0}
[INFO] [stdout]    4:     0x606149c1c319 - std[70759c8f55707aa4]::panicking::default_hook
[INFO] [stdout]    5:     0x606149b9dae0 - test[9d35eded1c95d3be]::test_main_inner::<test[9d35eded1c95d3be]::test_main_static::{closure#0}>::{closure#0}
[INFO] [stdout]    6:     0x606149c1c4d2 - std[70759c8f55707aa4]::panicking::panic_with_hook
[INFO] [stdout]    7:     0x606149c00284 - std[70759c8f55707aa4]::panicking::panic_handler::{closure#0}
[INFO] [stdout]    8:     0x606149bf8fd9 - std[70759c8f55707aa4]::sys::backtrace::__rust_end_short_backtrace::<std[70759c8f55707aa4]::panicking::panic_handler::{closure#0}, !>
[INFO] [stdout]    9:     0x606149c00e4d - __rustc[8fa7c3cbc660c2b3]::rust_begin_unwind
[INFO] [stdout]   10:     0x606149c38d7c - core[df12db4294e9bfd3]::panicking::panic_fmt
[INFO] [stdout]   11:     0x606149c38d42 - core[df12db4294e9bfd3]::panicking::panic
[INFO] [stdout]   12:     0x606149b90a2a - pl_00_intro[e1ebfe524255351e]::exercises::exercises::generate_revocation_privkey
[INFO] [stdout]   13:     0x606149b8d0bf - <pl_00_intro[e1ebfe524255351e]::exercises::test::test_05_generate_revocation_privkey::{closure#0} as core[df12db4294e9bfd3]::ops::function::FnOnce<()>>::call_once
[INFO] [stdout]   14:     0x606149b90dcb - test[9d35eded1c95d3be]::__rust_begin_short_backtrace::<core[df12db4294e9bfd3]::result::Result<(), alloc[2182bb758b4b3781]::string::String>, fn() -> core[df12db4294e9bfd3]::result::Result<(), alloc[2182bb758b4b3781]::string::String>>
[INFO] [stdout]   15:     0x606149b9e435 - test[9d35eded1c95d3be]::run_test::{closure#0}
[INFO] [stdout]   16:     0x606149b97cf4 - std[70759c8f55707aa4]::sys::backtrace::__rust_begin_short_backtrace::<test[9d35eded1c95d3be]::run_test::{closure#1}, ()>
[INFO] [stdout]   17:     0x606149ba1592 - <std[70759c8f55707aa4]::thread::lifecycle::spawn_unchecked<test[9d35eded1c95d3be]::run_test::{closure#1}, ()>::{closure#1} as core[df12db4294e9bfd3]::ops::function::FnOnce<()>>::call_once::{shim:vtable#0}
[INFO] [stdout]   18:     0x606149c23489 - <std[70759c8f55707aa4]::sys::thread::unix::Thread>::new::thread_start
[INFO] [stdout]   19:     0x7ab9c4f2bdfa - <unknown>
[INFO] [stdout]   20:     0x7ab9c4fbf3d4 - clone
[INFO] [stdout]   21:                0x0 - <unknown>
[INFO] [stdout] 
[INFO] [stdout] ---- exercises::test::test_07_build_commitment_transaction stdout ----
[INFO] [stdout] 
[INFO] [stdout] thread 'exercises::test::test_07_build_commitment_transaction' (3168) panicked at src/exercises/exercises.rs:107:5:
[INFO] [stdout] not implemented
[INFO] [stdout] stack backtrace:
[INFO] [stdout]    0:     0x606149c23bb1 - <<std[70759c8f55707aa4]::sys::backtrace::BacktraceLock>::print::DisplayBacktrace as core[df12db4294e9bfd3]::fmt::Display>::fmt
[INFO] [stdout]    1:     0x606149c3864a - core[df12db4294e9bfd3]::fmt::write
[INFO] [stdout]    2:     0x606149c2804c - <alloc[2182bb758b4b3781]::vec::Vec<u8> as core[df12db4294e9bfd3]::io::write::Write>::write_fmt
[INFO] [stdout]    3:     0x606149c001a6 - std[70759c8f55707aa4]::panicking::default_hook::{closure#0}
[INFO] [stdout]    4:     0x606149c1c319 - std[70759c8f55707aa4]::panicking::default_hook
[INFO] [stdout]    5:     0x606149b9dae0 - test[9d35eded1c95d3be]::test_main_inner::<test[9d35eded1c95d3be]::test_main_static::{closure#0}>::{closure#0}
[INFO] [stdout]    6:     0x606149c1c4d2 - std[70759c8f55707aa4]::panicking::panic_with_hook
[INFO] [stdout]    7:     0x606149c00284 - std[70759c8f55707aa4]::panicking::panic_handler::{closure#0}
[INFO] [stdout]    8:     0x606149bf8fd9 - std[70759c8f55707aa4]::sys::backtrace::__rust_end_short_backtrace::<std[70759c8f55707aa4]::panicking::panic_handler::{closure#0}, !>
[INFO] [stdout]    9:     0x606149c00e4d - __rustc[8fa7c3cbc660c2b3]::rust_begin_unwind
[INFO] [stdout]   10:     0x606149c38d7c - core[df12db4294e9bfd3]::panicking::panic_fmt
[INFO] [stdout]   11:     0x606149c38d42 - core[df12db4294e9bfd3]::panicking::panic
[INFO] [stdout]   12:     0x606149b90a50 - pl_00_intro[e1ebfe524255351e]::exercises::exercises::build_commitment_transaction
[INFO] [stdout]   13:     0x606149b8ec22 - pl_00_intro[e1ebfe524255351e]::exercises::test::test_07_build_commitment_transaction
[INFO] [stdout]   14:     0x606149b8d0c9 - <pl_00_intro[e1ebfe524255351e]::exercises::test::test_07_build_commitment_transaction::{closure#0} as core[df12db4294e9bfd3]::ops::function::FnOnce<()>>::call_once
[INFO] [stdout]   15:     0x606149b90dcb - test[9d35eded1c95d3be]::__rust_begin_short_backtrace::<core[df12db4294e9bfd3]::result::Result<(), alloc[2182bb758b4b3781]::string::String>, fn() -> core[df12db4294e9bfd3]::result::Result<(), alloc[2182bb758b4b3781]::string::String>>
[INFO] [stdout]   16:     0x606149b9e435 - test[9d35eded1c95d3be]::run_test::{closure#0}
[INFO] [stdout]   17:     0x606149b97cf4 - std[70759c8f55707aa4]::sys::backtrace::__rust_begin_short_backtrace::<test[9d35eded1c95d3be]::run_test::{closure#1}, ()>
[INFO] [stdout]   18:     0x606149ba1592 - <std[70759c8f55707aa4]::thread::lifecycle::spawn_unchecked<test[9d35eded1c95d3be]::run_test::{closure#1}, ()>::{closure#1} as core[df12db4294e9bfd3]::ops::function::FnOnce<()>>::call_once::{shim:vtable#0}
[INFO] [stdout]   19:     0x606149c23489 - <std[70759c8f55707aa4]::sys::thread::unix::Thread>::new::thread_start
[INFO] [stdout]   20:     0x7ab9c4f2bdfa - <unknown>
[INFO] [stdout]   21:     0x7ab9c4fbf3d4 - clone
[INFO] [stdout]   22:                0x0 - <unknown>
[INFO] [stdout] 
[INFO] [stdout] ---- exercises::test::test_08_build_htlc_commitment_transaction stdout ----
[INFO] [stdout] 
[INFO] [stdout] thread 'exercises::test::test_08_build_htlc_commitment_transaction' (3169) panicked at src/exercises/exercises.rs:127:5:
[INFO] [stdout] not implemented
[INFO] [stdout] stack backtrace:
[INFO] [stdout]    0:     0x606149c23bb1 - <<std[70759c8f55707aa4]::sys::backtrace::BacktraceLock>::print::DisplayBacktrace as core[df12db4294e9bfd3]::fmt::Display>::fmt
[INFO] [stdout]    1:     0x606149c3864a - core[df12db4294e9bfd3]::fmt::write
[INFO] [stdout]    2:     0x606149c2804c - <alloc[2182bb758b4b3781]::vec::Vec<u8> as core[df12db4294e9bfd3]::io::write::Write>::write_fmt
[INFO] [stdout]    3:     0x606149c001a6 - std[70759c8f55707aa4]::panicking::default_hook::{closure#0}
[INFO] [stdout]    4:     0x606149c1c319 - std[70759c8f55707aa4]::panicking::default_hook
[INFO] [stdout]    5:     0x606149b9dae0 - test[9d35eded1c95d3be]::test_main_inner::<test[9d35eded1c95d3be]::test_main_static::{closure#0}>::{closure#0}
[INFO] [stdout]    6:     0x606149c1c4d2 - std[70759c8f55707aa4]::panicking::panic_with_hook
[INFO] [stdout]    7:     0x606149c00284 - std[70759c8f55707aa4]::panicking::panic_handler::{closure#0}
[INFO] [stdout]    8:     0x606149bf8fd9 - std[70759c8f55707aa4]::sys::backtrace::__rust_end_short_backtrace::<std[70759c8f55707aa4]::panicking::panic_handler::{closure#0}, !>
[INFO] [stdout]    9:     0x606149c00e4d - __rustc[8fa7c3cbc660c2b3]::rust_begin_unwind
[INFO] [stdout]   10:     0x606149c38d7c - core[df12db4294e9bfd3]::panicking::panic_fmt
[INFO] [stdout]   11:     0x606149c38d42 - core[df12db4294e9bfd3]::panicking::panic
[INFO] [stdout]   12:     0x606149b90b30 - pl_00_intro[e1ebfe524255351e]::exercises::exercises::build_htlc_commitment_transaction
[INFO] [stdout]   13:     0x606149b8eefb - pl_00_intro[e1ebfe524255351e]::exercises::test::test_08_build_htlc_commitment_transaction
[INFO] [stdout]   14:     0x606149b8d109 - <pl_00_intro[e1ebfe524255351e]::exercises::test::test_08_build_htlc_commitment_transaction::{closure#0} as core[df12db4294e9bfd3]::ops::function::FnOnce<()>>::call_once
[INFO] [stdout]   15:     0x606149b90dcb - test[9d35eded1c95d3be]::__rust_begin_short_backtrace::<core[df12db4294e9bfd3]::result::Result<(), alloc[2182bb758b4b3781]::string::String>, fn() -> core[df12db4294e9bfd3]::result::Result<(), alloc[2182bb758b4b3781]::string::String>>
[INFO] [stdout]   16:     0x606149b9e435 - test[9d35eded1c95d3be]::run_test::{closure#0}
[INFO] [stdout]   17:     0x606149b97cf4 - std[70759c8f55707aa4]::sys::backtrace::__rust_begin_short_backtrace::<test[9d35eded1c95d3be]::run_test::{closure#1}, ()>
[INFO] [stdout]   18:     0x606149ba1592 - <std[70759c8f55707aa4]::thread::lifecycle::spawn_unchecked<test[9d35eded1c95d3be]::run_test::{closure#1}, ()>::{closure#1} as core[df12db4294e9bfd3]::ops::function::FnOnce<()>>::call_once::{shim:vtable#0}
[INFO] [stdout]   19:     0x606149c23489 - <std[70759c8f55707aa4]::sys::thread::unix::Thread>::new::thread_start
[INFO] [stdout]   20:     0x7ab9c4f2bdfa - <unknown>
[INFO] [stdout]   21:     0x7ab9c4fbf3d4 - clone
[INFO] [stdout]   22:                0x0 - <unknown>
[INFO] [stdout] 
[INFO] [stdout] ---- exercises::test::test_09_build_htlc_timeout_transaction stdout ----
[INFO] [stdout] 
[INFO] [stdout] thread 'exercises::test::test_09_build_htlc_timeout_transaction' (3170) panicked at src/exercises/exercises.rs:142:5:
[INFO] [stdout] not implemented
[INFO] [stdout] stack backtrace:
[INFO] [stdout]    0:     0x606149c23bb1 - <<std[70759c8f55707aa4]::sys::backtrace::BacktraceLock>::print::DisplayBacktrace as core[df12db4294e9bfd3]::fmt::Display>::fmt
[INFO] [stdout]    1:     0x606149c3864a - core[df12db4294e9bfd3]::fmt::write
[INFO] [stdout]    2:     0x606149c2804c - <alloc[2182bb758b4b3781]::vec::Vec<u8> as core[df12db4294e9bfd3]::io::write::Write>::write_fmt
[INFO] [stdout]    3:     0x606149c001a6 - std[70759c8f55707aa4]::panicking::default_hook::{closure#0}
[INFO] [stdout]    4:     0x606149c1c319 - std[70759c8f55707aa4]::panicking::default_hook
[INFO] [stdout]    5:     0x606149b9dae0 - test[9d35eded1c95d3be]::test_main_inner::<test[9d35eded1c95d3be]::test_main_static::{closure#0}>::{closure#0}
[INFO] [stdout]    6:     0x606149c1c4d2 - std[70759c8f55707aa4]::panicking::panic_with_hook
[INFO] [stdout]    7:     0x606149c00284 - std[70759c8f55707aa4]::panicking::panic_handler::{closure#0}
[INFO] [stdout]    8:     0x606149bf8fd9 - std[70759c8f55707aa4]::sys::backtrace::__rust_end_short_backtrace::<std[70759c8f55707aa4]::panicking::panic_handler::{closure#0}, !>
[INFO] [stdout]    9:     0x606149c00e4d - __rustc[8fa7c3cbc660c2b3]::rust_begin_unwind
[INFO] [stdout]   10:     0x606149c38d7c - core[df12db4294e9bfd3]::panicking::panic_fmt
[INFO] [stdout]   11:     0x606149c38d42 - core[df12db4294e9bfd3]::panicking::panic
[INFO] [stdout]   12:     0x606149b90ac0 - pl_00_intro[e1ebfe524255351e]::exercises::exercises::build_htlc_timeout_transaction
[INFO] [stdout]   13:     0x606149b8ed82 - pl_00_intro[e1ebfe524255351e]::exercises::test::test_09_build_htlc_timeout_transaction
[INFO] [stdout]   14:     0x606149b8d0e9 - <pl_00_intro[e1ebfe524255351e]::exercises::test::test_09_build_htlc_timeout_transaction::{closure#0} as core[df12db4294e9bfd3]::ops::function::FnOnce<()>>::call_once
[INFO] [stdout]   15:     0x606149b90dcb - test[9d35eded1c95d3be]::__rust_begin_short_backtrace::<core[df12db4294e9bfd3]::result::Result<(), alloc[2182bb758b4b3781]::string::String>, fn() -> core[df12db4294e9bfd3]::result::Result<(), alloc[2182bb758b4b3781]::string::String>>
[INFO] [stdout]   16:     0x606149b9e435 - test[9d35eded1c95d3be]::run_test::{closure#0}
[INFO] [stdout]   17:     0x606149b97cf4 - std[70759c8f55707aa4]::sys::backtrace::__rust_begin_short_backtrace::<test[9d35eded1c95d3be]::run_test::{closure#1}, ()>
[INFO] [stdout]   18:     0x606149ba1592 - <std[70759c8f55707aa4]::thread::lifecycle::spawn_unchecked<test[9d35eded1c95d3be]::run_test::{closure#1}, ()>::{closure#1} as core[df12db4294e9bfd3]::ops::function::FnOnce<()>>::call_once::{shim:vtable#0}
[INFO] [stdout]   19:     0x606149c23489 - <std[70759c8f55707aa4]::sys::thread::unix::Thread>::new::thread_start
[INFO] [stdout]   20:     0x7ab9c4f2bdfa - <unknown>
[INFO] [stdout]   21:     0x7ab9c4fbf3d4 - clone
[INFO] [stdout]   22:                0x0 - <unknown>
[INFO] [stdout] 
[INFO] [stdout] 
[INFO] [stdout] failures:
[INFO] [stdout]     exercises::test::test_01_two_of_two_multisig_witness_script
[INFO] [stdout]     exercises::test::test_02_build_funding_transaction
[INFO] [stdout]     exercises::test::test_03_build_refund_transaction
[INFO] [stdout]     exercises::test::test_04_generate_revocation_pubkey
[INFO] [stdout]     exercises::test::test_05_generate_revocation_privkey
[INFO] [stdout]     exercises::test::test_06_to_local
[INFO] [stdout]     exercises::test::test_07_build_commitment_transaction
[INFO] [stdout]     exercises::test::test_08_build_htlc_commitment_transaction
[INFO] [stdout]     exercises::test::test_09_build_htlc_timeout_transaction
[INFO] [stdout] 
[INFO] [stdout] test result: FAILED. 7 passed; 9 failed; 0 ignored; 0 measured; 0 filtered out; finished in 0.01s
[INFO] [stdout] 
[INFO] [stderr] error: test failed, to rerun pass `--lib`
[INFO] running `Command { std: "docker" "inspect" "4d0e9f958766eff7ab0028344fc87d7e87a27737152ec94ecd4d7e7861b84140", kill_on_drop: false }`
[INFO] running `Command { std: "docker" "rm" "-f" "4d0e9f958766eff7ab0028344fc87d7e87a27737152ec94ecd4d7e7861b84140", kill_on_drop: false }`
[INFO] [stdout] 4d0e9f958766eff7ab0028344fc87d7e87a27737152ec94ecd4d7e7861b84140
