[INFO] cloning repository https://github.com/Bakrog/rregistry
[INFO] running `Command { std: "git" "-c" "credential.helper=" "-c" "credential.helper=/workspace/cargo-home/bin/git-credential-null" "clone" "--bare" "https://github.com/Bakrog/rregistry" "/workspace/cache/git-repos/https%3A%2F%2Fgithub.com%2FBakrog%2Frregistry", kill_on_drop: false }`
[INFO] [stderr] Cloning into bare repository '/workspace/cache/git-repos/https%3A%2F%2Fgithub.com%2FBakrog%2Frregistry'...
[INFO] running `Command { std: "git" "rev-parse" "HEAD", kill_on_drop: false }`
[INFO] [stdout] 4818c8eabc5904928bd42f08d09cd8e430c03e6b
[INFO] testing Bakrog/rregistry against 1.99.0-beta.8+cargoflags=--release for beta-release-1.100-3
[INFO] running `Command { std: "git" "clone" "/workspace/cache/git-repos/https%3A%2F%2Fgithub.com%2FBakrog%2Frregistry" "/workspace/builds/worker-4-tc1/source", kill_on_drop: false }`
[INFO] [stderr] Cloning into '/workspace/builds/worker-4-tc1/source'...
[INFO] [stderr] done.
[INFO] started tweaking git repo https://github.com/Bakrog/rregistry
[INFO] finished tweaking git repo https://github.com/Bakrog/rregistry
[INFO] tweaked toml for git repo https://github.com/Bakrog/rregistry written to /workspace/builds/worker-4-tc1/source/Cargo.toml
[INFO] validating manifest of git repo https://github.com/Bakrog/rregistry on toolchain 1.99.0-beta.8
[INFO] running `Command { std: CARGO_HOME="/workspace/cargo-home" RUSTUP_HOME="/workspace/rustup-home" "/workspace/cargo-home/bin/cargo" "+1.99.0-beta.8" "metadata" "--manifest-path" "Cargo.toml" "--no-deps", kill_on_drop: false }`
[INFO] crate git repo https://github.com/Bakrog/rregistry already has a lockfile, it will not be regenerated
[INFO] running `Command { std: CARGO_HOME="/workspace/cargo-home" RUSTUP_HOME="/workspace/rustup-home" "/workspace/cargo-home/bin/cargo" "+1.99.0-beta.8" "fetch" "--manifest-path" "Cargo.toml", kill_on_drop: false }`
[INFO] [stderr]     Blocking waiting for file lock on package cache
[INFO] [stderr]     Updating crates.io index
[INFO] [stderr]     Blocking waiting for file lock on package cache
[INFO] [stderr]  Downloading crates ...
[INFO] [stderr]   Downloaded proc-macro2 v1.0.29
[INFO] [stderr]   Downloaded tokio-macros v1.3.0
[INFO] [stderr]   Downloaded security-framework-sys v2.4.2
[INFO] [stderr]   Downloaded futures-core v0.3.17
[INFO] [stderr]   Downloaded tokio-stream v0.1.7
[INFO] [stderr]   Downloaded wasm-bindgen-macro v0.2.76
[INFO] [stderr]   Downloaded proc-macro2-diagnostics v0.9.1
[INFO] [stderr]   Downloaded httpdate v1.0.1
[INFO] [stderr]   Downloaded glob v0.3.0
[INFO] [stderr]   Downloaded binascii v0.1.4
[INFO] [stderr]   Downloaded ref-cast v1.0.6
[INFO] [stderr]   Downloaded ref-cast-impl v1.0.6
[INFO] [stderr]   Downloaded slab v0.4.4
[INFO] [stderr]   Downloaded futures-io v0.3.17
[INFO] [stderr]   Downloaded devise v0.3.1
[INFO] [stderr]   Downloaded unchecked-index v0.2.2
[INFO] [stderr]   Downloaded async-stream-impl v0.3.2
[INFO] [stderr]   Downloaded portpicker v0.1.1
[INFO] [stderr]   Downloaded redox_syscall v0.2.10
[INFO] [stderr]   Downloaded sha2 v0.9.8
[INFO] [stderr]   Downloaded ubyte v0.10.1
[INFO] [stderr]   Downloaded uncased v0.9.6
[INFO] [stderr]   Downloaded instant v0.1.10
[INFO] [stderr]   Downloaded crypto-mac v0.10.1
[INFO] [stderr]   Downloaded async-stream v0.3.2
[INFO] [stderr]   Downloaded pear_codegen v0.2.3
[INFO] [stderr]   Downloaded futures-task v0.3.17
[INFO] [stderr]   Downloaded devise_codegen v0.3.1
[INFO] [stderr]   Downloaded async-trait v0.1.51
[INFO] [stderr]   Downloaded testcontainers v0.12.0
[INFO] [stderr]   Downloaded itoa v0.4.8
[INFO] [stderr]   Downloaded scoped-tls v1.0.0
[INFO] [stderr]   Downloaded futures-macro v0.3.17
[INFO] [stderr]   Downloaded atomic v0.5.0
[INFO] [stderr]   Downloaded wasm-bindgen-shared v0.2.76
[INFO] [stderr]   Downloaded http-body v0.4.3
[INFO] [stderr]   Downloaded lock_api v0.4.5
[INFO] [stderr]   Downloaded yansi v0.5.0
[INFO] [stderr]   Downloaded wasm-bindgen-macro-support v0.2.76
[INFO] [stderr]   Downloaded stable-pattern v0.1.0
[INFO] [stderr]   Downloaded pear v0.2.3
[INFO] [stderr]   Downloaded devise_core v0.3.1
[INFO] [stderr]   Downloaded futures-channel v0.3.17
[INFO] [stderr]   Downloaded cookie v0.15.1
[INFO] [stderr]   Downloaded futures-sink v0.3.17
[INFO] [stderr]   Downloaded wasm-bindgen-backend v0.2.76
[INFO] [stderr]   Downloaded state v0.5.2
[INFO] [stderr]   Downloaded rustversion v1.0.5
[INFO] [stderr]   Downloaded inlinable_string v0.1.14
[INFO] [stderr]   Downloaded httparse v1.5.1
[INFO] [stderr]   Downloaded multer v2.0.1
[INFO] [stderr]   Downloaded twoway v0.2.2
[INFO] [stderr]   Downloaded spin v0.9.2
[INFO] [stderr]   Downloaded figment v0.10.6
[INFO] [stderr]   Downloaded tinyvec v1.3.1
[INFO] [stderr]   Downloaded unicode-bidi v0.3.6
[INFO] [stderr]   Downloaded security-framework v2.4.2
[INFO] [stderr]   Downloaded bincode v1.3.3
[INFO] [stderr]   Downloaded anyhow v1.0.44
[INFO] [stderr]   Downloaded typenum v1.14.0
[INFO] [stderr]   Downloaded generator v0.7.0
[INFO] [stderr]   Downloaded socket2 v0.4.1
[INFO] [stderr]   Downloaded futures-executor v0.3.17
[INFO] [stderr]   Downloaded openssl-sys v0.9.66
[INFO] [stderr]   Downloaded tracing-core v0.1.19
[INFO] [stderr]   Downloaded futures v0.3.17
[INFO] [stderr]   Downloaded toml v0.5.8
[INFO] [stderr]   Downloaded mio v0.7.13
[INFO] [stderr]   Downloaded serde_derive v1.0.130
[INFO] [stderr]   Downloaded tokio-util v0.6.8
[INFO] [stderr]   Downloaded loom v0.5.1
[INFO] [stderr]   Downloaded cc v1.0.70
[INFO] [stderr]   Downloaded rocket_http v0.5.0-rc.1
[INFO] [stderr]   Downloaded redis v0.21.2
[INFO] [stderr]   Downloaded serde v1.0.130
[INFO] [stderr]   Downloaded rocket_codegen v0.5.0-rc.1
[INFO] [stderr]   Downloaded serde_json v1.0.67
[INFO] [stderr]   Downloaded combine v4.6.1
[INFO] [stderr]   Downloaded ntapi v0.3.6
[INFO] [stderr]   Downloaded futures-util v0.3.17
[INFO] [stderr]   Downloaded syn v1.0.76
[INFO] [stderr]   Downloaded h2 v0.3.4
[INFO] [stderr]   Downloaded wasm-bindgen v0.2.76
[INFO] [stderr]   Downloaded hyper v0.14.12
[INFO] [stderr]   Downloaded openssl v0.10.36
[INFO] [stderr]   Downloaded rocket v0.5.0-rc.1
[INFO] [stderr]   Downloaded libc v0.2.101
[INFO] [stderr]   Downloaded tokio v1.11.0
[INFO] running `Command { std: "docker" "create" "-v" "/var/lib/crater-agent-workspace/builds/worker-4-tc1/source:/opt/rustwide/workdir:ro,Z" "-v" "/var/lib/crater-agent-workspace/builds/worker-4-tc1/target:/opt/rustwide/target:rw,Z" "-v" "/var/lib/crater-agent-workspace/cargo-home:/opt/rustwide/cargo-home:ro,Z" "-v" "/var/lib/crater-agent-workspace/rustup-home:/opt/rustwide/rustup-home:ro,Z" "-m" "1610612736" "--network" "none" "ghcr.io/rust-lang/crates-build-env/linux@sha256:77db811e55d90add9212f6832c23229e3de5f1c1f9905e8cb07319ea15df73ac" "sleep" "infinity", kill_on_drop: false }`
[INFO] [stdout] 5049893935c668f5dd79366e6951187f3583d7d79281f4809ac41f890a1cf9a8
[INFO] running `Command { std: "docker" "start" "5049893935c668f5dd79366e6951187f3583d7d79281f4809ac41f890a1cf9a8", kill_on_drop: false }`
[INFO] running `Command { std: "docker" "inspect" "5049893935c668f5dd79366e6951187f3583d7d79281f4809ac41f890a1cf9a8", kill_on_drop: false }`
[INFO] running `Command { std: "docker" "exec" "-e" "SOURCE_DIR=/opt/rustwide/workdir" "-e" "CARGO_HOME=/opt/rustwide/cargo-home" "-e" "RUSTUP_HOME=/opt/rustwide/rustup-home" "-e" "CARGO_TARGET_DIR=/opt/rustwide/target" "-w" "/opt/rustwide/workdir" "--user" "0:0" "5049893935c668f5dd79366e6951187f3583d7d79281f4809ac41f890a1cf9a8" "/opt/rustwide/cargo-home/bin/cargo" "+1.99.0-beta.8" "metadata" "--no-deps" "--format-version=1", kill_on_drop: false }`
[INFO] running `Command { std: "docker" "inspect" "5049893935c668f5dd79366e6951187f3583d7d79281f4809ac41f890a1cf9a8", kill_on_drop: false }`
[INFO] running `Command { std: "docker" "exec" "-e" "SOURCE_DIR=/opt/rustwide/workdir" "-e" "CARGO_HOME=/opt/rustwide/cargo-home" "-e" "RUSTUP_HOME=/opt/rustwide/rustup-home" "-e" "CARGO_TARGET_DIR=/opt/rustwide/target" "-e" "CARGO_INCREMENTAL=0" "-e" "RUST_BACKTRACE=full" "-e" "RUSTFLAGS=--cap-lints=warn" "-e" "RUSTDOCFLAGS=--cap-lints=warn" "-w" "/opt/rustwide/workdir" "--user" "0:0" "5049893935c668f5dd79366e6951187f3583d7d79281f4809ac41f890a1cf9a8" "/opt/rustwide/cargo-home/bin/cargo" "+1.99.0-beta.8" "build" "--frozen" "--message-format=json" "--release", kill_on_drop: false }`
[INFO] [stderr]    Compiling proc-macro2 v1.0.29
[INFO] [stderr]    Compiling unicode-xid v0.2.2
[INFO] [stderr]    Compiling syn v1.0.76
[INFO] [stderr]    Compiling libc v0.2.101
[INFO] [stderr]    Compiling autocfg v1.0.1
[INFO] [stderr]    Compiling version_check v0.9.3
[INFO] [stderr]    Compiling memchr v2.4.1
[INFO] [stderr]    Compiling cfg-if v1.0.0
[INFO] [stderr]    Compiling log v0.4.14
[INFO] [stderr]    Compiling futures-core v0.3.17
[INFO] [stderr]    Compiling parking_lot_core v0.8.5
[INFO] [stderr]    Compiling proc-macro-hack v0.5.19
[INFO] [stderr]    Compiling serde_derive v1.0.130
[INFO] [stderr]    Compiling serde v1.0.130
[INFO] [stderr]    Compiling proc-macro-nested v0.1.7
[INFO] [stderr]    Compiling futures-channel v0.3.17
[INFO] [stderr]    Compiling futures-task v0.3.17
[INFO] [stderr]    Compiling pin-project-lite v0.2.7
[INFO] [stderr]    Compiling instant v0.1.10
[INFO] [stderr]    Compiling scopeguard v1.1.0
[INFO] [stderr]    Compiling smallvec v1.6.1
[INFO] [stderr]    Compiling yansi v0.5.0
[INFO] [stderr]    Compiling bytes v1.1.0
[INFO] [stderr]    Compiling once_cell v1.8.0
[INFO] [stderr]    Compiling lock_api v0.4.5
[INFO] [stderr]    Compiling futures-sink v0.3.17
[INFO] [stderr]    Compiling httparse v1.5.1
[INFO] [stderr]    Compiling tokio v1.11.0
[INFO] [stderr]    Compiling futures-util v0.3.17
[INFO] [stderr]    Compiling futures-macro v0.3.17
[INFO] [stderr]    Compiling indexmap v1.7.0
[INFO] [stderr]    Compiling const_fn v0.4.8
[INFO] [stderr]    Compiling quote v1.0.9
[INFO] [stderr]    Compiling standback v0.2.17
[INFO] [stderr]    Compiling proc-macro2-diagnostics v0.9.1
[INFO] [stderr]    Compiling time v0.2.27
[INFO] [stderr]    Compiling uncased v0.9.6
[INFO] [stderr]    Compiling pin-utils v0.1.0
[INFO] [stderr]    Compiling slab v0.4.4
[INFO] [stderr]    Compiling cc v1.0.70
[INFO] [stderr]    Compiling futures-io v0.3.17
[INFO] [stderr]    Compiling pkg-config v0.3.19
[INFO] [stderr]    Compiling itoa v0.4.8
[INFO] [stderr]    Compiling num_cpus v1.13.0
[INFO] [stderr]    Compiling mio v0.7.13
[INFO] [stderr]    Compiling signal-hook-registry v1.4.0
[INFO] [stderr]    Compiling cookie v0.15.1
[INFO] [stderr]    Compiling ref-cast v1.0.6
[INFO] [stderr]    Compiling parking_lot v0.11.2
[INFO] [stderr]    Compiling fnv v1.0.7
[INFO] [stderr]    Compiling lazy_static v1.4.0
[INFO] [stderr]    Compiling http v0.2.4
[INFO] [stderr]    Compiling tracing-core v0.1.19
[INFO] [stderr]    Compiling percent-encoding v2.1.0
[INFO] [stderr]    Compiling hashbrown v0.11.2
[INFO] [stderr]    Compiling openssl-sys v0.9.66
[INFO] [stderr]    Compiling getrandom v0.2.3
[INFO] [stderr]    Compiling foreign-types-shared v0.1.1
[INFO] [stderr]    Compiling try-lock v0.2.3
[INFO] [stderr]    Compiling bitflags v1.3.2
[INFO] [stderr]    Compiling tinyvec_macros v0.1.0
[INFO] [stderr]    Compiling openssl v0.10.36
[INFO] [stderr]    Compiling want v0.3.0
[INFO] [stderr]    Compiling tinyvec v1.3.1
[INFO] [stderr]    Compiling rand_core v0.6.3
[INFO] [stderr]    Compiling foreign-types v0.3.2
[INFO] [stderr]    Compiling tracing v0.1.26
[INFO] [stderr]    Compiling socket2 v0.4.1
[INFO] [stderr]    Compiling async-trait v0.1.51
[INFO] [stderr]    Compiling native-tls v0.2.8
[INFO] [stderr]    Compiling ryu v1.0.5
[INFO] [stderr]    Compiling inlinable_string v0.1.14
[INFO] [stderr]    Compiling ppv-lite86 v0.2.10
[INFO] [stderr]    Compiling encoding_rs v0.8.28
[INFO] [stderr]    Compiling matches v0.1.9
[INFO] [stderr]    Compiling httpdate v1.0.1
[INFO] [stderr]    Compiling tower-service v0.3.1
[INFO] [stderr]    Compiling unicode-normalization v0.1.19
[INFO] [stderr]    Compiling stable-pattern v0.1.0
[INFO] [stderr]    Compiling multer v2.0.1
[INFO] [stderr]    Compiling figment v0.10.6
[INFO] [stderr]    Compiling atomic v0.5.0
[INFO] [stderr]    Compiling unicode-bidi v0.3.6
[INFO] [stderr]    Compiling either v1.6.1
[INFO] [stderr]    Compiling mime v0.3.16
[INFO] [stderr]    Compiling openssl-probe v0.1.4
[INFO] [stderr]    Compiling serde_json v1.0.67
[INFO] [stderr]    Compiling state v0.5.2
[INFO] [stderr]    Compiling unchecked-index v0.2.2
[INFO] [stderr]    Compiling twoway v0.2.2
[INFO] [stderr]    Compiling form_urlencoded v1.0.1
[INFO] [stderr]    Compiling rand_chacha v0.3.1
[INFO] [stderr]    Compiling scheduled-thread-pool v0.2.5
[INFO] [stderr]    Compiling rand v0.8.4
[INFO] [stderr]    Compiling rocket v0.5.0-rc.1
[INFO] [stderr]    Compiling glob v0.3.0
[INFO] [stderr]    Compiling http-body v0.4.3
[INFO] [stderr]    Compiling spin v0.9.2
[INFO] [stderr]    Compiling remove_dir_all v0.5.3
[INFO] [stderr]    Compiling anyhow v1.0.44
[INFO] [stderr]    Compiling idna v0.2.3
[INFO] [stderr]    Compiling r2d2 v0.8.9
[INFO] [stderr]    Compiling atty v0.2.14
[INFO] [stderr]    Compiling aho-corasick v0.7.18
[INFO] [stderr]    Compiling sha1 v0.6.0
[INFO] [stderr]    Compiling regex-syntax v0.6.25
[INFO] [stderr]    Compiling binascii v0.1.4
[INFO] [stderr]    Compiling dtoa v0.4.8
[INFO] [stderr]    Compiling url v2.2.2
[INFO] [stderr]    Compiling tempfile v3.2.0
[INFO] [stderr]    Compiling devise_core v0.3.1
[INFO] [stderr]    Compiling regex v1.5.4
[INFO] [stderr]    Compiling tokio-macros v1.3.0
[INFO] [stderr]    Compiling time-macros-impl v0.1.2
[INFO] [stderr]    Compiling pear_codegen v0.2.3
[INFO] [stderr]    Compiling ref-cast-impl v1.0.6
[INFO] [stderr]    Compiling async-stream-impl v0.3.2
[INFO] [stderr]    Compiling time-macros v0.1.1
[INFO] [stderr]    Compiling devise_codegen v0.3.1
[INFO] [stderr]    Compiling pear v0.2.3
[INFO] [stderr]    Compiling devise v0.3.1
[INFO] [stderr]    Compiling async-stream v0.3.2
[INFO] [stderr]    Compiling futures-executor v0.3.17
[INFO] [stderr]    Compiling futures v0.3.17
[INFO] [stderr]    Compiling tokio-util v0.6.8
[INFO] [stderr]    Compiling toml v0.5.8
[INFO] [stderr]    Compiling ubyte v0.10.1
[INFO] [stderr]    Compiling bincode v1.3.3
[INFO] [stderr]    Compiling tokio-stream v0.1.7
[INFO] [stderr]    Compiling tokio-native-tls v0.3.0
[INFO] [stderr]    Compiling combine v4.6.1
[INFO] [stderr]    Compiling h2 v0.3.4
[INFO] [stderr]    Compiling hyper v0.14.12
[INFO] [stderr]    Compiling rocket_http v0.5.0-rc.1
[INFO] [stderr]    Compiling rocket_codegen v0.5.0-rc.1
[INFO] [stderr]    Compiling redis v0.21.2
[INFO] [stderr]    Compiling rregistry v0.0.1 (/opt/rustwide/workdir)
[INFO] [stdout] warning: unused import: `check_manifest`
[INFO] [stdout]   --> src/manifest/mod.rs:84:14
[INFO] [stdout]    |
[INFO] [stdout] 84 | pub async fn check_manifest(
[INFO] [stdout]    |              ^^^^^^^^^^^^^^
[INFO] [stdout]    |
[INFO] [stdout]    = note: `#[warn(unused_imports)]` (part of `#[warn(unused)]`) on by default
[INFO] [stdout] 
[INFO] [stdout] 
[INFO] [stdout] warning: unused import: `get_manifest`
[INFO] [stdout]    --> src/manifest/mod.rs:105:14
[INFO] [stdout]     |
[INFO] [stdout] 105 | pub async fn get_manifest(
[INFO] [stdout]     |              ^^^^^^^^^^^^
[INFO] [stdout] 
[INFO] [stdout] 
[INFO] [stdout] warning: unused import: `delete_manifest`
[INFO] [stdout]    --> src/manifest/mod.rs:126:14
[INFO] [stdout]     |
[INFO] [stdout] 126 | pub async fn delete_manifest(
[INFO] [stdout]     |              ^^^^^^^^^^^^^^^
[INFO] [stdout] 
[INFO] [stdout] 
[INFO] [stdout] warning: struct `Blob` is never constructed
[INFO] [stdout]  --> src/blob/mod.rs:5:12
[INFO] [stdout]   |
[INFO] [stdout] 5 | pub struct Blob {
[INFO] [stdout]   |            ^^^^
[INFO] [stdout]   |
[INFO] [stdout]   = note: `#[warn(dead_code)]` (part of `#[warn(unused)]`) on by default
[INFO] [stdout] 
[INFO] [stdout] 
[INFO] [stderr]     Finished `release` profile [optimized] target(s) in 2m 14s
[INFO] [stderr] warning: the following packages contain code that will be rejected by a future version of Rust: redis v0.21.2, ubyte v0.10.1
[INFO] [stderr] note: to see what the problems were, use the option `--future-incompat-report`, or run `cargo report future-incompatibilities --id 1`
[INFO] running `Command { std: "docker" "inspect" "5049893935c668f5dd79366e6951187f3583d7d79281f4809ac41f890a1cf9a8", kill_on_drop: false }`
[INFO] running `Command { std: "docker" "exec" "-e" "SOURCE_DIR=/opt/rustwide/workdir" "-e" "CARGO_HOME=/opt/rustwide/cargo-home" "-e" "RUSTUP_HOME=/opt/rustwide/rustup-home" "-e" "CARGO_TARGET_DIR=/opt/rustwide/target" "-e" "CARGO_INCREMENTAL=0" "-e" "RUST_BACKTRACE=full" "-e" "RUSTFLAGS=--cap-lints=warn" "-e" "RUSTDOCFLAGS=--cap-lints=warn" "-w" "/opt/rustwide/workdir" "--user" "0:0" "5049893935c668f5dd79366e6951187f3583d7d79281f4809ac41f890a1cf9a8" "/opt/rustwide/cargo-home/bin/cargo" "+1.99.0-beta.8" "test" "--frozen" "--no-run" "--message-format=json" "--release", kill_on_drop: false }`
[INFO] [stderr]    Compiling typenum v1.14.0
[INFO] [stderr]    Compiling generic-array v0.14.4
[INFO] [stderr]    Compiling subtle v2.4.1
[INFO] [stderr]    Compiling opaque-debug v0.3.0
[INFO] [stderr]    Compiling cpufeatures v0.2.1
[INFO] [stderr]    Compiling hex v0.4.3
[INFO] [stderr]    Compiling portpicker v0.1.1
[INFO] [stderr]    Compiling digest v0.9.0
[INFO] [stderr]    Compiling crypto-mac v0.10.1
[INFO] [stderr]    Compiling block-buffer v0.9.0
[INFO] [stderr]    Compiling hmac v0.10.1
[INFO] [stderr]    Compiling sha2 v0.9.8
[INFO] [stderr]    Compiling testcontainers v0.12.0
[INFO] [stderr]    Compiling rregistry v0.0.1 (/opt/rustwide/workdir)
[INFO] [stdout] warning: unused import: `check_manifest`
[INFO] [stdout]   --> src/manifest/mod.rs:84:14
[INFO] [stdout]    |
[INFO] [stdout] 84 | pub async fn check_manifest(
[INFO] [stdout]    |              ^^^^^^^^^^^^^^
[INFO] [stdout]    |
[INFO] [stdout]    = note: `#[warn(unused_imports)]` (part of `#[warn(unused)]`) on by default
[INFO] [stdout] 
[INFO] [stdout] 
[INFO] [stdout] warning: unused import: `get_manifest`
[INFO] [stdout]    --> src/manifest/mod.rs:105:14
[INFO] [stdout]     |
[INFO] [stdout] 105 | pub async fn get_manifest(
[INFO] [stdout]     |              ^^^^^^^^^^^^
[INFO] [stdout] 
[INFO] [stdout] 
[INFO] [stdout] warning: unused import: `delete_manifest`
[INFO] [stdout]    --> src/manifest/mod.rs:126:14
[INFO] [stdout]     |
[INFO] [stdout] 126 | pub async fn delete_manifest(
[INFO] [stdout]     |              ^^^^^^^^^^^^^^^
[INFO] [stdout] 
[INFO] [stdout] 
[INFO] [stdout] warning: struct `Blob` is never constructed
[INFO] [stdout]  --> src/blob/mod.rs:5:12
[INFO] [stdout]   |
[INFO] [stdout] 5 | pub struct Blob {
[INFO] [stdout]   |            ^^^^
[INFO] [stdout]   |
[INFO] [stdout]   = note: `#[warn(dead_code)]` (part of `#[warn(unused)]`) on by default
[INFO] [stdout] 
[INFO] [stdout] 
[INFO] [stderr]     Finished `release` profile [optimized] target(s) in 14.75s
[INFO] [stderr] warning: the following packages contain code that will be rejected by a future version of Rust: redis v0.21.2, ubyte v0.10.1
[INFO] [stderr] note: to see what the problems were, use the option `--future-incompat-report`, or run `cargo report future-incompatibilities --id 1`
[INFO] running `Command { std: "docker" "inspect" "5049893935c668f5dd79366e6951187f3583d7d79281f4809ac41f890a1cf9a8", kill_on_drop: false }`
[INFO] running `Command { std: "docker" "exec" "-e" "SOURCE_DIR=/opt/rustwide/workdir" "-e" "CARGO_HOME=/opt/rustwide/cargo-home" "-e" "RUSTUP_HOME=/opt/rustwide/rustup-home" "-e" "CARGO_TARGET_DIR=/opt/rustwide/target" "-e" "CARGO_INCREMENTAL=0" "-e" "RUST_BACKTRACE=full" "-e" "RUSTFLAGS=--cap-lints=warn" "-e" "RUSTDOCFLAGS=--cap-lints=warn" "-w" "/opt/rustwide/workdir" "--user" "0:0" "5049893935c668f5dd79366e6951187f3583d7d79281f4809ac41f890a1cf9a8" "/opt/rustwide/cargo-home/bin/cargo" "+1.99.0-beta.8" "test" "--frozen" "--release", kill_on_drop: false }`
[INFO] [stderr] warning: unused import: `check_manifest`
[INFO] [stderr]   --> src/manifest/mod.rs:84:14
[INFO] [stderr]    |
[INFO] [stderr] 84 | pub async fn check_manifest(
[INFO] [stderr]    |              ^^^^^^^^^^^^^^
[INFO] [stderr]    |
[INFO] [stderr]    = note: `#[warn(unused_imports)]` (part of `#[warn(unused)]`) on by default
[INFO] [stderr] 
[INFO] [stderr] warning: unused import: `get_manifest`
[INFO] [stderr]    --> src/manifest/mod.rs:105:14
[INFO] [stderr]     |
[INFO] [stderr] 105 | pub async fn get_manifest(
[INFO] [stderr]     |              ^^^^^^^^^^^^
[INFO] [stderr] 
[INFO] [stderr] warning: unused import: `delete_manifest`
[INFO] [stderr]    --> src/manifest/mod.rs:126:14
[INFO] [stderr]     |
[INFO] [stderr] 126 | pub async fn delete_manifest(
[INFO] [stderr]     |              ^^^^^^^^^^^^^^^
[INFO] [stderr] 
[INFO] [stderr] warning: struct `Blob` is never constructed
[INFO] [stderr]  --> src/blob/mod.rs:5:12
[INFO] [stderr]   |
[INFO] [stderr] 5 | pub struct Blob {
[INFO] [stderr]   |            ^^^^
[INFO] [stderr]   |
[INFO] [stderr]   = note: `#[warn(dead_code)]` (part of `#[warn(unused)]`) on by default
[INFO] [stderr] 
[INFO] [stderr] warning: `rregistry` (bin "rregistry" test) generated 4 warnings
[INFO] [stderr]     Finished `release` profile [optimized] target(s) in 0.18s
[INFO] [stderr] warning: the following packages contain code that will be rejected by a future version of Rust: redis v0.21.2, ubyte v0.10.1
[INFO] [stderr] note: to see what the problems were, use the option `--future-incompat-report`, or run `cargo report future-incompatibilities --id 1`
[INFO] [stderr]      Running unittests src/main.rs (/opt/rustwide/target/release/deps/rregistry-a20cbc67d9922941)
[INFO] [stdout] 
[INFO] [stdout] running 10 tests
[INFO] [stdout] test test::manifest_can_be_downloaded_by_digest ... FAILED
[INFO] [stdout] test test::manifest_can_be_deleted_by_tag ... FAILED
[INFO] [stdout] test test::manifest_can_be_deleted_by_digest ... FAILED
[INFO] [stdout] test test::manifest_doesnt_exist ... FAILED
[INFO] [stdout] test test::implements_oci_v2 ... FAILED
[INFO] [stdout] test test::manifest_does_exist_by_digest ... FAILED
[INFO] [stdout] test test::manifest_that_doesnt_exists_cant_be_deleted_by_digest ... FAILED
[INFO] [stdout] test test::manifest_that_doesnt_exists_cant_be_deleted_by_tag ... FAILED
[INFO] [stdout] test test::manifest_can_be_downloaded ... FAILED
[INFO] [stdout] test test::manifest_does_exist ... FAILED
[INFO] [stdout] 
[INFO] [stdout] failures:
[INFO] [stdout] 
[INFO] [stdout] ---- test::manifest_can_be_downloaded_by_digest stdout ----
[INFO] [stdout] 
[INFO] [stdout] thread 'test::manifest_can_be_downloaded_by_digest' (4167) panicked at /opt/rustwide/cargo-home/registry/src/index.crates.io-1949cf8c6b5b557f/testcontainers-0.12.0/src/clients/cli.rs:145:9:
[INFO] [stdout] failed to start container
[INFO] [stdout] stack backtrace:
[INFO] [stdout]    0:     0x5a7b32b0adb1 - <<std[70759c8f55707aa4]::sys::backtrace::BacktraceLock>::print::DisplayBacktrace as core[df12db4294e9bfd3]::fmt::Display>::fmt
[INFO] [stdout]    1:     0x5a7b32b237aa - core[df12db4294e9bfd3]::fmt::write
[INFO] [stdout]    2:     0x5a7b32b10cec - <alloc[2182bb758b4b3781]::vec::Vec<u8> as core[df12db4294e9bfd3]::io::write::Write>::write_fmt
[INFO] [stdout]    3:     0x5a7b32ae4916 - std[70759c8f55707aa4]::panicking::default_hook::{closure#0}
[INFO] [stdout]    4:     0x5a7b32b021b9 - std[70759c8f55707aa4]::panicking::default_hook
[INFO] [stdout]    5:     0x5a7b328fd340 - test[9d35eded1c95d3be]::test_main_inner::<test[9d35eded1c95d3be]::test_main_static::{closure#0}>::{closure#0}
[INFO] [stdout]    6:     0x5a7b32b024e2 - std[70759c8f55707aa4]::panicking::panic_with_hook
[INFO] [stdout]    7:     0x5a7b32ae3dec - std[70759c8f55707aa4]::panicking::begin_panic::<&str>::{closure#0}
[INFO] [stdout]    8:     0x5a7b32add279 - std[70759c8f55707aa4]::sys::backtrace::__rust_end_short_backtrace::<std[70759c8f55707aa4]::panicking::begin_panic<&str>::{closure#0}, !>
[INFO] [stdout]    9:     0x5a7b32ad999b - std[70759c8f55707aa4]::panicking::begin_panic::<&str>
[INFO] [stdout]   10:     0x5a7b328a1587 - <testcontainers[115cb122ab392d3c]::clients::cli::Cli as testcontainers[115cb122ab392d3c]::core::docker::Docker>::run_with_args::<testcontainers[115cb122ab392d3c]::images::redis::Redis>
[INFO] [stdout]   11:     0x5a7b328939ca - rregistry[de542a206a014b3]::test::run_redis::{closure#0}
[INFO] [stdout]   12:     0x5a7b328972ca - <core[df12db4294e9bfd3]::pin::Pin<&mut rregistry[de542a206a014b3]::test::manifest_can_be_downloaded_by_digest::{closure#0}> as core[df12db4294e9bfd3]::future::future::Future>::poll
[INFO] [stdout]   13:     0x5a7b328a9081 - <tokio[3b699ece9aabbe3f]::macros::scoped_tls::ScopedKey<tokio[3b699ece9aabbe3f]::runtime::basic_scheduler::Context>>::set::<tokio[3b699ece9aabbe3f]::runtime::basic_scheduler::enter<<tokio[3b699ece9aabbe3f]::runtime::basic_scheduler::Inner<tokio[3b699ece9aabbe3f]::runtime::driver::Driver>>::block_on<core[df12db4294e9bfd3]::pin::Pin<&mut rregistry[de542a206a014b3]::test::manifest_can_be_downloaded_by_digest::{closure#0}>>::{closure#0}, (), tokio[3b699ece9aabbe3f]::runtime::driver::Driver>::{closure#0}, ()>
[INFO] [stdout]   14:     0x5a7b328aedaa - <tokio[3b699ece9aabbe3f]::runtime::basic_scheduler::BasicScheduler<tokio[3b699ece9aabbe3f]::runtime::driver::Driver>>::block_on::<rregistry[de542a206a014b3]::test::manifest_can_be_downloaded_by_digest::{closure#0}>
[INFO] [stdout]   15:     0x5a7b328c6b75 - <tokio[3b699ece9aabbe3f]::runtime::Runtime>::block_on::<rregistry[de542a206a014b3]::test::manifest_can_be_downloaded_by_digest::{closure#0}>
[INFO] [stdout]   16:     0x5a7b328d897c - <rregistry[de542a206a014b3]::test::manifest_can_be_downloaded_by_digest::{closure#0} as core[df12db4294e9bfd3]::ops::function::FnOnce<()>>::call_once
[INFO] [stdout]   17:     0x5a7b328f062b - test[9d35eded1c95d3be]::__rust_begin_short_backtrace::<core[df12db4294e9bfd3]::result::Result<(), alloc[2182bb758b4b3781]::string::String>, fn() -> core[df12db4294e9bfd3]::result::Result<(), alloc[2182bb758b4b3781]::string::String>>
[INFO] [stdout]   18:     0x5a7b328fdc95 - test[9d35eded1c95d3be]::run_test::{closure#0}
[INFO] [stdout]   19:     0x5a7b328f7554 - std[70759c8f55707aa4]::sys::backtrace::__rust_begin_short_backtrace::<test[9d35eded1c95d3be]::run_test::{closure#1}, ()>
[INFO] [stdout]   20:     0x5a7b32900df2 - <std[70759c8f55707aa4]::thread::lifecycle::spawn_unchecked<test[9d35eded1c95d3be]::run_test::{closure#1}, ()>::{closure#1} as core[df12db4294e9bfd3]::ops::function::FnOnce<()>>::call_once::{shim:vtable#0}
[INFO] [stdout]   21:     0x5a7b32b09979 - <std[70759c8f55707aa4]::sys::thread::unix::Thread>::new::thread_start
[INFO] [stdout]   22:     0x70b3fa266dfa - <unknown>
[INFO] [stdout]   23:     0x70b3fa2fa3d4 - clone
[INFO] [stdout]   24:                0x0 - <unknown>
[INFO] [stdout] 
[INFO] [stdout] ---- test::manifest_can_be_deleted_by_tag stdout ----
[INFO] [stdout] 
[INFO] [stdout] thread 'test::manifest_can_be_deleted_by_tag' (4165) panicked at /opt/rustwide/cargo-home/registry/src/index.crates.io-1949cf8c6b5b557f/testcontainers-0.12.0/src/clients/cli.rs:145:9:
[INFO] [stdout] failed to start container
[INFO] [stdout] stack backtrace:
[INFO] [stdout]    0:     0x5a7b32b0adb1 - <<std[70759c8f55707aa4]::sys::backtrace::BacktraceLock>::print::DisplayBacktrace as core[df12db4294e9bfd3]::fmt::Display>::fmt
[INFO] [stdout]    1:     0x5a7b32b237aa - core[df12db4294e9bfd3]::fmt::write
[INFO] [stdout]    2:     0x5a7b32b10cec - <alloc[2182bb758b4b3781]::vec::Vec<u8> as core[df12db4294e9bfd3]::io::write::Write>::write_fmt
[INFO] [stdout]    3:     0x5a7b32ae4916 - std[70759c8f55707aa4]::panicking::default_hook::{closure#0}
[INFO] [stdout]    4:     0x5a7b32b021b9 - std[70759c8f55707aa4]::panicking::default_hook
[INFO] [stdout]    5:     0x5a7b328fd340 - test[9d35eded1c95d3be]::test_main_inner::<test[9d35eded1c95d3be]::test_main_static::{closure#0}>::{closure#0}
[INFO] [stdout]    6:     0x5a7b32b024e2 - std[70759c8f55707aa4]::panicking::panic_with_hook
[INFO] [stdout]    7:     0x5a7b32ae3dec - std[70759c8f55707aa4]::panicking::begin_panic::<&str>::{closure#0}
[INFO] [stdout]    8:     0x5a7b32add279 - std[70759c8f55707aa4]::sys::backtrace::__rust_end_short_backtrace::<std[70759c8f55707aa4]::panicking::begin_panic<&str>::{closure#0}, !>
[INFO] [stdout]    9:     0x5a7b32ad999b - std[70759c8f55707aa4]::panicking::begin_panic::<&str>
[INFO] [stdout]   10:     0x5a7b328a1587 - <testcontainers[115cb122ab392d3c]::clients::cli::Cli as testcontainers[115cb122ab392d3c]::core::docker::Docker>::run_with_args::<testcontainers[115cb122ab392d3c]::images::redis::Redis>
[INFO] [stdout]   11:     0x5a7b328939ca - rregistry[de542a206a014b3]::test::run_redis::{closure#0}
[INFO] [stdout]   12:     0x5a7b328963e0 - <core[df12db4294e9bfd3]::pin::Pin<&mut rregistry[de542a206a014b3]::test::manifest_can_be_deleted_by_tag::{closure#0}> as core[df12db4294e9bfd3]::future::future::Future>::poll
[INFO] [stdout]   13:     0x5a7b328a8881 - <tokio[3b699ece9aabbe3f]::macros::scoped_tls::ScopedKey<tokio[3b699ece9aabbe3f]::runtime::basic_scheduler::Context>>::set::<tokio[3b699ece9aabbe3f]::runtime::basic_scheduler::enter<<tokio[3b699ece9aabbe3f]::runtime::basic_scheduler::Inner<tokio[3b699ece9aabbe3f]::runtime::driver::Driver>>::block_on<core[df12db4294e9bfd3]::pin::Pin<&mut rregistry[de542a206a014b3]::test::manifest_can_be_deleted_by_tag::{closure#0}>>::{closure#0}, (), tokio[3b699ece9aabbe3f]::runtime::driver::Driver>::{closure#0}, ()>
[INFO] [stdout]   14:     0x5a7b328ae56a - <tokio[3b699ece9aabbe3f]::runtime::basic_scheduler::BasicScheduler<tokio[3b699ece9aabbe3f]::runtime::driver::Driver>>::block_on::<rregistry[de542a206a014b3]::test::manifest_can_be_deleted_by_tag::{closure#0}>
[INFO] [stdout]   15:     0x5a7b328c69d5 - <tokio[3b699ece9aabbe3f]::runtime::Runtime>::block_on::<rregistry[de542a206a014b3]::test::manifest_can_be_deleted_by_tag::{closure#0}>
[INFO] [stdout]   16:     0x5a7b328d871c - <rregistry[de542a206a014b3]::test::manifest_can_be_deleted_by_tag::{closure#0} as core[df12db4294e9bfd3]::ops::function::FnOnce<()>>::call_once
[INFO] [stdout]   17:     0x5a7b328f062b - test[9d35eded1c95d3be]::__rust_begin_short_backtrace::<core[df12db4294e9bfd3]::result::Result<(), alloc[2182bb758b4b3781]::string::String>, fn() -> core[df12db4294e9bfd3]::result::Result<(), alloc[2182bb758b4b3781]::string::String>>
[INFO] [stdout]   18:     0x5a7b328fdc95 - test[9d35eded1c95d3be]::run_test::{closure#0}
[INFO] [stdout]   19:     0x5a7b328f7554 - std[70759c8f55707aa4]::sys::backtrace::__rust_begin_short_backtrace::<test[9d35eded1c95d3be]::run_test::{closure#1}, ()>
[INFO] [stdout]   20:     0x5a7b32900df2 - <std[70759c8f55707aa4]::thread::lifecycle::spawn_unchecked<test[9d35eded1c95d3be]::run_test::{closure#1}, ()>::{closure#1} as core[df12db4294e9bfd3]::ops::function::FnOnce<()>>::call_once::{shim:vtable#0}
[INFO] [stdout]   21:     0x5a7b32b09979 - <std[70759c8f55707aa4]::sys::thread::unix::Thread>::new::thread_start
[INFO] [stdout]   22:     0x70b3fa266dfa - <unknown>
[INFO] [stdout]   23:     0x70b3fa2fa3d4 - clone
[INFO] [stdout]   24:                0x0 - <unknown>
[INFO] [stdout] 
[INFO] [stdout] ---- test::manifest_can_be_deleted_by_digest stdout ----
[INFO] [stdout] 
[INFO] [stdout] thread 'test::manifest_can_be_deleted_by_digest' (4164) panicked at /opt/rustwide/cargo-home/registry/src/index.crates.io-1949cf8c6b5b557f/testcontainers-0.12.0/src/clients/cli.rs:145:9:
[INFO] [stdout] failed to start container
[INFO] [stdout] stack backtrace:
[INFO] [stdout]    0:     0x5a7b32b0adb1 - <<std[70759c8f55707aa4]::sys::backtrace::BacktraceLock>::print::DisplayBacktrace as core[df12db4294e9bfd3]::fmt::Display>::fmt
[INFO] [stdout]    1:     0x5a7b32b237aa - core[df12db4294e9bfd3]::fmt::write
[INFO] [stdout]    2:     0x5a7b32b10cec - <alloc[2182bb758b4b3781]::vec::Vec<u8> as core[df12db4294e9bfd3]::io::write::Write>::write_fmt
[INFO] [stdout]    3:     0x5a7b32ae4916 - std[70759c8f55707aa4]::panicking::default_hook::{closure#0}
[INFO] [stdout]    4:     0x5a7b32b021b9 - std[70759c8f55707aa4]::panicking::default_hook
[INFO] [stdout]    5:     0x5a7b328fd340 - test[9d35eded1c95d3be]::test_main_inner::<test[9d35eded1c95d3be]::test_main_static::{closure#0}>::{closure#0}
[INFO] [stdout]    6:     0x5a7b32b024e2 - std[70759c8f55707aa4]::panicking::panic_with_hook
[INFO] [stdout]    7:     0x5a7b32ae3dec - std[70759c8f55707aa4]::panicking::begin_panic::<&str>::{closure#0}
[INFO] [stdout]    8:     0x5a7b32add279 - std[70759c8f55707aa4]::sys::backtrace::__rust_end_short_backtrace::<std[70759c8f55707aa4]::panicking::begin_panic<&str>::{closure#0}, !>
[INFO] [stdout]    9:     0x5a7b32ad999b - std[70759c8f55707aa4]::panicking::begin_panic::<&str>
[INFO] [stdout]   10:     0x5a7b328a1587 - <testcontainers[115cb122ab392d3c]::clients::cli::Cli as testcontainers[115cb122ab392d3c]::core::docker::Docker>::run_with_args::<testcontainers[115cb122ab392d3c]::images::redis::Redis>
[INFO] [stdout]   11:     0x5a7b328939ca - rregistry[de542a206a014b3]::test::run_redis::{closure#0}
[INFO] [stdout]   12:     0x5a7b32896b5d - <core[df12db4294e9bfd3]::pin::Pin<&mut rregistry[de542a206a014b3]::test::manifest_can_be_deleted_by_digest::{closure#0}> as core[df12db4294e9bfd3]::future::future::Future>::poll
[INFO] [stdout]   13:     0x5a7b328a8c81 - <tokio[3b699ece9aabbe3f]::macros::scoped_tls::ScopedKey<tokio[3b699ece9aabbe3f]::runtime::basic_scheduler::Context>>::set::<tokio[3b699ece9aabbe3f]::runtime::basic_scheduler::enter<<tokio[3b699ece9aabbe3f]::runtime::basic_scheduler::Inner<tokio[3b699ece9aabbe3f]::runtime::driver::Driver>>::block_on<core[df12db4294e9bfd3]::pin::Pin<&mut rregistry[de542a206a014b3]::test::manifest_can_be_deleted_by_digest::{closure#0}>>::{closure#0}, (), tokio[3b699ece9aabbe3f]::runtime::driver::Driver>::{closure#0}, ()>
[INFO] [stdout]   14:     0x5a7b328ae98a - <tokio[3b699ece9aabbe3f]::runtime::basic_scheduler::BasicScheduler<tokio[3b699ece9aabbe3f]::runtime::driver::Driver>>::block_on::<rregistry[de542a206a014b3]::test::manifest_can_be_deleted_by_digest::{closure#0}>
[INFO] [stdout]   15:     0x5a7b328c6aa5 - <tokio[3b699ece9aabbe3f]::runtime::Runtime>::block_on::<rregistry[de542a206a014b3]::test::manifest_can_be_deleted_by_digest::{closure#0}>
[INFO] [stdout]   16:     0x5a7b328d884c - <rregistry[de542a206a014b3]::test::manifest_can_be_deleted_by_digest::{closure#0} as core[df12db4294e9bfd3]::ops::function::FnOnce<()>>::call_once
[INFO] [stdout]   17:     0x5a7b328f062b - test[9d35eded1c95d3be]::__rust_begin_short_backtrace::<core[df12db4294e9bfd3]::result::Result<(), alloc[2182bb758b4b3781]::string::String>, fn() -> core[df12db4294e9bfd3]::result::Result<(), alloc[2182bb758b4b3781]::string::String>>
[INFO] [stdout]   18:     0x5a7b328fdc95 - test[9d35eded1c95d3be]::run_test::{closure#0}
[INFO] [stdout]   19:     0x5a7b328f7554 - std[70759c8f55707aa4]::sys::backtrace::__rust_begin_short_backtrace::<test[9d35eded1c95d3be]::run_test::{closure#1}, ()>
[INFO] [stdout]   20:     0x5a7b32900df2 - <std[70759c8f55707aa4]::thread::lifecycle::spawn_unchecked<test[9d35eded1c95d3be]::run_test::{closure#1}, ()>::{closure#1} as core[df12db4294e9bfd3]::ops::function::FnOnce<()>>::call_once::{shim:vtable#0}
[INFO] [stdout]   21:     0x5a7b32b09979 - <std[70759c8f55707aa4]::sys::thread::unix::Thread>::new::thread_start
[INFO] [stdout]   22:     0x70b3fa266dfa - <unknown>
[INFO] [stdout]   23:     0x70b3fa2fa3d4 - clone
[INFO] [stdout]   24:                0x0 - <unknown>
[INFO] [stdout] 
[INFO] [stdout] ---- test::manifest_doesnt_exist stdout ----
[INFO] [stdout] 
[INFO] [stdout] thread 'test::manifest_doesnt_exist' (4170) panicked at /opt/rustwide/cargo-home/registry/src/index.crates.io-1949cf8c6b5b557f/testcontainers-0.12.0/src/clients/cli.rs:145:9:
[INFO] [stdout] failed to start container
[INFO] [stdout] stack backtrace:
[INFO] [stdout]    0:     0x5a7b32b0adb1 - <<std[70759c8f55707aa4]::sys::backtrace::BacktraceLock>::print::DisplayBacktrace as core[df12db4294e9bfd3]::fmt::Display>::fmt
[INFO] [stdout]    1:     0x5a7b32b237aa - core[df12db4294e9bfd3]::fmt::write
[INFO] [stdout]    2:     0x5a7b32b10cec - <alloc[2182bb758b4b3781]::vec::Vec<u8> as core[df12db4294e9bfd3]::io::write::Write>::write_fmt
[INFO] [stdout]    3:     0x5a7b32ae4916 - std[70759c8f55707aa4]::panicking::default_hook::{closure#0}
[INFO] [stdout]    4:     0x5a7b32b021b9 - std[70759c8f55707aa4]::panicking::default_hook
[INFO] [stdout]    5:     0x5a7b328fd340 - test[9d35eded1c95d3be]::test_main_inner::<test[9d35eded1c95d3be]::test_main_static::{closure#0}>::{closure#0}
[INFO] [stdout]    6:     0x5a7b32b024e2 - std[70759c8f55707aa4]::panicking::panic_with_hook
[INFO] [stdout]    7:     0x5a7b32ae3dec - std[70759c8f55707aa4]::panicking::begin_panic::<&str>::{closure#0}
[INFO] [stdout]    8:     0x5a7b32add279 - std[70759c8f55707aa4]::sys::backtrace::__rust_end_short_backtrace::<std[70759c8f55707aa4]::panicking::begin_panic<&str>::{closure#0}, !>
[INFO] [stdout]    9:     0x5a7b32ad999b - std[70759c8f55707aa4]::panicking::begin_panic::<&str>
[INFO] [stdout]   10:     0x5a7b328a1587 - <testcontainers[115cb122ab392d3c]::clients::cli::Cli as testcontainers[115cb122ab392d3c]::core::docker::Docker>::run_with_args::<testcontainers[115cb122ab392d3c]::images::redis::Redis>
[INFO] [stdout]   11:     0x5a7b328939ca - rregistry[de542a206a014b3]::test::run_redis::{closure#0}
[INFO] [stdout]   12:     0x5a7b32894c89 - <core[df12db4294e9bfd3]::pin::Pin<&mut rregistry[de542a206a014b3]::test::manifest_doesnt_exist::{closure#0}> as core[df12db4294e9bfd3]::future::future::Future>::poll
[INFO] [stdout]   13:     0x5a7b328a7c81 - <tokio[3b699ece9aabbe3f]::macros::scoped_tls::ScopedKey<tokio[3b699ece9aabbe3f]::runtime::basic_scheduler::Context>>::set::<tokio[3b699ece9aabbe3f]::runtime::basic_scheduler::enter<<tokio[3b699ece9aabbe3f]::runtime::basic_scheduler::Inner<tokio[3b699ece9aabbe3f]::runtime::driver::Driver>>::block_on<core[df12db4294e9bfd3]::pin::Pin<&mut rregistry[de542a206a014b3]::test::manifest_doesnt_exist::{closure#0}>>::{closure#0}, (), tokio[3b699ece9aabbe3f]::runtime::driver::Driver>::{closure#0}, ()>
[INFO] [stdout]   14:     0x5a7b328ad90a - <tokio[3b699ece9aabbe3f]::runtime::basic_scheduler::BasicScheduler<tokio[3b699ece9aabbe3f]::runtime::driver::Driver>>::block_on::<rregistry[de542a206a014b3]::test::manifest_doesnt_exist::{closure#0}>
[INFO] [stdout]   15:     0x5a7b328c6765 - <tokio[3b699ece9aabbe3f]::runtime::Runtime>::block_on::<rregistry[de542a206a014b3]::test::manifest_doesnt_exist::{closure#0}>
[INFO] [stdout]   16:     0x5a7b328d838d - <rregistry[de542a206a014b3]::test::manifest_doesnt_exist::{closure#0} as core[df12db4294e9bfd3]::ops::function::FnOnce<()>>::call_once
[INFO] [stdout]   17:     0x5a7b328f062b - test[9d35eded1c95d3be]::__rust_begin_short_backtrace::<core[df12db4294e9bfd3]::result::Result<(), alloc[2182bb758b4b3781]::string::String>, fn() -> core[df12db4294e9bfd3]::result::Result<(), alloc[2182bb758b4b3781]::string::String>>
[INFO] [stdout]   18:     0x5a7b328fdc95 - test[9d35eded1c95d3be]::run_test::{closure#0}
[INFO] [stdout]   19:     0x5a7b328f7554 - std[70759c8f55707aa4]::sys::backtrace::__rust_begin_short_backtrace::<test[9d35eded1c95d3be]::run_test::{closure#1}, ()>
[INFO] [stdout]   20:     0x5a7b32900df2 - <std[70759c8f55707aa4]::thread::lifecycle::spawn_unchecked<test[9d35eded1c95d3be]::run_test::{closure#1}, ()>::{closure#1} as core[df12db4294e9bfd3]::ops::function::FnOnce<()>>::call_once::{shim:vtable#0}
[INFO] [stdout]   21:     0x5a7b32b09979 - <std[70759c8f55707aa4]::sys::thread::unix::Thread>::new::thread_start
[INFO] [stdout]   22:     0x70b3fa266dfa - <unknown>
[INFO] [stdout]   23:     0x70b3fa2fa3d4 - clone
[INFO] [stdout]   24:                0x0 - <unknown>
[INFO] [stdout] 
[INFO] [stdout] ---- test::implements_oci_v2 stdout ----
[INFO] [stdout] 
[INFO] [stdout] thread 'test::implements_oci_v2' (4163) panicked at /opt/rustwide/cargo-home/registry/src/index.crates.io-1949cf8c6b5b557f/testcontainers-0.12.0/src/clients/cli.rs:145:9:
[INFO] [stdout] failed to start container
[INFO] [stdout] stack backtrace:
[INFO] [stdout]    0:     0x5a7b32b0adb1 - <<std[70759c8f55707aa4]::sys::backtrace::BacktraceLock>::print::DisplayBacktrace as core[df12db4294e9bfd3]::fmt::Display>::fmt
[INFO] [stdout]    1:     0x5a7b32b237aa - core[df12db4294e9bfd3]::fmt::write
[INFO] [stdout]    2:     0x5a7b32b10cec - <alloc[2182bb758b4b3781]::vec::Vec<u8> as core[df12db4294e9bfd3]::io::write::Write>::write_fmt
[INFO] [stdout]    3:     0x5a7b32ae4916 - std[70759c8f55707aa4]::panicking::default_hook::{closure#0}
[INFO] [stdout]    4:     0x5a7b32b021b9 - std[70759c8f55707aa4]::panicking::default_hook
[INFO] [stdout]    5:     0x5a7b328fd340 - test[9d35eded1c95d3be]::test_main_inner::<test[9d35eded1c95d3be]::test_main_static::{closure#0}>::{closure#0}
[INFO] [stdout]    6:     0x5a7b32b024e2 - std[70759c8f55707aa4]::panicking::panic_with_hook
[INFO] [stdout]    7:     0x5a7b32ae3dec - std[70759c8f55707aa4]::panicking::begin_panic::<&str>::{closure#0}
[INFO] [stdout]    8:     0x5a7b32add279 - std[70759c8f55707aa4]::sys::backtrace::__rust_end_short_backtrace::<std[70759c8f55707aa4]::panicking::begin_panic<&str>::{closure#0}, !>
[INFO] [stdout]    9:     0x5a7b32ad999b - std[70759c8f55707aa4]::panicking::begin_panic::<&str>
[INFO] [stdout]   10:     0x5a7b328a1587 - <testcontainers[115cb122ab392d3c]::clients::cli::Cli as testcontainers[115cb122ab392d3c]::core::docker::Docker>::run_with_args::<testcontainers[115cb122ab392d3c]::images::redis::Redis>
[INFO] [stdout]   11:     0x5a7b328939ca - rregistry[de542a206a014b3]::test::run_redis::{closure#0}
[INFO] [stdout]   12:     0x5a7b32893f29 - <core[df12db4294e9bfd3]::pin::Pin<&mut rregistry[de542a206a014b3]::test::implements_oci_v2::{closure#0}> as core[df12db4294e9bfd3]::future::future::Future>::poll
[INFO] [stdout]   13:     0x5a7b328a7481 - <tokio[3b699ece9aabbe3f]::macros::scoped_tls::ScopedKey<tokio[3b699ece9aabbe3f]::runtime::basic_scheduler::Context>>::set::<tokio[3b699ece9aabbe3f]::runtime::basic_scheduler::enter<<tokio[3b699ece9aabbe3f]::runtime::basic_scheduler::Inner<tokio[3b699ece9aabbe3f]::runtime::driver::Driver>>::block_on<core[df12db4294e9bfd3]::pin::Pin<&mut rregistry[de542a206a014b3]::test::implements_oci_v2::{closure#0}>>::{closure#0}, (), tokio[3b699ece9aabbe3f]::runtime::driver::Driver>::{closure#0}, ()>
[INFO] [stdout]   14:     0x5a7b328ad0ca - <tokio[3b699ece9aabbe3f]::runtime::basic_scheduler::BasicScheduler<tokio[3b699ece9aabbe3f]::runtime::driver::Driver>>::block_on::<rregistry[de542a206a014b3]::test::implements_oci_v2::{closure#0}>
[INFO] [stdout]   15:     0x5a7b328c65c5 - <tokio[3b699ece9aabbe3f]::runtime::Runtime>::block_on::<rregistry[de542a206a014b3]::test::implements_oci_v2::{closure#0}>
[INFO] [stdout]   16:     0x5a7b328d813d - <rregistry[de542a206a014b3]::test::implements_oci_v2::{closure#0} as core[df12db4294e9bfd3]::ops::function::FnOnce<()>>::call_once
[INFO] [stdout]   17:     0x5a7b328f062b - test[9d35eded1c95d3be]::__rust_begin_short_backtrace::<core[df12db4294e9bfd3]::result::Result<(), alloc[2182bb758b4b3781]::string::String>, fn() -> core[df12db4294e9bfd3]::result::Result<(), alloc[2182bb758b4b3781]::string::String>>
[INFO] [stdout]   18:     0x5a7b328fdc95 - test[9d35eded1c95d3be]::run_test::{closure#0}
[INFO] [stdout]   19:     0x5a7b328f7554 - std[70759c8f55707aa4]::sys::backtrace::__rust_begin_short_backtrace::<test[9d35eded1c95d3be]::run_test::{closure#1}, ()>
[INFO] [stdout]   20:     0x5a7b32900df2 - <std[70759c8f55707aa4]::thread::lifecycle::spawn_unchecked<test[9d35eded1c95d3be]::run_test::{closure#1}, ()>::{closure#1} as core[df12db4294e9bfd3]::ops::function::FnOnce<()>>::call_once::{shim:vtable#0}
[INFO] [stdout]   21:     0x5a7b32b09979 - <std[70759c8f55707aa4]::sys::thread::unix::Thread>::new::thread_start
[INFO] [stdout]   22:     0x70b3fa266dfa - <unknown>
[INFO] [stdout]   23:     0x70b3fa2fa3d4 - clone
[INFO] [stdout]   24:                0x0 - <unknown>
[INFO] [stdout] 
[INFO] [stdout] ---- test::manifest_does_exist_by_digest stdout ----
[INFO] [stdout] 
[INFO] [stdout] thread 'test::manifest_does_exist_by_digest' (4169) panicked at /opt/rustwide/cargo-home/registry/src/index.crates.io-1949cf8c6b5b557f/testcontainers-0.12.0/src/clients/cli.rs:145:9:
[INFO] [stdout] failed to start container
[INFO] [stdout] stack backtrace:
[INFO] [stdout]    0:     0x5a7b32b0adb1 - <<std[70759c8f55707aa4]::sys::backtrace::BacktraceLock>::print::DisplayBacktrace as core[df12db4294e9bfd3]::fmt::Display>::fmt
[INFO] [stdout]    1:     0x5a7b32b237aa - core[df12db4294e9bfd3]::fmt::write
[INFO] [stdout]    2:     0x5a7b32b10cec - <alloc[2182bb758b4b3781]::vec::Vec<u8> as core[df12db4294e9bfd3]::io::write::Write>::write_fmt
[INFO] [stdout]    3:     0x5a7b32ae4916 - std[70759c8f55707aa4]::panicking::default_hook::{closure#0}
[INFO] [stdout]    4:     0x5a7b32b021b9 - std[70759c8f55707aa4]::panicking::default_hook
[INFO] [stdout]    5:     0x5a7b328fd340 - test[9d35eded1c95d3be]::test_main_inner::<test[9d35eded1c95d3be]::test_main_static::{closure#0}>::{closure#0}
[INFO] [stdout]    6:     0x5a7b32b024e2 - std[70759c8f55707aa4]::panicking::panic_with_hook
[INFO] [stdout]    7:     0x5a7b32ae3dec - std[70759c8f55707aa4]::panicking::begin_panic::<&str>::{closure#0}
[INFO] [stdout]    8:     0x5a7b32add279 - std[70759c8f55707aa4]::sys::backtrace::__rust_end_short_backtrace::<std[70759c8f55707aa4]::panicking::begin_panic<&str>::{closure#0}, !>
[INFO] [stdout]    9:     0x5a7b32ad999b - std[70759c8f55707aa4]::panicking::begin_panic::<&str>
[INFO] [stdout]   10:     0x5a7b328a1587 - <testcontainers[115cb122ab392d3c]::clients::cli::Cli as testcontainers[115cb122ab392d3c]::core::docker::Docker>::run_with_args::<testcontainers[115cb122ab392d3c]::images::redis::Redis>
[INFO] [stdout]   11:     0x5a7b328939ca - rregistry[de542a206a014b3]::test::run_redis::{closure#0}
[INFO] [stdout]   12:     0x5a7b32895c8d - <core[df12db4294e9bfd3]::pin::Pin<&mut rregistry[de542a206a014b3]::test::manifest_does_exist_by_digest::{closure#0}> as core[df12db4294e9bfd3]::future::future::Future>::poll
[INFO] [stdout]   13:     0x5a7b328a8481 - <tokio[3b699ece9aabbe3f]::macros::scoped_tls::ScopedKey<tokio[3b699ece9aabbe3f]::runtime::basic_scheduler::Context>>::set::<tokio[3b699ece9aabbe3f]::runtime::basic_scheduler::enter<<tokio[3b699ece9aabbe3f]::runtime::basic_scheduler::Inner<tokio[3b699ece9aabbe3f]::runtime::driver::Driver>>::block_on<core[df12db4294e9bfd3]::pin::Pin<&mut rregistry[de542a206a014b3]::test::manifest_does_exist_by_digest::{closure#0}>>::{closure#0}, (), tokio[3b699ece9aabbe3f]::runtime::driver::Driver>::{closure#0}, ()>
[INFO] [stdout]   14:     0x5a7b328ae14a - <tokio[3b699ece9aabbe3f]::runtime::basic_scheduler::BasicScheduler<tokio[3b699ece9aabbe3f]::runtime::driver::Driver>>::block_on::<rregistry[de542a206a014b3]::test::manifest_does_exist_by_digest::{closure#0}>
[INFO] [stdout]   15:     0x5a7b328c6905 - <tokio[3b699ece9aabbe3f]::runtime::Runtime>::block_on::<rregistry[de542a206a014b3]::test::manifest_does_exist_by_digest::{closure#0}>
[INFO] [stdout]   16:     0x5a7b328d85ec - <rregistry[de542a206a014b3]::test::manifest_does_exist_by_digest::{closure#0} as core[df12db4294e9bfd3]::ops::function::FnOnce<()>>::call_once
[INFO] [stdout]   17:     0x5a7b328f062b - test[9d35eded1c95d3be]::__rust_begin_short_backtrace::<core[df12db4294e9bfd3]::result::Result<(), alloc[2182bb758b4b3781]::string::String>, fn() -> core[df12db4294e9bfd3]::result::Result<(), alloc[2182bb758b4b3781]::string::String>>
[INFO] [stdout]   18:     0x5a7b328fdc95 - test[9d35eded1c95d3be]::run_test::{closure#0}
[INFO] [stdout]   19:     0x5a7b328f7554 - std[70759c8f55707aa4]::sys::backtrace::__rust_begin_short_backtrace::<test[9d35eded1c95d3be]::run_test::{closure#1}, ()>
[INFO] [stdout]   20:     0x5a7b32900df2 - <std[70759c8f55707aa4]::thread::lifecycle::spawn_unchecked<test[9d35eded1c95d3be]::run_test::{closure#1}, ()>::{closure#1} as core[df12db4294e9bfd3]::ops::function::FnOnce<()>>::call_once::{shim:vtable#0}
[INFO] [stdout]   21:     0x5a7b32b09979 - <std[70759c8f55707aa4]::sys::thread::unix::Thread>::new::thread_start
[INFO] [stdout]   22:     0x70b3fa266dfa - <unknown>
[INFO] [stdout]   23:     0x70b3fa2fa3d4 - clone
[INFO] [stdout]   24:                0x0 - <unknown>
[INFO] [stdout] 
[INFO] [stdout] ---- test::manifest_that_doesnt_exists_cant_be_deleted_by_digest stdout ----
[INFO] [stdout] 
[INFO] [stdout] thread 'test::manifest_that_doesnt_exists_cant_be_deleted_by_digest' (4171) panicked at /opt/rustwide/cargo-home/registry/src/index.crates.io-1949cf8c6b5b557f/testcontainers-0.12.0/src/clients/cli.rs:145:9:
[INFO] [stdout] failed to start container
[INFO] [stdout] stack backtrace:
[INFO] [stdout]    0:     0x5a7b32b0adb1 - <<std[70759c8f55707aa4]::sys::backtrace::BacktraceLock>::print::DisplayBacktrace as core[df12db4294e9bfd3]::fmt::Display>::fmt
[INFO] [stdout]    1:     0x5a7b32b237aa - core[df12db4294e9bfd3]::fmt::write
[INFO] [stdout]    2:     0x5a7b32b10cec - <alloc[2182bb758b4b3781]::vec::Vec<u8> as core[df12db4294e9bfd3]::io::write::Write>::write_fmt
[INFO] [stdout]    3:     0x5a7b32ae4916 - std[70759c8f55707aa4]::panicking::default_hook::{closure#0}
[INFO] [stdout]    4:     0x5a7b32b021b9 - std[70759c8f55707aa4]::panicking::default_hook
[INFO] [stdout]    5:     0x5a7b328fd340 - test[9d35eded1c95d3be]::test_main_inner::<test[9d35eded1c95d3be]::test_main_static::{closure#0}>::{closure#0}
[INFO] [stdout]    6:     0x5a7b32b024e2 - std[70759c8f55707aa4]::panicking::panic_with_hook
[INFO] [stdout]    7:     0x5a7b32ae3dec - std[70759c8f55707aa4]::panicking::begin_panic::<&str>::{closure#0}
[INFO] [stdout]    8:     0x5a7b32add279 - std[70759c8f55707aa4]::sys::backtrace::__rust_end_short_backtrace::<std[70759c8f55707aa4]::panicking::begin_panic<&str>::{closure#0}, !>
[INFO] [stdout]    9:     0x5a7b32ad999b - std[70759c8f55707aa4]::panicking::begin_panic::<&str>
[INFO] [stdout]   10:     0x5a7b328a1587 - <testcontainers[115cb122ab392d3c]::clients::cli::Cli as testcontainers[115cb122ab392d3c]::core::docker::Docker>::run_with_args::<testcontainers[115cb122ab392d3c]::images::redis::Redis>
[INFO] [stdout]   11:     0x5a7b328939ca - rregistry[de542a206a014b3]::test::run_redis::{closure#0}
[INFO] [stdout]   12:     0x5a7b32898259 - <core[df12db4294e9bfd3]::pin::Pin<&mut rregistry[de542a206a014b3]::test::manifest_that_doesnt_exists_cant_be_deleted_by_digest::{closure#0}> as core[df12db4294e9bfd3]::future::future::Future>::poll
[INFO] [stdout]   13:     0x5a7b328a9881 - <tokio[3b699ece9aabbe3f]::macros::scoped_tls::ScopedKey<tokio[3b699ece9aabbe3f]::runtime::basic_scheduler::Context>>::set::<tokio[3b699ece9aabbe3f]::runtime::basic_scheduler::enter<<tokio[3b699ece9aabbe3f]::runtime::basic_scheduler::Inner<tokio[3b699ece9aabbe3f]::runtime::driver::Driver>>::block_on<core[df12db4294e9bfd3]::pin::Pin<&mut rregistry[de542a206a014b3]::test::manifest_that_doesnt_exists_cant_be_deleted_by_digest::{closure#0}>>::{closure#0}, (), tokio[3b699ece9aabbe3f]::runtime::driver::Driver>::{closure#0}, ()>
[INFO] [stdout]   14:     0x5a7b328af5ea - <tokio[3b699ece9aabbe3f]::runtime::basic_scheduler::BasicScheduler<tokio[3b699ece9aabbe3f]::runtime::driver::Driver>>::block_on::<rregistry[de542a206a014b3]::test::manifest_that_doesnt_exists_cant_be_deleted_by_digest::{closure#0}>
[INFO] [stdout]   15:     0x5a7b328c6d15 - <tokio[3b699ece9aabbe3f]::runtime::Runtime>::block_on::<rregistry[de542a206a014b3]::test::manifest_that_doesnt_exists_cant_be_deleted_by_digest::{closure#0}>
[INFO] [stdout]   16:     0x5a7b328d8bbd - <rregistry[de542a206a014b3]::test::manifest_that_doesnt_exists_cant_be_deleted_by_digest::{closure#0} as core[df12db4294e9bfd3]::ops::function::FnOnce<()>>::call_once
[INFO] [stdout]   17:     0x5a7b328f062b - test[9d35eded1c95d3be]::__rust_begin_short_backtrace::<core[df12db4294e9bfd3]::result::Result<(), alloc[2182bb758b4b3781]::string::String>, fn() -> core[df12db4294e9bfd3]::result::Result<(), alloc[2182bb758b4b3781]::string::String>>
[INFO] [stdout]   18:     0x5a7b328fdc95 - test[9d35eded1c95d3be]::run_test::{closure#0}
[INFO] [stdout]   19:     0x5a7b328f7554 - std[70759c8f55707aa4]::sys::backtrace::__rust_begin_short_backtrace::<test[9d35eded1c95d3be]::run_test::{closure#1}, ()>
[INFO] [stdout]   20:     0x5a7b32900df2 - <std[70759c8f55707aa4]::thread::lifecycle::spawn_unchecked<test[9d35eded1c95d3be]::run_test::{closure#1}, ()>::{closure#1} as core[df12db4294e9bfd3]::ops::function::FnOnce<()>>::call_once::{shim:vtable#0}
[INFO] [stdout]   21:     0x5a7b32b09979 - <std[70759c8f55707aa4]::sys::thread::unix::Thread>::new::thread_start
[INFO] [stdout]   22:     0x70b3fa266dfa - <unknown>
[INFO] [stdout]   23:     0x70b3fa2fa3d4 - clone
[INFO] [stdout]   24:                0x0 - <unknown>
[INFO] [stdout] 
[INFO] [stdout] ---- test::manifest_that_doesnt_exists_cant_be_deleted_by_tag stdout ----
[INFO] [stdout] 
[INFO] [stdout] thread 'test::manifest_that_doesnt_exists_cant_be_deleted_by_tag' (4172) panicked at /opt/rustwide/cargo-home/registry/src/index.crates.io-1949cf8c6b5b557f/testcontainers-0.12.0/src/clients/cli.rs:145:9:
[INFO] [stdout] failed to start container
[INFO] [stdout] stack backtrace:
[INFO] [stdout]    0:     0x5a7b32b0adb1 - <<std[70759c8f55707aa4]::sys::backtrace::BacktraceLock>::print::DisplayBacktrace as core[df12db4294e9bfd3]::fmt::Display>::fmt
[INFO] [stdout]    1:     0x5a7b32b237aa - core[df12db4294e9bfd3]::fmt::write
[INFO] [stdout]    2:     0x5a7b32b10cec - <alloc[2182bb758b4b3781]::vec::Vec<u8> as core[df12db4294e9bfd3]::io::write::Write>::write_fmt
[INFO] [stdout]    3:     0x5a7b32ae4916 - std[70759c8f55707aa4]::panicking::default_hook::{closure#0}
[INFO] [stdout]    4:     0x5a7b32b021b9 - std[70759c8f55707aa4]::panicking::default_hook
[INFO] [stdout]    5:     0x5a7b328fd340 - test[9d35eded1c95d3be]::test_main_inner::<test[9d35eded1c95d3be]::test_main_static::{closure#0}>::{closure#0}
[INFO] [stdout]    6:     0x5a7b32b024e2 - std[70759c8f55707aa4]::panicking::panic_with_hook
[INFO] [stdout]    7:     0x5a7b32ae3dec - std[70759c8f55707aa4]::panicking::begin_panic::<&str>::{closure#0}
[INFO] [stdout]    8:     0x5a7b32add279 - std[70759c8f55707aa4]::sys::backtrace::__rust_end_short_backtrace::<std[70759c8f55707aa4]::panicking::begin_panic<&str>::{closure#0}, !>
[INFO] [stdout]    9:     0x5a7b32ad999b - std[70759c8f55707aa4]::panicking::begin_panic::<&str>
[INFO] [stdout]   10:     0x5a7b328a1587 - <testcontainers[115cb122ab392d3c]::clients::cli::Cli as testcontainers[115cb122ab392d3c]::core::docker::Docker>::run_with_args::<testcontainers[115cb122ab392d3c]::images::redis::Redis>
[INFO] [stdout]   11:     0x5a7b328939ca - rregistry[de542a206a014b3]::test::run_redis::{closure#0}
[INFO] [stdout]   12:     0x5a7b32897c69 - <core[df12db4294e9bfd3]::pin::Pin<&mut rregistry[de542a206a014b3]::test::manifest_that_doesnt_exists_cant_be_deleted_by_tag::{closure#0}> as core[df12db4294e9bfd3]::future::future::Future>::poll
[INFO] [stdout]   13:     0x5a7b328a9481 - <tokio[3b699ece9aabbe3f]::macros::scoped_tls::ScopedKey<tokio[3b699ece9aabbe3f]::runtime::basic_scheduler::Context>>::set::<tokio[3b699ece9aabbe3f]::runtime::basic_scheduler::enter<<tokio[3b699ece9aabbe3f]::runtime::basic_scheduler::Inner<tokio[3b699ece9aabbe3f]::runtime::driver::Driver>>::block_on<core[df12db4294e9bfd3]::pin::Pin<&mut rregistry[de542a206a014b3]::test::manifest_that_doesnt_exists_cant_be_deleted_by_tag::{closure#0}>>::{closure#0}, (), tokio[3b699ece9aabbe3f]::runtime::driver::Driver>::{closure#0}, ()>
[INFO] [stdout]   14:     0x5a7b328af1ca - <tokio[3b699ece9aabbe3f]::runtime::basic_scheduler::BasicScheduler<tokio[3b699ece9aabbe3f]::runtime::driver::Driver>>::block_on::<rregistry[de542a206a014b3]::test::manifest_that_doesnt_exists_cant_be_deleted_by_tag::{closure#0}>
[INFO] [stdout]   15:     0x5a7b328c6c45 - <tokio[3b699ece9aabbe3f]::runtime::Runtime>::block_on::<rregistry[de542a206a014b3]::test::manifest_that_doesnt_exists_cant_be_deleted_by_tag::{closure#0}>
[INFO] [stdout]   16:     0x5a7b328d8a9d - <rregistry[de542a206a014b3]::test::manifest_that_doesnt_exists_cant_be_deleted_by_tag::{closure#0} as core[df12db4294e9bfd3]::ops::function::FnOnce<()>>::call_once
[INFO] [stdout]   17:     0x5a7b328f062b - test[9d35eded1c95d3be]::__rust_begin_short_backtrace::<core[df12db4294e9bfd3]::result::Result<(), alloc[2182bb758b4b3781]::string::String>, fn() -> core[df12db4294e9bfd3]::result::Result<(), alloc[2182bb758b4b3781]::string::String>>
[INFO] [stdout]   18:     0x5a7b328fdc95 - test[9d35eded1c95d3be]::run_test::{closure#0}
[INFO] [stdout]   19:     0x5a7b328f7554 - std[70759c8f55707aa4]::sys::backtrace::__rust_begin_short_backtrace::<test[9d35eded1c95d3be]::run_test::{closure#1}, ()>
[INFO] [stdout]   20:     0x5a7b32900df2 - <std[70759c8f55707aa4]::thread::lifecycle::spawn_unchecked<test[9d35eded1c95d3be]::run_test::{closure#1}, ()>::{closure#1} as core[df12db4294e9bfd3]::ops::function::FnOnce<()>>::call_once::{shim:vtable#0}
[INFO] [stdout]   21:     0x5a7b32b09979 - <std[70759c8f55707aa4]::sys::thread::unix::Thread>::new::thread_start
[INFO] [stdout]   22:     0x70b3fa266dfa - <unknown>
[INFO] [stdout]   23:     0x70b3fa2fa3d4 - clone
[INFO] [stdout]   24:                0x0 - <unknown>
[INFO] [stdout] 
[INFO] [stdout] ---- test::manifest_can_be_downloaded stdout ----
[INFO] [stdout] 
[INFO] [stdout] thread 'test::manifest_can_be_downloaded' (4166) panicked at /opt/rustwide/cargo-home/registry/src/index.crates.io-1949cf8c6b5b557f/testcontainers-0.12.0/src/clients/cli.rs:145:9:
[INFO] [stdout] failed to start container
[INFO] [stdout] stack backtrace:
[INFO] [stdout]    0:     0x5a7b32b0adb1 - <<std[70759c8f55707aa4]::sys::backtrace::BacktraceLock>::print::DisplayBacktrace as core[df12db4294e9bfd3]::fmt::Display>::fmt
[INFO] [stdout]    1:     0x5a7b32b237aa - core[df12db4294e9bfd3]::fmt::write
[INFO] [stdout]    2:     0x5a7b32b10cec - <alloc[2182bb758b4b3781]::vec::Vec<u8> as core[df12db4294e9bfd3]::io::write::Write>::write_fmt
[INFO] [stdout]    3:     0x5a7b32ae4916 - std[70759c8f55707aa4]::panicking::default_hook::{closure#0}
[INFO] [stdout]    4:     0x5a7b32b021b9 - std[70759c8f55707aa4]::panicking::default_hook
[INFO] [stdout]    5:     0x5a7b328fd340 - test[9d35eded1c95d3be]::test_main_inner::<test[9d35eded1c95d3be]::test_main_static::{closure#0}>::{closure#0}
[INFO] [stdout]    6:     0x5a7b32b024e2 - std[70759c8f55707aa4]::panicking::panic_with_hook
[INFO] [stdout]    7:     0x5a7b32ae3dec - std[70759c8f55707aa4]::panicking::begin_panic::<&str>::{closure#0}
[INFO] [stdout]    8:     0x5a7b32add279 - std[70759c8f55707aa4]::sys::backtrace::__rust_end_short_backtrace::<std[70759c8f55707aa4]::panicking::begin_panic<&str>::{closure#0}, !>
[INFO] [stdout]    9:     0x5a7b32ad999b - std[70759c8f55707aa4]::panicking::begin_panic::<&str>
[INFO] [stdout]   10:     0x5a7b328a1587 - <testcontainers[115cb122ab392d3c]::clients::cli::Cli as testcontainers[115cb122ab392d3c]::core::docker::Docker>::run_with_args::<testcontainers[115cb122ab392d3c]::images::redis::Redis>
[INFO] [stdout]   11:     0x5a7b328939ca - rregistry[de542a206a014b3]::test::run_redis::{closure#0}
[INFO] [stdout]   12:     0x5a7b328952aa - <core[df12db4294e9bfd3]::pin::Pin<&mut rregistry[de542a206a014b3]::test::manifest_can_be_downloaded::{closure#0}> as core[df12db4294e9bfd3]::future::future::Future>::poll
[INFO] [stdout]   13:     0x5a7b328a8081 - <tokio[3b699ece9aabbe3f]::macros::scoped_tls::ScopedKey<tokio[3b699ece9aabbe3f]::runtime::basic_scheduler::Context>>::set::<tokio[3b699ece9aabbe3f]::runtime::basic_scheduler::enter<<tokio[3b699ece9aabbe3f]::runtime::basic_scheduler::Inner<tokio[3b699ece9aabbe3f]::runtime::driver::Driver>>::block_on<core[df12db4294e9bfd3]::pin::Pin<&mut rregistry[de542a206a014b3]::test::manifest_can_be_downloaded::{closure#0}>>::{closure#0}, (), tokio[3b699ece9aabbe3f]::runtime::driver::Driver>::{closure#0}, ()>
[INFO] [stdout]   14:     0x5a7b328add2a - <tokio[3b699ece9aabbe3f]::runtime::basic_scheduler::BasicScheduler<tokio[3b699ece9aabbe3f]::runtime::driver::Driver>>::block_on::<rregistry[de542a206a014b3]::test::manifest_can_be_downloaded::{closure#0}>
[INFO] [stdout]   15:     0x5a7b328c6835 - <tokio[3b699ece9aabbe3f]::runtime::Runtime>::block_on::<rregistry[de542a206a014b3]::test::manifest_can_be_downloaded::{closure#0}>
[INFO] [stdout]   16:     0x5a7b328d84bc - <rregistry[de542a206a014b3]::test::manifest_can_be_downloaded::{closure#0} as core[df12db4294e9bfd3]::ops::function::FnOnce<()>>::call_once
[INFO] [stdout]   17:     0x5a7b328f062b - test[9d35eded1c95d3be]::__rust_begin_short_backtrace::<core[df12db4294e9bfd3]::result::Result<(), alloc[2182bb758b4b3781]::string::String>, fn() -> core[df12db4294e9bfd3]::result::Result<(), alloc[2182bb758b4b3781]::string::String>>
[INFO] [stdout]   18:     0x5a7b328fdc95 - test[9d35eded1c95d3be]::run_test::{closure#0}
[INFO] [stdout]   19:     0x5a7b328f7554 - std[70759c8f55707aa4]::sys::backtrace::__rust_begin_short_backtrace::<test[9d35eded1c95d3be]::run_test::{closure#1}, ()>
[INFO] [stdout]   20:     0x5a7b32900df2 - <std[70759c8f55707aa4]::thread::lifecycle::spawn_unchecked<test[9d35eded1c95d3be]::run_test::{closure#1}, ()>::{closure#1} as core[df12db4294e9bfd3]::ops::function::FnOnce<()>>::call_once::{shim:vtable#0}
[INFO] [stdout]   21:     0x5a7b32b09979 - <std[70759c8f55707aa4]::sys::thread::unix::Thread>::new::thread_start
[INFO] [stdout]   22:     0x70b3fa266dfa - <unknown>
[INFO] [stdout]   23:     0x70b3fa2fa3d4 - clone
[INFO] [stdout]   24:                0x0 - <unknown>
[INFO] [stdout] 
[INFO] [stdout] ---- test::manifest_does_exist stdout ----
[INFO] [stdout] 
[INFO] [stdout] thread 'test::manifest_does_exist' (4168) panicked at /opt/rustwide/cargo-home/registry/src/index.crates.io-1949cf8c6b5b557f/testcontainers-0.12.0/src/clients/cli.rs:145:9:
[INFO] [stdout] failed to start container
[INFO] [stdout] stack backtrace:
[INFO] [stdout]    0:     0x5a7b32b0adb1 - <<std[70759c8f55707aa4]::sys::backtrace::BacktraceLock>::print::DisplayBacktrace as core[df12db4294e9bfd3]::fmt::Display>::fmt
[INFO] [stdout]    1:     0x5a7b32b237aa - core[df12db4294e9bfd3]::fmt::write
[INFO] [stdout]    2:     0x5a7b32b10cec - <alloc[2182bb758b4b3781]::vec::Vec<u8> as core[df12db4294e9bfd3]::io::write::Write>::write_fmt
[INFO] [stdout]    3:     0x5a7b32ae4916 - std[70759c8f55707aa4]::panicking::default_hook::{closure#0}
[INFO] [stdout]    4:     0x5a7b32b021b9 - std[70759c8f55707aa4]::panicking::default_hook
[INFO] [stdout]    5:     0x5a7b328fd340 - test[9d35eded1c95d3be]::test_main_inner::<test[9d35eded1c95d3be]::test_main_static::{closure#0}>::{closure#0}
[INFO] [stdout]    6:     0x5a7b32b024e2 - std[70759c8f55707aa4]::panicking::panic_with_hook
[INFO] [stdout]    7:     0x5a7b32ae3dec - std[70759c8f55707aa4]::panicking::begin_panic::<&str>::{closure#0}
[INFO] [stdout]    8:     0x5a7b32add279 - std[70759c8f55707aa4]::sys::backtrace::__rust_end_short_backtrace::<std[70759c8f55707aa4]::panicking::begin_panic<&str>::{closure#0}, !>
[INFO] [stdout]    9:     0x5a7b32ad999b - std[70759c8f55707aa4]::panicking::begin_panic::<&str>
[INFO] [stdout]   10:     0x5a7b328a1587 - <testcontainers[115cb122ab392d3c]::clients::cli::Cli as testcontainers[115cb122ab392d3c]::core::docker::Docker>::run_with_args::<testcontainers[115cb122ab392d3c]::images::redis::Redis>
[INFO] [stdout]   11:     0x5a7b328939ca - rregistry[de542a206a014b3]::test::run_redis::{closure#0}
[INFO] [stdout]   12:     0x5a7b32894540 - <core[df12db4294e9bfd3]::pin::Pin<&mut rregistry[de542a206a014b3]::test::manifest_does_exist::{closure#0}> as core[df12db4294e9bfd3]::future::future::Future>::poll
[INFO] [stdout]   13:     0x5a7b328a7881 - <tokio[3b699ece9aabbe3f]::macros::scoped_tls::ScopedKey<tokio[3b699ece9aabbe3f]::runtime::basic_scheduler::Context>>::set::<tokio[3b699ece9aabbe3f]::runtime::basic_scheduler::enter<<tokio[3b699ece9aabbe3f]::runtime::basic_scheduler::Inner<tokio[3b699ece9aabbe3f]::runtime::driver::Driver>>::block_on<core[df12db4294e9bfd3]::pin::Pin<&mut rregistry[de542a206a014b3]::test::manifest_does_exist::{closure#0}>>::{closure#0}, (), tokio[3b699ece9aabbe3f]::runtime::driver::Driver>::{closure#0}, ()>
[INFO] [stdout]   14:     0x5a7b328ad4ea - <tokio[3b699ece9aabbe3f]::runtime::basic_scheduler::BasicScheduler<tokio[3b699ece9aabbe3f]::runtime::driver::Driver>>::block_on::<rregistry[de542a206a014b3]::test::manifest_does_exist::{closure#0}>
[INFO] [stdout]   15:     0x5a7b328c6695 - <tokio[3b699ece9aabbe3f]::runtime::Runtime>::block_on::<rregistry[de542a206a014b3]::test::manifest_does_exist::{closure#0}>
[INFO] [stdout]   16:     0x5a7b328d826c - <rregistry[de542a206a014b3]::test::manifest_does_exist::{closure#0} as core[df12db4294e9bfd3]::ops::function::FnOnce<()>>::call_once
[INFO] [stdout]   17:     0x5a7b328f062b - test[9d35eded1c95d3be]::__rust_begin_short_backtrace::<core[df12db4294e9bfd3]::result::Result<(), alloc[2182bb758b4b3781]::string::String>, fn() -> core[df12db4294e9bfd3]::result::Result<(), alloc[2182bb758b4b3781]::string::String>>
[INFO] [stdout]   18:     0x5a7b328fdc95 - test[9d35eded1c95d3be]::run_test::{closure#0}
[INFO] [stdout]   19:     0x5a7b328f7554 - std[70759c8f55707aa4]::sys::backtrace::__rust_begin_short_backtrace::<test[9d35eded1c95d3be]::run_test::{closure#1}, ()>
[INFO] [stdout]   20:     0x5a7b32900df2 - <std[70759c8f55707aa4]::thread::lifecycle::spawn_unchecked<test[9d35eded1c95d3be]::run_test::{closure#1}, ()>::{closure#1} as core[df12db4294e9bfd3]::ops::function::FnOnce<()>>::call_once::{shim:vtable#0}
[INFO] [stdout]   21:     0x5a7b32b09979 - <std[70759c8f55707aa4]::sys::thread::unix::Thread>::new::thread_start
[INFO] [stdout]   22:     0x70b3fa266dfa - <unknown>
[INFO] [stdout]   23:     0x70b3fa2fa3d4 - clone
[INFO] [stdout]   24:                0x0 - <unknown>
[INFO] [stdout] 
[INFO] [stdout] 
[INFO] [stdout] failures:
[INFO] [stdout]     test::implements_oci_v2
[INFO] [stdout]     test::manifest_can_be_deleted_by_digest
[INFO] [stdout]     test::manifest_can_be_deleted_by_tag
[INFO] [stdout]     test::manifest_can_be_downloaded
[INFO] [stdout]     test::manifest_can_be_downloaded_by_digest
[INFO] [stdout]     test::manifest_does_exist
[INFO] [stdout]     test::manifest_does_exist_by_digest
[INFO] [stdout]     test::manifest_doesnt_exist
[INFO] [stdout]     test::manifest_that_doesnt_exists_cant_be_deleted_by_digest
[INFO] [stdout]     test::manifest_that_doesnt_exists_cant_be_deleted_by_tag
[INFO] [stdout] 
[INFO] [stdout] test result: FAILED. 0 passed; 10 failed; 0 ignored; 0 measured; 0 filtered out; finished in 0.28s
[INFO] [stdout] 
[INFO] [stderr] error: test failed, to rerun pass `--bin rregistry`
[INFO] running `Command { std: "docker" "inspect" "5049893935c668f5dd79366e6951187f3583d7d79281f4809ac41f890a1cf9a8", kill_on_drop: false }`
[INFO] running `Command { std: "docker" "rm" "-f" "5049893935c668f5dd79366e6951187f3583d7d79281f4809ac41f890a1cf9a8", kill_on_drop: false }`
[INFO] [stdout] 5049893935c668f5dd79366e6951187f3583d7d79281f4809ac41f890a1cf9a8
