[INFO] cloning repository https://github.com/Avi36005/Portmortem-Team-Kryptonite
[INFO] running `Command { std: "git" "-c" "credential.helper=" "-c" "credential.helper=/workspace/cargo-home/bin/git-credential-null" "clone" "--bare" "https://github.com/Avi36005/Portmortem-Team-Kryptonite" "/workspace/cache/git-repos/https%3A%2F%2Fgithub.com%2FAvi36005%2FPortmortem-Team-Kryptonite", kill_on_drop: false }`
[INFO] [stderr] Cloning into bare repository '/workspace/cache/git-repos/https%3A%2F%2Fgithub.com%2FAvi36005%2FPortmortem-Team-Kryptonite'...
[INFO] running `Command { std: "git" "rev-parse" "HEAD", kill_on_drop: false }`
[INFO] [stdout] 4403331e61dfa8defb8a339113f664ed4c4d0d60
[INFO] testing Avi36005/Portmortem-Team-Kryptonite against 1.100.0-beta.1+cargoflags=--release for beta-release-1.100-3
[INFO] running `Command { std: "git" "clone" "/workspace/cache/git-repos/https%3A%2F%2Fgithub.com%2FAvi36005%2FPortmortem-Team-Kryptonite" "/workspace/builds/worker-3-tc2/source", kill_on_drop: false }`
[INFO] [stderr] Cloning into '/workspace/builds/worker-3-tc2/source'...
[INFO] [stderr] done.
[INFO] started tweaking git repo https://github.com/Avi36005/Portmortem-Team-Kryptonite
[INFO] finished tweaking git repo https://github.com/Avi36005/Portmortem-Team-Kryptonite
[INFO] tweaked toml for git repo https://github.com/Avi36005/Portmortem-Team-Kryptonite written to /workspace/builds/worker-3-tc2/source/Cargo.toml
[INFO] validating manifest of git repo https://github.com/Avi36005/Portmortem-Team-Kryptonite on toolchain 1.100.0-beta.1
[INFO] running `Command { std: CARGO_HOME="/workspace/cargo-home" RUSTUP_HOME="/workspace/rustup-home" "/workspace/cargo-home/bin/cargo" "+1.100.0-beta.1" "metadata" "--manifest-path" "Cargo.toml" "--no-deps", kill_on_drop: false }`
[INFO] crate git repo https://github.com/Avi36005/Portmortem-Team-Kryptonite already has a lockfile, it will not be regenerated
[INFO] running `Command { std: CARGO_HOME="/workspace/cargo-home" RUSTUP_HOME="/workspace/rustup-home" "/workspace/cargo-home/bin/cargo" "+1.100.0-beta.1" "fetch" "--manifest-path" "Cargo.toml", kill_on_drop: false }`
[INFO] running `Command { std: "docker" "create" "-v" "/var/lib/crater-agent-workspace/builds/worker-3-tc2/source:/opt/rustwide/workdir:ro,Z" "-v" "/var/lib/crater-agent-workspace/builds/worker-3-tc2/target:/opt/rustwide/target:rw,Z" "-v" "/var/lib/crater-agent-workspace/cargo-home:/opt/rustwide/cargo-home:ro,Z" "-v" "/var/lib/crater-agent-workspace/rustup-home:/opt/rustwide/rustup-home:ro,Z" "-m" "1610612736" "--network" "none" "ghcr.io/rust-lang/crates-build-env/linux@sha256:77db811e55d90add9212f6832c23229e3de5f1c1f9905e8cb07319ea15df73ac" "sleep" "infinity", kill_on_drop: false }`
[INFO] [stdout] c522f81ec36bd4a1b68c6377feb5bd65cf3d43bf246661e66709301ff817407e
[INFO] running `Command { std: "docker" "start" "c522f81ec36bd4a1b68c6377feb5bd65cf3d43bf246661e66709301ff817407e", kill_on_drop: false }`
[INFO] running `Command { std: "docker" "inspect" "c522f81ec36bd4a1b68c6377feb5bd65cf3d43bf246661e66709301ff817407e", kill_on_drop: false }`
[INFO] running `Command { std: "docker" "exec" "-e" "SOURCE_DIR=/opt/rustwide/workdir" "-e" "CARGO_HOME=/opt/rustwide/cargo-home" "-e" "RUSTUP_HOME=/opt/rustwide/rustup-home" "-e" "CARGO_TARGET_DIR=/opt/rustwide/target" "-w" "/opt/rustwide/workdir" "--user" "0:0" "c522f81ec36bd4a1b68c6377feb5bd65cf3d43bf246661e66709301ff817407e" "/opt/rustwide/cargo-home/bin/cargo" "+1.100.0-beta.1" "metadata" "--no-deps" "--format-version=1", kill_on_drop: false }`
[INFO] running `Command { std: "docker" "inspect" "c522f81ec36bd4a1b68c6377feb5bd65cf3d43bf246661e66709301ff817407e", kill_on_drop: false }`
[INFO] running `Command { std: "docker" "exec" "-e" "SOURCE_DIR=/opt/rustwide/workdir" "-e" "CARGO_HOME=/opt/rustwide/cargo-home" "-e" "RUSTUP_HOME=/opt/rustwide/rustup-home" "-e" "CARGO_TARGET_DIR=/opt/rustwide/target" "-e" "CARGO_INCREMENTAL=0" "-e" "RUST_BACKTRACE=full" "-e" "RUSTFLAGS=--cap-lints=warn" "-e" "RUSTDOCFLAGS=--cap-lints=warn" "-w" "/opt/rustwide/workdir" "--user" "0:0" "c522f81ec36bd4a1b68c6377feb5bd65cf3d43bf246661e66709301ff817407e" "/opt/rustwide/cargo-home/bin/cargo" "+1.100.0-beta.1" "build" "--frozen" "--message-format=json" "--release", kill_on_drop: false }`
[INFO] [stderr]    Compiling proc-macro2 v1.0.107
[INFO] [stderr]    Compiling quote v1.0.47
[INFO] [stderr]    Compiling unicode-ident v1.0.24
[INFO] [stderr]    Compiling target-lexicon v0.13.5
[INFO] [stderr]    Compiling autocfg v1.5.1
[INFO] [stderr]    Compiling memchr v2.8.3
[INFO] [stderr]    Compiling siphasher v1.0.3
[INFO] [stderr]    Compiling regex-syntax v0.8.11
[INFO] [stderr]    Compiling libc v0.2.189
[INFO] [stderr]    Compiling chrono-tz v0.10.4
[INFO] [stderr]    Compiling iana-time-zone v0.1.65
[INFO] [stderr]    Compiling thiserror v2.0.19
[INFO] [stderr]    Compiling heck v0.5.0
[INFO] [stderr]    Compiling once_cell v1.21.4
[INFO] [stderr]    Compiling phf_shared v0.12.1
[INFO] [stderr]    Compiling num-traits v0.2.19
[INFO] [stderr]    Compiling phf v0.12.1
[INFO] [stderr]    Compiling pyo3-build-config v0.29.0
[INFO] [stderr]    Compiling syn v3.0.3
[INFO] [stderr]    Compiling syn v2.0.119
[INFO] [stderr]    Compiling aho-corasick v1.1.4
[INFO] [stderr]    Compiling pyo3-ffi v0.29.0
[INFO] [stderr]    Compiling pyo3 v0.29.0
[INFO] [stderr]    Compiling chrono v0.4.45
[INFO] [stderr]    Compiling regex-automata v0.4.16
[INFO] [stderr]    Compiling thiserror-impl v2.0.19
[INFO] [stderr]    Compiling pyo3-macros-backend v0.29.0
[INFO] [stderr]    Compiling regex v1.13.1
[INFO] [stderr]    Compiling croniter-core v0.1.0 (/opt/rustwide/workdir/core)
[INFO] [stderr]    Compiling pyo3-macros v0.29.0
[INFO] [stderr]    Compiling croniter v0.1.0 (/opt/rustwide/workdir/pybridge)
[INFO] [stderr]     Finished `release` profile [optimized] target(s) in 56.91s
[INFO] running `Command { std: "docker" "inspect" "c522f81ec36bd4a1b68c6377feb5bd65cf3d43bf246661e66709301ff817407e", kill_on_drop: false }`
[INFO] running `Command { std: "docker" "exec" "-e" "SOURCE_DIR=/opt/rustwide/workdir" "-e" "CARGO_HOME=/opt/rustwide/cargo-home" "-e" "RUSTUP_HOME=/opt/rustwide/rustup-home" "-e" "CARGO_TARGET_DIR=/opt/rustwide/target" "-e" "CARGO_INCREMENTAL=0" "-e" "RUST_BACKTRACE=full" "-e" "RUSTFLAGS=--cap-lints=warn" "-e" "RUSTDOCFLAGS=--cap-lints=warn" "-w" "/opt/rustwide/workdir" "--user" "0:0" "c522f81ec36bd4a1b68c6377feb5bd65cf3d43bf246661e66709301ff817407e" "/opt/rustwide/cargo-home/bin/cargo" "+1.100.0-beta.1" "test" "--frozen" "--no-run" "--message-format=json" "--release", kill_on_drop: false }`
[INFO] [stderr]    Compiling croniter-core v0.1.0 (/opt/rustwide/workdir/core)
[INFO] [stderr]    Compiling croniter v0.1.0 (/opt/rustwide/workdir/pybridge)
[INFO] [stderr]     Finished `release` profile [optimized] target(s) in 7.33s
[INFO] running `Command { std: "docker" "inspect" "c522f81ec36bd4a1b68c6377feb5bd65cf3d43bf246661e66709301ff817407e", kill_on_drop: false }`
[INFO] running `Command { std: "docker" "exec" "-e" "SOURCE_DIR=/opt/rustwide/workdir" "-e" "CARGO_HOME=/opt/rustwide/cargo-home" "-e" "RUSTUP_HOME=/opt/rustwide/rustup-home" "-e" "CARGO_TARGET_DIR=/opt/rustwide/target" "-e" "CARGO_INCREMENTAL=0" "-e" "RUST_BACKTRACE=full" "-e" "RUSTFLAGS=--cap-lints=warn" "-e" "RUSTDOCFLAGS=--cap-lints=warn" "-w" "/opt/rustwide/workdir" "--user" "0:0" "c522f81ec36bd4a1b68c6377feb5bd65cf3d43bf246661e66709301ff817407e" "/opt/rustwide/cargo-home/bin/cargo" "+1.100.0-beta.1" "test" "--frozen" "--release", kill_on_drop: false }`
[INFO] [stderr]     Finished `release` profile [optimized] target(s) in 0.06s
[INFO] [stderr]      Running unittests src/lib.rs (/opt/rustwide/target/release/build/croniter/7ad93816715ffc00/out/croniter-7ad93816715ffc00)
[INFO] [stdout] 
[INFO] [stdout] running 0 tests
[INFO] [stdout] 
[INFO] [stdout] test result: ok. 0 passed; 0 failed; 0 ignored; 0 measured; 0 filtered out; finished in 0.00s
[INFO] [stdout] 
[INFO] [stderr]      Running unittests src/lib.rs (/opt/rustwide/target/release/build/croniter-core/b33f75145f832962/out/croniter_core-b33f75145f832962)
[INFO] [stdout] 
[INFO] [stdout] running 53 tests
[INFO] [stdout] test calc::tests::nth_weekday_lists_all_matching_days ... ok
[INFO] [stdout] test calc::tests::prev_nearest_diff_wraps_backwards ... ok
[INFO] [stdout] test calc::tests::timestamp_roundtrip ... ok
[INFO] [stdout] test api::tests::impossible_date_reports_bad_date ... ok
[INFO] [stdout] test api::tests::every_minute ... ok
[INFO] [stdout] test api::tests::last_day_of_month ... ok
[INFO] [stdout] test api::tests::match_is_true_on_a_fire_time ... ok
[INFO] [stdout] test calc::tests::year_field_has_no_wraparound ... ok
[INFO] [stdout] test consts::tests::february_length_honours_leap ... ok
[INFO] [stdout] test expand::tests::dow_seven_normalises_to_zero_on_unix_cron ... ok
[INFO] [stdout] test consts::tests::leap_years_match_python ... ok
[INFO] [stdout] test api::tests::third_friday ... ok
[INFO] [stdout] test expand::tests::every_minute_is_all_stars ... ok
[INFO] [stdout] test calc::tests::next_nearest_diff_wraps_when_no_larger_value ... ok
[INFO] [stdout] test api::tests::day_and_dow_are_a_union ... ok
[INFO] [stdout] test calc::tests::nearest_weekday_rules ... ok
[INFO] [stdout] test expand::tests::nearest_weekday_is_lifted_out ... ok
[INFO] [stdout] test expand::tests::nearest_weekday_rejects_lists ... ok
[INFO] [stdout] test expand::tests::nth_weekday_is_lifted_out_of_the_dow_field ... ok
[INFO] [stdout] test expand::tests::item_ordering_matches_python_string_sort ... ok
[INFO] [stdout] test expand::tests::last_day_of_month_marker ... ok
[INFO] [stdout] test api::tests::get_prev_walks_backwards ... ok
[INFO] [stdout] test expand::tests::out_of_range_is_rejected ... ok
[INFO] [stdout] test api::tests::nearest_weekday_to_the_15th ... ok
[INFO] [stdout] test hash::tests::h_without_hash_id_is_rejected ... ok
[INFO] [stdout] test hash::tests::non_hash_expression_passes_through ... ok
[INFO] [stdout] test api::tests::weekday_nine_am ... ok
[INFO] [stdout] test range::tests::exclude_ends_drops_both_bounds ... ok
[INFO] [stdout] test hash::tests::zero_divisor_is_rejected ... ok
[INFO] [stdout] test api::tests::seconds_field ... ok
[INFO] [stdout] test expand::tests::zero_step_is_rejected ... ok
[INFO] [stdout] test reldelta::tests::leap_day_clamp ... ok
[INFO] [stdout] test reldelta::tests::day_absolute_is_clamped_to_month_length ... ok
[INFO] [stdout] test hash::tests::crc32_matches_python_binascii ... ok
[INFO] [stdout] test expand::tests::on_the_hour ... ok
[INFO] [stdout] test reldelta::tests::microsecond_step_back ... ok
[INFO] [stdout] test hash::tests::plain_h_is_deterministic_for_a_hash_id ... ok
[INFO] [stdout] test reldelta::tests::month_addition_wraps_the_year ... ok
[INFO] [stdout] test hash::tests::range_end_must_exceed_range_begin ... ok
[INFO] [stdout] test range::tests::reverse_order_when_start_is_after_stop ... ok
[INFO] [stdout] test expand::tests::seconds_field_step ... ok
[INFO] [stdout] test expand::tests::bad_alpha_is_not_alpha_error ... ok
[INFO] [stdout] test range::tests::setup_computes_year_span_and_direction ... ok
[INFO] [stdout] test expand::tests::wrong_column_count_is_rejected ... ok
[INFO] [stdout] test reldelta::tests::month_subtraction_clamps_the_day ... ok
[INFO] [stdout] test reldelta::tests::absolute_fields_apply_before_relative_ones ... ok
[INFO] [stdout] test tz::tests::half_hour_dst_shift_is_handled ... ok
[INFO] [stdout] test tz::tests::spring_forward_skips_the_missing_hour ... ok
[INFO] [stdout] test tz::tests::roundtrip_through_the_epoch_is_stable ... ok
[INFO] [stdout] test expand::tests::list_and_range_with_alpha_dow ... ok
[INFO] [stdout] test range::tests::inclusive_ends_by_default ... ok
[INFO] [stdout] test tz::tests::fall_back_repeats_the_ambiguous_hour ... ok
[INFO] [stdout] test tz::tests::unknown_zone_is_rejected ... ok
[INFO] [stdout] 
[INFO] [stdout] test result: ok. 53 passed; 0 failed; 0 ignored; 0 measured; 0 filtered out; finished in 0.03s
[INFO] [stdout] 
[INFO] [stderr]      Running unittests src/bin/croniter.rs (/opt/rustwide/target/release/build/croniter-core/91bc00cd913f3345/out/croniter-91bc00cd913f3345)
[INFO] [stdout] 
[INFO] [stdout] running 0 tests
[INFO] [stdout] 
[INFO] [stdout] test result: ok. 0 passed; 0 failed; 0 ignored; 0 measured; 0 filtered out; finished in 0.00s
[INFO] [stdout] 
[INFO] [stderr]      Running tests/cli.rs (/opt/rustwide/target/release/build/croniter-core/01095b77c979989c/out/cli-01095b77c979989c)
[INFO] [stdout] 
[INFO] [stdout] running 12 tests
[INFO] [stdout] test validate_accepts_good_and_rejects_bad ... FAILED
[INFO] [stdout] test unknown_command_is_rejected ... FAILED
[INFO] [stdout] test next_weekdays_at_nine ... FAILED
[INFO] [stdout] test bench_is_deterministic_and_matches_the_python_checksum ... FAILED
[INFO] [stdout] test no_arguments_is_an_error_not_a_panic ... FAILED
[INFO] [stdout] test match_reports_hit_and_miss_via_exit_code ... FAILED
[INFO] [stdout] test next_nearest_weekday ... FAILED
[INFO] [stdout] test range_includes_both_ends ... FAILED
[INFO] [stdout] test help_prints_usage_to_stdout ... FAILED
[INFO] [stdout] test next_last_day_of_month_handles_leap_february ... FAILED
[INFO] [stdout] test prev_walks_backwards ... FAILED
[INFO] [stdout] test next_nth_weekday ... FAILED
[INFO] [stdout] 
[INFO] [stdout] failures:
[INFO] [stdout] 
[INFO] [stdout] ---- validate_accepts_good_and_rejects_bad stdout ----
[INFO] [stdout] 
[INFO] [stdout] thread 'validate_accepts_good_and_rejects_bad' (1254) panicked at core/tests/cli.rs:25:29:
[INFO] [stdout] failed to run "/opt/rustwide/target/release/build/croniter-core/01095b77c979989c/out/croniter": No such file or directory (os error 2)
[INFO] [stdout] stack backtrace:
[INFO] [stdout]    0:     0x633126e12531 - <<std[617be2ca0a6fd877]::sys::backtrace::BacktraceLock>::print::DisplayBacktrace as core[a373ad73a504971]::fmt::Display>::fmt
[INFO] [stdout]    1:     0x633126e2642a - core[a373ad73a504971]::fmt::write
[INFO] [stdout]    2:     0x633126e1674c - <alloc[2e1b2a31b91974c5]::vec::Vec<u8> as core[a373ad73a504971]::io::write::Write>::write_fmt
[INFO] [stdout]    3:     0x633126dee516 - std[617be2ca0a6fd877]::panicking::default_hook::{closure#0}
[INFO] [stdout]    4:     0x633126e0abc9 - std[617be2ca0a6fd877]::panicking::default_hook
[INFO] [stdout]    5:     0x633126da6df0 - test[aada8e7e76ba119b]::test_main_inner::{closure#0}
[INFO] [stdout]    6:     0x633126e0ad82 - std[617be2ca0a6fd877]::panicking::panic_with_hook
[INFO] [stdout]    7:     0x633126dee5c2 - std[617be2ca0a6fd877]::panicking::panic_handler::{closure#0}
[INFO] [stdout]    8:     0x633126de72d9 - std[617be2ca0a6fd877]::sys::backtrace::__rust_end_short_backtrace::<std[617be2ca0a6fd877]::panicking::panic_handler::{closure#0}, !>
[INFO] [stdout]    9:     0x633126def1cd - __rustc[ea4f61d10b84890b]::rust_begin_unwind
[INFO] [stdout]   10:     0x633126e26b5c - core[a373ad73a504971]::panicking::panic_fmt
[INFO] [stdout]   11:     0x633126d974b9 - cli[32c6cd6db0af0015]::run
[INFO] [stdout]   12:     0x633126d98925 - <cli[32c6cd6db0af0015]::validate_accepts_good_and_rejects_bad::{closure#0} as core[a373ad73a504971]::ops::function::FnOnce<()>>::call_once
[INFO] [stdout]   13:     0x633126d9a23b - test[aada8e7e76ba119b]::__rust_begin_short_backtrace::<core[a373ad73a504971]::result::Result<(), alloc[2e1b2a31b91974c5]::string::String>, fn() -> core[a373ad73a504971]::result::Result<(), alloc[2e1b2a31b91974c5]::string::String>>
[INFO] [stdout]   14:     0x633126da7415 - test[aada8e7e76ba119b]::run_test::{closure#0}
[INFO] [stdout]   15:     0x633126da0d04 - std[617be2ca0a6fd877]::sys::backtrace::__rust_begin_short_backtrace::<test[aada8e7e76ba119b]::run_test::{closure#1}, ()>
[INFO] [stdout]   16:     0x633126daa4a2 - <std[617be2ca0a6fd877]::thread::lifecycle::spawn_unchecked<test[aada8e7e76ba119b]::run_test::{closure#1}, ()>::{closure#1} as core[a373ad73a504971]::ops::function::FnOnce<()>>::call_once::{shim:vtable#0}
[INFO] [stdout]   17:     0x633126e11d8f - <std[617be2ca0a6fd877]::sys::thread::unix::Thread>::new::thread_start
[INFO] [stdout]   18:     0x70e54683cdfa - <unknown>
[INFO] [stdout]   19:     0x70e5468d03d4 - clone
[INFO] [stdout]   20:                0x0 - <unknown>
[INFO] [stdout] 
[INFO] [stdout] ---- unknown_command_is_rejected stdout ----
[INFO] [stdout] 
[INFO] [stdout] thread 'unknown_command_is_rejected' (1253) panicked at core/tests/cli.rs:25:29:
[INFO] [stdout] failed to run "/opt/rustwide/target/release/build/croniter-core/01095b77c979989c/out/croniter": No such file or directory (os error 2)
[INFO] [stdout] stack backtrace:
[INFO] [stdout]    0:     0x633126e12531 - <<std[617be2ca0a6fd877]::sys::backtrace::BacktraceLock>::print::DisplayBacktrace as core[a373ad73a504971]::fmt::Display>::fmt
[INFO] [stdout]    1:     0x633126e2642a - core[a373ad73a504971]::fmt::write
[INFO] [stdout]    2:     0x633126e1674c - <alloc[2e1b2a31b91974c5]::vec::Vec<u8> as core[a373ad73a504971]::io::write::Write>::write_fmt
[INFO] [stdout]    3:     0x633126dee516 - std[617be2ca0a6fd877]::panicking::default_hook::{closure#0}
[INFO] [stdout]    4:     0x633126e0abc9 - std[617be2ca0a6fd877]::panicking::default_hook
[INFO] [stdout]    5:     0x633126da6df0 - test[aada8e7e76ba119b]::test_main_inner::{closure#0}
[INFO] [stdout]    6:     0x633126e0ad82 - std[617be2ca0a6fd877]::panicking::panic_with_hook
[INFO] [stdout]    7:     0x633126dee5c2 - std[617be2ca0a6fd877]::panicking::panic_handler::{closure#0}
[INFO] [stdout]    8:     0x633126de72d9 - std[617be2ca0a6fd877]::sys::backtrace::__rust_end_short_backtrace::<std[617be2ca0a6fd877]::panicking::panic_handler::{closure#0}, !>
[INFO] [stdout]    9:     0x633126def1cd - __rustc[ea4f61d10b84890b]::rust_begin_unwind
[INFO] [stdout]   10:     0x633126e26b5c - core[a373ad73a504971]::panicking::panic_fmt
[INFO] [stdout]   11:     0x633126d974b9 - cli[32c6cd6db0af0015]::run
[INFO] [stdout]   12:     0x633126d986fe - <cli[32c6cd6db0af0015]::unknown_command_is_rejected::{closure#0} as core[a373ad73a504971]::ops::function::FnOnce<()>>::call_once
[INFO] [stdout]   13:     0x633126d9a23b - test[aada8e7e76ba119b]::__rust_begin_short_backtrace::<core[a373ad73a504971]::result::Result<(), alloc[2e1b2a31b91974c5]::string::String>, fn() -> core[a373ad73a504971]::result::Result<(), alloc[2e1b2a31b91974c5]::string::String>>
[INFO] [stdout]   14:     0x633126da7415 - test[aada8e7e76ba119b]::run_test::{closure#0}
[INFO] [stdout]   15:     0x633126da0d04 - std[617be2ca0a6fd877]::sys::backtrace::__rust_begin_short_backtrace::<test[aada8e7e76ba119b]::run_test::{closure#1}, ()>
[INFO] [stdout]   16:     0x633126daa4a2 - <std[617be2ca0a6fd877]::thread::lifecycle::spawn_unchecked<test[aada8e7e76ba119b]::run_test::{closure#1}, ()>::{closure#1} as core[a373ad73a504971]::ops::function::FnOnce<()>>::call_once::{shim:vtable#0}
[INFO] [stdout]   17:     0x633126e11d8f - <std[617be2ca0a6fd877]::sys::thread::unix::Thread>::new::thread_start
[INFO] [stdout]   18:     0x70e54683cdfa - <unknown>
[INFO] [stdout]   19:     0x70e5468d03d4 - clone
[INFO] [stdout]   20:                0x0 - <unknown>
[INFO] [stdout] 
[INFO] [stdout] ---- next_weekdays_at_nine stdout ----
[INFO] [stdout] 
[INFO] [stdout] thread 'next_weekdays_at_nine' (1249) panicked at core/tests/cli.rs:25:29:
[INFO] [stdout] failed to run "/opt/rustwide/target/release/build/croniter-core/01095b77c979989c/out/croniter": No such file or directory (os error 2)
[INFO] [stdout] stack backtrace:
[INFO] [stdout]    0:     0x633126e12531 - <<std[617be2ca0a6fd877]::sys::backtrace::BacktraceLock>::print::DisplayBacktrace as core[a373ad73a504971]::fmt::Display>::fmt
[INFO] [stdout]    1:     0x633126e2642a - core[a373ad73a504971]::fmt::write
[INFO] [stdout]    2:     0x633126e1674c - <alloc[2e1b2a31b91974c5]::vec::Vec<u8> as core[a373ad73a504971]::io::write::Write>::write_fmt
[INFO] [stdout]    3:     0x633126dee516 - std[617be2ca0a6fd877]::panicking::default_hook::{closure#0}
[INFO] [stdout]    4:     0x633126e0abc9 - std[617be2ca0a6fd877]::panicking::default_hook
[INFO] [stdout]    5:     0x633126da6df0 - test[aada8e7e76ba119b]::test_main_inner::{closure#0}
[INFO] [stdout]    6:     0x633126e0ad82 - std[617be2ca0a6fd877]::panicking::panic_with_hook
[INFO] [stdout]    7:     0x633126dee5c2 - std[617be2ca0a6fd877]::panicking::panic_handler::{closure#0}
[INFO] [stdout]    8:     0x633126de72d9 - std[617be2ca0a6fd877]::sys::backtrace::__rust_end_short_backtrace::<std[617be2ca0a6fd877]::panicking::panic_handler::{closure#0}, !>
[INFO] [stdout]    9:     0x633126def1cd - __rustc[ea4f61d10b84890b]::rust_begin_unwind
[INFO] [stdout]   10:     0x633126e26b5c - core[a373ad73a504971]::panicking::panic_fmt
[INFO] [stdout]   11:     0x633126d974b9 - cli[32c6cd6db0af0015]::run
[INFO] [stdout]   12:     0x633126d97099 - cli[32c6cd6db0af0015]::stdout_lines
[INFO] [stdout]   13:     0x633126d9823e - <cli[32c6cd6db0af0015]::next_weekdays_at_nine::{closure#0} as core[a373ad73a504971]::ops::function::FnOnce<()>>::call_once
[INFO] [stdout]   14:     0x633126d9a23b - test[aada8e7e76ba119b]::__rust_begin_short_backtrace::<core[a373ad73a504971]::result::Result<(), alloc[2e1b2a31b91974c5]::string::String>, fn() -> core[a373ad73a504971]::result::Result<(), alloc[2e1b2a31b91974c5]::string::String>>
[INFO] [stdout]   15:     0x633126da7415 - test[aada8e7e76ba119b]::run_test::{closure#0}
[INFO] [stdout]   16:     0x633126da0d04 - std[617be2ca0a6fd877]::sys::backtrace::__rust_begin_short_backtrace::<test[aada8e7e76ba119b]::run_test::{closure#1}, ()>
[INFO] [stdout]   17:     0x633126daa4a2 - <std[617be2ca0a6fd877]::thread::lifecycle::spawn_unchecked<test[aada8e7e76ba119b]::run_test::{closure#1}, ()>::{closure#1} as core[a373ad73a504971]::ops::function::FnOnce<()>>::call_once::{shim:vtable#0}
[INFO] [stdout]   18:     0x633126e11d8f - <std[617be2ca0a6fd877]::sys::thread::unix::Thread>::new::thread_start
[INFO] [stdout]   19:     0x70e54683cdfa - <unknown>
[INFO] [stdout]   20:     0x70e5468d03d4 - clone
[INFO] [stdout]   21:                0x0 - <unknown>
[INFO] [stdout] 
[INFO] [stdout] ---- bench_is_deterministic_and_matches_the_python_checksum stdout ----
[INFO] [stdout] 
[INFO] [stdout] thread 'bench_is_deterministic_and_matches_the_python_checksum' (1243) panicked at core/tests/cli.rs:25:29:
[INFO] [stdout] failed to run "/opt/rustwide/target/release/build/croniter-core/01095b77c979989c/out/croniter": No such file or directory (os error 2)
[INFO] [stdout] stack backtrace:
[INFO] [stdout]    0:     0x633126e12531 - <<std[617be2ca0a6fd877]::sys::backtrace::BacktraceLock>::print::DisplayBacktrace as core[a373ad73a504971]::fmt::Display>::fmt
[INFO] [stdout]    1:     0x633126e2642a - core[a373ad73a504971]::fmt::write
[INFO] [stdout]    2:     0x633126e1674c - <alloc[2e1b2a31b91974c5]::vec::Vec<u8> as core[a373ad73a504971]::io::write::Write>::write_fmt
[INFO] [stdout]    3:     0x633126dee516 - std[617be2ca0a6fd877]::panicking::default_hook::{closure#0}
[INFO] [stdout]    4:     0x633126e0abc9 - std[617be2ca0a6fd877]::panicking::default_hook
[INFO] [stdout]    5:     0x633126da6df0 - test[aada8e7e76ba119b]::test_main_inner::{closure#0}
[INFO] [stdout]    6:     0x633126e0ad82 - std[617be2ca0a6fd877]::panicking::panic_with_hook
[INFO] [stdout]    7:     0x633126dee5c2 - std[617be2ca0a6fd877]::panicking::panic_handler::{closure#0}
[INFO] [stdout]    8:     0x633126de72d9 - std[617be2ca0a6fd877]::sys::backtrace::__rust_end_short_backtrace::<std[617be2ca0a6fd877]::panicking::panic_handler::{closure#0}, !>
[INFO] [stdout]    9:     0x633126def1cd - __rustc[ea4f61d10b84890b]::rust_begin_unwind
[INFO] [stdout]   10:     0x633126e26b5c - core[a373ad73a504971]::panicking::panic_fmt
[INFO] [stdout]   11:     0x633126d974b9 - cli[32c6cd6db0af0015]::run
[INFO] [stdout]   12:     0x633126d97099 - cli[32c6cd6db0af0015]::stdout_lines
[INFO] [stdout]   13:     0x633126d98ef2 - <cli[32c6cd6db0af0015]::bench_is_deterministic_and_matches_the_python_checksum::{closure#0} as core[a373ad73a504971]::ops::function::FnOnce<()>>::call_once
[INFO] [stdout]   14:     0x633126d9a23b - test[aada8e7e76ba119b]::__rust_begin_short_backtrace::<core[a373ad73a504971]::result::Result<(), alloc[2e1b2a31b91974c5]::string::String>, fn() -> core[a373ad73a504971]::result::Result<(), alloc[2e1b2a31b91974c5]::string::String>>
[INFO] [stdout]   15:     0x633126da7415 - test[aada8e7e76ba119b]::run_test::{closure#0}
[INFO] [stdout]   16:     0x633126da0d04 - std[617be2ca0a6fd877]::sys::backtrace::__rust_begin_short_backtrace::<test[aada8e7e76ba119b]::run_test::{closure#1}, ()>
[INFO] [stdout]   17:     0x633126daa4a2 - <std[617be2ca0a6fd877]::thread::lifecycle::spawn_unchecked<test[aada8e7e76ba119b]::run_test::{closure#1}, ()>::{closure#1} as core[a373ad73a504971]::ops::function::FnOnce<()>>::call_once::{shim:vtable#0}
[INFO] [stdout]   18:     0x633126e11d8f - <std[617be2ca0a6fd877]::sys::thread::unix::Thread>::new::thread_start
[INFO] [stdout]   19:     0x70e54683cdfa - <unknown>
[INFO] [stdout]   20:     0x70e5468d03d4 - clone
[INFO] [stdout]   21:                0x0 - <unknown>
[INFO] [stdout] 
[INFO] [stdout] ---- no_arguments_is_an_error_not_a_panic stdout ----
[INFO] [stdout] 
[INFO] [stdout] thread 'no_arguments_is_an_error_not_a_panic' (1250) panicked at core/tests/cli.rs:25:29:
[INFO] [stdout] failed to run "/opt/rustwide/target/release/build/croniter-core/01095b77c979989c/out/croniter": No such file or directory (os error 2)
[INFO] [stdout] stack backtrace:
[INFO] [stdout]    0:     0x633126e12531 - <<std[617be2ca0a6fd877]::sys::backtrace::BacktraceLock>::print::DisplayBacktrace as core[a373ad73a504971]::fmt::Display>::fmt
[INFO] [stdout]    1:     0x633126e2642a - core[a373ad73a504971]::fmt::write
[INFO] [stdout]    2:     0x633126e1674c - <alloc[2e1b2a31b91974c5]::vec::Vec<u8> as core[a373ad73a504971]::io::write::Write>::write_fmt
[INFO] [stdout]    3:     0x633126dee516 - std[617be2ca0a6fd877]::panicking::default_hook::{closure#0}
[INFO] [stdout]    4:     0x633126e0abc9 - std[617be2ca0a6fd877]::panicking::default_hook
[INFO] [stdout]    5:     0x633126da6df0 - test[aada8e7e76ba119b]::test_main_inner::{closure#0}
[INFO] [stdout]    6:     0x633126e0ad82 - std[617be2ca0a6fd877]::panicking::panic_with_hook
[INFO] [stdout]    7:     0x633126dee5c2 - std[617be2ca0a6fd877]::panicking::panic_handler::{closure#0}
[INFO] [stdout]    8:     0x633126de72d9 - std[617be2ca0a6fd877]::sys::backtrace::__rust_end_short_backtrace::<std[617be2ca0a6fd877]::panicking::panic_handler::{closure#0}, !>
[INFO] [stdout]    9:     0x633126def1cd - __rustc[ea4f61d10b84890b]::rust_begin_unwind
[INFO] [stdout]   10:     0x633126e26b5c - core[a373ad73a504971]::panicking::panic_fmt
[INFO] [stdout]   11:     0x633126d974b9 - cli[32c6cd6db0af0015]::run
[INFO] [stdout]   12:     0x633126d9879f - <cli[32c6cd6db0af0015]::no_arguments_is_an_error_not_a_panic::{closure#0} as core[a373ad73a504971]::ops::function::FnOnce<()>>::call_once
[INFO] [stdout]   13:     0x633126d9a23b - test[aada8e7e76ba119b]::__rust_begin_short_backtrace::<core[a373ad73a504971]::result::Result<(), alloc[2e1b2a31b91974c5]::string::String>, fn() -> core[a373ad73a504971]::result::Result<(), alloc[2e1b2a31b91974c5]::string::String>>
[INFO] [stdout]   14:     0x633126da7415 - test[aada8e7e76ba119b]::run_test::{closure#0}
[INFO] [stdout]   15:     0x633126da0d04 - std[617be2ca0a6fd877]::sys::backtrace::__rust_begin_short_backtrace::<test[aada8e7e76ba119b]::run_test::{closure#1}, ()>
[INFO] [stdout]   16:     0x633126daa4a2 - <std[617be2ca0a6fd877]::thread::lifecycle::spawn_unchecked<test[aada8e7e76ba119b]::run_test::{closure#1}, ()>::{closure#1} as core[a373ad73a504971]::ops::function::FnOnce<()>>::call_once::{shim:vtable#0}
[INFO] [stdout]   17:     0x633126e11d8f - <std[617be2ca0a6fd877]::sys::thread::unix::Thread>::new::thread_start
[INFO] [stdout]   18:     0x70e54683cdfa - <unknown>
[INFO] [stdout]   19:     0x70e5468d03d4 - clone
[INFO] [stdout]   20:                0x0 - <unknown>
[INFO] [stdout] 
[INFO] [stdout] ---- match_reports_hit_and_miss_via_exit_code stdout ----
[INFO] [stdout] 
[INFO] [stdout] thread 'match_reports_hit_and_miss_via_exit_code' (1245) panicked at core/tests/cli.rs:25:29:
[INFO] [stdout] failed to run "/opt/rustwide/target/release/build/croniter-core/01095b77c979989c/out/croniter": No such file or directory (os error 2)
[INFO] [stdout] stack backtrace:
[INFO] [stdout]    0:     0x633126e12531 - <<std[617be2ca0a6fd877]::sys::backtrace::BacktraceLock>::print::DisplayBacktrace as core[a373ad73a504971]::fmt::Display>::fmt
[INFO] [stdout]    1:     0x633126e2642a - core[a373ad73a504971]::fmt::write
[INFO] [stdout]    2:     0x633126e1674c - <alloc[2e1b2a31b91974c5]::vec::Vec<u8> as core[a373ad73a504971]::io::write::Write>::write_fmt
[INFO] [stdout]    3:     0x633126dee516 - std[617be2ca0a6fd877]::panicking::default_hook::{closure#0}
[INFO] [stdout]    4:     0x633126e0abc9 - std[617be2ca0a6fd877]::panicking::default_hook
[INFO] [stdout]    5:     0x633126da6df0 - test[aada8e7e76ba119b]::test_main_inner::{closure#0}
[INFO] [stdout]    6:     0x633126e0ad82 - std[617be2ca0a6fd877]::panicking::panic_with_hook
[INFO] [stdout]    7:     0x633126dee5c2 - std[617be2ca0a6fd877]::panicking::panic_handler::{closure#0}
[INFO] [stdout]    8:     0x633126de72d9 - std[617be2ca0a6fd877]::sys::backtrace::__rust_end_short_backtrace::<std[617be2ca0a6fd877]::panicking::panic_handler::{closure#0}, !>
[INFO] [stdout]    9:     0x633126def1cd - __rustc[ea4f61d10b84890b]::rust_begin_unwind
[INFO] [stdout]   10:     0x633126e26b5c - core[a373ad73a504971]::panicking::panic_fmt
[INFO] [stdout]   11:     0x633126d974b9 - cli[32c6cd6db0af0015]::run
[INFO] [stdout]   12:     0x633126d98b37 - <cli[32c6cd6db0af0015]::match_reports_hit_and_miss_via_exit_code::{closure#0} as core[a373ad73a504971]::ops::function::FnOnce<()>>::call_once
[INFO] [stdout]   13:     0x633126d9a23b - test[aada8e7e76ba119b]::__rust_begin_short_backtrace::<core[a373ad73a504971]::result::Result<(), alloc[2e1b2a31b91974c5]::string::String>, fn() -> core[a373ad73a504971]::result::Result<(), alloc[2e1b2a31b91974c5]::string::String>>
[INFO] [stdout]   14:     0x633126da7415 - test[aada8e7e76ba119b]::run_test::{closure#0}
[INFO] [stdout]   15:     0x633126da0d04 - std[617be2ca0a6fd877]::sys::backtrace::__rust_begin_short_backtrace::<test[aada8e7e76ba119b]::run_test::{closure#1}, ()>
[INFO] [stdout]   16:     0x633126daa4a2 - <std[617be2ca0a6fd877]::thread::lifecycle::spawn_unchecked<test[aada8e7e76ba119b]::run_test::{closure#1}, ()>::{closure#1} as core[a373ad73a504971]::ops::function::FnOnce<()>>::call_once::{shim:vtable#0}
[INFO] [stdout]   17:     0x633126e11d8f - <std[617be2ca0a6fd877]::sys::thread::unix::Thread>::new::thread_start
[INFO] [stdout]   18:     0x70e54683cdfa - <unknown>
[INFO] [stdout]   19:     0x70e5468d03d4 - clone
[INFO] [stdout]   20:                0x0 - <unknown>
[INFO] [stdout] 
[INFO] [stdout] ---- next_nearest_weekday stdout ----
[INFO] [stdout] 
[INFO] [stdout] thread 'next_nearest_weekday' (1247) panicked at core/tests/cli.rs:25:29:
[INFO] [stdout] failed to run "/opt/rustwide/target/release/build/croniter-core/01095b77c979989c/out/croniter": No such file or directory (os error 2)
[INFO] [stdout] stack backtrace:
[INFO] [stdout]    0:     0x633126e12531 - <<std[617be2ca0a6fd877]::sys::backtrace::BacktraceLock>::print::DisplayBacktrace as core[a373ad73a504971]::fmt::Display>::fmt
[INFO] [stdout]    1:     0x633126e2642a - core[a373ad73a504971]::fmt::write
[INFO] [stdout]    2:     0x633126e1674c - <alloc[2e1b2a31b91974c5]::vec::Vec<u8> as core[a373ad73a504971]::io::write::Write>::write_fmt
[INFO] [stdout]    3:     0x633126dee516 - std[617be2ca0a6fd877]::panicking::default_hook::{closure#0}
[INFO] [stdout]    4:     0x633126e0abc9 - std[617be2ca0a6fd877]::panicking::default_hook
[INFO] [stdout]    5:     0x633126da6df0 - test[aada8e7e76ba119b]::test_main_inner::{closure#0}
[INFO] [stdout]    6:     0x633126e0ad82 - std[617be2ca0a6fd877]::panicking::panic_with_hook
[INFO] [stdout]    7:     0x633126dee5c2 - std[617be2ca0a6fd877]::panicking::panic_handler::{closure#0}
[INFO] [stdout]    8:     0x633126de72d9 - std[617be2ca0a6fd877]::sys::backtrace::__rust_end_short_backtrace::<std[617be2ca0a6fd877]::panicking::panic_handler::{closure#0}, !>
[INFO] [stdout]    9:     0x633126def1cd - __rustc[ea4f61d10b84890b]::rust_begin_unwind
[INFO] [stdout]   10:     0x633126e26b5c - core[a373ad73a504971]::panicking::panic_fmt
[INFO] [stdout]   11:     0x633126d974b9 - cli[32c6cd6db0af0015]::run
[INFO] [stdout]   12:     0x633126d97099 - cli[32c6cd6db0af0015]::stdout_lines
[INFO] [stdout]   13:     0x633126d97fce - <cli[32c6cd6db0af0015]::next_nearest_weekday::{closure#0} as core[a373ad73a504971]::ops::function::FnOnce<()>>::call_once
[INFO] [stdout]   14:     0x633126d9a23b - test[aada8e7e76ba119b]::__rust_begin_short_backtrace::<core[a373ad73a504971]::result::Result<(), alloc[2e1b2a31b91974c5]::string::String>, fn() -> core[a373ad73a504971]::result::Result<(), alloc[2e1b2a31b91974c5]::string::String>>
[INFO] [stdout]   15:     0x633126da7415 - test[aada8e7e76ba119b]::run_test::{closure#0}
[INFO] [stdout]   16:     0x633126da0d04 - std[617be2ca0a6fd877]::sys::backtrace::__rust_begin_short_backtrace::<test[aada8e7e76ba119b]::run_test::{closure#1}, ()>
[INFO] [stdout]   17:     0x633126daa4a2 - <std[617be2ca0a6fd877]::thread::lifecycle::spawn_unchecked<test[aada8e7e76ba119b]::run_test::{closure#1}, ()>::{closure#1} as core[a373ad73a504971]::ops::function::FnOnce<()>>::call_once::{shim:vtable#0}
[INFO] [stdout]   18:     0x633126e11d8f - <std[617be2ca0a6fd877]::sys::thread::unix::Thread>::new::thread_start
[INFO] [stdout]   19:     0x70e54683cdfa - <unknown>
[INFO] [stdout]   20:     0x70e5468d03d4 - clone
[INFO] [stdout]   21:                0x0 - <unknown>
[INFO] [stdout] 
[INFO] [stdout] ---- range_includes_both_ends stdout ----
[INFO] [stdout] 
[INFO] [stdout] thread 'range_includes_both_ends' (1252) panicked at core/tests/cli.rs:25:29:
[INFO] [stdout] failed to run "/opt/rustwide/target/release/build/croniter-core/01095b77c979989c/out/croniter": No such file or directory (os error 2)
[INFO] [stdout] stack backtrace:
[INFO] [stdout]    0:     0x633126e12531 - <<std[617be2ca0a6fd877]::sys::backtrace::BacktraceLock>::print::DisplayBacktrace as core[a373ad73a504971]::fmt::Display>::fmt
[INFO] [stdout]    1:     0x633126e2642a - core[a373ad73a504971]::fmt::write
[INFO] [stdout]    2:     0x633126e1674c - <alloc[2e1b2a31b91974c5]::vec::Vec<u8> as core[a373ad73a504971]::io::write::Write>::write_fmt
[INFO] [stdout]    3:     0x633126dee516 - std[617be2ca0a6fd877]::panicking::default_hook::{closure#0}
[INFO] [stdout]    4:     0x633126e0abc9 - std[617be2ca0a6fd877]::panicking::default_hook
[INFO] [stdout]    5:     0x633126da6df0 - test[aada8e7e76ba119b]::test_main_inner::{closure#0}
[INFO] [stdout]    6:     0x633126e0ad82 - std[617be2ca0a6fd877]::panicking::panic_with_hook
[INFO] [stdout]    7:     0x633126dee5c2 - std[617be2ca0a6fd877]::panicking::panic_handler::{closure#0}
[INFO] [stdout]    8:     0x633126de72d9 - std[617be2ca0a6fd877]::sys::backtrace::__rust_end_short_backtrace::<std[617be2ca0a6fd877]::panicking::panic_handler::{closure#0}, !>
[INFO] [stdout]    9:     0x633126def1cd - __rustc[ea4f61d10b84890b]::rust_begin_unwind
[INFO] [stdout]   10:     0x633126e26b5c - core[a373ad73a504971]::panicking::panic_fmt
[INFO] [stdout]   11:     0x633126d974b9 - cli[32c6cd6db0af0015]::run
[INFO] [stdout]   12:     0x633126d97099 - cli[32c6cd6db0af0015]::stdout_lines
[INFO] [stdout]   13:     0x633126d983ce - <cli[32c6cd6db0af0015]::range_includes_both_ends::{closure#0} as core[a373ad73a504971]::ops::function::FnOnce<()>>::call_once
[INFO] [stdout]   14:     0x633126d9a23b - test[aada8e7e76ba119b]::__rust_begin_short_backtrace::<core[a373ad73a504971]::result::Result<(), alloc[2e1b2a31b91974c5]::string::String>, fn() -> core[a373ad73a504971]::result::Result<(), alloc[2e1b2a31b91974c5]::string::String>>
[INFO] [stdout]   15:     0x633126da7415 - test[aada8e7e76ba119b]::run_test::{closure#0}
[INFO] [stdout]   16:     0x633126da0d04 - std[617be2ca0a6fd877]::sys::backtrace::__rust_begin_short_backtrace::<test[aada8e7e76ba119b]::run_test::{closure#1}, ()>
[INFO] [stdout]   17:     0x633126daa4a2 - <std[617be2ca0a6fd877]::thread::lifecycle::spawn_unchecked<test[aada8e7e76ba119b]::run_test::{closure#1}, ()>::{closure#1} as core[a373ad73a504971]::ops::function::FnOnce<()>>::call_once::{shim:vtable#0}
[INFO] [stdout]   18:     0x633126e11d8f - <std[617be2ca0a6fd877]::sys::thread::unix::Thread>::new::thread_start
[INFO] [stdout]   19:     0x70e54683cdfa - <unknown>
[INFO] [stdout]   20:     0x70e5468d03d4 - clone
[INFO] [stdout]   21:                0x0 - <unknown>
[INFO] [stdout] 
[INFO] [stdout] ---- help_prints_usage_to_stdout stdout ----
[INFO] [stdout] 
[INFO] [stdout] thread 'help_prints_usage_to_stdout' (1244) panicked at core/tests/cli.rs:25:29:
[INFO] [stdout] failed to run "/opt/rustwide/target/release/build/croniter-core/01095b77c979989c/out/croniter": No such file or directory (os error 2)
[INFO] [stdout] stack backtrace:
[INFO] [stdout]    0:     0x633126e12531 - <<std[617be2ca0a6fd877]::sys::backtrace::BacktraceLock>::print::DisplayBacktrace as core[a373ad73a504971]::fmt::Display>::fmt
[INFO] [stdout]    1:     0x633126e2642a - core[a373ad73a504971]::fmt::write
[INFO] [stdout]    2:     0x633126e1674c - <alloc[2e1b2a31b91974c5]::vec::Vec<u8> as core[a373ad73a504971]::io::write::Write>::write_fmt
[INFO] [stdout]    3:     0x633126dee516 - std[617be2ca0a6fd877]::panicking::default_hook::{closure#0}
[INFO] [stdout]    4:     0x633126e0abc9 - std[617be2ca0a6fd877]::panicking::default_hook
[INFO] [stdout]    5:     0x633126da6df0 - test[aada8e7e76ba119b]::test_main_inner::{closure#0}
[INFO] [stdout]    6:     0x633126e0ad82 - std[617be2ca0a6fd877]::panicking::panic_with_hook
[INFO] [stdout]    7:     0x633126dee5c2 - std[617be2ca0a6fd877]::panicking::panic_handler::{closure#0}
[INFO] [stdout]    8:     0x633126de72d9 - std[617be2ca0a6fd877]::sys::backtrace::__rust_end_short_backtrace::<std[617be2ca0a6fd877]::panicking::panic_handler::{closure#0}, !>
[INFO] [stdout]    9:     0x633126def1cd - __rustc[ea4f61d10b84890b]::rust_begin_unwind
[INFO] [stdout]   10:     0x633126e26b5c - core[a373ad73a504971]::panicking::panic_fmt
[INFO] [stdout]   11:     0x633126d974b9 - cli[32c6cd6db0af0015]::run
[INFO] [stdout]   12:     0x633126d985b2 - <cli[32c6cd6db0af0015]::help_prints_usage_to_stdout::{closure#0} as core[a373ad73a504971]::ops::function::FnOnce<()>>::call_once
[INFO] [stdout]   13:     0x633126d9a23b - test[aada8e7e76ba119b]::__rust_begin_short_backtrace::<core[a373ad73a504971]::result::Result<(), alloc[2e1b2a31b91974c5]::string::String>, fn() -> core[a373ad73a504971]::result::Result<(), alloc[2e1b2a31b91974c5]::string::String>>
[INFO] [stdout]   14:     0x633126da7415 - test[aada8e7e76ba119b]::run_test::{closure#0}
[INFO] [stdout]   15:     0x633126da0d04 - std[617be2ca0a6fd877]::sys::backtrace::__rust_begin_short_backtrace::<test[aada8e7e76ba119b]::run_test::{closure#1}, ()>
[INFO] [stdout]   16:     0x633126daa4a2 - <std[617be2ca0a6fd877]::thread::lifecycle::spawn_unchecked<test[aada8e7e76ba119b]::run_test::{closure#1}, ()>::{closure#1} as core[a373ad73a504971]::ops::function::FnOnce<()>>::call_once::{shim:vtable#0}
[INFO] [stdout]   17:     0x633126e11d8f - <std[617be2ca0a6fd877]::sys::thread::unix::Thread>::new::thread_start
[INFO] [stdout]   18:     0x70e54683cdfa - <unknown>
[INFO] [stdout]   19:     0x70e5468d03d4 - clone
[INFO] [stdout]   20:                0x0 - <unknown>
[INFO] [stdout] 
[INFO] [stdout] ---- next_last_day_of_month_handles_leap_february stdout ----
[INFO] [stdout] 
[INFO] [stdout] thread 'next_last_day_of_month_handles_leap_february' (1246) panicked at core/tests/cli.rs:25:29:
[INFO] [stdout] failed to run "/opt/rustwide/target/release/build/croniter-core/01095b77c979989c/out/croniter": No such file or directory (os error 2)
[INFO] [stdout] stack backtrace:
[INFO] [stdout]    0:     0x633126e12531 - <<std[617be2ca0a6fd877]::sys::backtrace::BacktraceLock>::print::DisplayBacktrace as core[a373ad73a504971]::fmt::Display>::fmt
[INFO] [stdout]    1:     0x633126e2642a - core[a373ad73a504971]::fmt::write
[INFO] [stdout]    2:     0x633126e1674c - <alloc[2e1b2a31b91974c5]::vec::Vec<u8> as core[a373ad73a504971]::io::write::Write>::write_fmt
[INFO] [stdout]    3:     0x633126dee516 - std[617be2ca0a6fd877]::panicking::default_hook::{closure#0}
[INFO] [stdout]    4:     0x633126e0abc9 - std[617be2ca0a6fd877]::panicking::default_hook
[INFO] [stdout]    5:     0x633126da6df0 - test[aada8e7e76ba119b]::test_main_inner::{closure#0}
[INFO] [stdout]    6:     0x633126e0ad82 - std[617be2ca0a6fd877]::panicking::panic_with_hook
[INFO] [stdout]    7:     0x633126dee5c2 - std[617be2ca0a6fd877]::panicking::panic_handler::{closure#0}
[INFO] [stdout]    8:     0x633126de72d9 - std[617be2ca0a6fd877]::sys::backtrace::__rust_end_short_backtrace::<std[617be2ca0a6fd877]::panicking::panic_handler::{closure#0}, !>
[INFO] [stdout]    9:     0x633126def1cd - __rustc[ea4f61d10b84890b]::rust_begin_unwind
[INFO] [stdout]   10:     0x633126e26b5c - core[a373ad73a504971]::panicking::panic_fmt
[INFO] [stdout]   11:     0x633126d974b9 - cli[32c6cd6db0af0015]::run
[INFO] [stdout]   12:     0x633126d97099 - cli[32c6cd6db0af0015]::stdout_lines
[INFO] [stdout]   13:     0x633126d98dbe - <cli[32c6cd6db0af0015]::next_last_day_of_month_handles_leap_february::{closure#0} as core[a373ad73a504971]::ops::function::FnOnce<()>>::call_once
[INFO] [stdout]   14:     0x633126d9a23b - test[aada8e7e76ba119b]::__rust_begin_short_backtrace::<core[a373ad73a504971]::result::Result<(), alloc[2e1b2a31b91974c5]::string::String>, fn() -> core[a373ad73a504971]::result::Result<(), alloc[2e1b2a31b91974c5]::string::String>>
[INFO] [stdout]   15:     0x633126da7415 - test[aada8e7e76ba119b]::run_test::{closure#0}
[INFO] [stdout]   16:     0x633126da0d04 - std[617be2ca0a6fd877]::sys::backtrace::__rust_begin_short_backtrace::<test[aada8e7e76ba119b]::run_test::{closure#1}, ()>
[INFO] [stdout]   17:     0x633126daa4a2 - <std[617be2ca0a6fd877]::thread::lifecycle::spawn_unchecked<test[aada8e7e76ba119b]::run_test::{closure#1}, ()>::{closure#1} as core[a373ad73a504971]::ops::function::FnOnce<()>>::call_once::{shim:vtable#0}
[INFO] [stdout]   18:     0x633126e11d8f - <std[617be2ca0a6fd877]::sys::thread::unix::Thread>::new::thread_start
[INFO] [stdout]   19:     0x70e54683cdfa - <unknown>
[INFO] [stdout]   20:     0x70e5468d03d4 - clone
[INFO] [stdout]   21:                0x0 - <unknown>
[INFO] [stdout] 
[INFO] [stdout] ---- prev_walks_backwards stdout ----
[INFO] [stdout] 
[INFO] [stdout] thread 'prev_walks_backwards' (1251) panicked at core/tests/cli.rs:25:29:
[INFO] [stdout] failed to run "/opt/rustwide/target/release/build/croniter-core/01095b77c979989c/out/croniter": No such file or directory (os error 2)
[INFO] [stdout] stack backtrace:
[INFO] [stdout]    0:     0x633126e12531 - <<std[617be2ca0a6fd877]::sys::backtrace::BacktraceLock>::print::DisplayBacktrace as core[a373ad73a504971]::fmt::Display>::fmt
[INFO] [stdout]    1:     0x633126e2642a - core[a373ad73a504971]::fmt::write
[INFO] [stdout]    2:     0x633126e1674c - <alloc[2e1b2a31b91974c5]::vec::Vec<u8> as core[a373ad73a504971]::io::write::Write>::write_fmt
[INFO] [stdout]    3:     0x633126dee516 - std[617be2ca0a6fd877]::panicking::default_hook::{closure#0}
[INFO] [stdout]    4:     0x633126e0abc9 - std[617be2ca0a6fd877]::panicking::default_hook
[INFO] [stdout]    5:     0x633126da6df0 - test[aada8e7e76ba119b]::test_main_inner::{closure#0}
[INFO] [stdout]    6:     0x633126e0ad82 - std[617be2ca0a6fd877]::panicking::panic_with_hook
[INFO] [stdout]    7:     0x633126dee5c2 - std[617be2ca0a6fd877]::panicking::panic_handler::{closure#0}
[INFO] [stdout]    8:     0x633126de72d9 - std[617be2ca0a6fd877]::sys::backtrace::__rust_end_short_backtrace::<std[617be2ca0a6fd877]::panicking::panic_handler::{closure#0}, !>
[INFO] [stdout]    9:     0x633126def1cd - __rustc[ea4f61d10b84890b]::rust_begin_unwind
[INFO] [stdout]   10:     0x633126e26b5c - core[a373ad73a504971]::panicking::panic_fmt
[INFO] [stdout]   11:     0x633126d974b9 - cli[32c6cd6db0af0015]::run
[INFO] [stdout]   12:     0x633126d97099 - cli[32c6cd6db0af0015]::stdout_lines
[INFO] [stdout]   13:     0x633126d980ae - <cli[32c6cd6db0af0015]::prev_walks_backwards::{closure#0} as core[a373ad73a504971]::ops::function::FnOnce<()>>::call_once
[INFO] [stdout]   14:     0x633126d9a23b - test[aada8e7e76ba119b]::__rust_begin_short_backtrace::<core[a373ad73a504971]::result::Result<(), alloc[2e1b2a31b91974c5]::string::String>, fn() -> core[a373ad73a504971]::result::Result<(), alloc[2e1b2a31b91974c5]::string::String>>
[INFO] [stdout]   15:     0x633126da7415 - test[aada8e7e76ba119b]::run_test::{closure#0}
[INFO] [stdout]   16:     0x633126da0d04 - std[617be2ca0a6fd877]::sys::backtrace::__rust_begin_short_backtrace::<test[aada8e7e76ba119b]::run_test::{closure#1}, ()>
[INFO] [stdout]   17:     0x633126daa4a2 - <std[617be2ca0a6fd877]::thread::lifecycle::spawn_unchecked<test[aada8e7e76ba119b]::run_test::{closure#1}, ()>::{closure#1} as core[a373ad73a504971]::ops::function::FnOnce<()>>::call_once::{shim:vtable#0}
[INFO] [stdout]   18:     0x633126e11d8f - <std[617be2ca0a6fd877]::sys::thread::unix::Thread>::new::thread_start
[INFO] [stdout]   19:     0x70e54683cdfa - <unknown>
[INFO] [stdout]   20:     0x70e5468d03d4 - clone
[INFO] [stdout]   21:                0x0 - <unknown>
[INFO] [stdout] 
[INFO] [stdout] ---- next_nth_weekday stdout ----
[INFO] [stdout] 
[INFO] [stdout] thread 'next_nth_weekday' (1248) panicked at core/tests/cli.rs:25:29:
[INFO] [stdout] failed to run "/opt/rustwide/target/release/build/croniter-core/01095b77c979989c/out/croniter": No such file or directory (os error 2)
[INFO] [stdout] stack backtrace:
[INFO] [stdout]    0:     0x633126e12531 - <<std[617be2ca0a6fd877]::sys::backtrace::BacktraceLock>::print::DisplayBacktrace as core[a373ad73a504971]::fmt::Display>::fmt
[INFO] [stdout]    1:     0x633126e2642a - core[a373ad73a504971]::fmt::write
[INFO] [stdout]    2:     0x633126e1674c - <alloc[2e1b2a31b91974c5]::vec::Vec<u8> as core[a373ad73a504971]::io::write::Write>::write_fmt
[INFO] [stdout]    3:     0x633126dee516 - std[617be2ca0a6fd877]::panicking::default_hook::{closure#0}
[INFO] [stdout]    4:     0x633126e0abc9 - std[617be2ca0a6fd877]::panicking::default_hook
[INFO] [stdout]    5:     0x633126da6df0 - test[aada8e7e76ba119b]::test_main_inner::{closure#0}
[INFO] [stdout]    6:     0x633126e0ad82 - std[617be2ca0a6fd877]::panicking::panic_with_hook
[INFO] [stdout]    7:     0x633126dee5c2 - std[617be2ca0a6fd877]::panicking::panic_handler::{closure#0}
[INFO] [stdout]    8:     0x633126de72d9 - std[617be2ca0a6fd877]::sys::backtrace::__rust_end_short_backtrace::<std[617be2ca0a6fd877]::panicking::panic_handler::{closure#0}, !>
[INFO] [stdout]    9:     0x633126def1cd - __rustc[ea4f61d10b84890b]::rust_begin_unwind
[INFO] [stdout]   10:     0x633126e26b5c - core[a373ad73a504971]::panicking::panic_fmt
[INFO] [stdout]   11:     0x633126d974b9 - cli[32c6cd6db0af0015]::run
[INFO] [stdout]   12:     0x633126d97099 - cli[32c6cd6db0af0015]::stdout_lines
[INFO] [stdout]   13:     0x633126d97e9e - <cli[32c6cd6db0af0015]::next_nth_weekday::{closure#0} as core[a373ad73a504971]::ops::function::FnOnce<()>>::call_once
[INFO] [stdout]   14:     0x633126d9a23b - test[aada8e7e76ba119b]::__rust_begin_short_backtrace::<core[a373ad73a504971]::result::Result<(), alloc[2e1b2a31b91974c5]::string::String>, fn() -> core[a373ad73a504971]::result::Result<(), alloc[2e1b2a31b91974c5]::string::String>>
[INFO] [stdout]   15:     0x633126da7415 - test[aada8e7e76ba119b]::run_test::{closure#0}
[INFO] [stdout]   16:     0x633126da0d04 - std[617be2ca0a6fd877]::sys::backtrace::__rust_begin_short_backtrace::<test[aada8e7e76ba119b]::run_test::{closure#1}, ()>
[INFO] [stdout]   17:     0x633126daa4a2 - <std[617be2ca0a6fd877]::thread::lifecycle::spawn_unchecked<test[aada8e7e76ba119b]::run_test::{closure#1}, ()>::{closure#1} as core[a373ad73a504971]::ops::function::FnOnce<()>>::call_once::{shim:vtable#0}
[INFO] [stdout]   18:     0x633126e11d8f - <std[617be2ca0a6fd877]::sys::thread::unix::Thread>::new::thread_start
[INFO] [stdout]   19:     0x70e54683cdfa - <unknown>
[INFO] [stdout]   20:     0x70e5468d03d4 - clone
[INFO] [stdout]   21:                0x0 - <unknown>
[INFO] [stdout] 
[INFO] [stdout] 
[INFO] [stdout] failures:
[INFO] [stdout]     bench_is_deterministic_and_matches_the_python_checksum
[INFO] [stdout]     help_prints_usage_to_stdout
[INFO] [stdout]     match_reports_hit_and_miss_via_exit_code
[INFO] [stdout]     next_last_day_of_month_handles_leap_february
[INFO] [stdout]     next_nearest_weekday
[INFO] [stdout]     next_nth_weekday
[INFO] [stdout]     next_weekdays_at_nine
[INFO] [stdout]     no_arguments_is_an_error_not_a_panic
[INFO] [stdout]     prev_walks_backwards
[INFO] [stdout]     range_includes_both_ends
[INFO] [stdout]     unknown_command_is_rejected
[INFO] [stdout]     validate_accepts_good_and_rejects_bad
[INFO] [stdout] 
[INFO] [stdout] test result: FAILED. 0 passed; 12 failed; 0 ignored; 0 measured; 0 filtered out; finished in 0.02s
[INFO] [stdout] 
[INFO] [stderr] error: test failed, to rerun pass `-p croniter-core --test cli`
[INFO] running `Command { std: "docker" "inspect" "c522f81ec36bd4a1b68c6377feb5bd65cf3d43bf246661e66709301ff817407e", kill_on_drop: false }`
[INFO] running `Command { std: "docker" "rm" "-f" "c522f81ec36bd4a1b68c6377feb5bd65cf3d43bf246661e66709301ff817407e", kill_on_drop: false }`
[INFO] [stdout] c522f81ec36bd4a1b68c6377feb5bd65cf3d43bf246661e66709301ff817407e
