[INFO] cloning repository https://github.com/Artemiszty/ccache
[INFO] running `Command { std: "git" "-c" "credential.helper=" "-c" "credential.helper=/workspace/cargo-home/bin/git-credential-null" "clone" "--bare" "https://github.com/Artemiszty/ccache" "/workspace/cache/git-repos/https%3A%2F%2Fgithub.com%2FArtemiszty%2Fccache", kill_on_drop: false }`
[INFO] [stderr] Cloning into bare repository '/workspace/cache/git-repos/https%3A%2F%2Fgithub.com%2FArtemiszty%2Fccache'...
[INFO] running `Command { std: "git" "rev-parse" "HEAD", kill_on_drop: false }`
[INFO] [stdout] f5c3106af05289122677fc411da9518c418dd83e
[INFO] testing Artemiszty/ccache against 1.99.0-beta.8+cargoflags=--release for beta-release-1.100-3
[INFO] running `Command { std: "git" "clone" "/workspace/cache/git-repos/https%3A%2F%2Fgithub.com%2FArtemiszty%2Fccache" "/workspace/builds/worker-3-tc1/source", kill_on_drop: false }`
[INFO] [stderr] Cloning into '/workspace/builds/worker-3-tc1/source'...
[INFO] [stderr] done.
[INFO] started tweaking git repo https://github.com/Artemiszty/ccache
[INFO] finished tweaking git repo https://github.com/Artemiszty/ccache
[INFO] tweaked toml for git repo https://github.com/Artemiszty/ccache written to /workspace/builds/worker-3-tc1/source/Cargo.toml
[INFO] validating manifest of git repo https://github.com/Artemiszty/ccache on toolchain 1.99.0-beta.8
[INFO] running `Command { std: CARGO_HOME="/workspace/cargo-home" RUSTUP_HOME="/workspace/rustup-home" "/workspace/cargo-home/bin/cargo" "+1.99.0-beta.8" "metadata" "--manifest-path" "Cargo.toml" "--no-deps", kill_on_drop: false }`
[INFO] crate git repo https://github.com/Artemiszty/ccache already has a lockfile, it will not be regenerated
[INFO] running `Command { std: CARGO_HOME="/workspace/cargo-home" RUSTUP_HOME="/workspace/rustup-home" "/workspace/cargo-home/bin/cargo" "+1.99.0-beta.8" "fetch" "--manifest-path" "Cargo.toml", kill_on_drop: false }`
[INFO] [stderr]     Blocking waiting for file lock on package cache
[INFO] [stderr]     Updating crates.io index
[INFO] [stderr]     Blocking waiting for file lock on package cache
[INFO] [stderr]  Downloading crates ...
[INFO] [stderr]   Downloaded zstd-safe v3.0.1+zstd.1.4.9
[INFO] [stderr]   Downloaded zstd v0.6.1+zstd.1.4.9
[INFO] [stderr]   Downloaded redox_syscall v0.2.10
[INFO] [stderr]   Downloaded cc v1.0.72
[INFO] [stderr]   Downloaded native-tls v0.2.8
[INFO] [stderr]   Downloaded security-framework-sys v2.6.1
[INFO] [stderr]   Downloaded unicode-xid v0.2.2
[INFO] [stderr]   Downloaded futures-macro v0.3.21
[INFO] [stderr]   Downloaded which v4.2.4
[INFO] [stderr]   Downloaded urlparse v0.7.3
[INFO] [stderr]   Downloaded tower-service v0.3.1
[INFO] [stderr]   Downloaded http-body v0.4.4
[INFO] [stderr]   Downloaded futures-task v0.3.21
[INFO] [stderr]   Downloaded form_urlencoded v1.0.1
[INFO] [stderr]   Downloaded event-listener v2.5.2
[INFO] [stderr]   Downloaded version-compare v0.1.0
[INFO] [stderr]   Downloaded stringmatch v0.3.3
[INFO] [stderr]   Downloaded cache-padded v1.2.0
[INFO] [stderr]   Downloaded futures-core v0.3.21
[INFO] [stderr]   Downloaded void v1.0.2
[INFO] [stderr]   Downloaded security-framework v2.6.1
[INFO] [stderr]   Downloaded tar v0.4.38
[INFO] [stderr]   Downloaded xattr v0.2.2
[INFO] [stderr]   Downloaded syslog v5.0.0
[INFO] [stderr]   Downloaded crypto-common v0.1.2
[INFO] [stderr]   Downloaded generic-array v0.14.5
[INFO] [stderr]   Downloaded block-buffer v0.10.2
[INFO] [stderr]   Downloaded serial_test v0.5.1
[INFO] [stderr]   Downloaded serial_test_derive v0.5.1
[INFO] [stderr]   Downloaded safemem v0.3.3
[INFO] [stderr]   Downloaded thiserror-impl v1.0.30
[INFO] [stderr]   Downloaded itoa v1.0.1
[INFO] [stderr]   Downloaded try-lock v0.2.3
[INFO] [stderr]   Downloaded tracing-attributes v0.1.19
[INFO] [stderr]   Downloaded futures-sink v0.3.21
[INFO] [stderr]   Downloaded slab v0.4.5
[INFO] [stderr]   Downloaded infer v0.2.3
[INFO] [stderr]   Downloaded fastrand v1.7.0
[INFO] [stderr]   Downloaded async-channel v1.6.1
[INFO] [stderr]   Downloaded futures-timer v3.0.2
[INFO] [stderr]   Downloaded crossbeam-queue v0.3.4
[INFO] [stderr]   Downloaded config v0.10.1
[INFO] [stderr]   Downloaded async-trait v0.1.52
[INFO] [stderr]   Downloaded getrandom v0.2.4
[INFO] [stderr]   Downloaded tower-layer v0.3.1
[INFO] [stderr]   Downloaded tokio-serde v0.8.0
[INFO] [stderr]   Downloaded serde_repr v0.1.7
[INFO] [stderr]   Downloaded wasm-bindgen-macro v0.2.79
[INFO] [stderr]   Downloaded displaydoc v0.1.7
[INFO] [stderr]   Downloaded filetime v0.2.15
[INFO] [stderr]   Downloaded sha-1 v0.10.0
[INFO] [stderr]   Downloaded chunked_transfer v1.4.0
[INFO] [stderr]   Downloaded sha1_smol v1.0.0
[INFO] [stderr]   Downloaded rand_hc v0.3.1
[INFO] [stderr]   Downloaded itoa v0.4.8
[INFO] [stderr]   Downloaded predicates-core v1.0.3
[INFO] [stderr]   Downloaded difflib v0.4.0
[INFO] [stderr]   Downloaded parity-tokio-ipc v0.9.0
[INFO] [stderr]   Downloaded unix_socket v0.5.0
[INFO] [stderr]   Downloaded conhash v0.4.0
[INFO] [stderr]   Downloaded bufstream v0.1.4
[INFO] [stderr]   Downloaded skeptic v0.4.0
[INFO] [stderr]   Downloaded directories v4.0.1
[INFO] [stderr]   Downloaded redox_users v0.4.0
[INFO] [stderr]   Downloaded boxfnonce v0.1.1
[INFO] [stderr]   Downloaded counted-array v0.1.2
[INFO] [stderr]   Downloaded crypto-mac v0.8.0
[INFO] [stderr]   Downloaded ar v0.9.0
[INFO] [stderr]   Downloaded jobserver v0.1.24
[INFO] [stderr]   Downloaded thiserror v1.0.30
[INFO] [stderr]   Downloaded tokio-macros v1.7.0
[INFO] [stderr]   Downloaded once_cell v1.9.0
[INFO] [stderr]   Downloaded num_cpus v1.13.1
[INFO] [stderr]   Downloaded miow v0.3.7
[INFO] [stderr]   Downloaded httparse v1.6.0
[INFO] [stderr]   Downloaded futures-io v0.3.21
[INFO] [stderr]   Downloaded futures-channel v0.3.21
[INFO] [stderr]   Downloaded unicode-bidi v0.3.7
[INFO] [stderr]   Downloaded ppv-lite86 v0.2.16
[INFO] [stderr]   Downloaded anyhow v1.0.53
[INFO] [stderr]   Downloaded futures-executor v0.3.21
[INFO] [stderr]   Downloaded deadpool v0.7.0
[INFO] [stderr]   Downloaded arrayvec v0.5.2
[INFO] [stderr]   Downloaded pin-project-internal v1.0.10
[INFO] [stderr]   Downloaded winreg v0.7.0
[INFO] [stderr]   Downloaded wasm-bindgen-shared v0.2.79
[INFO] [stderr]   Downloaded wasm-bindgen-backend v0.2.79
[INFO] [stderr]   Downloaded wasm-bindgen-futures v0.4.29
[INFO] [stderr]   Downloaded strip-ansi-escapes v0.1.1
[INFO] [stderr]   Downloaded vte_generate_state_changes v0.1.1
[INFO] [stderr]   Downloaded utf8parse v0.2.0
[INFO] [stderr]   Downloaded sha1 v0.6.1
[INFO] [stderr]   Downloaded retry v1.3.1
[INFO] [stderr]   Downloaded dtoa v0.4.8
[INFO] [stderr]   Downloaded float-cmp v0.9.0
[INFO] [stderr]   Downloaded memoffset v0.6.5
[INFO] [stderr]   Downloaded md5 v0.3.8
[INFO] [stderr]   Downloaded md-5 v0.10.0
[INFO] [stderr]   Downloaded local-encoding v0.2.0
[INFO] [stderr]   Downloaded tempdir v0.3.7
[INFO] [stderr]   Downloaded libmount v0.1.15
[INFO] [stderr]   Downloaded simple_asn1 v0.4.1
[INFO] [stderr]   Downloaded futures-locks v0.7.0
[INFO] [stderr]   Downloaded dirs-sys v0.3.6
[INFO] [stderr]   Downloaded daemonize v0.4.1
[INFO] [stderr]   Downloaded predicates-tree v1.0.5
[INFO] [stderr]   Downloaded termtree v0.2.4
[INFO] [stderr]   Downloaded zip v0.5.13
[INFO] [stderr]   Downloaded quote v1.0.15
[INFO] [stderr]   Downloaded proc-macro2 v1.0.36
[INFO] [stderr]   Downloaded wiremock v0.4.9
[INFO] [stderr]   Downloaded pin-project-lite v0.2.8
[INFO] [stderr]   Downloaded log v0.4.14
[INFO] [stderr]   Downloaded tracing-core v0.1.22
[INFO] [stderr]   Downloaded socket2 v0.4.4
[INFO] [stderr]   Downloaded tinyvec v1.5.1
[INFO] [stderr]   Downloaded futures-lite v1.12.0
[INFO] [stderr]   Downloaded crossbeam-utils v0.8.7
[INFO] [stderr]   Downloaded uuid v0.8.2
[INFO] [stderr]   Downloaded pin-project v1.0.10
[INFO] [stderr]   Downloaded toml v0.5.8
[INFO] [stderr]   Downloaded pkg-config v0.3.24
[INFO] [stderr]   Downloaded ipnet v2.3.1
[INFO] [stderr]   Downloaded vte v0.10.1
[INFO] [stderr]   Downloaded sha2 v0.10.1
[INFO] [stderr]   Downloaded cpufeatures v0.2.1
[INFO] [stderr]   Downloaded smallvec v1.8.0
[INFO] [stderr]   Downloaded lock_api v0.4.6
[INFO] [stderr]   Downloaded ascii v1.0.0
[INFO] [stderr]   Downloaded rand_core v0.6.3
[INFO] [stderr]   Downloaded twoway v0.1.8
[INFO] [stderr]   Downloaded buf_redux v0.8.4
[INFO] [stderr]   Downloaded predicates v2.1.1
[INFO] [stderr]   Downloaded memcached-rs v0.4.2
[INFO] [stderr]   Downloaded getopts v0.2.21
[INFO] [stderr]   Downloaded unicode-width v0.1.9
[INFO] [stderr]   Downloaded jsonwebtoken v7.2.0
[INFO] [stderr]   Downloaded pem v0.8.3
[INFO] [stderr]   Downloaded bincode v1.3.3
[INFO] [stderr]   Downloaded assert_cmd v2.0.4
[INFO] [stderr]   Downloaded bytes v1.1.0
[INFO] [stderr]   Downloaded serde v1.0.136
[INFO] [stderr]   Downloaded serde_derive v1.0.136
[INFO] [stderr]   Downloaded ryu v1.0.9
[INFO] [stderr]   Downloaded indexmap v1.8.0
[INFO] [stderr]   Downloaded tracing v0.1.30
[INFO] [stderr]   Downloaded url v2.2.2
[INFO] [stderr]   Downloaded serde_qs v0.8.5
[INFO] [stderr]   Downloaded futures v0.3.21
[INFO] [stderr]   Downloaded thirtyfour_sync v0.27.1
[INFO] [stderr]   Downloaded thirtyfour v0.27.3
[INFO] [stderr]   Downloaded wasm-bindgen v0.2.79
[INFO] [stderr]   Downloaded wasm-bindgen-macro-support v0.2.79
[INFO] [stderr]   Downloaded bumpalo v3.9.1
[INFO] [stderr]   Downloaded tokio-native-tls v0.3.0
[INFO] [stderr]   Downloaded schannel v0.1.19
[INFO] [stderr]   Downloaded digest v0.10.2
[INFO] [stderr]   Downloaded typenum v1.15.0
[INFO] [stderr]   Downloaded parking_lot_core v0.8.5
[INFO] [stderr]   Downloaded tiny_http v0.8.2
[INFO] [stderr]   Downloaded hmac v0.12.0
[INFO] [stderr]   Downloaded openssl-sys v0.9.72
[INFO] [stderr]   Downloaded time v0.3.2
[INFO] [stderr]   Downloaded multipart v0.18.0
[INFO] [stderr]   Downloaded pulldown-cmark v0.0.3
[INFO] [stderr]   Downloaded flate2 v1.0.22
[INFO] [stderr]   Downloaded miniz_oxide v0.4.4
[INFO] [stderr]   Downloaded env_logger v0.9.0
[INFO] [stderr]   Downloaded mio v0.7.14
[INFO] [stderr]   Downloaded memchr v2.4.1
[INFO] [stderr]   Downloaded hashbrown v0.11.2
[INFO] [stderr]   Downloaded tokio-util v0.6.9
[INFO] [stderr]   Downloaded unicode-normalization v0.1.19
[INFO] [stderr]   Downloaded tower v0.4.11
[INFO] [stderr]   Downloaded js-sys v0.3.56
[INFO] [stderr]   Downloaded rouille v3.4.0
[INFO] [stderr]   Downloaded hyperx v1.4.0
[INFO] [stderr]   Downloaded http v0.2.6
[INFO] [stderr]   Downloaded num-bigint v0.2.6
[INFO] [stderr]   Downloaded ntapi v0.3.7
[INFO] [stderr]   Downloaded serde_json v1.0.79
[INFO] [stderr]   Downloaded aho-corasick v0.7.18
[INFO] [stderr]   Downloaded nom v5.1.2
[INFO] [stderr]   Downloaded reqwest v0.11.9
[INFO] [stderr]   Downloaded rand v0.8.4
[INFO] [stderr]   Downloaded itertools v0.10.3
[INFO] [stderr]   Downloaded h2 v0.3.11
[INFO] [stderr]   Downloaded hyper v0.14.17
[INFO] [stderr]   Downloaded futures-util v0.3.21
[INFO] [stderr]   Downloaded redis v0.21.5
[INFO] [stderr]   Downloaded combine v4.6.3
[INFO] [stderr]   Downloaded blake3 v0.3.8
[INFO] [stderr]   Downloaded nix v0.14.1
[INFO] [stderr]   Downloaded syn v1.0.86
[INFO] [stderr]   Downloaded openssl v0.10.38
[INFO] [stderr]   Downloaded regex v1.5.4
[INFO] [stderr]   Downloaded regex-syntax v0.6.25
[INFO] [stderr]   Downloaded nix v0.23.1
[INFO] [stderr]   Downloaded bstr v0.2.17
[INFO] [stderr]   Downloaded libc v0.2.117
[INFO] [stderr]   Downloaded lexical-core v0.7.6
[INFO] [stderr]   Downloaded tokio v1.16.1
[INFO] [stderr]   Downloaded web-sys v0.3.56
[INFO] [stderr]   Downloaded http-types v2.12.0
[INFO] [stderr]   Downloaded encoding_rs v0.8.30
[INFO] [stderr]   Downloaded zstd-sys v1.4.20+zstd.1.4.9
[INFO] running `Command { std: "docker" "create" "-v" "/var/lib/crater-agent-workspace/builds/worker-3-tc1/source:/opt/rustwide/workdir:ro,Z" "-v" "/var/lib/crater-agent-workspace/builds/worker-3-tc1/target:/opt/rustwide/target:rw,Z" "-v" "/var/lib/crater-agent-workspace/cargo-home:/opt/rustwide/cargo-home:ro,Z" "-v" "/var/lib/crater-agent-workspace/rustup-home:/opt/rustwide/rustup-home:ro,Z" "-m" "1610612736" "--network" "none" "ghcr.io/rust-lang/crates-build-env/linux@sha256:77db811e55d90add9212f6832c23229e3de5f1c1f9905e8cb07319ea15df73ac" "sleep" "infinity", kill_on_drop: false }`
[INFO] [stdout] f64fa316bf3df928ab9e69205dc946a9cebf723d925a26a3484f361c31a4de8b
[INFO] running `Command { std: "docker" "start" "f64fa316bf3df928ab9e69205dc946a9cebf723d925a26a3484f361c31a4de8b", kill_on_drop: false }`
[INFO] running `Command { std: "docker" "inspect" "f64fa316bf3df928ab9e69205dc946a9cebf723d925a26a3484f361c31a4de8b", kill_on_drop: false }`
[INFO] running `Command { std: "docker" "exec" "-e" "SOURCE_DIR=/opt/rustwide/workdir" "-e" "CARGO_HOME=/opt/rustwide/cargo-home" "-e" "RUSTUP_HOME=/opt/rustwide/rustup-home" "-e" "CARGO_TARGET_DIR=/opt/rustwide/target" "-w" "/opt/rustwide/workdir" "--user" "0:0" "f64fa316bf3df928ab9e69205dc946a9cebf723d925a26a3484f361c31a4de8b" "/opt/rustwide/cargo-home/bin/cargo" "+1.99.0-beta.8" "metadata" "--no-deps" "--format-version=1", kill_on_drop: false }`
[INFO] running `Command { std: "docker" "inspect" "f64fa316bf3df928ab9e69205dc946a9cebf723d925a26a3484f361c31a4de8b", kill_on_drop: false }`
[INFO] running `Command { std: "docker" "exec" "-e" "SOURCE_DIR=/opt/rustwide/workdir" "-e" "CARGO_HOME=/opt/rustwide/cargo-home" "-e" "RUSTUP_HOME=/opt/rustwide/rustup-home" "-e" "CARGO_TARGET_DIR=/opt/rustwide/target" "-e" "CARGO_INCREMENTAL=0" "-e" "RUST_BACKTRACE=full" "-e" "RUSTFLAGS=--cap-lints=warn" "-e" "RUSTDOCFLAGS=--cap-lints=warn" "-w" "/opt/rustwide/workdir" "--user" "0:0" "f64fa316bf3df928ab9e69205dc946a9cebf723d925a26a3484f361c31a4de8b" "/opt/rustwide/cargo-home/bin/cargo" "+1.99.0-beta.8" "build" "--frozen" "--message-format=json" "--release", kill_on_drop: false }`
[INFO] [stderr]    Compiling libc v0.2.117
[INFO] [stderr]    Compiling proc-macro2 v1.0.36
[INFO] [stderr]    Compiling unicode-xid v0.2.2
[INFO] [stderr]    Compiling syn v1.0.86
[INFO] [stderr]    Compiling autocfg v1.1.0
[INFO] [stderr]    Compiling log v0.4.14
[INFO] [stderr]    Compiling memchr v2.4.1
[INFO] [stderr]    Compiling version_check v0.9.4
[INFO] [stderr]    Compiling futures-core v0.3.21
[INFO] [stderr]    Compiling pin-project-lite v0.2.8
[INFO] [stderr]    Compiling bytes v1.1.0
[INFO] [stderr]    Compiling once_cell v1.9.0
[INFO] [stderr]    Compiling typenum v1.15.0
[INFO] [stderr]    Compiling futures-sink v0.3.21
[INFO] [stderr]    Compiling generic-array v0.14.5
[INFO] [stderr]    Compiling pkg-config v0.3.24
[INFO] [stderr]    Compiling futures-channel v0.3.21
[INFO] [stderr]    Compiling futures-task v0.3.21
[INFO] [stderr]    Compiling quote v1.0.15
[INFO] [stderr]    Compiling jobserver v0.1.24
[INFO] [stderr]    Compiling serde_derive v1.0.136
[INFO] [stderr]    Compiling cc v1.0.72
[INFO] [stderr]    Compiling signal-hook-registry v1.4.0
[INFO] [stderr]    Compiling mio v0.7.14
[INFO] [stderr]    Compiling num_cpus v1.13.1
[INFO] [stderr]    Compiling serde v1.0.136
[INFO] [stderr]    Compiling itoa v1.0.1
[INFO] [stderr]    Compiling futures-util v0.3.21
[INFO] [stderr]    Compiling slab v0.4.5
[INFO] [stderr]    Compiling futures-io v0.3.21
[INFO] [stderr]    Compiling pin-utils v0.1.0
[INFO] [stderr]    Compiling indexmap v1.8.0
[INFO] [stderr]    Compiling fnv v1.0.7
[INFO] [stderr]    Compiling bitflags v1.3.2
[INFO] [stderr]    Compiling openssl v0.10.38
[INFO] [stderr]    Compiling subtle v2.4.1
[INFO] [stderr]    Compiling foreign-types-shared v0.1.1
[INFO] [stderr]    Compiling foreign-types v0.3.2
[INFO] [stderr]    Compiling openssl-sys v0.9.72
[INFO] [stderr]    Compiling http v0.2.6
[INFO] [stderr]    Compiling tracing-core v0.1.22
[INFO] [stderr]    Compiling percent-encoding v2.1.0
[INFO] [stderr]    Compiling hashbrown v0.11.2
[INFO] [stderr]    Compiling unicode-width v0.1.9
[INFO] [stderr]    Compiling tinyvec_macros v0.1.0
[INFO] [stderr]    Compiling ppv-lite86 v0.2.16
[INFO] [stderr]    Compiling getrandom v0.1.16
[INFO] [stderr]    Compiling native-tls v0.2.8
[INFO] [stderr]    Compiling matches v0.1.9
[INFO] [stderr]    Compiling tinyvec v1.5.1
[INFO] [stderr]    Compiling crypto-common v0.1.2
[INFO] [stderr]    Compiling block-buffer v0.10.2
[INFO] [stderr]    Compiling getopts v0.2.21
[INFO] [stderr]    Compiling zstd-sys v1.4.20+zstd.1.4.9
[INFO] [stderr]    Compiling rand v0.4.6
[INFO] [stderr]    Compiling getrandom v0.2.4
[INFO] [stderr]    Compiling remove_dir_all v0.5.3
[INFO] [stderr]    Compiling openssl-probe v0.1.5
[INFO] [stderr]    Compiling httparse v1.6.0
[INFO] [stderr]    Compiling pulldown-cmark v0.0.3
[INFO] [stderr]    Compiling digest v0.10.2
[INFO] [stderr]    Compiling tempdir v0.3.7
[INFO] [stderr]    Compiling form_urlencoded v1.0.1
[INFO] [stderr]    Compiling num-traits v0.2.14
[INFO] [stderr]    Compiling unicode-normalization v0.1.19
[INFO] [stderr]    Compiling crc32fast v1.3.2
[INFO] [stderr]    Compiling try-lock v0.2.3
[INFO] [stderr]    Compiling unicode-bidi v0.3.7
[INFO] [stderr]    Compiling tower-service v0.3.1
[INFO] [stderr]    Compiling httpdate v1.0.2
[INFO] [stderr]    Compiling want v0.3.0
[INFO] [stderr]    Compiling skeptic v0.4.0
[INFO] [stderr]    Compiling rand_core v0.5.1
[INFO] [stderr]    Compiling http-body v0.4.4
[INFO] [stderr]    Compiling rand_core v0.6.3
[INFO] [stderr]    Compiling socket2 v0.4.4
[INFO] [stderr]    Compiling miniz_oxide v0.4.4
[INFO] [stderr]    Compiling num-integer v0.1.44
[INFO] [stderr]    Compiling unicase v2.6.0
[INFO] [stderr]    Compiling cfg-if v0.1.10
[INFO] [stderr]    Compiling async-trait v0.1.52
[INFO] [stderr]    Compiling serde_json v1.0.79
[INFO] [stderr]    Compiling idna v0.2.3
[INFO] [stderr]    Compiling arrayvec v0.5.2
[INFO] [stderr]    Compiling ryu v1.0.9
[INFO] [stderr]    Compiling zstd-safe v3.0.1+zstd.1.4.9
[INFO] [stderr]    Compiling encoding_rs v0.8.30
[INFO] [stderr]    Compiling rand_chacha v0.3.1
[INFO] [stderr]    Compiling rand_chacha v0.2.2
[INFO] [stderr]    Compiling local-encoding v0.2.0
[INFO] [stderr]    Compiling ring v0.16.20
[INFO] [stderr]    Compiling blake3 v0.3.8
[INFO] [stderr]    Compiling vte_generate_state_changes v0.1.1
[INFO] [stderr]    Compiling aho-corasick v0.7.18
[INFO] [stderr]    Compiling atty v0.2.14
[INFO] [stderr]    Compiling md5 v0.3.8
[INFO] [stderr]    Compiling semver-parser v0.7.0
[INFO] [stderr]    Compiling hyperx v1.4.0
[INFO] [stderr]    Compiling mime v0.3.16
[INFO] [stderr]    Compiling cpufeatures v0.2.1
[INFO] [stderr]    Compiling base64 v0.13.0
[INFO] [stderr]    Compiling anyhow v1.0.53
[INFO] [stderr]    Compiling adler v1.0.2
[INFO] [stderr]    Compiling utf8parse v0.2.0
[INFO] [stderr]    Compiling byteorder v1.4.3
[INFO] [stderr]    Compiling regex-syntax v0.6.25
[INFO] [stderr]    Compiling vte v0.10.1
[INFO] [stderr]    Compiling semver v0.9.0
[INFO] [stderr]    Compiling textwrap v0.11.0
[INFO] [stderr]    Compiling tokio-macros v1.7.0
[INFO] [stderr]    Compiling futures-macro v0.3.21
[INFO] [stderr]    Compiling tracing-attributes v0.1.19
[INFO] [stderr]    Compiling tokio v1.16.1
[INFO] [stderr]    Compiling pin-project-internal v1.0.10
[INFO] [stderr]    Compiling thiserror-impl v1.0.30
[INFO] [stderr]    Compiling tracing v0.1.30
[INFO] [stderr]    Compiling regex v1.5.4
[INFO] [stderr]    Compiling pin-project v1.0.10
[INFO] [stderr]    Compiling conhash v0.4.0
[INFO] [stderr]    Compiling thiserror v1.0.30
[INFO] [stderr]    Compiling rand v0.8.4
[INFO] [stderr]    Compiling rand v0.7.3
[INFO] [stderr]    Compiling futures-executor v0.3.21
[INFO] [stderr]    Compiling unix_socket v0.5.0
[INFO] [stderr]    Compiling crypto-mac v0.8.0
[INFO] [stderr]    Compiling digest v0.9.0
[INFO] [stderr]    Compiling dirs-sys v0.3.6
[INFO] [stderr]    Compiling time v0.1.43
[INFO] [stderr]    Compiling filetime v0.2.15
[INFO] [stderr]    Compiling xattr v0.2.2
[INFO] [stderr]    Compiling ipnet v2.3.1
[INFO] [stderr]    Compiling either v1.6.1
[INFO] [stderr]    Compiling bufstream v0.1.4
[INFO] [stderr]    Compiling untrusted v0.7.1
[INFO] [stderr]    Compiling ansi_term v0.12.1
[INFO] [stderr]    Compiling tokio-util v0.6.9
[INFO] [stderr]    Compiling h2 v0.3.11
[INFO] [stderr]    Compiling tokio-native-tls v0.3.0
[INFO] [stderr]    Compiling combine v4.6.3
[INFO] [stderr]    Compiling url v2.2.2
[INFO] [stderr]    Compiling serde_urlencoded v0.7.1
[INFO] [stderr]    Compiling humantime v2.1.0
[INFO] [stderr]    Compiling termcolor v1.1.2
[INFO] [stderr]    Compiling same-file v1.0.6
[INFO] [stderr]    Compiling dtoa v0.4.8
[INFO] [stderr]    Compiling fastrand v1.7.0
[INFO] [stderr]    Compiling language-tags v0.3.2
[INFO] [stderr]    Compiling constant_time_eq v0.1.5
[INFO] [stderr]    Compiling boxfnonce v0.1.1
[INFO] [stderr]    Compiling itoa v0.4.8
[INFO] [stderr]    Compiling spin v0.5.2
[INFO] [stderr]    Compiling tower-layer v0.3.1
[INFO] [stderr]    Compiling arrayref v0.3.6
[INFO] [stderr]    Compiling tower v0.4.11
[INFO] [stderr]    Compiling clap v2.34.0
[INFO] [stderr]    Compiling daemonize v0.4.1
[INFO] [stderr]    Compiling tempfile v3.3.0
[INFO] [stderr]    Compiling walkdir v2.3.2
[INFO] [stderr]    Compiling env_logger v0.9.0
[INFO] [stderr]    Compiling bincode v1.3.3
[INFO] [stderr]    Compiling toml v0.5.8
[INFO] [stderr]    Compiling chrono v0.4.19
[INFO] [stderr]    Compiling futures-locks v0.7.0
[INFO] [stderr]    Compiling memcached-rs v0.4.2
[INFO] [stderr]    Compiling which v4.2.4
[INFO] [stderr]    Compiling redis v0.21.5
[INFO] [stderr]    Compiling tar v0.4.38
[INFO] [stderr]    Compiling directories v4.0.1
[INFO] [stderr]    Compiling futures v0.3.21
[INFO] [stderr]    Compiling retry v1.3.1
[INFO] [stderr]    Compiling zip v0.5.13
[INFO] [stderr]    Compiling tokio-serde v0.8.0
[INFO] [stderr]    Compiling strip-ansi-escapes v0.1.1
[INFO] [stderr]    Compiling flate2 v1.0.22
[INFO] [stderr]    Compiling sha-1 v0.10.0
[INFO] [stderr]    Compiling sha2 v0.10.1
[INFO] [stderr]    Compiling md-5 v0.10.0
[INFO] [stderr]    Compiling hmac v0.12.0
[INFO] [stderr]    Compiling uuid v0.8.2
[INFO] [stderr]    Compiling linked-hash-map v0.5.4
[INFO] [stderr]    Compiling counted-array v0.1.2
[INFO] [stderr]    Compiling number_prefix v0.4.0
[INFO] [stderr]    Compiling ar v0.9.0
[INFO] [stderr]    Compiling hyper v0.14.17
[INFO] [stderr]    Compiling hyper-tls v0.5.0
[INFO] [stderr]    Compiling reqwest v0.11.9
[INFO] [stderr]    Compiling zstd v0.6.1+zstd.1.4.9
[INFO] [stderr]    Compiling sccache v0.3.0 (/opt/rustwide/workdir)
[INFO] [stdout] warning: unexpected `cfg` condition value: `heapsize`
[INFO] [stdout]   --> src/lru_disk_cache/lru_cache.rs:48:7
[INFO] [stdout]    |
[INFO] [stdout] 48 | #[cfg(feature = "heapsize")]
[INFO] [stdout]    |       ^^^^^^^^^^^^^^^^^^^^
[INFO] [stdout]    |
[INFO] [stdout]    = note: expected values for `feature` are: `all`, `azure`, `chrono`, `crossbeam-utils`, `default`, `dist-client`, `dist-server`, `dist-tests`, `flate2`, `gcs`, `hmac`, `hyper`, `hyperx`, `jsonwebtoken`, `libmount`, `md-5`, `memcached`, `memcached-rs`, `native-zlib`, `nix`, `openssl`, `percent-encoding`, `redis`, `reqwest`, `ring`, `rouille`, `s3`, `sha-1`, `sha2`, `simple-s3`, `syslog`, `unstable`, `url`, `version-compare`, and `void`
[INFO] [stdout]    = help: consider adding `heapsize` as a feature in `Cargo.toml`
[INFO] [stdout]    = note: see <https://doc.rust-lang.org/nightly/rustc/check-cfg/cargo-specifics.html> for more information about checking conditional configuration
[INFO] [stdout]    = note: `#[warn(unexpected_cfgs)]` on by default
[INFO] [stdout] 
[INFO] [stdout] 
[INFO] [stdout] warning: unexpected `cfg` condition value: `heapsize`
[INFO] [stdout]    --> src/lru_disk_cache/lru_cache.rs:156:7
[INFO] [stdout]     |
[INFO] [stdout] 156 | #[cfg(feature = "heapsize")]
[INFO] [stdout]     |       ^^^^^^^^^^^^^^^^^^^^
[INFO] [stdout]     |
[INFO] [stdout]     = note: expected values for `feature` are: `all`, `azure`, `chrono`, `crossbeam-utils`, `default`, `dist-client`, `dist-server`, `dist-tests`, `flate2`, `gcs`, `hmac`, `hyper`, `hyperx`, `jsonwebtoken`, `libmount`, `md-5`, `memcached`, `memcached-rs`, `native-zlib`, `nix`, `openssl`, `percent-encoding`, `redis`, `reqwest`, `ring`, `rouille`, `s3`, `sha-1`, `sha2`, `simple-s3`, `syslog`, `unstable`, `url`, `version-compare`, and `void`
[INFO] [stdout]     = help: consider adding `heapsize` as a feature in `Cargo.toml`
[INFO] [stdout]     = note: see <https://doc.rust-lang.org/nightly/rustc/check-cfg/cargo-specifics.html> for more information about checking conditional configuration
[INFO] [stdout] 
[INFO] [stdout] 
[INFO] [stdout] warning: unexpected `cfg` condition value: `heapsize`
[INFO] [stdout]    --> src/lru_disk_cache/lru_cache.rs:180:7
[INFO] [stdout]     |
[INFO] [stdout] 180 | #[cfg(feature = "heapsize")]
[INFO] [stdout]     |       ^^^^^^^^^^^^^^^^^^^^
[INFO] [stdout]     |
[INFO] [stdout]     = note: expected values for `feature` are: `all`, `azure`, `chrono`, `crossbeam-utils`, `default`, `dist-client`, `dist-server`, `dist-tests`, `flate2`, `gcs`, `hmac`, `hyper`, `hyperx`, `jsonwebtoken`, `libmount`, `md-5`, `memcached`, `memcached-rs`, `native-zlib`, `nix`, `openssl`, `percent-encoding`, `redis`, `reqwest`, `ring`, `rouille`, `s3`, `sha-1`, `sha2`, `simple-s3`, `syslog`, `unstable`, `url`, `version-compare`, and `void`
[INFO] [stdout]     = help: consider adding `heapsize` as a feature in `Cargo.toml`
[INFO] [stdout]     = note: see <https://doc.rust-lang.org/nightly/rustc/check-cfg/cargo-specifics.html> for more information about checking conditional configuration
[INFO] [stdout] 
[INFO] [stdout] 
[INFO] [stdout] warning: use of deprecated module `std::u64`: all constants in this module replaced by associated constants on the type
[INFO] [stdout]   --> src/server.rs:56:10
[INFO] [stdout]    |
[INFO] [stdout] 56 | use std::u64;
[INFO] [stdout]    |          ^^^
[INFO] [stdout]    |
[INFO] [stdout]    = note: `#[warn(deprecated)]` on by default
[INFO] [stdout] 
[INFO] [stdout] 
[INFO] [stdout] warning: this function depends on never type fallback being `()`
[INFO] [stdout]   --> src/cache/redis.rs:66:5
[INFO] [stdout]    |
[INFO] [stdout] 66 |     async fn put(&self, key: &str, entry: CacheWrite) -> Result<Duration> {
[INFO] [stdout]    |     ^^^^^^^^^^^^
[INFO] [stdout]    |
[INFO] [stdout]    = help: specify the types explicitly
[INFO] [stdout] note: in edition 2024, the requirement `!: FromRedisValue` will fail
[INFO] [stdout]   --> src/cache/redis.rs:70:36
[INFO] [stdout]    |
[INFO] [stdout] 70 |         cmd("SET").arg(key).arg(d).query_async(&mut c).await?;
[INFO] [stdout]    |                                    ^^^^^^^^^^^
[INFO] [stdout]    = warning: this was previously accepted by the compiler but is being phased out; it will become a hard error in Rust 2024 and in a future release in all editions!
[INFO] [stdout]    = note: for more information, see <https://doc.rust-lang.org/edition-guide/rust-2024/never-type-fallback.html>
[INFO] [stdout]    = note: `#[warn(dependency_on_unit_never_type_fallback)]` (part of `#[warn(rust_2024_compatibility)]`) on by default
[INFO] [stdout] help: use `()` annotations to avoid fallback changes
[INFO] [stdout]    |
[INFO] [stdout] 70 |         cmd("SET").arg(key).arg(d).query_async::<_, ()>(&mut c).await?;
[INFO] [stdout]    |                                               +++++++++
[INFO] [stdout] 
[INFO] [stdout] 
[INFO] [stdout] warning: method `bearer_auth` is never used
[INFO] [stdout]   --> src/dist/http.rs:39:12
[INFO] [stdout]    |
[INFO] [stdout] 36 |     pub trait ReqwestRequestBuilderExt: Sized {
[INFO] [stdout]    |               ------------------------ method in this trait
[INFO] [stdout] ...
[INFO] [stdout] 39 |         fn bearer_auth(self, token: String) -> Self;
[INFO] [stdout]    |            ^^^^^^^^^^^
[INFO] [stdout]    |
[INFO] [stdout]    = note: `#[warn(dead_code)]` (part of `#[warn(unused)]`) on by default
[INFO] [stdout] 
[INFO] [stdout] 
[INFO] [stdout] warning: struct `JobJwt` is never constructed
[INFO] [stdout]    --> src/dist/http.rs:100:16
[INFO] [stdout]     |
[INFO] [stdout] 100 |     pub struct JobJwt {
[INFO] [stdout]     |                ^^^^^^
[INFO] [stdout] 
[INFO] [stdout] 
[INFO] [stdout] warning: struct `HeartbeatServerHttpRequest` is never constructed
[INFO] [stdout]    --> src/dist/http.rs:156:16
[INFO] [stdout]     |
[INFO] [stdout] 156 |     pub struct HeartbeatServerHttpRequest {
[INFO] [stdout]     |                ^^^^^^^^^^^^^^^^^^^^^^^^^^
[INFO] [stdout] 
[INFO] [stdout] 
[INFO] [stdout] warning: field `0` is never read
[INFO] [stdout]    --> src/mock_command.rs:423:10
[INFO] [stdout]     |
[INFO] [stdout] 423 |     Call(Box<dyn Fn(&[OsString]) -> Result<MockChild> + Send>),
[INFO] [stdout]     |     ---- ^^^^^^^^^^^^^^^^^^^^^^^^^^^^^^^^^^^^^^^^^^^^^^^^^^^^
[INFO] [stdout]     |     |
[INFO] [stdout]     |     field in this variant
[INFO] [stdout]     |
[INFO] [stdout] help: consider changing the field to be of unit type to suppress this warning while preserving the field numbering, or remove the field
[INFO] [stdout]     |
[INFO] [stdout] 423 -     Call(Box<dyn Fn(&[OsString]) -> Result<MockChild> + Send>),
[INFO] [stdout] 423 +     Call(()),
[INFO] [stdout]     |
[INFO] [stdout] 
[INFO] [stdout] 
[INFO] [stdout] warning: function pointer comparisons do not produce meaningful results since their addresses are not guaranteed to be unique
[INFO] [stdout]    --> src/compiler/args.rs:398:9
[INFO] [stdout]     |
[INFO] [stdout] 390 | #[derive(PartialEq, Clone, Debug)]
[INFO] [stdout]     |          --------- in this derive macro expansion
[INFO] [stdout] ...
[INFO] [stdout] 398 |         fn(OsString) -> ArgParseResult<T>,
[INFO] [stdout]     |         ^^^^^^^^^^^^^^^^^^^^^^^^^^^^^^^^^
[INFO] [stdout]     |
[INFO] [stdout]     = note: the address of the same function can vary between different codegen units
[INFO] [stdout]     = note: furthermore, different functions could have the same address after being merged together
[INFO] [stdout]     = note: for more information visit <https://doc.rust-lang.org/nightly/core/ptr/fn.fn_addr_eq.html>
[INFO] [stdout]     = note: `#[warn(unpredictable_function_pointer_comparisons)]` on by default
[INFO] [stdout] 
[INFO] [stdout] 
[INFO] [stdout] warning: direct cast of function item into an integer
[INFO] [stdout]    --> src/util.rs:563:36
[INFO] [stdout]     |
[INFO] [stdout] 563 |         new.sa_sigaction = handler as usize;
[INFO] [stdout]     |                                    ^^^^^^^^
[INFO] [stdout]     |
[INFO] [stdout]     = note: `#[warn(function_casts_as_integer)]` on by default
[INFO] [stdout] help: first cast to a pointer `as *const ()`
[INFO] [stdout]     |
[INFO] [stdout] 563 |         new.sa_sigaction = handler as *const () as usize;
[INFO] [stdout]     |                                    ++++++++++++
[INFO] [stdout] 
[INFO] [stdout] 
[INFO] [stderr]     Finished `release` profile [optimized] target(s) in 6m 10s
[INFO] [stderr] warning: the following packages contain code that will be rejected by a future version of Rust: daemonize v0.4.1, sccache v0.3.0 (/opt/rustwide/workdir)
[INFO] [stderr] note: to see what the problems were, use the option `--future-incompat-report`, or run `cargo report future-incompatibilities --id 1`
[INFO] running `Command { std: "docker" "inspect" "f64fa316bf3df928ab9e69205dc946a9cebf723d925a26a3484f361c31a4de8b", kill_on_drop: false }`
[INFO] running `Command { std: "docker" "exec" "-e" "SOURCE_DIR=/opt/rustwide/workdir" "-e" "CARGO_HOME=/opt/rustwide/cargo-home" "-e" "RUSTUP_HOME=/opt/rustwide/rustup-home" "-e" "CARGO_TARGET_DIR=/opt/rustwide/target" "-e" "CARGO_INCREMENTAL=0" "-e" "RUST_BACKTRACE=full" "-e" "RUSTFLAGS=--cap-lints=warn" "-e" "RUSTDOCFLAGS=--cap-lints=warn" "-w" "/opt/rustwide/workdir" "--user" "0:0" "f64fa316bf3df928ab9e69205dc946a9cebf723d925a26a3484f361c31a4de8b" "/opt/rustwide/cargo-home/bin/cargo" "+1.99.0-beta.8" "test" "--frozen" "--no-run" "--message-format=json" "--release", kill_on_drop: false }`
[INFO] [stderr]    Compiling lexical-core v0.7.6
[INFO] [stderr]    Compiling nom v5.1.2
[INFO] [stderr]    Compiling crossbeam-utils v0.8.7
[INFO] [stderr]    Compiling static_assertions v1.1.0
[INFO] [stderr]    Compiling cache-padded v1.2.0
[INFO] [stderr]    Compiling crossbeam-queue v0.3.4
[INFO] [stderr]    Compiling parking_lot_core v0.8.5
[INFO] [stderr]    Compiling instant v0.1.12
[INFO] [stderr]    Compiling concurrent-queue v1.2.2
[INFO] [stderr]    Compiling scopeguard v1.1.0
[INFO] [stderr]    Compiling event-listener v2.5.2
[INFO] [stderr]    Compiling parking v2.0.0
[INFO] [stderr]    Compiling http-types v2.12.0
[INFO] [stderr]    Compiling waker-fn v1.1.0
[INFO] [stderr]    Compiling predicates-core v1.0.3
[INFO] [stderr]    Compiling smallvec v1.8.0
[INFO] [stderr]    Compiling async-channel v1.6.1
[INFO] [stderr]    Compiling futures-lite v1.12.0
[INFO] [stderr]    Compiling lock_api v0.4.6
[INFO] [stderr]    Compiling itertools v0.10.3
[INFO] [stderr]    Compiling serde_qs v0.8.5
[INFO] [stderr]    Compiling stringmatch v0.3.3
[INFO] [stderr]    Compiling float-cmp v0.9.0
[INFO] [stderr]    Compiling displaydoc v0.1.7
[INFO] [stderr]    Compiling serde_repr v0.1.7
[INFO] [stderr]    Compiling infer v0.2.3
[INFO] [stderr]    Compiling termtree v0.2.4
[INFO] [stderr]    Compiling urlparse v0.7.3
[INFO] [stderr]    Compiling regex-automata v0.1.10
[INFO] [stderr]    Compiling difflib v0.4.0
[INFO] [stderr]    Compiling bstr v0.2.17
[INFO] [stderr]    Compiling thirtyfour v0.27.3
[INFO] [stderr]    Compiling predicates-tree v1.0.5
[INFO] [stderr]    Compiling parking_lot v0.11.2
[INFO] [stderr]    Compiling serial_test_derive v0.5.1
[INFO] [stderr]    Compiling wait-timeout v0.2.0
[INFO] [stderr]    Compiling predicates v2.1.1
[INFO] [stderr]    Compiling futures-timer v3.0.2
[INFO] [stderr]    Compiling serial_test v0.5.1
[INFO] [stderr]    Compiling assert_cmd v2.0.4
[INFO] [stdout] warning: unexpected `cfg` condition value: `heapsize`
[INFO] [stdout]   --> src/lru_disk_cache/lru_cache.rs:48:7
[INFO] [stdout]    |
[INFO] [stdout] 48 | #[cfg(feature = "heapsize")]
[INFO] [stdout]    |       ^^^^^^^^^^^^^^^^^^^^
[INFO] [stdout]    |
[INFO] [stdout]    = note: expected values for `feature` are: `all`, `azure`, `chrono`, `crossbeam-utils`, `default`, `dist-client`, `dist-server`, `dist-tests`, `flate2`, `gcs`, `hmac`, `hyper`, `hyperx`, `jsonwebtoken`, `libmount`, `md-5`, `memcached`, `memcached-rs`, `native-zlib`, `nix`, `openssl`, `percent-encoding`, `redis`, `reqwest`, `ring`, `rouille`, `s3`, `sha-1`, `sha2`, `simple-s3`, `syslog`, `unstable`, `url`, `version-compare`, and `void`
[INFO] [stdout]    = help: consider adding `heapsize` as a feature in `Cargo.toml`
[INFO] [stdout]    = note: see <https://doc.rust-lang.org/nightly/rustc/check-cfg/cargo-specifics.html> for more information about checking conditional configuration
[INFO] [stdout]    = note: `#[warn(unexpected_cfgs)]` on by default
[INFO] [stdout] 
[INFO] [stdout] 
[INFO] [stderr]    Compiling cc v1.0.72
[INFO] [stdout] warning: unexpected `cfg` condition value: `heapsize`
[INFO] [stdout]    --> src/lru_disk_cache/lru_cache.rs:156:7
[INFO] [stdout]     |
[INFO] [stdout] 156 | #[cfg(feature = "heapsize")]
[INFO] [stdout]     |       ^^^^^^^^^^^^^^^^^^^^
[INFO] [stdout]     |
[INFO] [stdout]     = note: expected values for `feature` are: `all`, `azure`, `chrono`, `crossbeam-utils`, `default`, `dist-client`, `dist-server`, `dist-tests`, `flate2`, `gcs`, `hmac`, `hyper`, `hyperx`, `jsonwebtoken`, `libmount`, `md-5`, `memcached`, `memcached-rs`, `native-zlib`, `nix`, `openssl`, `percent-encoding`, `redis`, `reqwest`, `ring`, `rouille`, `s3`, `sha-1`, `sha2`, `simple-s3`, `syslog`, `unstable`, `url`, `version-compare`, and `void`
[INFO] [stdout]     = help: consider adding `heapsize` as a feature in `Cargo.toml`
[INFO] [stdout]     = note: see <https://doc.rust-lang.org/nightly/rustc/check-cfg/cargo-specifics.html> for more information about checking conditional configuration
[INFO] [stdout] 
[INFO] [stdout] 
[INFO] [stdout] warning: unexpected `cfg` condition value: `heapsize`
[INFO] [stdout]    --> src/lru_disk_cache/lru_cache.rs:180:7
[INFO] [stdout]     |
[INFO] [stdout] 180 | #[cfg(feature = "heapsize")]
[INFO] [stdout]     |       ^^^^^^^^^^^^^^^^^^^^
[INFO] [stdout]     |
[INFO] [stdout]     = note: expected values for `feature` are: `all`, `azure`, `chrono`, `crossbeam-utils`, `default`, `dist-client`, `dist-server`, `dist-tests`, `flate2`, `gcs`, `hmac`, `hyper`, `hyperx`, `jsonwebtoken`, `libmount`, `md-5`, `memcached`, `memcached-rs`, `native-zlib`, `nix`, `openssl`, `percent-encoding`, `redis`, `reqwest`, `ring`, `rouille`, `s3`, `sha-1`, `sha2`, `simple-s3`, `syslog`, `unstable`, `url`, `version-compare`, and `void`
[INFO] [stdout]     = help: consider adding `heapsize` as a feature in `Cargo.toml`
[INFO] [stdout]     = note: see <https://doc.rust-lang.org/nightly/rustc/check-cfg/cargo-specifics.html> for more information about checking conditional configuration
[INFO] [stdout] 
[INFO] [stdout] 
[INFO] [stdout] warning: use of deprecated module `std::u64`: all constants in this module replaced by associated constants on the type
[INFO] [stdout]   --> src/server.rs:56:10
[INFO] [stdout]    |
[INFO] [stdout] 56 | use std::u64;
[INFO] [stdout]    |          ^^^
[INFO] [stdout]    |
[INFO] [stdout]    = note: `#[warn(deprecated)]` on by default
[INFO] [stdout] 
[INFO] [stdout] 
[INFO] [stdout] warning: this function depends on never type fallback being `()`
[INFO] [stdout]   --> src/cache/redis.rs:66:5
[INFO] [stdout]    |
[INFO] [stdout] 66 |     async fn put(&self, key: &str, entry: CacheWrite) -> Result<Duration> {
[INFO] [stdout]    |     ^^^^^^^^^^^^
[INFO] [stdout]    |
[INFO] [stdout]    = help: specify the types explicitly
[INFO] [stdout] note: in edition 2024, the requirement `!: FromRedisValue` will fail
[INFO] [stdout]   --> src/cache/redis.rs:70:36
[INFO] [stdout]    |
[INFO] [stdout] 70 |         cmd("SET").arg(key).arg(d).query_async(&mut c).await?;
[INFO] [stdout]    |                                    ^^^^^^^^^^^
[INFO] [stdout]    = warning: this was previously accepted by the compiler but is being phased out; it will become a hard error in Rust 2024 and in a future release in all editions!
[INFO] [stdout]    = note: for more information, see <https://doc.rust-lang.org/edition-guide/rust-2024/never-type-fallback.html>
[INFO] [stdout]    = note: `#[warn(dependency_on_unit_never_type_fallback)]` (part of `#[warn(rust_2024_compatibility)]`) on by default
[INFO] [stdout] help: use `()` annotations to avoid fallback changes
[INFO] [stdout]    |
[INFO] [stdout] 70 |         cmd("SET").arg(key).arg(d).query_async::<_, ()>(&mut c).await?;
[INFO] [stdout]    |                                               +++++++++
[INFO] [stdout] 
[INFO] [stdout] 
[INFO] [stdout] warning: method `bearer_auth` is never used
[INFO] [stdout]   --> src/dist/http.rs:39:12
[INFO] [stdout]    |
[INFO] [stdout] 36 |     pub trait ReqwestRequestBuilderExt: Sized {
[INFO] [stdout]    |               ------------------------ method in this trait
[INFO] [stdout] ...
[INFO] [stdout] 39 |         fn bearer_auth(self, token: String) -> Self;
[INFO] [stdout]    |            ^^^^^^^^^^^
[INFO] [stdout]    |
[INFO] [stdout]    = note: `#[warn(dead_code)]` (part of `#[warn(unused)]`) on by default
[INFO] [stdout] 
[INFO] [stdout] 
[INFO] [stdout] warning: struct `JobJwt` is never constructed
[INFO] [stdout]    --> src/dist/http.rs:100:16
[INFO] [stdout]     |
[INFO] [stdout] 100 |     pub struct JobJwt {
[INFO] [stdout]     |                ^^^^^^
[INFO] [stdout] 
[INFO] [stdout] 
[INFO] [stdout] warning: struct `HeartbeatServerHttpRequest` is never constructed
[INFO] [stdout]    --> src/dist/http.rs:156:16
[INFO] [stdout]     |
[INFO] [stdout] 156 |     pub struct HeartbeatServerHttpRequest {
[INFO] [stdout]     |                ^^^^^^^^^^^^^^^^^^^^^^^^^^
[INFO] [stdout] 
[INFO] [stdout] 
[INFO] [stdout] warning: field `0` is never read
[INFO] [stdout]    --> src/mock_command.rs:423:10
[INFO] [stdout]     |
[INFO] [stdout] 423 |     Call(Box<dyn Fn(&[OsString]) -> Result<MockChild> + Send>),
[INFO] [stdout]     |     ---- ^^^^^^^^^^^^^^^^^^^^^^^^^^^^^^^^^^^^^^^^^^^^^^^^^^^^
[INFO] [stdout]     |     |
[INFO] [stdout]     |     field in this variant
[INFO] [stdout]     |
[INFO] [stdout] help: consider changing the field to be of unit type to suppress this warning while preserving the field numbering, or remove the field
[INFO] [stdout]     |
[INFO] [stdout] 423 -     Call(Box<dyn Fn(&[OsString]) -> Result<MockChild> + Send>),
[INFO] [stdout] 423 +     Call(()),
[INFO] [stdout]     |
[INFO] [stdout] 
[INFO] [stdout] 
[INFO] [stdout] warning: function pointer comparisons do not produce meaningful results since their addresses are not guaranteed to be unique
[INFO] [stdout]    --> src/compiler/args.rs:398:9
[INFO] [stdout]     |
[INFO] [stdout] 390 | #[derive(PartialEq, Clone, Debug)]
[INFO] [stdout]     |          --------- in this derive macro expansion
[INFO] [stdout] ...
[INFO] [stdout] 398 |         fn(OsString) -> ArgParseResult<T>,
[INFO] [stdout]     |         ^^^^^^^^^^^^^^^^^^^^^^^^^^^^^^^^^
[INFO] [stdout]     |
[INFO] [stdout]     = note: the address of the same function can vary between different codegen units
[INFO] [stdout]     = note: furthermore, different functions could have the same address after being merged together
[INFO] [stdout]     = note: for more information visit <https://doc.rust-lang.org/nightly/core/ptr/fn.fn_addr_eq.html>
[INFO] [stdout]     = note: `#[warn(unpredictable_function_pointer_comparisons)]` on by default
[INFO] [stdout] 
[INFO] [stdout] 
[INFO] [stdout] warning: direct cast of function item into an integer
[INFO] [stdout]    --> src/util.rs:563:36
[INFO] [stdout]     |
[INFO] [stdout] 563 |         new.sa_sigaction = handler as usize;
[INFO] [stdout]     |                                    ^^^^^^^^
[INFO] [stdout]     |
[INFO] [stdout]     = note: `#[warn(function_casts_as_integer)]` on by default
[INFO] [stdout] help: first cast to a pointer `as *const ()`
[INFO] [stdout]     |
[INFO] [stdout] 563 |         new.sa_sigaction = handler as *const () as usize;
[INFO] [stdout]     |                                    ++++++++++++
[INFO] [stdout] 
[INFO] [stdout] 
[INFO] [stderr]    Compiling config v0.10.1
[INFO] [stderr]    Compiling thirtyfour_sync v0.27.1
[INFO] [stderr]    Compiling deadpool v0.7.0
[INFO] [stderr]    Compiling wiremock v0.4.9
[INFO] [stderr]    Compiling sccache v0.3.0 (/opt/rustwide/workdir)
[INFO] [stdout] warning: unexpected `cfg` condition value: `heapsize`
[INFO] [stdout]   --> src/lru_disk_cache/lru_cache.rs:48:7
[INFO] [stdout]    |
[INFO] [stdout] 48 | #[cfg(feature = "heapsize")]
[INFO] [stdout]    |       ^^^^^^^^^^^^^^^^^^^^
[INFO] [stdout]    |
[INFO] [stdout]    = note: expected values for `feature` are: `all`, `azure`, `chrono`, `crossbeam-utils`, `default`, `dist-client`, `dist-server`, `dist-tests`, `flate2`, `gcs`, `hmac`, `hyper`, `hyperx`, `jsonwebtoken`, `libmount`, `md-5`, `memcached`, `memcached-rs`, `native-zlib`, `nix`, `openssl`, `percent-encoding`, `redis`, `reqwest`, `ring`, `rouille`, `s3`, `sha-1`, `sha2`, `simple-s3`, `syslog`, `unstable`, `url`, `version-compare`, and `void`
[INFO] [stdout]    = help: consider adding `heapsize` as a feature in `Cargo.toml`
[INFO] [stdout]    = note: see <https://doc.rust-lang.org/nightly/rustc/check-cfg/cargo-specifics.html> for more information about checking conditional configuration
[INFO] [stdout]    = note: `#[warn(unexpected_cfgs)]` on by default
[INFO] [stdout] 
[INFO] [stdout] 
[INFO] [stdout] warning: unexpected `cfg` condition value: `heapsize`
[INFO] [stdout]    --> src/lru_disk_cache/lru_cache.rs:156:7
[INFO] [stdout]     |
[INFO] [stdout] 156 | #[cfg(feature = "heapsize")]
[INFO] [stdout]     |       ^^^^^^^^^^^^^^^^^^^^
[INFO] [stdout]     |
[INFO] [stdout]     = note: expected values for `feature` are: `all`, `azure`, `chrono`, `crossbeam-utils`, `default`, `dist-client`, `dist-server`, `dist-tests`, `flate2`, `gcs`, `hmac`, `hyper`, `hyperx`, `jsonwebtoken`, `libmount`, `md-5`, `memcached`, `memcached-rs`, `native-zlib`, `nix`, `openssl`, `percent-encoding`, `redis`, `reqwest`, `ring`, `rouille`, `s3`, `sha-1`, `sha2`, `simple-s3`, `syslog`, `unstable`, `url`, `version-compare`, and `void`
[INFO] [stdout]     = help: consider adding `heapsize` as a feature in `Cargo.toml`
[INFO] [stdout]     = note: see <https://doc.rust-lang.org/nightly/rustc/check-cfg/cargo-specifics.html> for more information about checking conditional configuration
[INFO] [stdout] 
[INFO] [stdout] 
[INFO] [stdout] warning: unexpected `cfg` condition value: `heapsize`
[INFO] [stdout]    --> src/lru_disk_cache/lru_cache.rs:180:7
[INFO] [stdout]     |
[INFO] [stdout] 180 | #[cfg(feature = "heapsize")]
[INFO] [stdout]     |       ^^^^^^^^^^^^^^^^^^^^
[INFO] [stdout]     |
[INFO] [stdout]     = note: expected values for `feature` are: `all`, `azure`, `chrono`, `crossbeam-utils`, `default`, `dist-client`, `dist-server`, `dist-tests`, `flate2`, `gcs`, `hmac`, `hyper`, `hyperx`, `jsonwebtoken`, `libmount`, `md-5`, `memcached`, `memcached-rs`, `native-zlib`, `nix`, `openssl`, `percent-encoding`, `redis`, `reqwest`, `ring`, `rouille`, `s3`, `sha-1`, `sha2`, `simple-s3`, `syslog`, `unstable`, `url`, `version-compare`, and `void`
[INFO] [stdout]     = help: consider adding `heapsize` as a feature in `Cargo.toml`
[INFO] [stdout]     = note: see <https://doc.rust-lang.org/nightly/rustc/check-cfg/cargo-specifics.html> for more information about checking conditional configuration
[INFO] [stdout] 
[INFO] [stdout] 
[INFO] [stdout] warning: unexpected `cfg` condition value: `heapsize`
[INFO] [stdout]    --> src/lru_disk_cache/lru_cache.rs:914:11
[INFO] [stdout]     |
[INFO] [stdout] 914 |     #[cfg(feature = "heapsize")]
[INFO] [stdout]     |           ^^^^^^^^^^^^^^^^^^^^
[INFO] [stdout]     |
[INFO] [stdout]     = note: expected values for `feature` are: `all`, `azure`, `chrono`, `crossbeam-utils`, `default`, `dist-client`, `dist-server`, `dist-tests`, `flate2`, `gcs`, `hmac`, `hyper`, `hyperx`, `jsonwebtoken`, `libmount`, `md-5`, `memcached`, `memcached-rs`, `native-zlib`, `nix`, `openssl`, `percent-encoding`, `redis`, `reqwest`, `ring`, `rouille`, `s3`, `sha-1`, `sha2`, `simple-s3`, `syslog`, `unstable`, `url`, `version-compare`, and `void`
[INFO] [stdout]     = help: consider adding `heapsize` as a feature in `Cargo.toml`
[INFO] [stdout]     = note: see <https://doc.rust-lang.org/nightly/rustc/check-cfg/cargo-specifics.html> for more information about checking conditional configuration
[INFO] [stdout] 
[INFO] [stdout] 
[INFO] [stdout] warning: use of deprecated module `std::u64`: all constants in this module replaced by associated constants on the type
[INFO] [stdout]   --> src/test/tests.rs:33:10
[INFO] [stdout]    |
[INFO] [stdout] 33 | use std::u64;
[INFO] [stdout]    |          ^^^
[INFO] [stdout]    |
[INFO] [stdout]    = note: `#[warn(deprecated)]` on by default
[INFO] [stdout] 
[INFO] [stdout] 
[INFO] [stdout] warning: use of deprecated constant `std::u64::MAX`: replaced by the `MAX` associated constant on this type
[INFO] [stdout]   --> src/test/tests.rs:72:25
[INFO] [stdout]    |
[INFO] [stdout] 72 |         .unwrap_or(u64::MAX);
[INFO] [stdout]    |                         ^^^
[INFO] [stdout] 
[INFO] [stdout] 
[INFO] [stdout] warning: use of deprecated module `std::u64`: all constants in this module replaced by associated constants on the type
[INFO] [stdout]     --> src/compiler/compiler.rs:1174:14
[INFO] [stdout]      |
[INFO] [stdout] 1174 |     use std::u64;
[INFO] [stdout]      |              ^^^
[INFO] [stdout] 
[INFO] [stdout] 
[INFO] [stdout] warning: use of deprecated constant `std::u64::MAX`: replaced by the `MAX` associated constant on this type
[INFO] [stdout]     --> src/compiler/compiler.rs:1406:76
[INFO] [stdout]      |
[INFO] [stdout] 1406 |         let storage = DiskCache::new(&f.tempdir.path().join("cache"), u64::MAX, &pool);
[INFO] [stdout]      |                                                                            ^^^
[INFO] [stdout] 
[INFO] [stdout] 
[INFO] [stdout] warning: use of deprecated constant `std::u64::MAX`: replaced by the `MAX` associated constant on this type
[INFO] [stdout]     --> src/compiler/compiler.rs:1516:76
[INFO] [stdout]      |
[INFO] [stdout] 1516 |         let storage = DiskCache::new(&f.tempdir.path().join("cache"), u64::MAX, &pool);
[INFO] [stdout]      |                                                                            ^^^
[INFO] [stdout] 
[INFO] [stdout] 
[INFO] [stdout] warning: use of deprecated constant `std::u64::MAX`: replaced by the `MAX` associated constant on this type
[INFO] [stdout]     --> src/compiler/compiler.rs:1699:76
[INFO] [stdout]      |
[INFO] [stdout] 1699 |         let storage = DiskCache::new(&f.tempdir.path().join("cache"), u64::MAX, &pool);
[INFO] [stdout]      |                                                                            ^^^
[INFO] [stdout] 
[INFO] [stdout] 
[INFO] [stdout] warning: use of deprecated constant `std::u64::MAX`: replaced by the `MAX` associated constant on this type
[INFO] [stdout]     --> src/compiler/compiler.rs:1809:76
[INFO] [stdout]      |
[INFO] [stdout] 1809 |         let storage = DiskCache::new(&f.tempdir.path().join("cache"), u64::MAX, &pool);
[INFO] [stdout]      |                                                                            ^^^
[INFO] [stdout] 
[INFO] [stdout] 
[INFO] [stdout] warning: use of deprecated constant `std::u64::MAX`: replaced by the `MAX` associated constant on this type
[INFO] [stdout]     --> src/compiler/compiler.rs:1888:76
[INFO] [stdout]      |
[INFO] [stdout] 1888 |         let storage = DiskCache::new(&f.tempdir.path().join("cache"), u64::MAX, &pool);
[INFO] [stdout]      |                                                                            ^^^
[INFO] [stdout] 
[INFO] [stdout] 
[INFO] [stdout] warning: use of deprecated module `std::u64`: all constants in this module replaced by associated constants on the type
[INFO] [stdout]   --> src/server.rs:56:10
[INFO] [stdout]    |
[INFO] [stdout] 56 | use std::u64;
[INFO] [stdout]    |          ^^^
[INFO] [stdout] 
[INFO] [stdout] 
[INFO] [stdout] warning: this function depends on never type fallback being `()`
[INFO] [stdout]   --> src/cache/redis.rs:66:5
[INFO] [stdout]    |
[INFO] [stdout] 66 |     async fn put(&self, key: &str, entry: CacheWrite) -> Result<Duration> {
[INFO] [stdout]    |     ^^^^^^^^^^^^
[INFO] [stdout]    |
[INFO] [stdout]    = help: specify the types explicitly
[INFO] [stdout] note: in edition 2024, the requirement `!: FromRedisValue` will fail
[INFO] [stdout]   --> src/cache/redis.rs:70:36
[INFO] [stdout]    |
[INFO] [stdout] 70 |         cmd("SET").arg(key).arg(d).query_async(&mut c).await?;
[INFO] [stdout]    |                                    ^^^^^^^^^^^
[INFO] [stdout]    = warning: this was previously accepted by the compiler but is being phased out; it will become a hard error in Rust 2024 and in a future release in all editions!
[INFO] [stdout]    = note: for more information, see <https://doc.rust-lang.org/edition-guide/rust-2024/never-type-fallback.html>
[INFO] [stdout]    = note: `#[warn(dependency_on_unit_never_type_fallback)]` (part of `#[warn(rust_2024_compatibility)]`) on by default
[INFO] [stdout] help: use `()` annotations to avoid fallback changes
[INFO] [stdout]    |
[INFO] [stdout] 70 |         cmd("SET").arg(key).arg(d).query_async::<_, ()>(&mut c).await?;
[INFO] [stdout]    |                                               +++++++++
[INFO] [stdout] 
[INFO] [stdout] 
[INFO] [stdout] warning: method `bearer_auth` is never used
[INFO] [stdout]   --> src/dist/http.rs:39:12
[INFO] [stdout]    |
[INFO] [stdout] 36 |     pub trait ReqwestRequestBuilderExt: Sized {
[INFO] [stdout]    |               ------------------------ method in this trait
[INFO] [stdout] ...
[INFO] [stdout] 39 |         fn bearer_auth(self, token: String) -> Self;
[INFO] [stdout]    |            ^^^^^^^^^^^
[INFO] [stdout]    |
[INFO] [stdout]    = note: `#[warn(dead_code)]` (part of `#[warn(unused)]`) on by default
[INFO] [stdout] 
[INFO] [stdout] 
[INFO] [stdout] warning: struct `JobJwt` is never constructed
[INFO] [stdout]    --> src/dist/http.rs:100:16
[INFO] [stdout]     |
[INFO] [stdout] 100 |     pub struct JobJwt {
[INFO] [stdout]     |                ^^^^^^
[INFO] [stdout] 
[INFO] [stdout] 
[INFO] [stdout] warning: struct `HeartbeatServerHttpRequest` is never constructed
[INFO] [stdout]    --> src/dist/http.rs:156:16
[INFO] [stdout]     |
[INFO] [stdout] 156 |     pub struct HeartbeatServerHttpRequest {
[INFO] [stdout]     |                ^^^^^^^^^^^^^^^^^^^^^^^^^^
[INFO] [stdout] 
[INFO] [stdout] 
[INFO] [stdout] warning: function pointer comparisons do not produce meaningful results since their addresses are not guaranteed to be unique
[INFO] [stdout]    --> src/compiler/args.rs:398:9
[INFO] [stdout]     |
[INFO] [stdout] 390 | #[derive(PartialEq, Clone, Debug)]
[INFO] [stdout]     |          --------- in this derive macro expansion
[INFO] [stdout] ...
[INFO] [stdout] 398 |         fn(OsString) -> ArgParseResult<T>,
[INFO] [stdout]     |         ^^^^^^^^^^^^^^^^^^^^^^^^^^^^^^^^^
[INFO] [stdout]     |
[INFO] [stdout]     = note: the address of the same function can vary between different codegen units
[INFO] [stdout]     = note: furthermore, different functions could have the same address after being merged together
[INFO] [stdout]     = note: for more information visit <https://doc.rust-lang.org/nightly/core/ptr/fn.fn_addr_eq.html>
[INFO] [stdout]     = note: `#[warn(unpredictable_function_pointer_comparisons)]` on by default
[INFO] [stdout] 
[INFO] [stdout] 
[INFO] [stdout] warning: direct cast of function item into an integer
[INFO] [stdout]    --> src/util.rs:563:36
[INFO] [stdout]     |
[INFO] [stdout] 563 |         new.sa_sigaction = handler as usize;
[INFO] [stdout]     |                                    ^^^^^^^^
[INFO] [stdout]     |
[INFO] [stdout]     = note: `#[warn(function_casts_as_integer)]` on by default
[INFO] [stdout] help: first cast to a pointer `as *const ()`
[INFO] [stdout]     |
[INFO] [stdout] 563 |         new.sa_sigaction = handler as *const () as usize;
[INFO] [stdout]     |                                    ++++++++++++
[INFO] [stdout] 
[INFO] [stdout] 
[INFO] [stderr]     Finished `release` profile [optimized] target(s) in 2m 42s
[INFO] [stderr] warning: the following packages contain code that will be rejected by a future version of Rust: daemonize v0.4.1, nom v5.1.2, sccache v0.3.0 (/opt/rustwide/workdir)
[INFO] [stderr] note: to see what the problems were, use the option `--future-incompat-report`, or run `cargo report future-incompatibilities --id 2`
[INFO] running `Command { std: "docker" "inspect" "f64fa316bf3df928ab9e69205dc946a9cebf723d925a26a3484f361c31a4de8b", kill_on_drop: false }`
[INFO] running `Command { std: "docker" "exec" "-e" "SOURCE_DIR=/opt/rustwide/workdir" "-e" "CARGO_HOME=/opt/rustwide/cargo-home" "-e" "RUSTUP_HOME=/opt/rustwide/rustup-home" "-e" "CARGO_TARGET_DIR=/opt/rustwide/target" "-e" "CARGO_INCREMENTAL=0" "-e" "RUST_BACKTRACE=full" "-e" "RUSTFLAGS=--cap-lints=warn" "-e" "RUSTDOCFLAGS=--cap-lints=warn" "-w" "/opt/rustwide/workdir" "--user" "0:0" "f64fa316bf3df928ab9e69205dc946a9cebf723d925a26a3484f361c31a4de8b" "/opt/rustwide/cargo-home/bin/cargo" "+1.99.0-beta.8" "test" "--frozen" "--release", kill_on_drop: false }`
[INFO] [stderr] warning: unexpected `cfg` condition value: `heapsize`
[INFO] [stderr]   --> src/lru_disk_cache/lru_cache.rs:48:7
[INFO] [stderr]    |
[INFO] [stderr] 48 | #[cfg(feature = "heapsize")]
[INFO] [stderr]    |       ^^^^^^^^^^^^^^^^^^^^
[INFO] [stderr]    |
[INFO] [stderr]    = note: expected values for `feature` are: `all`, `azure`, `chrono`, `crossbeam-utils`, `default`, `dist-client`, `dist-server`, `dist-tests`, `flate2`, `gcs`, `hmac`, `hyper`, `hyperx`, `jsonwebtoken`, `libmount`, `md-5`, `memcached`, `memcached-rs`, `native-zlib`, `nix`, `openssl`, `percent-encoding`, `redis`, `reqwest`, `ring`, `rouille`, `s3`, `sha-1`, `sha2`, `simple-s3`, `syslog`, `unstable`, `url`, `version-compare`, and `void`
[INFO] [stderr]    = help: consider adding `heapsize` as a feature in `Cargo.toml`
[INFO] [stderr]    = note: see <https://doc.rust-lang.org/nightly/rustc/check-cfg/cargo-specifics.html> for more information about checking conditional configuration
[INFO] [stderr]    = note: `#[warn(unexpected_cfgs)]` on by default
[INFO] [stderr] 
[INFO] [stderr] warning: unexpected `cfg` condition value: `heapsize`
[INFO] [stderr]    --> src/lru_disk_cache/lru_cache.rs:156:7
[INFO] [stderr]     |
[INFO] [stderr] 156 | #[cfg(feature = "heapsize")]
[INFO] [stderr]     |       ^^^^^^^^^^^^^^^^^^^^
[INFO] [stderr]     |
[INFO] [stderr]     = note: expected values for `feature` are: `all`, `azure`, `chrono`, `crossbeam-utils`, `default`, `dist-client`, `dist-server`, `dist-tests`, `flate2`, `gcs`, `hmac`, `hyper`, `hyperx`, `jsonwebtoken`, `libmount`, `md-5`, `memcached`, `memcached-rs`, `native-zlib`, `nix`, `openssl`, `percent-encoding`, `redis`, `reqwest`, `ring`, `rouille`, `s3`, `sha-1`, `sha2`, `simple-s3`, `syslog`, `unstable`, `url`, `version-compare`, and `void`
[INFO] [stderr]     = help: consider adding `heapsize` as a feature in `Cargo.toml`
[INFO] [stderr]     = note: see <https://doc.rust-lang.org/nightly/rustc/check-cfg/cargo-specifics.html> for more information about checking conditional configuration
[INFO] [stderr] 
[INFO] [stderr] warning: unexpected `cfg` condition value: `heapsize`
[INFO] [stderr]    --> src/lru_disk_cache/lru_cache.rs:180:7
[INFO] [stderr]     |
[INFO] [stderr] 180 | #[cfg(feature = "heapsize")]
[INFO] [stderr]     |       ^^^^^^^^^^^^^^^^^^^^
[INFO] [stderr]     |
[INFO] [stderr]     = note: expected values for `feature` are: `all`, `azure`, `chrono`, `crossbeam-utils`, `default`, `dist-client`, `dist-server`, `dist-tests`, `flate2`, `gcs`, `hmac`, `hyper`, `hyperx`, `jsonwebtoken`, `libmount`, `md-5`, `memcached`, `memcached-rs`, `native-zlib`, `nix`, `openssl`, `percent-encoding`, `redis`, `reqwest`, `ring`, `rouille`, `s3`, `sha-1`, `sha2`, `simple-s3`, `syslog`, `unstable`, `url`, `version-compare`, and `void`
[INFO] [stderr]     = help: consider adding `heapsize` as a feature in `Cargo.toml`
[INFO] [stderr]     = note: see <https://doc.rust-lang.org/nightly/rustc/check-cfg/cargo-specifics.html> for more information about checking conditional configuration
[INFO] [stderr] 
[INFO] [stderr] warning: use of deprecated module `std::u64`: all constants in this module replaced by associated constants on the type
[INFO] [stderr]   --> src/server.rs:56:10
[INFO] [stderr]    |
[INFO] [stderr] 56 | use std::u64;
[INFO] [stderr]    |          ^^^
[INFO] [stderr]    |
[INFO] [stderr]    = note: `#[warn(deprecated)]` on by default
[INFO] [stderr] 
[INFO] [stderr] warning: this function depends on never type fallback being `()`
[INFO] [stderr]   --> src/cache/redis.rs:66:5
[INFO] [stderr]    |
[INFO] [stderr] 66 |     async fn put(&self, key: &str, entry: CacheWrite) -> Result<Duration> {
[INFO] [stderr]    |     ^^^^^^^^^^^^
[INFO] [stderr]    |
[INFO] [stderr]    = help: specify the types explicitly
[INFO] [stderr] note: in edition 2024, the requirement `!: FromRedisValue` will fail
[INFO] [stderr]   --> src/cache/redis.rs:70:36
[INFO] [stderr]    |
[INFO] [stderr] 70 |         cmd("SET").arg(key).arg(d).query_async(&mut c).await?;
[INFO] [stderr]    |                                    ^^^^^^^^^^^
[INFO] [stderr]    = warning: this was previously accepted by the compiler but is being phased out; it will become a hard error in Rust 2024 and in a future release in all editions!
[INFO] [stderr]    = note: for more information, see <https://doc.rust-lang.org/edition-guide/rust-2024/never-type-fallback.html>
[INFO] [stderr]    = note: `#[warn(dependency_on_unit_never_type_fallback)]` (part of `#[warn(rust_2024_compatibility)]`) on by default
[INFO] [stderr] help: use `()` annotations to avoid fallback changes
[INFO] [stderr]    |
[INFO] [stderr] 70 |         cmd("SET").arg(key).arg(d).query_async::<_, ()>(&mut c).await?;
[INFO] [stderr]    |                                               +++++++++
[INFO] [stderr] 
[INFO] [stderr] warning: method `bearer_auth` is never used
[INFO] [stderr]   --> src/dist/http.rs:39:12
[INFO] [stderr]    |
[INFO] [stderr] 36 |     pub trait ReqwestRequestBuilderExt: Sized {
[INFO] [stderr]    |               ------------------------ method in this trait
[INFO] [stderr] ...
[INFO] [stderr] 39 |         fn bearer_auth(self, token: String) -> Self;
[INFO] [stderr]    |            ^^^^^^^^^^^
[INFO] [stderr]    |
[INFO] [stderr]    = note: `#[warn(dead_code)]` (part of `#[warn(unused)]`) on by default
[INFO] [stderr] 
[INFO] [stderr] warning: struct `JobJwt` is never constructed
[INFO] [stderr]    --> src/dist/http.rs:100:16
[INFO] [stderr]     |
[INFO] [stderr] 100 |     pub struct JobJwt {
[INFO] [stderr]     |                ^^^^^^
[INFO] [stderr] 
[INFO] [stderr] warning: struct `HeartbeatServerHttpRequest` is never constructed
[INFO] [stderr]    --> src/dist/http.rs:156:16
[INFO] [stderr]     |
[INFO] [stderr] 156 |     pub struct HeartbeatServerHttpRequest {
[INFO] [stderr]     |                ^^^^^^^^^^^^^^^^^^^^^^^^^^
[INFO] [stderr] 
[INFO] [stderr] warning: field `0` is never read
[INFO] [stderr]    --> src/mock_command.rs:423:10
[INFO] [stderr]     |
[INFO] [stderr] 423 |     Call(Box<dyn Fn(&[OsString]) -> Result<MockChild> + Send>),
[INFO] [stderr]     |     ---- ^^^^^^^^^^^^^^^^^^^^^^^^^^^^^^^^^^^^^^^^^^^^^^^^^^^^
[INFO] [stderr]     |     |
[INFO] [stderr]     |     field in this variant
[INFO] [stderr]     |
[INFO] [stderr] help: consider changing the field to be of unit type to suppress this warning while preserving the field numbering, or remove the field
[INFO] [stderr]     |
[INFO] [stderr] 423 -     Call(Box<dyn Fn(&[OsString]) -> Result<MockChild> + Send>),
[INFO] [stderr] 423 +     Call(()),
[INFO] [stderr]     |
[INFO] [stderr] 
[INFO] [stderr] warning: function pointer comparisons do not produce meaningful results since their addresses are not guaranteed to be unique
[INFO] [stderr]    --> src/compiler/args.rs:398:9
[INFO] [stderr]     |
[INFO] [stderr] 390 | #[derive(PartialEq, Clone, Debug)]
[INFO] [stderr]     |          --------- in this derive macro expansion
[INFO] [stderr] ...
[INFO] [stderr] 398 |         fn(OsString) -> ArgParseResult<T>,
[INFO] [stderr]     |         ^^^^^^^^^^^^^^^^^^^^^^^^^^^^^^^^^
[INFO] [stderr]     |
[INFO] [stderr]     = note: the address of the same function can vary between different codegen units
[INFO] [stderr]     = note: furthermore, different functions could have the same address after being merged together
[INFO] [stderr]     = note: for more information visit <https://doc.rust-lang.org/nightly/core/ptr/fn.fn_addr_eq.html>
[INFO] [stderr]     = note: `#[warn(unpredictable_function_pointer_comparisons)]` on by default
[INFO] [stderr] 
[INFO] [stderr] warning: direct cast of function item into an integer
[INFO] [stderr]    --> src/util.rs:563:36
[INFO] [stderr]     |
[INFO] [stderr] 563 |         new.sa_sigaction = handler as usize;
[INFO] [stderr]     |                                    ^^^^^^^^
[INFO] [stderr]     |
[INFO] [stderr]     = note: `#[warn(function_casts_as_integer)]` on by default
[INFO] [stderr] help: first cast to a pointer `as *const ()`
[INFO] [stderr]     |
[INFO] [stderr] 563 |         new.sa_sigaction = handler as *const () as usize;
[INFO] [stderr]     |                                    ++++++++++++
[INFO] [stderr] 
[INFO] [stderr] warning: `sccache` (lib) generated 11 warnings (run `cargo fix --lib -p sccache` to apply 2 suggestions)
[INFO] [stderr] warning: unexpected `cfg` condition value: `heapsize`
[INFO] [stderr]    --> src/lru_disk_cache/lru_cache.rs:914:11
[INFO] [stderr]     |
[INFO] [stderr] 914 |     #[cfg(feature = "heapsize")]
[INFO] [stderr]     |           ^^^^^^^^^^^^^^^^^^^^
[INFO] [stderr]     |
[INFO] [stderr]     = note: expected values for `feature` are: `all`, `azure`, `chrono`, `crossbeam-utils`, `default`, `dist-client`, `dist-server`, `dist-tests`, `flate2`, `gcs`, `hmac`, `hyper`, `hyperx`, `jsonwebtoken`, `libmount`, `md-5`, `memcached`, `memcached-rs`, `native-zlib`, `nix`, `openssl`, `percent-encoding`, `redis`, `reqwest`, `ring`, `rouille`, `s3`, `sha-1`, `sha2`, `simple-s3`, `syslog`, `unstable`, `url`, `version-compare`, and `void`
[INFO] [stderr]     = help: consider adding `heapsize` as a feature in `Cargo.toml`
[INFO] [stderr]     = note: see <https://doc.rust-lang.org/nightly/rustc/check-cfg/cargo-specifics.html> for more information about checking conditional configuration
[INFO] [stderr] 
[INFO] [stderr] warning: use of deprecated module `std::u64`: all constants in this module replaced by associated constants on the type
[INFO] [stderr]   --> src/test/tests.rs:33:10
[INFO] [stderr]    |
[INFO] [stderr] 33 | use std::u64;
[INFO] [stderr]    |          ^^^
[INFO] [stderr]    |
[INFO] [stderr]    = note: `#[warn(deprecated)]` on by default
[INFO] [stderr] 
[INFO] [stderr] warning: use of deprecated constant `std::u64::MAX`: replaced by the `MAX` associated constant on this type
[INFO] [stderr]   --> src/test/tests.rs:72:25
[INFO] [stderr]    |
[INFO] [stderr] 72 |         .unwrap_or(u64::MAX);
[INFO] [stderr]    |                         ^^^
[INFO] [stderr] 
[INFO] [stderr] warning: use of deprecated module `std::u64`: all constants in this module replaced by associated constants on the type
[INFO] [stderr]     --> src/compiler/compiler.rs:1174:14
[INFO] [stderr]      |
[INFO] [stderr] 1174 |     use std::u64;
[INFO] [stderr]      |              ^^^
[INFO] [stderr] 
[INFO] [stderr] warning: use of deprecated constant `std::u64::MAX`: replaced by the `MAX` associated constant on this type
[INFO] [stderr]     --> src/compiler/compiler.rs:1406:76
[INFO] [stderr]      |
[INFO] [stderr] 1406 |         let storage = DiskCache::new(&f.tempdir.path().join("cache"), u64::MAX, &pool);
[INFO] [stderr]      |                                                                            ^^^
[INFO] [stderr] 
[INFO] [stderr] warning: use of deprecated constant `std::u64::MAX`: replaced by the `MAX` associated constant on this type
[INFO] [stderr]     --> src/compiler/compiler.rs:1516:76
[INFO] [stderr]      |
[INFO] [stderr] 1516 |         let storage = DiskCache::new(&f.tempdir.path().join("cache"), u64::MAX, &pool);
[INFO] [stderr]      |                                                                            ^^^
[INFO] [stderr] 
[INFO] [stderr] warning: use of deprecated constant `std::u64::MAX`: replaced by the `MAX` associated constant on this type
[INFO] [stderr]     --> src/compiler/compiler.rs:1699:76
[INFO] [stderr]      |
[INFO] [stderr] 1699 |         let storage = DiskCache::new(&f.tempdir.path().join("cache"), u64::MAX, &pool);
[INFO] [stderr]      |                                                                            ^^^
[INFO] [stderr] 
[INFO] [stderr] warning: use of deprecated constant `std::u64::MAX`: replaced by the `MAX` associated constant on this type
[INFO] [stderr]     --> src/compiler/compiler.rs:1809:76
[INFO] [stderr]      |
[INFO] [stderr] 1809 |         let storage = DiskCache::new(&f.tempdir.path().join("cache"), u64::MAX, &pool);
[INFO] [stderr]      |                                                                            ^^^
[INFO] [stderr] 
[INFO] [stderr] warning: use of deprecated constant `std::u64::MAX`: replaced by the `MAX` associated constant on this type
[INFO] [stderr]     --> src/compiler/compiler.rs:1888:76
[INFO] [stderr]      |
[INFO] [stderr] 1888 |         let storage = DiskCache::new(&f.tempdir.path().join("cache"), u64::MAX, &pool);
[INFO] [stderr]      |                                                                            ^^^
[INFO] [stderr] 
[INFO] [stderr] warning: use of deprecated module `std::u64`: all constants in this module replaced by associated constants on the type
[INFO] [stderr]   --> src/server.rs:56:10
[INFO] [stderr]    |
[INFO] [stderr] 56 | use std::u64;
[INFO] [stderr]    |          ^^^
[INFO] [stderr] 
[INFO] [stderr] warning: `sccache` (lib test) generated 19 warnings (9 duplicates)
[INFO] [stderr]     Finished `release` profile [optimized] target(s) in 0.31s
[INFO] [stderr] warning: the following packages contain code that will be rejected by a future version of Rust: daemonize v0.4.1, nom v5.1.2, sccache v0.3.0 (/opt/rustwide/workdir)
[INFO] [stderr] note: to see what the problems were, use the option `--future-incompat-report`, or run `cargo report future-incompatibilities --id 2`
[INFO] [stderr]      Running unittests src/lib.rs (/opt/rustwide/target/release/deps/sccache-e2eeef29af3d82dd)
[INFO] [stdout] 
[INFO] [stdout] running 225 tests
[INFO] [stdout] test azure::blobstore::test::test_put_blob ... ignored
[INFO] [stdout] test azure::credentials::test::test_parse_connection_string_without_account_key ... ok
[INFO] [stdout] test azure::credentials::test::test_conn_str_with_endpoint_suffix_only ... ok
[INFO] [stdout] test cache::azure::test::get_with_key_prefix ... ok
[INFO] [stdout] test azure::blobstore::test::test_signing ... ok
[INFO] [stdout] test azure::credentials::test::test_parse_connection_string ... ok
[INFO] [stdout] test cache::azure::test::put_with_key_prefix ... ok
[INFO] [stdout] test azure::blobstore::test::test_canonicalize_resource ... ok
[INFO] [stdout] test azure::blobstore::test::get_cache_miss ... ok
[INFO] [stdout] test azure::blobstore::test::put ... ok
[INFO] [stdout] test azure::blobstore::test::get_cache_hit ... ok
[INFO] [stdout] test compiler::args::tests::test_arginfo_process ... ok
[INFO] [stdout] test compiler::args::tests::test_arginfo_cmp ... ok
[INFO] [stdout] test compiler::args::tests::test_argsiter ... ok
[INFO] [stdout] test compiler::args::tests::test_argument_into_iter ... ok
[INFO] [stdout] test cache::gcs::test_gcs_credential_provider ... ok
[INFO] [stdout] test compiler::args::tests::test_bsearch ... ok
[INFO] [stdout] test compiler::args::tests::test_arginfo_process_take_concat_arg_delim_doesnt_crash ... ok
[INFO] [stdout] test compiler::c::test::test_extra_hash_data ... ok
[INFO] [stdout] test compiler::c::test::test_hash_key_args_differs ... ok
[INFO] [stdout] test compiler::c::test::test_hash_key_env_var_differs ... ok
[INFO] [stdout] test compiler::c::test::test_hash_key_executable_contents_differs ... ok
[INFO] [stdout] test compiler::c::test::test_hash_key_preprocessed_content_differs ... ok
[INFO] [stdout] test compiler::c::test::test_language_from_file_name ... ok
[INFO] [stdout] test compiler::c::test::test_language_from_file_name_none ... ok
[INFO] [stdout] test compiler::c::test::test_same_content ... ok
[INFO] [stdout] test compiler::clang::test::test_parse_arguments_clangmodules ... ok
[INFO] [stdout] test compiler::clang::test::test_parse_arguments_others ... ok
[INFO] [stdout] test compiler::args::tests::test_multi_search ... ok
[INFO] [stdout] test compiler::clang::test::test_parse_arguments_pgo_cancellation ... ok
[INFO] [stdout] test compiler::clang::test::test_parse_arguments_profile_instr_use ... ok
[INFO] [stdout] test compiler::clang::test::test_parse_arguments_profile_use ... ok
[INFO] [stdout] test compiler::clang::test::test_parse_arguments_profile_use_with_no_argument ... ok
[INFO] [stdout] test compiler::clang::test::test_parse_arguments_profile_use_with_directory ... ok
[INFO] [stdout] test compiler::c::test::test_plusplus_differs ... ok
[INFO] [stdout] test compiler::clang::test::test_parse_arguments_values ... ok
[INFO] [stdout] test compiler::clang::test::test_parse_color_diags ... ok
[INFO] [stdout] test compiler::clang::test::test_parse_arguments_simple ... ok
[INFO] [stdout] test compiler::clang::test::test_parse_fplugin ... ok
[INFO] [stdout] test compiler::clang::test::test_parse_fsanitize_blacklist ... ok
[INFO] [stdout] test compiler::clang::test::test_parse_xclang_add_plugin ... ok
[INFO] [stdout] test compiler::clang::test::test_parse_xclang_invalid ... ok
[INFO] [stdout] test compiler::clang::test::test_parse_xclang_llvm_stuff ... ok
[INFO] [stdout] test compiler::clang::test::test_parse_xclang_load ... ok
[INFO] [stdout] test compiler::clang::test::test_parse_xclang_plugin_arg_find_bad_constructs ... ok
[INFO] [stdout] test compiler::clang::test::test_parse_xclang_verify ... ok
[INFO] [stdout] test compiler::clang::test::test_parse_xclang_plugin_arg_blink_gc_plugin ... ok
[INFO] [stderr] [2026-10-19T05:32:12Z ERROR sccache::compiler::compiler] [foo.o]: Cache read error: Some Error
[INFO] [stdout] test cache::azure::test::location ... ok
[INFO] [stdout] test cache::gcs::test_gcs_oauth_provider ... ok
[INFO] [stdout] test cache::azure::test::normalize_key ... ok
[INFO] [stdout] test cache::gcs::normalize_key ... ok
[INFO] [stdout] test compiler::compiler::test::test_compiler_get_cached_or_compile_preprocessor_error ... ok
[INFO] [stdout] test compiler::compiler::test::test_compiler_version_affects_hash ... ok
[INFO] [stdout] test cache::gcs::location ... ok
[INFO] [stdout] test compiler::compiler::test::test_detect_compiler_kind_gcc ... ok
[INFO] [stdout] test compiler::compiler::test::test_detect_compiler_kind_msvc ... ok
[INFO] [stdout] test compiler::compiler::test::test_detect_compiler_kind_nvcc ... ok
[INFO] [stdout] test compiler::compiler::test::test_detect_compiler_kind_process_fail ... ok
[INFO] [stdout] test compiler::compiler::test::test_compiler_get_cached_or_compile_force_recache ... ok
[INFO] [stdout] test compiler::compiler::test::test_compiler_get_cached_or_compile ... ok
[INFO] [stdout] test compiler::compiler::test::test_detect_compiler_kind_unknown ... ok
[INFO] [stdout] test compiler::compiler::test::test_get_compiler_info ... ok
[INFO] [stdout] test compiler::diab::test::test_at_signs ... ok
[INFO] [stdout] test compiler::diab::test::test_at_signs_file ... ok
[INFO] [stdout] test compiler::diab::test::test_at_signs_file_not_readable ... ok
[INFO] [stdout] test compiler::diab::test::test_parse_arguments_default_name ... ok
[INFO] [stdout] test compiler::diab::test::test_compile_simple ... ok
[INFO] [stdout] test compiler::diab::test::test_parse_arguments_extra ... ok
[INFO] [stdout] test compiler::diab::test::test_parse_arguments_empty_args ... ok
[INFO] [stdout] test compiler::diab::test::test_parse_arguments_not_compile ... ok
[INFO] [stdout] test compiler::diab::test::test_parse_arguments_link ... ok
[INFO] [stdout] test compiler::diab::test::test_parse_arguments_simple ... ok
[INFO] [stdout] test compiler::compiler::test::test_compiler_get_cached_or_compile_cache_error ... ok
[INFO] [stdout] test compiler::diab::test::test_parse_arguments_too_many_inputs ... ok
[INFO] [stdout] test compiler::diab::test::test_parse_arguments_preprocessor_args ... ok
[INFO] [stdout] test compiler::compiler::test::test_detect_compiler_kind_rustc ... ok
[INFO] [stdout] test compiler::compiler::test::test_detect_compiler_kind_clang ... ok
[INFO] [stdout] test compiler::diab::test::test_parse_dry_run ... ok
[INFO] [stdout] test compiler::gcc::test::pedantic_default ... ok
[INFO] [stdout] test compiler::gcc::test::pedantic_std ... ok
[INFO] [stdout] test compiler::gcc::test::pedantic_gnu ... ok
[INFO] [stdout] test compiler::diab::test::test_parse_arguments_values ... ok
[INFO] [stdout] test compiler::gcc::test::at_signs ... ok
[INFO] [stdout] test compiler::gcc::test::color_mode_preprocess ... ok
[INFO] [stdout] test compiler::gcc::test::test_parse_arguments_default_outputdir ... ok
[INFO] [stdout] test compiler::gcc::test::test_parse_arguments_diagnostics_color ... ok
[INFO] [stdout] test compiler::gcc::test::test_parse_arguments_empty_args ... ok
[INFO] [stdout] test compiler::gcc::test::test_parse_arguments_explicit_dep_target ... ok
[INFO] [stdout] test compiler::gcc::test::test_parse_arguments_coverage_outputs_gcno ... ok
[INFO] [stdout] test compiler::gcc::test::test_parse_arguments_default_name ... ok
[INFO] [stdout] test compiler::compiler::test::test_detect_compiler_kind_diab ... ok
[INFO] [stdout] test compiler::gcc::test::test_parse_arguments_explicit_mq_dep_target_needed ... ok
[INFO] [stdout] test compiler::gcc::test::test_parse_arguments_extra ... ok
[INFO] [stdout] test compiler::gcc::test::test_parse_arguments_linker_options ... ok
[INFO] [stdout] test compiler::gcc::test::test_parse_arguments_multiple_arch ... ok
[INFO] [stdout] test compiler::gcc::test::test_compile_simple ... ok
[INFO] [stdout] test compiler::gcc::test::test_parse_arguments_pgo ... ok
[INFO] [stdout] test compiler::gcc::test::test_parse_arguments_plusplus ... ok
[INFO] [stdout] test compiler::gcc::test::test_parse_arguments_dep_target_needed ... ok
[INFO] [stdout] test compiler::gcc::test::test_parse_arguments_profile_generate ... ok
[INFO] [stdout] test compiler::gcc::test::test_parse_arguments_not_compile ... ok
[INFO] [stdout] test compiler::gcc::test::test_parse_arguments_explicit_dep_target_needed ... ok
[INFO] [stdout] test compiler::gcc::test::test_parse_arguments_link ... ok
[INFO] [stdout] test compiler::gcc::test::test_parse_arguments_preprocessor_args ... ok
[INFO] [stdout] test compiler::gcc::test::test_parse_arguments_split_dwarf ... ok
[INFO] [stdout] test compiler::gcc::test::test_parse_arguments_too_many_inputs ... ok
[INFO] [stdout] test compiler::gcc::test::test_parse_arguments_values ... ok
[INFO] [stdout] test compiler::compiler::test::test_compiler_get_cached_or_compile_dist ... ok
[INFO] [stdout] test compiler::gcc::test::test_parse_arguments_simple ... ok
[INFO] [stdout] test compiler::msvc::test::parse_argument_slashes ... ok
[INFO] [stdout] test compiler::gcc::test::test_parse_arguments_test_coverage_outputs_gcno ... ok
[INFO] [stdout] test compiler::compiler::test::test_compiler_get_cached_or_compile_dist_error ... ok
[INFO] [stdout] test compiler::gcc::test::test_parse_arguments_response_file ... ok
[INFO] [stdout] test compiler::msvc::test::test_parse_arguments_clang_passthrough ... ok
[INFO] [stdout] test compiler::msvc::test::test_parse_arguments_default_name ... ok
[INFO] [stdout] test compiler::msvc::test::test_parse_arguments_empty_args ... ok
[INFO] [stdout] test compiler::msvc::test::test_parse_arguments_missing_edit_and_continue_pdb ... ok
[INFO] [stdout] test compiler::msvc::test::test_parse_arguments_external_include ... ok
[INFO] [stdout] test compiler::msvc::test::test_parse_arguments_missing_pdb ... ok
[INFO] [stdout] test compiler::msvc::test::test_parse_arguments_not_compile ... ok
[INFO] [stdout] test compiler::msvc::test::test_parse_arguments_passthrough ... ok
[INFO] [stdout] test compiler::msvc::test::test_parse_arguments_simple ... ok
[INFO] [stdout] test compiler::msvc::test::test_parse_arguments_too_many_inputs ... ok
[INFO] [stdout] test compiler::msvc::test::test_parse_arguments_unsupported ... ok
[INFO] [stdout] test compiler::msvc::test::test_parse_arguments_values ... ok
[INFO] [stdout] test compiler::msvc::test::test_parse_compile_flag ... ok
[INFO] [stdout] test compiler::msvc::test::test_parse_arguments_pdb ... ok
[INFO] [stdout] test compiler::msvc::test::test_parse_arguments_response_file ... ok
[INFO] [stdout] test compiler::msvc::test::test_parse_arguments_external_warning_suppression_forward_slashes ... ok
[INFO] [stdout] test compiler::msvc::test::test_parse_arguments_extra ... ok
[INFO] [stdout] test compiler::nvcc::test::test_parse_arguments_dc_compile_flag ... ok
[INFO] [stdout] test compiler::nvcc::test::test_parse_arguments_simple_c ... ok
[INFO] [stdout] test compiler::msvc::test::test_compile_simple ... ok
[INFO] [stdout] test compiler::nvcc::test::test_parse_arguments_values ... ok
[INFO] [stdout] test compiler::msvc::test::test_compile_not_cacheable_pdb ... ok
[INFO] [stdout] test compiler::msvc::test::test_detect_showincludes_prefix ... ok
[INFO] [stdout] test compiler::msvc::test::test_parse_fsanitize_blacklist ... ok
[INFO] [stdout] test compiler::nvcc::test::test_parse_arguments_simple_c_as_cu ... ok
[INFO] [stdout] test compiler::nvcc::test::test_parse_dlink_is_not_compilation ... ok
[INFO] [stdout] test compiler::nvcc::test::test_parse_no_capturing_of_xcompiler ... ok
[INFO] [stdout] test compiler::nvcc::test::test_parse_generate_code_flags ... ok
[INFO] [stdout] test compiler::nvcc::test::test_parse_md_mt_flags_cu ... ok
[INFO] [stdout] test compiler::nvcc::test::test_parse_arguments_simple_cu ... ok
[INFO] [stdout] test compiler::nvcc::test::test_parse_cant_cache_flags ... ok
[INFO] [stdout] test compiler::rust::test::test_get_compiler_outputs_fail ... ok
[INFO] [stdout] test compiler::rust::test::test_parse_arguments_color ... ok
[INFO] [stdout] test compiler::rust::test::test_parse_arguments_dep_info_no_extra_filename ... ok
[INFO] [stdout] test compiler::nvcc::test::test_parse_pass_to_host_flags ... ok
[INFO] [stdout] test compiler::rust::test::test_parse_arguments_incremental ... ok
[INFO] [stdout] test compiler::rust::test::test_parse_arguments_non_rlib_crate ... ok
[INFO] [stdout] test compiler::rust::test::test_parse_arguments_native_libs ... ok
[INFO] [stdout] test compiler::rust::test::test_parse_arguments_simple ... ok
[INFO] [stdout] test compiler::rust::test::test_parse_dep_info ... ok
[INFO] [stdout] test compiler::rust::test::test_parse_dep_info_cwd ... ok
[INFO] [stdout] test compiler::rust::test::test_parse_dep_info_with_escaped_spaces ... ok
[INFO] [stdout] test compiler::rust::test::test_parse_rustc_z_ls_post_1_55 ... ok
[INFO] [stdout] test compiler::rust::test::test_parse_rustc_z_ls_pre_1_55 ... ok
[INFO] [stdout] test compiler::rust::test::test_parse_unstable_profile_flag ... ok
[INFO] [stdout] test compiler::rust::test_can_trim_this ... ok
[INFO] [stdout] test compiler::rust::test::test_parse_dep_info_abs_paths ... ok
[INFO] [stdout] test compiler::rust::test::test_equal_hashes_link_paths ... ok
[INFO] [stdout] test compiler::rust::test::test_get_compiler_outputs ... ok
[INFO] [stdout] test compiler::rust::test::test_generate_hash_key ... ok
[INFO] [stdout] test compiler::rust::test::test_equal_hashes_ignored_args ... ok
[INFO] [stdout] test config::config_overrides ... ok
[INFO] [stdout] test config::test_gcs_credentials_url ... ok
[INFO] [stdout] test config::test_gcs_oauth_url ... ok
[INFO] [stdout] test compiler::rust::test::test_equal_hashes_externs ... ok
[INFO] [stdout] test config::full_toml_parse ... ok
[INFO] [stdout] test dist::cache::client::test::test_client_toolchains_custom_nodist_conflict ... ok
[INFO] [stdout] test config::test_parse_size ... ok
[INFO] [stdout] test dist::cache::client::test::test_client_toolchains_nodist ... ok
[INFO] [stdout] test dist::pkg::toolchain_imp::test_ldd_parse ... ok
[INFO] [stdout] test lru_disk_cache::lru_cache::tests::test_change_capacity ... ok
[INFO] [stdout] test lru_disk_cache::lru_cache::tests::test_clear ... ok
[INFO] [stdout] test lru_disk_cache::lru_cache::tests::test_contains_key ... ok
[INFO] [stdout] test lru_disk_cache::lru_cache::tests::test_iter ... ok
[INFO] [stdout] test dist::pkg::toolchain_imp::test_ldd_parse_static ... ok
[INFO] [stdout] test lru_disk_cache::lru_cache::tests::test_debug ... ok
[INFO] [stdout] test dist::pkg::toolchain_imp::test_ldd_parse_v2_30 ... ok
[INFO] [stdout] test lru_disk_cache::lru_cache::tests::test_metered_cache ... ok
[INFO] [stdout] test dist::cache::client::test::test_client_toolchains_custom_multiuse_archive ... ok
[INFO] [stdout] test dist::cache::client::test::test_client_toolchains_custom ... ok
[INFO] [stdout] test lru_disk_cache::lru_cache::tests::test_metered_cache_oversize ... ok
[INFO] [stdout] test lru_disk_cache::lru_cache::tests::test_put_update ... ok
[INFO] [stdout] test lru_disk_cache::lru_cache::tests::test_expire_lru ... ok
[INFO] [stdout] test lru_disk_cache::tests::test_add_get_lru ... ok
[INFO] [stdout] test lru_disk_cache::lru_cache::tests::test_pop ... ok
[INFO] [stdout] test lru_disk_cache::lru_cache::tests::test_put_and_get ... ok
[INFO] [stdout] test lru_disk_cache::lru_cache::tests::test_remove ... ok
[INFO] [stdout] test lru_disk_cache::tests::test_empty_dir ... ok
[INFO] [stdout] test lru_disk_cache::lru_cache::tests::test_metered_cache_reinsert_larger ... ok
[INFO] [stdout] test lru_disk_cache::tests::test_existing_file_too_large ... ok
[INFO] [stdout] test lru_disk_cache::tests::test_missing_root ... ok
[INFO] [stdout] test compiler::rust::test::test_equal_hashes_cfg_features ... ok
[INFO] [stdout] test lru_disk_cache::tests::test_existing_files_lru_mtime ... ok
[INFO] [stdout] test lru_disk_cache::tests::test_insert_bytes ... ok
[INFO] [stdout] test lru_disk_cache::tests::test_insert_bytes_exact ... ok
[INFO] [stdout] test lru_disk_cache::tests::test_insert_bytes_too_large ... ok
[INFO] [stdout] test lru_disk_cache::tests::test_insert_file ... ok
[INFO] [stdout] test mock_command::test::test_mock_command_wait ... ok
[INFO] [stdout] test mock_command::test::test_mock_wait_error ... ok
[INFO] [stdout] test mock_command::test::test_mock_spawn_error ... ok
[INFO] [stdout] test server::waits_until_zero ... ok
[INFO] [stdout] test lru_disk_cache::tests::test_remove ... ok
[INFO] [stdout] test mock_command::test::test_mock_command_sync ... ok
[INFO] [stdout] test mock_command::test::test_mock_command_output ... ok
[INFO] [stdout] test simples3::s3::test::test_signature ... ok
[INFO] [stdout] test lru_disk_cache::tests::test_some_existing_files ... ok
[INFO] [stdout] test mock_command::test::test_mock_command_calls ... ok
[INFO] [stdout] test mock_command::test::test_unexpected_new_command - should panic ... ok
[INFO] [stdout] test test::utils::test_map_contains_extra_key - should panic ... ok
[INFO] [stdout] test test::utils::test_map_contains_missing_key - should panic ... ok
[INFO] [stdout] test test::tests::test_server_shutdown_no_idle ... ok
[INFO] [stdout] test test::utils::test_map_contains_ok ... ok
[INFO] [stdout] test test::utils::test_map_contains_wrong_value - should panic ... ok
[INFO] [stdout] test util::tests::rfc7231_format ... ok
[INFO] [stdout] test util::tests::simple_starts_with ... ok
[INFO] [stdout] test util::tests::simple_strip_prefix ... ok
[INFO] [stdout] test test::tests::test_server_stats ... ok
[INFO] [stdout] test test::tests::test_server_shutdown ... ok
[INFO] [stdout] test test::tests::test_server_compile ... ok
[INFO] [stdout] test test::tests::test_server_idle_timeout ... ok
[INFO] [stdout] test test::tests::test_server_unsupported_compiler ... ok
[INFO] [stdout] test test::tests::test_server_port_in_use ... ok
[INFO] [stdout] 
[INFO] [stdout] test result: ok. 224 passed; 0 failed; 1 ignored; 0 measured; 0 filtered out; finished in 0.36s
[INFO] [stdout] 
[INFO] [stderr]      Running unittests src/main.rs (/opt/rustwide/target/release/deps/sccache-7d056d1a2460c320)
[INFO] [stdout] 
[INFO] [stderr]      Running tests/dist.rs (/opt/rustwide/target/release/deps/dist-84037c688c923746)
[INFO] [stdout] running 0 tests
[INFO] [stdout] 
[INFO] [stdout] test result: ok. 0 passed; 0 failed; 0 ignored; 0 measured; 0 filtered out; finished in 0.00s
[INFO] [stdout] 
[INFO] [stderr]      Running tests/oauth.rs (/opt/rustwide/target/release/deps/oauth-2c4d3e0abe6950b9)
[INFO] [stdout] 
[INFO] [stdout] running 0 tests
[INFO] [stdout] 
[INFO] [stdout] test result: ok. 0 passed; 0 failed; 0 ignored; 0 measured; 0 filtered out; finished in 0.00s
[INFO] [stdout] 
[INFO] [stdout] 
[INFO] [stderr]      Running tests/sccache_cargo.rs (/opt/rustwide/target/release/deps/sccache_cargo-0027f42b7e4d003b)
[INFO] [stdout] running 1 test
[INFO] [stdout] test test_auth ... ignored
[INFO] [stdout] 
[INFO] [stdout] test result: ok. 0 passed; 0 failed; 1 ignored; 0 measured; 0 filtered out; finished in 0.00s
[INFO] [stdout] 
[INFO] [stdout] 
[INFO] [stdout] running 3 tests
[INFO] [stdout] test test_rust_cargo_build ... FAILED
[INFO] [stdout] test test_rust_cargo_check ... FAILED
[INFO] [stdout] test test_rust_cargo_run_with_env_dep_parsing ... FAILED
[INFO] [stdout] 
[INFO] [stdout] failures:
[INFO] [stdout] 
[INFO] [stdout] ---- test_rust_cargo_build stdout ----
[INFO] [stdout] Error: Unexpected failure.
[INFO] [stdout] code-101
[INFO] [stdout] stderr=```"warning: Cargo.toml: `package.edition` is unspecified, defaulting to `2015` while the latest is `2024`\nwarning: `test-crate` (manifest) generated 1 warning\n    Updating crates.io index\nwarning: spurious network error (3 tries remaining): [6] Could not resolve hostname (Could not resolve host: index.crates.io)\nwarning: spurious network error (2 tries remaining): [6] Could not resolve hostname (Could not resolve host: index.crates.io)\nwarning: spurious network error (1 try remaining): [6] Could not resolve hostname (Could not resolve host: index.crates.io)\nerror: failed to get `itoa` as a dependency of package `test-crate v0.1.0 (/opt/rustwide/workdir/tests/test-crate)`\n\nCaused by:\n  failed to load source for dependency `itoa`\n\nCaused by:\n  unable to update registry `crates-io`\n\nCaused by:\n  download of config.json failed\n\nCaused by:\n  [6] Could not resolve hostname (Could not resolve host: index.crates.io)\n"```
[INFO] [stdout] command=`cd "tests/test-crate" && CARGO_INCREMENTAL="0" CARGO_TARGET_DIR="/tmp/sccache_test_rust_cargoB22XvF/cargo" RUSTC_WRAPPER="/opt/rustwide/target/release/sccache" TEST_ENV_VAR="1" "/opt/rustwide/rustup-home/toolchains/1.99.0-beta.8-x86_64-unknown-linux-gnu/bin/cargo" "build" "--color=never"`
[INFO] [stdout] code=101
[INFO] [stdout] stdout=""
[INFO] [stdout] stderr="warning: Cargo.toml: `package.edition` is unspecified, defaulting to `2015` while the latest is `2024`\nwarning: `test-crate` (manifest) generated 1 warning\n    Updating crates.io index\nwarning: spurious network error (3 tries remaining): [6] Could not resolve hostname (Could not resolve host: index.crates.io)\nwarning: spurious network error (2 tries remaining): [6] Could not resolve hostname (Could not resolve host: index.crates.io)\nwarning: spurious network error (1 try remaining): [6] Could not resolve hostname (Could not resolve host: index.crates.io)\nerror: failed to get `itoa` as a dependency of package `test-crate v0.1.0 (/opt/rustwide/workdir/tests/test-crate)`\n\nCaused by:\n  failed to load source for dependency `itoa`\n\nCaused by:\n  unable to update registry `crates-io`\n\nCaused by:\n  download of config.json failed\n\nCaused by:\n  [6] Could not resolve hostname (Could not resolve host: index.crates.io)\n"
[INFO] [stdout] 
[INFO] [stdout] 
[INFO] [stdout] ---- test_rust_cargo_check stdout ----
[INFO] [stdout] Error: Unexpected failure.
[INFO] [stdout] code-101
[INFO] [stdout] stderr=```"warning: Cargo.toml: `package.edition` is unspecified, defaulting to `2015` while the latest is `2024`\nwarning: `test-crate` (manifest) generated 1 warning\n    Updating crates.io index\nwarning: spurious network error (3 tries remaining): [6] Could not resolve hostname (Could not resolve host: index.crates.io)\nwarning: spurious network error (2 tries remaining): [6] Could not resolve hostname (Could not resolve host: index.crates.io)\nwarning: spurious network error (1 try remaining): [6] Could not resolve hostname (Could not resolve host: index.crates.io)\nerror: failed to get `itoa` as a dependency of package `test-crate v0.1.0 (/opt/rustwide/workdir/tests/test-crate)`\n\nCaused by:\n  failed to load source for dependency `itoa`\n\nCaused by:\n  unable to update registry `crates-io`\n\nCaused by:\n  download of config.json failed\n\nCaused by:\n  [6] Could not resolve hostname (Could not resolve host: index.crates.io)\n"```
[INFO] [stdout] command=`cd "tests/test-crate" && CARGO_INCREMENTAL="0" CARGO_TARGET_DIR="/tmp/sccache_test_rust_cargoEy0QCE/cargo" RUSTC_WRAPPER="/opt/rustwide/target/release/sccache" TEST_ENV_VAR="1" "/opt/rustwide/rustup-home/toolchains/1.99.0-beta.8-x86_64-unknown-linux-gnu/bin/cargo" "check" "--color=never"`
[INFO] [stdout] code=101
[INFO] [stdout] stdout=""
[INFO] [stdout] stderr="warning: Cargo.toml: `package.edition` is unspecified, defaulting to `2015` while the latest is `2024`\nwarning: `test-crate` (manifest) generated 1 warning\n    Updating crates.io index\nwarning: spurious network error (3 tries remaining): [6] Could not resolve hostname (Could not resolve host: index.crates.io)\nwarning: spurious network error (2 tries remaining): [6] Could not resolve hostname (Could not resolve host: index.crates.io)\nwarning: spurious network error (1 try remaining): [6] Could not resolve hostname (Could not resolve host: index.crates.io)\nerror: failed to get `itoa` as a dependency of package `test-crate v0.1.0 (/opt/rustwide/workdir/tests/test-crate)`\n\nCaused by:\n  failed to load source for dependency `itoa`\n\nCaused by:\n  unable to update registry `crates-io`\n\nCaused by:\n  download of config.json failed\n\nCaused by:\n  [6] Could not resolve hostname (Could not resolve host: index.crates.io)\n"
[INFO] [stdout] 
[INFO] [stdout] 
[INFO] [stdout] ---- test_rust_cargo_run_with_env_dep_parsing stdout ----
[INFO] [stdout] Error: Unexpected stdout, failed var.contains(Env var: 1)
[INFO] [stdout] ├── var: 
[INFO] [stdout] └── var as str: 
[INFO] [stderr] error: test failed, to rerun pass `--test sccache_cargo`
[INFO] [stdout] 
[INFO] [stdout] command=`cd "tests/test-crate" && CARGO_INCREMENTAL="0" CARGO_TARGET_DIR="/tmp/sccache_test_rust_cargofBAQHf/cargo" RUSTC_WRAPPER="/opt/rustwide/target/release/sccache" TEST_ENV_VAR="1" "/opt/rustwide/rustup-home/toolchains/1.99.0-beta.8-x86_64-unknown-linux-gnu/bin/cargo" "run" "--color=never"`
[INFO] [stdout] code=101
[INFO] [stdout] stdout=""
[INFO] [stdout] stderr="warning: Cargo.toml: `package.edition` is unspecified, defaulting to `2015` while the latest is `2024`\nwarning: `test-crate` (manifest) generated 1 warning\n    Updating crates.io index\nwarning: spurious network error (3 tries remaining): [6] Could not resolve hostname (Could not resolve host: index.crates.io)\nwarning: spurious network error (2 tries remaining): [6] Could not resolve hostname (Could not resolve host: index.crates.io)\nwarning: spurious network error (1 try remaining): [6] Could not resolve hostname (Could not resolve host: index.crates.io)\nerror: failed to get `itoa` as a dependency of package `test-crate v0.1.0 (/opt/rustwide/workdir/tests/test-crate)`\n\nCaused by:\n  failed to load source for dependency `itoa`\n\nCaused by:\n  unable to update registry `crates-io`\n\nCaused by:\n  download of config.json failed\n\nCaused by:\n  [6] Could not resolve hostname (Could not resolve host: index.crates.io)\n"
[INFO] [stdout] 
[INFO] [stdout] 
[INFO] [stdout] 
[INFO] [stdout] failures:
[INFO] [stdout]     test_rust_cargo_build
[INFO] [stdout]     test_rust_cargo_check
[INFO] [stdout]     test_rust_cargo_run_with_env_dep_parsing
[INFO] [stdout] 
[INFO] [stdout] test result: FAILED. 0 passed; 3 failed; 0 ignored; 0 measured; 0 filtered out; finished in 34.33s
[INFO] [stdout] 
[INFO] running `Command { std: "docker" "inspect" "f64fa316bf3df928ab9e69205dc946a9cebf723d925a26a3484f361c31a4de8b", kill_on_drop: false }`
[INFO] running `Command { std: "docker" "rm" "-f" "f64fa316bf3df928ab9e69205dc946a9cebf723d925a26a3484f361c31a4de8b", kill_on_drop: false }`
[INFO] [stdout] f64fa316bf3df928ab9e69205dc946a9cebf723d925a26a3484f361c31a4de8b
