[INFO] cloning repository https://github.com/13262233692/api-migrate-186
[INFO] running `Command { std: "git" "-c" "credential.helper=" "-c" "credential.helper=/workspace/cargo-home/bin/git-credential-null" "clone" "--bare" "https://github.com/13262233692/api-migrate-186" "/workspace/cache/git-repos/https%3A%2F%2Fgithub.com%2F13262233692%2Fapi-migrate-186", kill_on_drop: false }`
[INFO] [stderr] Cloning into bare repository '/workspace/cache/git-repos/https%3A%2F%2Fgithub.com%2F13262233692%2Fapi-migrate-186'...
[INFO] running `Command { std: "git" "rev-parse" "HEAD", kill_on_drop: false }`
[INFO] [stdout] d32405fb55556dedf58aeb472e3fce2a825432cd
[INFO] testing 13262233692/api-migrate-186 against 1.100.0-beta.1+cargoflags=--release for beta-release-1.100-3
[INFO] running `Command { std: "git" "clone" "/workspace/cache/git-repos/https%3A%2F%2Fgithub.com%2F13262233692%2Fapi-migrate-186" "/workspace/builds/worker-3-tc2/source", kill_on_drop: false }`
[INFO] [stderr] Cloning into '/workspace/builds/worker-3-tc2/source'...
[INFO] [stderr] done.
[INFO] [stderr] Updating files:  23% (586/2462)
Updating files:  24% (591/2462)
Updating files:  25% (616/2462)
Updating files:  26% (641/2462)
Updating files:  26% (655/2462)
Updating files:  27% (665/2462)
Updating files:  28% (690/2462)
Updating files:  29% (714/2462)
Updating files:  30% (739/2462)
Updating files:  31% (764/2462)
Updating files:  32% (788/2462)
Updating files:  33% (813/2462)
Updating files:  34% (838/2462)
Updating files:  35% (862/2462)
Updating files:  36% (887/2462)
Updating files:  37% (911/2462)
Updating files:  38% (936/2462)
Updating files:  39% (961/2462)
Updating files:  40% (985/2462)
Updating files:  41% (1010/2462)
Updating files:  42% (1035/2462)
Updating files:  43% (1059/2462)
Updating files:  44% (1084/2462)
Updating files:  45% (1108/2462)
Updating files:  46% (1133/2462)
Updating files:  47% (1158/2462)
Updating files:  48% (1182/2462)
Updating files:  49% (1207/2462)
Updating files:  50% (1231/2462)
Updating files:  51% (1256/2462)
Updating files:  52% (1281/2462)
Updating files:  53% (1305/2462)
Updating files:  54% (1330/2462)
Updating files:  55% (1355/2462)
Updating files:  56% (1379/2462)
Updating files:  57% (1404/2462)
Updating files:  58% (1428/2462)
Updating files:  59% (1453/2462)
Updating files:  60% (1478/2462)
Updating files:  61% (1502/2462)
Updating files:  61% (1520/2462)
Updating files:  62% (1527/2462)
Updating files:  63% (1552/2462)
Updating files:  64% (1576/2462)
Updating files:  65% (1601/2462)
Updating files:  66% (1625/2462)
Updating files:  67% (1650/2462)
Updating files:  68% (1675/2462)
Updating files:  69% (1699/2462)
Updating files:  70% (1724/2462)
Updating files:  71% (1749/2462)
Updating files:  72% (1773/2462)
Updating files:  73% (1798/2462)
Updating files:  74% (1822/2462)
Updating files:  75% (1847/2462)
Updating files:  76% (1872/2462)
Updating files:  77% (1896/2462)
Updating files:  78% (1921/2462)
Updating files:  79% (1945/2462)
Updating files:  80% (1970/2462)
Updating files:  81% (1995/2462)
Updating files:  82% (2019/2462)
Updating files:  83% (2044/2462)
Updating files:  84% (2069/2462)
Updating files:  85% (2093/2462)
Updating files:  86% (2118/2462)
Updating files:  87% (2142/2462)
Updating files:  88% (2167/2462)
Updating files:  89% (2192/2462)
Updating files:  90% (2216/2462)
Updating files:  91% (2241/2462)
Updating files:  92% (2266/2462)
Updating files:  93% (2290/2462)
Updating files:  94% (2315/2462)
Updating files:  94% (2325/2462)
Updating files:  95% (2339/2462)
Updating files:  96% (2364/2462)
Updating files:  97% (2389/2462)
Updating files:  98% (2413/2462)
Updating files:  99% (2438/2462)
Updating files: 100% (2462/2462)
Updating files: 100% (2462/2462), done.
[INFO] started tweaking git repo https://github.com/13262233692/api-migrate-186
[INFO] finished tweaking git repo https://github.com/13262233692/api-migrate-186
[INFO] tweaked toml for git repo https://github.com/13262233692/api-migrate-186 written to /workspace/builds/worker-3-tc2/source/Cargo.toml
[INFO] validating manifest of git repo https://github.com/13262233692/api-migrate-186 on toolchain 1.100.0-beta.1
[INFO] running `Command { std: CARGO_HOME="/workspace/cargo-home" RUSTUP_HOME="/workspace/rustup-home" "/workspace/cargo-home/bin/cargo" "+1.100.0-beta.1" "metadata" "--manifest-path" "Cargo.toml" "--no-deps", kill_on_drop: false }`
[INFO] crate git repo https://github.com/13262233692/api-migrate-186 already has a lockfile, it will not be regenerated
[INFO] running `Command { std: CARGO_HOME="/workspace/cargo-home" RUSTUP_HOME="/workspace/rustup-home" "/workspace/cargo-home/bin/cargo" "+1.100.0-beta.1" "fetch" "--manifest-path" "Cargo.toml", kill_on_drop: false }`
[INFO] running `Command { std: "docker" "create" "-v" "/var/lib/crater-agent-workspace/builds/worker-3-tc2/source:/opt/rustwide/workdir:ro,Z" "-v" "/var/lib/crater-agent-workspace/builds/worker-3-tc2/target:/opt/rustwide/target:rw,Z" "-v" "/var/lib/crater-agent-workspace/cargo-home:/opt/rustwide/cargo-home:ro,Z" "-v" "/var/lib/crater-agent-workspace/rustup-home:/opt/rustwide/rustup-home:ro,Z" "-m" "1610612736" "--network" "none" "ghcr.io/rust-lang/crates-build-env/linux@sha256:77db811e55d90add9212f6832c23229e3de5f1c1f9905e8cb07319ea15df73ac" "sleep" "infinity", kill_on_drop: false }`
[INFO] [stdout] dad9fb8be276f341d7378e687ab7d302cc151166505cf400520eb2dfa24db625
[INFO] running `Command { std: "docker" "start" "dad9fb8be276f341d7378e687ab7d302cc151166505cf400520eb2dfa24db625", kill_on_drop: false }`
[INFO] running `Command { std: "docker" "inspect" "dad9fb8be276f341d7378e687ab7d302cc151166505cf400520eb2dfa24db625", kill_on_drop: false }`
[INFO] running `Command { std: "docker" "exec" "-e" "SOURCE_DIR=/opt/rustwide/workdir" "-e" "CARGO_HOME=/opt/rustwide/cargo-home" "-e" "RUSTUP_HOME=/opt/rustwide/rustup-home" "-e" "CARGO_TARGET_DIR=/opt/rustwide/target" "-w" "/opt/rustwide/workdir" "--user" "0:0" "dad9fb8be276f341d7378e687ab7d302cc151166505cf400520eb2dfa24db625" "/opt/rustwide/cargo-home/bin/cargo" "+1.100.0-beta.1" "metadata" "--no-deps" "--format-version=1", kill_on_drop: false }`
[INFO] running `Command { std: "docker" "inspect" "dad9fb8be276f341d7378e687ab7d302cc151166505cf400520eb2dfa24db625", kill_on_drop: false }`
[INFO] running `Command { std: "docker" "exec" "-e" "SOURCE_DIR=/opt/rustwide/workdir" "-e" "CARGO_HOME=/opt/rustwide/cargo-home" "-e" "RUSTUP_HOME=/opt/rustwide/rustup-home" "-e" "CARGO_TARGET_DIR=/opt/rustwide/target" "-e" "CARGO_INCREMENTAL=0" "-e" "RUST_BACKTRACE=full" "-e" "RUSTFLAGS=--cap-lints=warn" "-e" "RUSTDOCFLAGS=--cap-lints=warn" "-w" "/opt/rustwide/workdir" "--user" "0:0" "dad9fb8be276f341d7378e687ab7d302cc151166505cf400520eb2dfa24db625" "/opt/rustwide/cargo-home/bin/cargo" "+1.100.0-beta.1" "build" "--frozen" "--message-format=json" "--release", kill_on_drop: false }`
[INFO] [stderr]    Compiling proc-macro2 v1.0.106
[INFO] [stderr]    Compiling quote v1.0.45
[INFO] [stderr]    Compiling unicode-ident v1.0.24
[INFO] [stderr]    Compiling serde_core v1.0.228
[INFO] [stderr]    Compiling utf8parse v0.2.2
[INFO] [stderr]    Compiling autocfg v1.5.1
[INFO] [stderr]    Compiling memchr v2.8.1
[INFO] [stderr]    Compiling anstyle-query v1.1.5
[INFO] [stderr]    Compiling anstyle-parse v1.0.0
[INFO] [stderr]    Compiling is_terminal_polyfill v1.70.2
[INFO] [stderr]    Compiling serde v1.0.228
[INFO] [stderr]    Compiling anstyle v1.0.14
[INFO] [stderr]    Compiling colorchoice v1.0.5
[INFO] [stderr]    Compiling zmij v1.0.21
[INFO] [stderr]    Compiling heck v0.5.0
[INFO] [stderr]    Compiling equivalent v1.0.2
[INFO] [stderr]    Compiling clap_lex v1.1.0
[INFO] [stderr]    Compiling anstream v1.0.0
[INFO] [stderr]    Compiling itoa v1.0.18
[INFO] [stderr]    Compiling hashbrown v0.17.1
[INFO] [stderr]    Compiling num-traits v0.2.19
[INFO] [stderr]    Compiling anyhow v1.0.102
[INFO] [stderr]    Compiling regex-syntax v0.8.10
[INFO] [stderr]    Compiling strsim v0.11.1
[INFO] [stderr]    Compiling serde_json v1.0.150
[INFO] [stderr]    Compiling aho-corasick v1.1.4
[INFO] [stderr]    Compiling clap_builder v4.6.0
[INFO] [stderr]    Compiling syn v2.0.117
[INFO] [stderr]    Compiling indexmap v2.14.0
[INFO] [stderr]    Compiling unsafe-libyaml v0.2.11
[INFO] [stderr]    Compiling iana-time-zone v0.1.65
[INFO] [stderr]    Compiling lazy_static v1.5.0
[INFO] [stderr]    Compiling same-file v1.0.6
[INFO] [stderr]    Compiling ryu v1.0.23
[INFO] [stderr]    Compiling walkdir v2.5.0
[INFO] [stderr]    Compiling chrono v0.4.44
[INFO] [stderr]    Compiling regex-automata v0.4.14
[INFO] [stderr]    Compiling colored v2.2.0
[INFO] [stderr]    Compiling serde_derive v1.0.228
[INFO] [stderr]    Compiling clap_derive v4.6.1
[INFO] [stderr]    Compiling regex v1.12.3
[INFO] [stderr]    Compiling clap v4.6.1
[INFO] [stderr]    Compiling serde_yaml v0.9.34+deprecated
[INFO] [stderr]    Compiling openapi-migrate-checker v0.1.0 (/opt/rustwide/workdir)
[INFO] [stderr]     Finished `release` profile [optimized] target(s) in 1m 40s
[INFO] running `Command { std: "docker" "inspect" "dad9fb8be276f341d7378e687ab7d302cc151166505cf400520eb2dfa24db625", kill_on_drop: false }`
[INFO] running `Command { std: "docker" "exec" "-e" "SOURCE_DIR=/opt/rustwide/workdir" "-e" "CARGO_HOME=/opt/rustwide/cargo-home" "-e" "RUSTUP_HOME=/opt/rustwide/rustup-home" "-e" "CARGO_TARGET_DIR=/opt/rustwide/target" "-e" "CARGO_INCREMENTAL=0" "-e" "RUST_BACKTRACE=full" "-e" "RUSTFLAGS=--cap-lints=warn" "-e" "RUSTDOCFLAGS=--cap-lints=warn" "-w" "/opt/rustwide/workdir" "--user" "0:0" "dad9fb8be276f341d7378e687ab7d302cc151166505cf400520eb2dfa24db625" "/opt/rustwide/cargo-home/bin/cargo" "+1.100.0-beta.1" "test" "--frozen" "--no-run" "--message-format=json" "--release", kill_on_drop: false }`
[INFO] [stderr]    Compiling libc v0.2.186
[INFO] [stderr]    Compiling regex-automata v0.4.14
[INFO] [stderr]    Compiling predicates-core v1.0.10
[INFO] [stderr]    Compiling rustix v1.1.4
[INFO] [stderr]    Compiling getrandom v0.4.2
[INFO] [stderr]    Compiling float-cmp v0.10.0
[INFO] [stderr]    Compiling assert_cmd v2.2.2
[INFO] [stderr]    Compiling termtree v0.5.1
[INFO] [stderr]    Compiling bitflags v2.11.1
[INFO] [stderr]    Compiling cfg-if v1.0.4
[INFO] [stderr]    Compiling difflib v0.4.0
[INFO] [stderr]    Compiling normalize-line-endings v0.3.0
[INFO] [stderr]    Compiling linux-raw-sys v0.12.1
[INFO] [stderr]    Compiling predicates-tree v1.0.13
[INFO] [stderr]    Compiling once_cell v1.21.4
[INFO] [stderr]    Compiling fastrand v2.4.1
[INFO] [stderr]    Compiling wait-timeout v0.2.1
[INFO] [stderr]    Compiling tempfile v3.27.0
[INFO] [stderr]    Compiling regex v1.12.3
[INFO] [stderr]    Compiling bstr v1.12.1
[INFO] [stderr]    Compiling predicates v3.1.4
[INFO] [stderr]    Compiling openapi-migrate-checker v0.1.0 (/opt/rustwide/workdir)
[INFO] [stderr]     Finished `release` profile [optimized] target(s) in 1m 00s
[INFO] running `Command { std: "docker" "inspect" "dad9fb8be276f341d7378e687ab7d302cc151166505cf400520eb2dfa24db625", kill_on_drop: false }`
[INFO] running `Command { std: "docker" "exec" "-e" "SOURCE_DIR=/opt/rustwide/workdir" "-e" "CARGO_HOME=/opt/rustwide/cargo-home" "-e" "RUSTUP_HOME=/opt/rustwide/rustup-home" "-e" "CARGO_TARGET_DIR=/opt/rustwide/target" "-e" "CARGO_INCREMENTAL=0" "-e" "RUST_BACKTRACE=full" "-e" "RUSTFLAGS=--cap-lints=warn" "-e" "RUSTDOCFLAGS=--cap-lints=warn" "-w" "/opt/rustwide/workdir" "--user" "0:0" "dad9fb8be276f341d7378e687ab7d302cc151166505cf400520eb2dfa24db625" "/opt/rustwide/cargo-home/bin/cargo" "+1.100.0-beta.1" "test" "--frozen" "--release", kill_on_drop: false }`
[INFO] [stderr]     Finished `release` profile [optimized] target(s) in 0.12s
[INFO] [stderr]      Running unittests src/lib.rs (/opt/rustwide/target/release/build/openapi-migrate-checker/d0c2afa03aec33e8/out/openapi_migrate_checker-d0c2afa03aec33e8)
[INFO] [stdout] 
[INFO] [stdout] running 40 tests
[INFO] [stdout] test breaking::tests::test_detect_minimum_increase ... ok
[INFO] [stdout] test breaking::tests::test_detect_new_required_parameter ... ok
[INFO] [stdout] test breaking::tests::test_detect_parameter_enum_constraint_added ... ok
[INFO] [stdout] test breaking::tests::test_detect_property_enum_constraint_added ... ok
[INFO] [stdout] test breaking::tests::test_detect_type_change ... ok
[INFO] [stdout] test breaking::tests::test_severity_count ... ok
[INFO] [stdout] test breaking::tests::test_detect_removed_property ... ok
[INFO] [stdout] test breaking::tests::test_non_breaking_added_endpoint ... ok
[INFO] [stdout] test breaking::tests::test_detect_removed_endpoint ... ok
[INFO] [stdout] test breaking::tests::test_detect_nullable_to_false ... ok
[INFO] [stdout] test breaking::tests::test_detect_string_to_enum_with_type_unchanged ... ok
[INFO] [stdout] test client_locator::tests::test_find_affected_code ... ok
[INFO] [stdout] test breaking::tests::test_non_breaking_optional_parameter ... ok
[INFO] [stdout] test client_locator::tests::test_search_terms_for_property ... ok
[INFO] [stdout] test diff::tests::test_detect_added_parameter ... ok
[INFO] [stdout] test client_locator::tests::test_file_extension_filtering ... ok
[INFO] [stdout] test diff::tests::test_detect_type_change ... ok
[INFO] [stdout] test migration_script::tests::test_find_auto_migrateable_changes ... ok
[INFO] [stdout] test migration_script::tests::test_generate_all_scripts_with_changes ... ok
[INFO] [stdout] test migration_script::tests::test_generate_apache_mod_rewrite ... ok
[INFO] [stdout] test migration_script::tests::test_generate_express_middleware ... ok
[INFO] [stdout] test migration_script::tests::test_generate_nginx ... ok
[INFO] [stdout] test parser::tests::test_parse_minimal_spec ... ok
[INFO] [stdout] test parser::tests::test_parse_parameters ... ok
[INFO] [stdout] test parser::tests::test_parse_path_with_operation ... ok
[INFO] [stdout] test migration_script::tests::test_format_script_for_report_markdown ... ok
[INFO] [stdout] test migration_script::tests::test_generate_all_scripts_no_changes ... ok
[INFO] [stdout] test parser::tests::test_parse_schema_with_properties ... ok
[INFO] [stdout] test report::tests::test_format_location ... ok
[INFO] [stdout] test client_locator::tests::test_search_terms_for_endpoint ... ok
[INFO] [stdout] test report::tests::test_generate_json_report ... ok
[INFO] [stdout] test report::tests::test_build_migration_guide ... ok
[INFO] [stdout] test report::tests::test_generate_markdown_report ... ok
[INFO] [stdout] test client_locator::tests::test_find_property_usage ... ok
[INFO] [stdout] test report::tests::test_generate_text_report ... ok
[INFO] [stdout] test report::tests::test_empty_breaking_changes ... ok
[INFO] [stdout] test diff::tests::test_detect_new_required_field ... ok
[INFO] [stdout] test diff::tests::test_detect_removed_path ... ok
[INFO] [stdout] test client_locator::tests::test_search_terms_for_parameter ... ok
[INFO] [stdout] test report::tests::test_save_report ... ok
[INFO] [stdout] 
[INFO] [stdout] test result: ok. 40 passed; 0 failed; 0 ignored; 0 measured; 0 filtered out; finished in 0.01s
[INFO] [stdout] 
[INFO] [stderr]      Running unittests src/main.rs (/opt/rustwide/target/release/build/openapi-migrate-checker/30e9bd6e65e81068/out/openapi_migrate-30e9bd6e65e81068)
[INFO] [stdout] 
[INFO] [stdout] running 7 tests
[INFO] [stdout] test tests::test_cli_basic_comparison ... FAILED
[INFO] [stdout] test tests::test_cli_fail_on_breaking ... FAILED
[INFO] [stdout] test tests::test_cli_invalid_spec_file ... FAILED
[INFO] [stdout] test tests::test_cli_no_breaking_changes ... FAILED
[INFO] [stdout] test tests::test_cli_json_output ... FAILED
[INFO] [stderr] error: test failed, to rerun pass `--bin openapi-migrate`
[INFO] [stdout] test tests::test_cli_output_to_file ... FAILED
[INFO] [stdout] test tests::test_cli_with_client_code ... FAILED
[INFO] [stdout] 
[INFO] [stdout] failures:
[INFO] [stdout] 
[INFO] [stdout] ---- tests::test_cli_basic_comparison stdout ----
[INFO] [stdout] 
[INFO] [stdout] thread 'tests::test_cli_basic_comparison' (1560) panicked at /opt/rustwide/cargo-home/registry/src/index.crates.io-1949cf8c6b5b557f/assert_cmd-2.2.2/src/cargo.rs:232:5:
[INFO] [stdout] `CARGO_BIN_EXE_openapi-migrate` is unset
[INFO] [stdout] help: if this is running within a unit test, move it to an integration test to gain access to `CARGO_BIN_EXE_openapi-migrate`
[INFO] [stdout] stack backtrace:
[INFO] [stdout]    0:     0x5de3549ae011 - <<std[617be2ca0a6fd877]::sys::backtrace::BacktraceLock>::print::DisplayBacktrace as core[a373ad73a504971]::fmt::Display>::fmt
[INFO] [stdout]    1:     0x5de3549c4b3a - core[a373ad73a504971]::fmt::write
[INFO] [stdout]    2:     0x5de3549b390c - <alloc[2e1b2a31b91974c5]::vec::Vec<u8> as core[a373ad73a504971]::io::write::Write>::write_fmt
[INFO] [stdout]    3:     0x5de3549884c6 - std[617be2ca0a6fd877]::panicking::default_hook::{closure#0}
[INFO] [stdout]    4:     0x5de3549a59c9 - std[617be2ca0a6fd877]::panicking::default_hook
[INFO] [stdout]    5:     0x5de35492fa40 - test[aada8e7e76ba119b]::test_main_inner::{closure#0}
[INFO] [stdout]    6:     0x5de3549a5b82 - std[617be2ca0a6fd877]::panicking::panic_with_hook
[INFO] [stdout]    7:     0x5de354988572 - std[617be2ca0a6fd877]::panicking::panic_handler::{closure#0}
[INFO] [stdout]    8:     0x5de354980fd9 - std[617be2ca0a6fd877]::sys::backtrace::__rust_end_short_backtrace::<std[617be2ca0a6fd877]::panicking::panic_handler::{closure#0}, !>
[INFO] [stdout]    9:     0x5de35498917d - __rustc[ea4f61d10b84890b]::rust_begin_unwind
[INFO] [stdout]   10:     0x5de3549c52ec - core[a373ad73a504971]::panicking::panic_fmt
[INFO] [stdout]   11:     0x5de354966e3f - assert_cmd[36a347fc908bcff8]::cargo::missing_cargo_bin
[INFO] [stdout]   12:     0x5de354966bf3 - assert_cmd[36a347fc908bcff8]::cargo::cargo_bin_str
[INFO] [stdout]   13:     0x5de354921246 - <assert_cmd[36a347fc908bcff8]::cmd::Command>::cargo_bin::<&str>
[INFO] [stdout]   14:     0x5de35491f608 - <openapi_migrate[d8f56608e41a18ce]::tests::test_cli_basic_comparison::{closure#0} as core[a373ad73a504971]::ops::function::FnOnce<()>>::call_once
[INFO] [stdout]   15:     0x5de354922e8b - test[aada8e7e76ba119b]::__rust_begin_short_backtrace::<core[a373ad73a504971]::result::Result<(), alloc[2e1b2a31b91974c5]::string::String>, fn() -> core[a373ad73a504971]::result::Result<(), alloc[2e1b2a31b91974c5]::string::String>>
[INFO] [stdout]   16:     0x5de354930065 - test[aada8e7e76ba119b]::run_test::{closure#0}
[INFO] [stdout]   17:     0x5de354929954 - std[617be2ca0a6fd877]::sys::backtrace::__rust_begin_short_backtrace::<test[aada8e7e76ba119b]::run_test::{closure#1}, ()>
[INFO] [stdout]   18:     0x5de3549330f2 - <std[617be2ca0a6fd877]::thread::lifecycle::spawn_unchecked<test[aada8e7e76ba119b]::run_test::{closure#1}, ()>::{closure#1} as core[a373ad73a504971]::ops::function::FnOnce<()>>::call_once::{shim:vtable#0}
[INFO] [stdout]   19:     0x5de3549ad2af - <std[617be2ca0a6fd877]::sys::thread::unix::Thread>::new::thread_start
[INFO] [stdout]   20:     0x75955f675dfa - <unknown>
[INFO] [stdout]   21:     0x75955f7093d4 - clone
[INFO] [stdout]   22:                0x0 - <unknown>
[INFO] [stdout] 
[INFO] [stdout] ---- tests::test_cli_fail_on_breaking stdout ----
[INFO] [stdout] 
[INFO] [stdout] thread 'tests::test_cli_fail_on_breaking' (1561) panicked at /opt/rustwide/cargo-home/registry/src/index.crates.io-1949cf8c6b5b557f/assert_cmd-2.2.2/src/cargo.rs:232:5:
[INFO] [stdout] `CARGO_BIN_EXE_openapi-migrate` is unset
[INFO] [stdout] help: if this is running within a unit test, move it to an integration test to gain access to `CARGO_BIN_EXE_openapi-migrate`
[INFO] [stdout] stack backtrace:
[INFO] [stdout]    0:     0x5de3549ae011 - <<std[617be2ca0a6fd877]::sys::backtrace::BacktraceLock>::print::DisplayBacktrace as core[a373ad73a504971]::fmt::Display>::fmt
[INFO] [stdout]    1:     0x5de3549c4b3a - core[a373ad73a504971]::fmt::write
[INFO] [stdout]    2:     0x5de3549b390c - <alloc[2e1b2a31b91974c5]::vec::Vec<u8> as core[a373ad73a504971]::io::write::Write>::write_fmt
[INFO] [stdout]    3:     0x5de3549884c6 - std[617be2ca0a6fd877]::panicking::default_hook::{closure#0}
[INFO] [stdout]    4:     0x5de3549a59c9 - std[617be2ca0a6fd877]::panicking::default_hook
[INFO] [stdout]    5:     0x5de35492fa40 - test[aada8e7e76ba119b]::test_main_inner::{closure#0}
[INFO] [stdout]    6:     0x5de3549a5b82 - std[617be2ca0a6fd877]::panicking::panic_with_hook
[INFO] [stdout]    7:     0x5de354988572 - std[617be2ca0a6fd877]::panicking::panic_handler::{closure#0}
[INFO] [stdout]    8:     0x5de354980fd9 - std[617be2ca0a6fd877]::sys::backtrace::__rust_end_short_backtrace::<std[617be2ca0a6fd877]::panicking::panic_handler::{closure#0}, !>
[INFO] [stdout]    9:     0x5de35498917d - __rustc[ea4f61d10b84890b]::rust_begin_unwind
[INFO] [stdout]   10:     0x5de3549c52ec - core[a373ad73a504971]::panicking::panic_fmt
[INFO] [stdout]   11:     0x5de354966e3f - assert_cmd[36a347fc908bcff8]::cargo::missing_cargo_bin
[INFO] [stdout]   12:     0x5de354966bf3 - assert_cmd[36a347fc908bcff8]::cargo::cargo_bin_str
[INFO] [stdout]   13:     0x5de354921246 - <assert_cmd[36a347fc908bcff8]::cmd::Command>::cargo_bin::<&str>
[INFO] [stdout]   14:     0x5de35491fc48 - <openapi_migrate[d8f56608e41a18ce]::tests::test_cli_fail_on_breaking::{closure#0} as core[a373ad73a504971]::ops::function::FnOnce<()>>::call_once
[INFO] [stdout]   15:     0x5de354922e8b - test[aada8e7e76ba119b]::__rust_begin_short_backtrace::<core[a373ad73a504971]::result::Result<(), alloc[2e1b2a31b91974c5]::string::String>, fn() -> core[a373ad73a504971]::result::Result<(), alloc[2e1b2a31b91974c5]::string::String>>
[INFO] [stdout]   16:     0x5de354930065 - test[aada8e7e76ba119b]::run_test::{closure#0}
[INFO] [stdout]   17:     0x5de354929954 - std[617be2ca0a6fd877]::sys::backtrace::__rust_begin_short_backtrace::<test[aada8e7e76ba119b]::run_test::{closure#1}, ()>
[INFO] [stdout]   18:     0x5de3549330f2 - <std[617be2ca0a6fd877]::thread::lifecycle::spawn_unchecked<test[aada8e7e76ba119b]::run_test::{closure#1}, ()>::{closure#1} as core[a373ad73a504971]::ops::function::FnOnce<()>>::call_once::{shim:vtable#0}
[INFO] [stdout]   19:     0x5de3549ad2af - <std[617be2ca0a6fd877]::sys::thread::unix::Thread>::new::thread_start
[INFO] [stdout]   20:     0x75955f675dfa - <unknown>
[INFO] [stdout]   21:     0x75955f7093d4 - clone
[INFO] [stdout]   22:                0x0 - <unknown>
[INFO] [stdout] 
[INFO] [stdout] ---- tests::test_cli_invalid_spec_file stdout ----
[INFO] [stdout] 
[INFO] [stdout] thread 'tests::test_cli_invalid_spec_file' (1562) panicked at /opt/rustwide/cargo-home/registry/src/index.crates.io-1949cf8c6b5b557f/assert_cmd-2.2.2/src/cargo.rs:232:5:
[INFO] [stdout] `CARGO_BIN_EXE_openapi-migrate` is unset
[INFO] [stdout] help: if this is running within a unit test, move it to an integration test to gain access to `CARGO_BIN_EXE_openapi-migrate`
[INFO] [stdout] stack backtrace:
[INFO] [stdout]    0:     0x5de3549ae011 - <<std[617be2ca0a6fd877]::sys::backtrace::BacktraceLock>::print::DisplayBacktrace as core[a373ad73a504971]::fmt::Display>::fmt
[INFO] [stdout]    1:     0x5de3549c4b3a - core[a373ad73a504971]::fmt::write
[INFO] [stdout]    2:     0x5de3549b390c - <alloc[2e1b2a31b91974c5]::vec::Vec<u8> as core[a373ad73a504971]::io::write::Write>::write_fmt
[INFO] [stdout]    3:     0x5de3549884c6 - std[617be2ca0a6fd877]::panicking::default_hook::{closure#0}
[INFO] [stdout]    4:     0x5de3549a59c9 - std[617be2ca0a6fd877]::panicking::default_hook
[INFO] [stdout]    5:     0x5de35492fa40 - test[aada8e7e76ba119b]::test_main_inner::{closure#0}
[INFO] [stdout]    6:     0x5de3549a5b82 - std[617be2ca0a6fd877]::panicking::panic_with_hook
[INFO] [stdout]    7:     0x5de354988572 - std[617be2ca0a6fd877]::panicking::panic_handler::{closure#0}
[INFO] [stdout]    8:     0x5de354980fd9 - std[617be2ca0a6fd877]::sys::backtrace::__rust_end_short_backtrace::<std[617be2ca0a6fd877]::panicking::panic_handler::{closure#0}, !>
[INFO] [stdout]    9:     0x5de35498917d - __rustc[ea4f61d10b84890b]::rust_begin_unwind
[INFO] [stdout]   10:     0x5de3549c52ec - core[a373ad73a504971]::panicking::panic_fmt
[INFO] [stdout]   11:     0x5de354966e3f - assert_cmd[36a347fc908bcff8]::cargo::missing_cargo_bin
[INFO] [stdout]   12:     0x5de354966bf3 - assert_cmd[36a347fc908bcff8]::cargo::cargo_bin_str
[INFO] [stdout]   13:     0x5de354921246 - <assert_cmd[36a347fc908bcff8]::cmd::Command>::cargo_bin::<&str>
[INFO] [stdout]   14:     0x5de3549209dd - <openapi_migrate[d8f56608e41a18ce]::tests::test_cli_invalid_spec_file::{closure#0} as core[a373ad73a504971]::ops::function::FnOnce<()>>::call_once
[INFO] [stdout]   15:     0x5de354922e8b - test[aada8e7e76ba119b]::__rust_begin_short_backtrace::<core[a373ad73a504971]::result::Result<(), alloc[2e1b2a31b91974c5]::string::String>, fn() -> core[a373ad73a504971]::result::Result<(), alloc[2e1b2a31b91974c5]::string::String>>
[INFO] [stdout]   16:     0x5de354930065 - test[aada8e7e76ba119b]::run_test::{closure#0}
[INFO] [stdout]   17:     0x5de354929954 - std[617be2ca0a6fd877]::sys::backtrace::__rust_begin_short_backtrace::<test[aada8e7e76ba119b]::run_test::{closure#1}, ()>
[INFO] [stdout]   18:     0x5de3549330f2 - <std[617be2ca0a6fd877]::thread::lifecycle::spawn_unchecked<test[aada8e7e76ba119b]::run_test::{closure#1}, ()>::{closure#1} as core[a373ad73a504971]::ops::function::FnOnce<()>>::call_once::{shim:vtable#0}
[INFO] [stdout]   19:     0x5de3549ad2af - <std[617be2ca0a6fd877]::sys::thread::unix::Thread>::new::thread_start
[INFO] [stdout]   20:     0x75955f675dfa - <unknown>
[INFO] [stdout]   21:     0x75955f7093d4 - clone
[INFO] [stdout]   22:                0x0 - <unknown>
[INFO] [stdout] 
[INFO] [stdout] ---- tests::test_cli_no_breaking_changes stdout ----
[INFO] [stdout] 
[INFO] [stdout] thread 'tests::test_cli_no_breaking_changes' (1564) panicked at /opt/rustwide/cargo-home/registry/src/index.crates.io-1949cf8c6b5b557f/assert_cmd-2.2.2/src/cargo.rs:232:5:
[INFO] [stdout] `CARGO_BIN_EXE_openapi-migrate` is unset
[INFO] [stdout] help: if this is running within a unit test, move it to an integration test to gain access to `CARGO_BIN_EXE_openapi-migrate`
[INFO] [stdout] stack backtrace:
[INFO] [stdout]    0:     0x5de3549ae011 - <<std[617be2ca0a6fd877]::sys::backtrace::BacktraceLock>::print::DisplayBacktrace as core[a373ad73a504971]::fmt::Display>::fmt
[INFO] [stdout]    1:     0x5de3549c4b3a - core[a373ad73a504971]::fmt::write
[INFO] [stdout]    2:     0x5de3549b390c - <alloc[2e1b2a31b91974c5]::vec::Vec<u8> as core[a373ad73a504971]::io::write::Write>::write_fmt
[INFO] [stdout]    3:     0x5de3549884c6 - std[617be2ca0a6fd877]::panicking::default_hook::{closure#0}
[INFO] [stdout]    4:     0x5de3549a59c9 - std[617be2ca0a6fd877]::panicking::default_hook
[INFO] [stdout]    5:     0x5de35492fa40 - test[aada8e7e76ba119b]::test_main_inner::{closure#0}
[INFO] [stdout]    6:     0x5de3549a5b82 - std[617be2ca0a6fd877]::panicking::panic_with_hook
[INFO] [stdout]    7:     0x5de354988572 - std[617be2ca0a6fd877]::panicking::panic_handler::{closure#0}
[INFO] [stdout]    8:     0x5de354980fd9 - std[617be2ca0a6fd877]::sys::backtrace::__rust_end_short_backtrace::<std[617be2ca0a6fd877]::panicking::panic_handler::{closure#0}, !>
[INFO] [stdout]    9:     0x5de35498917d - __rustc[ea4f61d10b84890b]::rust_begin_unwind
[INFO] [stdout]   10:     0x5de3549c52ec - core[a373ad73a504971]::panicking::panic_fmt
[INFO] [stdout]   11:     0x5de354966e3f - assert_cmd[36a347fc908bcff8]::cargo::missing_cargo_bin
[INFO] [stdout]   12:     0x5de354966bf3 - assert_cmd[36a347fc908bcff8]::cargo::cargo_bin_str
[INFO] [stdout]   13:     0x5de354921246 - <assert_cmd[36a347fc908bcff8]::cmd::Command>::cargo_bin::<&str>
[INFO] [stdout]   14:     0x5de354920d7b - <openapi_migrate[d8f56608e41a18ce]::tests::test_cli_no_breaking_changes::{closure#0} as core[a373ad73a504971]::ops::function::FnOnce<()>>::call_once
[INFO] [stdout]   15:     0x5de354922e8b - test[aada8e7e76ba119b]::__rust_begin_short_backtrace::<core[a373ad73a504971]::result::Result<(), alloc[2e1b2a31b91974c5]::string::String>, fn() -> core[a373ad73a504971]::result::Result<(), alloc[2e1b2a31b91974c5]::string::String>>
[INFO] [stdout]   16:     0x5de354930065 - test[aada8e7e76ba119b]::run_test::{closure#0}
[INFO] [stdout]   17:     0x5de354929954 - std[617be2ca0a6fd877]::sys::backtrace::__rust_begin_short_backtrace::<test[aada8e7e76ba119b]::run_test::{closure#1}, ()>
[INFO] [stdout]   18:     0x5de3549330f2 - <std[617be2ca0a6fd877]::thread::lifecycle::spawn_unchecked<test[aada8e7e76ba119b]::run_test::{closure#1}, ()>::{closure#1} as core[a373ad73a504971]::ops::function::FnOnce<()>>::call_once::{shim:vtable#0}
[INFO] [stdout]   19:     0x5de3549ad2af - <std[617be2ca0a6fd877]::sys::thread::unix::Thread>::new::thread_start
[INFO] [stdout]   20:     0x75955f675dfa - <unknown>
[INFO] [stdout]   21:     0x75955f7093d4 - clone
[INFO] [stdout]   22:                0x0 - <unknown>
[INFO] [stdout] 
[INFO] [stdout] ---- tests::test_cli_json_output stdout ----
[INFO] [stdout] 
[INFO] [stdout] thread 'tests::test_cli_json_output' (1563) panicked at /opt/rustwide/cargo-home/registry/src/index.crates.io-1949cf8c6b5b557f/assert_cmd-2.2.2/src/cargo.rs:232:5:
[INFO] [stdout] `CARGO_BIN_EXE_openapi-migrate` is unset
[INFO] [stdout] help: if this is running within a unit test, move it to an integration test to gain access to `CARGO_BIN_EXE_openapi-migrate`
[INFO] [stdout] stack backtrace:
[INFO] [stdout]    0:     0x5de3549ae011 - <<std[617be2ca0a6fd877]::sys::backtrace::BacktraceLock>::print::DisplayBacktrace as core[a373ad73a504971]::fmt::Display>::fmt
[INFO] [stdout]    1:     0x5de3549c4b3a - core[a373ad73a504971]::fmt::write
[INFO] [stdout]    2:     0x5de3549b390c - <alloc[2e1b2a31b91974c5]::vec::Vec<u8> as core[a373ad73a504971]::io::write::Write>::write_fmt
[INFO] [stdout]    3:     0x5de3549884c6 - std[617be2ca0a6fd877]::panicking::default_hook::{closure#0}
[INFO] [stdout]    4:     0x5de3549a59c9 - std[617be2ca0a6fd877]::panicking::default_hook
[INFO] [stdout]    5:     0x5de35492fa40 - test[aada8e7e76ba119b]::test_main_inner::{closure#0}
[INFO] [stdout]    6:     0x5de3549a5b82 - std[617be2ca0a6fd877]::panicking::panic_with_hook
[INFO] [stdout]    7:     0x5de354988572 - std[617be2ca0a6fd877]::panicking::panic_handler::{closure#0}
[INFO] [stdout]    8:     0x5de354980fd9 - std[617be2ca0a6fd877]::sys::backtrace::__rust_end_short_backtrace::<std[617be2ca0a6fd877]::panicking::panic_handler::{closure#0}, !>
[INFO] [stdout]    9:     0x5de35498917d - __rustc[ea4f61d10b84890b]::rust_begin_unwind
[INFO] [stdout]   10:     0x5de3549c52ec - core[a373ad73a504971]::panicking::panic_fmt
[INFO] [stdout]   11:     0x5de354966e3f - assert_cmd[36a347fc908bcff8]::cargo::missing_cargo_bin
[INFO] [stdout]   12:     0x5de354966bf3 - assert_cmd[36a347fc908bcff8]::cargo::cargo_bin_str
[INFO] [stdout]   13:     0x5de354921246 - <assert_cmd[36a347fc908bcff8]::cmd::Command>::cargo_bin::<&str>
[INFO] [stdout]   14:     0x5de35491e978 - <openapi_migrate[d8f56608e41a18ce]::tests::test_cli_json_output::{closure#0} as core[a373ad73a504971]::ops::function::FnOnce<()>>::call_once
[INFO] [stdout]   15:     0x5de354922e8b - test[aada8e7e76ba119b]::__rust_begin_short_backtrace::<core[a373ad73a504971]::result::Result<(), alloc[2e1b2a31b91974c5]::string::String>, fn() -> core[a373ad73a504971]::result::Result<(), alloc[2e1b2a31b91974c5]::string::String>>
[INFO] [stdout]   16:     0x5de354930065 - test[aada8e7e76ba119b]::run_test::{closure#0}
[INFO] [stdout]   17:     0x5de354929954 - std[617be2ca0a6fd877]::sys::backtrace::__rust_begin_short_backtrace::<test[aada8e7e76ba119b]::run_test::{closure#1}, ()>
[INFO] [stdout]   18:     0x5de3549330f2 - <std[617be2ca0a6fd877]::thread::lifecycle::spawn_unchecked<test[aada8e7e76ba119b]::run_test::{closure#1}, ()>::{closure#1} as core[a373ad73a504971]::ops::function::FnOnce<()>>::call_once::{shim:vtable#0}
[INFO] [stdout]   19:     0x5de3549ad2af - <std[617be2ca0a6fd877]::sys::thread::unix::Thread>::new::thread_start
[INFO] [stdout]   20:     0x75955f675dfa - <unknown>
[INFO] [stdout]   21:     0x75955f7093d4 - clone
[INFO] [stdout]   22:                0x0 - <unknown>
[INFO] [stdout] 
[INFO] [stdout] ---- tests::test_cli_output_to_file stdout ----
[INFO] [stdout] 
[INFO] [stdout] thread 'tests::test_cli_output_to_file' (1565) panicked at /opt/rustwide/cargo-home/registry/src/index.crates.io-1949cf8c6b5b557f/assert_cmd-2.2.2/src/cargo.rs:232:5:
[INFO] [stdout] `CARGO_BIN_EXE_openapi-migrate` is unset
[INFO] [stdout] help: if this is running within a unit test, move it to an integration test to gain access to `CARGO_BIN_EXE_openapi-migrate`
[INFO] [stdout] stack backtrace:
[INFO] [stdout]    0:     0x5de3549ae011 - <<std[617be2ca0a6fd877]::sys::backtrace::BacktraceLock>::print::DisplayBacktrace as core[a373ad73a504971]::fmt::Display>::fmt
[INFO] [stdout]    1:     0x5de3549c4b3a - core[a373ad73a504971]::fmt::write
[INFO] [stdout]    2:     0x5de3549b390c - <alloc[2e1b2a31b91974c5]::vec::Vec<u8> as core[a373ad73a504971]::io::write::Write>::write_fmt
[INFO] [stdout]    3:     0x5de3549884c6 - std[617be2ca0a6fd877]::panicking::default_hook::{closure#0}
[INFO] [stdout]    4:     0x5de3549a59c9 - std[617be2ca0a6fd877]::panicking::default_hook
[INFO] [stdout]    5:     0x5de35492fa40 - test[aada8e7e76ba119b]::test_main_inner::{closure#0}
[INFO] [stdout]    6:     0x5de3549a5b82 - std[617be2ca0a6fd877]::panicking::panic_with_hook
[INFO] [stdout]    7:     0x5de354988572 - std[617be2ca0a6fd877]::panicking::panic_handler::{closure#0}
[INFO] [stdout]    8:     0x5de354980fd9 - std[617be2ca0a6fd877]::sys::backtrace::__rust_end_short_backtrace::<std[617be2ca0a6fd877]::panicking::panic_handler::{closure#0}, !>
[INFO] [stdout]    9:     0x5de35498917d - __rustc[ea4f61d10b84890b]::rust_begin_unwind
[INFO] [stdout]   10:     0x5de3549c52ec - core[a373ad73a504971]::panicking::panic_fmt
[INFO] [stdout]   11:     0x5de354966e3f - assert_cmd[36a347fc908bcff8]::cargo::missing_cargo_bin
[INFO] [stdout]   12:     0x5de354966bf3 - assert_cmd[36a347fc908bcff8]::cargo::cargo_bin_str
[INFO] [stdout]   13:     0x5de354921246 - <assert_cmd[36a347fc908bcff8]::cmd::Command>::cargo_bin::<&str>
[INFO] [stdout]   14:     0x5de35491f14b - <openapi_migrate[d8f56608e41a18ce]::tests::test_cli_output_to_file::{closure#0} as core[a373ad73a504971]::ops::function::FnOnce<()>>::call_once
[INFO] [stdout]   15:     0x5de354922e8b - test[aada8e7e76ba119b]::__rust_begin_short_backtrace::<core[a373ad73a504971]::result::Result<(), alloc[2e1b2a31b91974c5]::string::String>, fn() -> core[a373ad73a504971]::result::Result<(), alloc[2e1b2a31b91974c5]::string::String>>
[INFO] [stdout]   16:     0x5de354930065 - test[aada8e7e76ba119b]::run_test::{closure#0}
[INFO] [stdout]   17:     0x5de354929954 - std[617be2ca0a6fd877]::sys::backtrace::__rust_begin_short_backtrace::<test[aada8e7e76ba119b]::run_test::{closure#1}, ()>
[INFO] [stdout]   18:     0x5de3549330f2 - <std[617be2ca0a6fd877]::thread::lifecycle::spawn_unchecked<test[aada8e7e76ba119b]::run_test::{closure#1}, ()>::{closure#1} as core[a373ad73a504971]::ops::function::FnOnce<()>>::call_once::{shim:vtable#0}
[INFO] [stdout]   19:     0x5de3549ad2af - <std[617be2ca0a6fd877]::sys::thread::unix::Thread>::new::thread_start
[INFO] [stdout]   20:     0x75955f675dfa - <unknown>
[INFO] [stdout]   21:     0x75955f7093d4 - clone
[INFO] [stdout]   22:                0x0 - <unknown>
[INFO] [stdout] 
[INFO] [stdout] ---- tests::test_cli_with_client_code stdout ----
[INFO] [stdout] 
[INFO] [stdout] thread 'tests::test_cli_with_client_code' (1566) panicked at /opt/rustwide/cargo-home/registry/src/index.crates.io-1949cf8c6b5b557f/assert_cmd-2.2.2/src/cargo.rs:232:5:
[INFO] [stdout] `CARGO_BIN_EXE_openapi-migrate` is unset
[INFO] [stdout] help: if this is running within a unit test, move it to an integration test to gain access to `CARGO_BIN_EXE_openapi-migrate`
[INFO] [stdout] stack backtrace:
[INFO] [stdout]    0:     0x5de3549ae011 - <<std[617be2ca0a6fd877]::sys::backtrace::BacktraceLock>::print::DisplayBacktrace as core[a373ad73a504971]::fmt::Display>::fmt
[INFO] [stdout]    1:     0x5de3549c4b3a - core[a373ad73a504971]::fmt::write
[INFO] [stdout]    2:     0x5de3549b390c - <alloc[2e1b2a31b91974c5]::vec::Vec<u8> as core[a373ad73a504971]::io::write::Write>::write_fmt
[INFO] [stdout]    3:     0x5de3549884c6 - std[617be2ca0a6fd877]::panicking::default_hook::{closure#0}
[INFO] [stdout]    4:     0x5de3549a59c9 - std[617be2ca0a6fd877]::panicking::default_hook
[INFO] [stdout]    5:     0x5de35492fa40 - test[aada8e7e76ba119b]::test_main_inner::{closure#0}
[INFO] [stdout]    6:     0x5de3549a5b82 - std[617be2ca0a6fd877]::panicking::panic_with_hook
[INFO] [stdout]    7:     0x5de354988572 - std[617be2ca0a6fd877]::panicking::panic_handler::{closure#0}
[INFO] [stdout]    8:     0x5de354980fd9 - std[617be2ca0a6fd877]::sys::backtrace::__rust_end_short_backtrace::<std[617be2ca0a6fd877]::panicking::panic_handler::{closure#0}, !>
[INFO] [stdout]    9:     0x5de35498917d - __rustc[ea4f61d10b84890b]::rust_begin_unwind
[INFO] [stdout]   10:     0x5de3549c52ec - core[a373ad73a504971]::panicking::panic_fmt
[INFO] [stdout]   11:     0x5de354966e3f - assert_cmd[36a347fc908bcff8]::cargo::missing_cargo_bin
[INFO] [stdout]   12:     0x5de354966bf3 - assert_cmd[36a347fc908bcff8]::cargo::cargo_bin_str
[INFO] [stdout]   13:     0x5de354921246 - <assert_cmd[36a347fc908bcff8]::cmd::Command>::cargo_bin::<&str>
[INFO] [stdout]   14:     0x5de3549202c4 - <openapi_migrate[d8f56608e41a18ce]::tests::test_cli_with_client_code::{closure#0} as core[a373ad73a504971]::ops::function::FnOnce<()>>::call_once
[INFO] [stdout]   15:     0x5de354922e8b - test[aada8e7e76ba119b]::__rust_begin_short_backtrace::<core[a373ad73a504971]::result::Result<(), alloc[2e1b2a31b91974c5]::string::String>, fn() -> core[a373ad73a504971]::result::Result<(), alloc[2e1b2a31b91974c5]::string::String>>
[INFO] [stdout]   16:     0x5de354930065 - test[aada8e7e76ba119b]::run_test::{closure#0}
[INFO] [stdout]   17:     0x5de354929954 - std[617be2ca0a6fd877]::sys::backtrace::__rust_begin_short_backtrace::<test[aada8e7e76ba119b]::run_test::{closure#1}, ()>
[INFO] [stdout]   18:     0x5de3549330f2 - <std[617be2ca0a6fd877]::thread::lifecycle::spawn_unchecked<test[aada8e7e76ba119b]::run_test::{closure#1}, ()>::{closure#1} as core[a373ad73a504971]::ops::function::FnOnce<()>>::call_once::{shim:vtable#0}
[INFO] [stdout]   19:     0x5de3549ad2af - <std[617be2ca0a6fd877]::sys::thread::unix::Thread>::new::thread_start
[INFO] [stdout]   20:     0x75955f675dfa - <unknown>
[INFO] [stdout]   21:     0x75955f7093d4 - clone
[INFO] [stdout]   22:                0x0 - <unknown>
[INFO] [stdout] 
[INFO] [stdout] 
[INFO] [stdout] failures:
[INFO] [stdout]     tests::test_cli_basic_comparison
[INFO] [stdout]     tests::test_cli_fail_on_breaking
[INFO] [stdout]     tests::test_cli_invalid_spec_file
[INFO] [stdout]     tests::test_cli_json_output
[INFO] [stdout]     tests::test_cli_no_breaking_changes
[INFO] [stdout]     tests::test_cli_output_to_file
[INFO] [stdout]     tests::test_cli_with_client_code
[INFO] [stdout] 
[INFO] [stdout] test result: FAILED. 0 passed; 7 failed; 0 ignored; 0 measured; 0 filtered out; finished in 0.01s
[INFO] [stdout] 
[INFO] running `Command { std: "docker" "inspect" "dad9fb8be276f341d7378e687ab7d302cc151166505cf400520eb2dfa24db625", kill_on_drop: false }`
[INFO] running `Command { std: "docker" "rm" "-f" "dad9fb8be276f341d7378e687ab7d302cc151166505cf400520eb2dfa24db625", kill_on_drop: false }`
[INFO] [stdout] dad9fb8be276f341d7378e687ab7d302cc151166505cf400520eb2dfa24db625
