[INFO] fetching crate ansiq-core 0.1.0...
[INFO] testing ansiq-core-0.1.0 against 1.100.0-beta.1+cargoflags=--release for beta-release-1.100-3
[INFO] extracting crate ansiq-core 0.1.0 into /workspace/builds/worker-3-tc2/source
[INFO] started tweaking crates.io crate ansiq-core 0.1.0
[INFO] removed 0 missing tests
[INFO] finished tweaking crates.io crate ansiq-core 0.1.0
[INFO] tweaked toml for crates.io crate ansiq-core 0.1.0 written to /workspace/builds/worker-3-tc2/source/Cargo.toml
[INFO] validating manifest of crates.io crate ansiq-core 0.1.0 on toolchain 1.100.0-beta.1
[INFO] running `Command { std: CARGO_HOME="/workspace/cargo-home" RUSTUP_HOME="/workspace/rustup-home" "/workspace/cargo-home/bin/cargo" "+1.100.0-beta.1" "metadata" "--manifest-path" "Cargo.toml" "--no-deps", kill_on_drop: false }`
[INFO] crate crates.io crate ansiq-core 0.1.0 already has a lockfile, it will not be regenerated
[INFO] running `Command { std: CARGO_HOME="/workspace/cargo-home" RUSTUP_HOME="/workspace/rustup-home" "/workspace/cargo-home/bin/cargo" "+1.100.0-beta.1" "fetch" "--manifest-path" "Cargo.toml", kill_on_drop: false }`
[INFO] [stderr] warning: `package.homepage` is redundant with `package.repository`
[INFO] [stderr]   --> Cargo.toml:27:12
[INFO] [stderr]    |
[INFO] [stderr] 27 | homepage = "https://github.com/murongg/ansiq"
[INFO] [stderr]    |            ^^^^^^^^^^^^^^^^^^^^^^^^^^^^^^^^^^
[INFO] [stderr] ...
[INFO] [stderr] 32 | repository = "https://github.com/murongg/ansiq"
[INFO] [stderr]    |              ----------------------------------
[INFO] [stderr]    |
[INFO] [stderr]    = note: `cargo::redundant_homepage` is set to `warn` by default
[INFO] [stderr] help: consider removing `package.homepage`
[INFO] [stderr] warning: `ansiq-core` (manifest) generated 1 warning
[INFO] [stderr]     Blocking waiting for file lock on package cache
[INFO] [stderr]     Blocking waiting for file lock on package cache
[INFO] [stderr]  Downloading crates ...
[INFO] [stderr]   Downloaded trybuild v1.0.116
[INFO] [stderr]   Downloaded toml v1.1.2+spec-1.1.0
[INFO] [stderr]   Downloaded target-triple v1.0.0
[INFO] [stderr]   Downloaded toml_writer v1.1.1+spec-1.1.0
[INFO] [stderr]   Downloaded toml_parser v1.1.2+spec-1.1.0
[INFO] [stderr]   Downloaded indexmap v2.13.1
[INFO] [stderr]   Downloaded winnow v1.0.1
[INFO] [stderr]   Downloaded tokio v1.51.0
[INFO] running `Command { std: "docker" "create" "-v" "/var/lib/crater-agent-workspace/builds/worker-3-tc2/source:/opt/rustwide/workdir:ro,Z" "-v" "/var/lib/crater-agent-workspace/builds/worker-3-tc2/target:/opt/rustwide/target:rw,Z" "-v" "/var/lib/crater-agent-workspace/cargo-home:/opt/rustwide/cargo-home:ro,Z" "-v" "/var/lib/crater-agent-workspace/rustup-home:/opt/rustwide/rustup-home:ro,Z" "-m" "1610612736" "--network" "none" "ghcr.io/rust-lang/crates-build-env/linux@sha256:77db811e55d90add9212f6832c23229e3de5f1c1f9905e8cb07319ea15df73ac" "sleep" "infinity", kill_on_drop: false }`
[INFO] [stdout] 868c5d04b55695a9f9a24567445372c3e0ec151090fe34144c41c375ee705e9d
[INFO] running `Command { std: "docker" "start" "868c5d04b55695a9f9a24567445372c3e0ec151090fe34144c41c375ee705e9d", kill_on_drop: false }`
[INFO] running `Command { std: "docker" "inspect" "868c5d04b55695a9f9a24567445372c3e0ec151090fe34144c41c375ee705e9d", kill_on_drop: false }`
[INFO] running `Command { std: "docker" "exec" "-e" "SOURCE_DIR=/opt/rustwide/workdir" "-e" "CARGO_HOME=/opt/rustwide/cargo-home" "-e" "RUSTUP_HOME=/opt/rustwide/rustup-home" "-e" "CARGO_TARGET_DIR=/opt/rustwide/target" "-w" "/opt/rustwide/workdir" "--user" "0:0" "868c5d04b55695a9f9a24567445372c3e0ec151090fe34144c41c375ee705e9d" "/opt/rustwide/cargo-home/bin/cargo" "+1.100.0-beta.1" "metadata" "--no-deps" "--format-version=1", kill_on_drop: false }`
[INFO] running `Command { std: "docker" "inspect" "868c5d04b55695a9f9a24567445372c3e0ec151090fe34144c41c375ee705e9d", kill_on_drop: false }`
[INFO] running `Command { std: "docker" "exec" "-e" "SOURCE_DIR=/opt/rustwide/workdir" "-e" "CARGO_HOME=/opt/rustwide/cargo-home" "-e" "RUSTUP_HOME=/opt/rustwide/rustup-home" "-e" "CARGO_TARGET_DIR=/opt/rustwide/target" "-e" "CARGO_INCREMENTAL=0" "-e" "RUST_BACKTRACE=full" "-e" "RUSTFLAGS=--cap-lints=warn" "-e" "RUSTDOCFLAGS=--cap-lints=warn" "-w" "/opt/rustwide/workdir" "--user" "0:0" "868c5d04b55695a9f9a24567445372c3e0ec151090fe34144c41c375ee705e9d" "/opt/rustwide/cargo-home/bin/cargo" "+1.100.0-beta.1" "build" "--frozen" "--message-format=json" "--release", kill_on_drop: false }`
[INFO] [stderr] warning: `package.homepage` is redundant with `package.repository`
[INFO] [stderr]   --> Cargo.toml:27:12
[INFO] [stderr]    |
[INFO] [stderr] 27 | homepage = "https://github.com/murongg/ansiq"
[INFO] [stderr]    |            ^^^^^^^^^^^^^^^^^^^^^^^^^^^^^^^^^^
[INFO] [stderr] ...
[INFO] [stderr] 32 | repository = "https://github.com/murongg/ansiq"
[INFO] [stderr]    |              ----------------------------------
[INFO] [stderr]    |
[INFO] [stderr]    = note: `cargo::redundant_homepage` is set to `warn` by default
[INFO] [stderr] help: consider removing `package.homepage`
[INFO] [stderr] warning: `ansiq-core` (manifest) generated 1 warning
[INFO] [stderr]    Compiling syn v2.0.117
[INFO] [stderr]    Compiling tokio-macros v2.7.0
[INFO] [stderr]    Compiling tokio v1.51.0
[INFO] [stderr]    Compiling ansiq-core v0.1.0 (/opt/rustwide/workdir)
[INFO] [stderr] warning: unused dependency `tokio`
[INFO] [stderr]  --> Cargo.toml:1:15
[INFO] [stderr]   |
[INFO] [stderr] 1 | [dependencies.tokio]
[INFO] [stderr]   |               ^^^^^^
[INFO] [stderr]   |
[INFO] [stderr]   = note: `cargo::unused_dependencies` is set to `warn` by default
[INFO] [stderr] help: consider removing the dependency on `tokio`
[INFO] [stderr] warning: `ansiq-core` (manifest) generated 1 warning
[INFO] [stderr]     Finished `release` profile [optimized] target(s) in 9.84s
[INFO] running `Command { std: "docker" "inspect" "868c5d04b55695a9f9a24567445372c3e0ec151090fe34144c41c375ee705e9d", kill_on_drop: false }`
[INFO] running `Command { std: "docker" "exec" "-e" "SOURCE_DIR=/opt/rustwide/workdir" "-e" "CARGO_HOME=/opt/rustwide/cargo-home" "-e" "RUSTUP_HOME=/opt/rustwide/rustup-home" "-e" "CARGO_TARGET_DIR=/opt/rustwide/target" "-e" "CARGO_INCREMENTAL=0" "-e" "RUST_BACKTRACE=full" "-e" "RUSTFLAGS=--cap-lints=warn" "-e" "RUSTDOCFLAGS=--cap-lints=warn" "-w" "/opt/rustwide/workdir" "--user" "0:0" "868c5d04b55695a9f9a24567445372c3e0ec151090fe34144c41c375ee705e9d" "/opt/rustwide/cargo-home/bin/cargo" "+1.100.0-beta.1" "test" "--frozen" "--no-run" "--message-format=json" "--release", kill_on_drop: false }`
[INFO] [stderr] warning: `package.homepage` is redundant with `package.repository`
[INFO] [stderr]   --> Cargo.toml:27:12
[INFO] [stderr]    |
[INFO] [stderr] 27 | homepage = "https://github.com/murongg/ansiq"
[INFO] [stderr]    |            ^^^^^^^^^^^^^^^^^^^^^^^^^^^^^^^^^^
[INFO] [stderr] ...
[INFO] [stderr] 32 | repository = "https://github.com/murongg/ansiq"
[INFO] [stderr]    |              ----------------------------------
[INFO] [stderr]    |
[INFO] [stderr]    = note: `cargo::redundant_homepage` is set to `warn` by default
[INFO] [stderr] help: consider removing `package.homepage`
[INFO] [stderr] warning: `ansiq-core` (manifest) generated 1 warning
[INFO] [stderr]    Compiling serde_core v1.0.228
[INFO] [stderr]    Compiling target-triple v1.0.0
[INFO] [stderr]    Compiling serde v1.0.228
[INFO] [stderr]    Compiling winnow v1.0.1
[INFO] [stderr]    Compiling memchr v2.8.0
[INFO] [stderr]    Compiling itoa v1.0.18
[INFO] [stderr]    Compiling toml_writer v1.1.1+spec-1.1.0
[INFO] [stderr]    Compiling termcolor v1.4.1
[INFO] [stderr]    Compiling glob v0.3.3
[INFO] [stderr]    Compiling serde_derive v1.0.228
[INFO] [stderr]    Compiling toml_parser v1.1.2+spec-1.1.0
[INFO] [stderr]    Compiling toml_datetime v1.1.1+spec-1.1.0
[INFO] [stderr]    Compiling serde_spanned v1.1.1
[INFO] [stderr]    Compiling serde_json v1.0.149
[INFO] [stderr]    Compiling toml v1.1.2+spec-1.1.0
[INFO] [stderr]    Compiling trybuild v1.0.116
[INFO] [stderr]    Compiling ansiq-core v0.1.0 (/opt/rustwide/workdir)
[INFO] [stderr] warning: unused dependency `tokio`
[INFO] [stderr]  --> Cargo.toml:1:15
[INFO] [stderr]   |
[INFO] [stderr] 1 | [dependencies.tokio]
[INFO] [stderr]   |               ^^^^^^
[INFO] [stderr]   |
[INFO] [stderr]   = note: `cargo::unused_dependencies` is set to `warn` by default
[INFO] [stderr] help: consider removing the dependency on `tokio`
[INFO] [stderr] warning: `ansiq-core` (manifest) generated 1 warning
[INFO] [stderr]     Finished `release` profile [optimized] target(s) in 17.57s
[INFO] running `Command { std: "docker" "inspect" "868c5d04b55695a9f9a24567445372c3e0ec151090fe34144c41c375ee705e9d", kill_on_drop: false }`
[INFO] running `Command { std: "docker" "exec" "-e" "SOURCE_DIR=/opt/rustwide/workdir" "-e" "CARGO_HOME=/opt/rustwide/cargo-home" "-e" "RUSTUP_HOME=/opt/rustwide/rustup-home" "-e" "CARGO_TARGET_DIR=/opt/rustwide/target" "-e" "CARGO_INCREMENTAL=0" "-e" "RUST_BACKTRACE=full" "-e" "RUSTFLAGS=--cap-lints=warn" "-e" "RUSTDOCFLAGS=--cap-lints=warn" "-w" "/opt/rustwide/workdir" "--user" "0:0" "868c5d04b55695a9f9a24567445372c3e0ec151090fe34144c41c375ee705e9d" "/opt/rustwide/cargo-home/bin/cargo" "+1.100.0-beta.1" "test" "--frozen" "--release", kill_on_drop: false }`
[INFO] [stderr] warning: `package.homepage` is redundant with `package.repository`
[INFO] [stderr]   --> Cargo.toml:27:12
[INFO] [stderr]    |
[INFO] [stderr] 27 | homepage = "https://github.com/murongg/ansiq"
[INFO] [stderr]    |            ^^^^^^^^^^^^^^^^^^^^^^^^^^^^^^^^^^
[INFO] [stderr] ...
[INFO] [stderr] 32 | repository = "https://github.com/murongg/ansiq"
[INFO] [stderr]    |              ----------------------------------
[INFO] [stderr]    |
[INFO] [stderr]    = note: `cargo::redundant_homepage` is set to `warn` by default
[INFO] [stderr] help: consider removing `package.homepage`
[INFO] [stderr] warning: `ansiq-core` (manifest) generated 1 warning
[INFO] [stderr] warning: unused dependency `tokio`
[INFO] [stderr]  --> Cargo.toml:1:15
[INFO] [stderr]   |
[INFO] [stderr] 1 | [dependencies.tokio]
[INFO] [stderr]   |               ^^^^^^
[INFO] [stderr]   |
[INFO] [stderr]   = note: `cargo::unused_dependencies` is set to `warn` by default
[INFO] [stderr] help: consider removing the dependency on `tokio`
[INFO] [stderr] warning: `ansiq-core` (manifest) generated 1 warning
[INFO] [stderr]     Finished `release` profile [optimized] target(s) in 0.06s
[INFO] [stderr]      Running unittests src/lib.rs (/opt/rustwide/target/release/build/ansiq-core/a0467987f892f986/out/ansiq_core-a0467987f892f986)
[INFO] [stdout] 
[INFO] [stdout] running 0 tests
[INFO] [stdout] 
[INFO] [stdout] test result: ok. 0 passed; 0 failed; 0 ignored; 0 measured; 0 filtered out; finished in 0.00s
[INFO] [stdout] 
[INFO] [stderr]      Running tests/element.rs (/opt/rustwide/target/release/build/ansiq-core/b1eb259331fd0930/out/element-b1eb259331fd0930)
[INFO] [stdout] 
[INFO] [stdout] running 16 tests
[INFO] [stdout] test scrollbar_state_matches_ratatui_navigation_semantics ... ok
[INFO] [stdout] test shell_child_layout_spec_uses_shell_strategy ... ok
[INFO] [stdout] test scroll_view_intrinsic_height_tracks_only_the_first_child ... ok
[INFO] [stdout] test scroll_view_route_widget_key_updates_offset_within_bounds ... ok
[INFO] [stdout] test new_element_uses_default_layout_and_no_children ... ok
[INFO] [stdout] test scroll_view_and_component_child_layout_specs_fill_bounds ... ok
[INFO] [stdout] test into_element_trait_passes_existing_elements_through ... ok
[INFO] [stdout] test block_intrinsic_height_adds_border_title_and_padding_to_children ... ok
[INFO] [stdout] test list_route_widget_key_updates_selection_and_emits_message ... ok
[INFO] [stdout] test layout_only_containers_only_invalidate_themselves_when_styled ... ok
[INFO] [stdout] test block_child_layout_spec_uses_inner_rect_and_column_stack ... ok
[INFO] [stdout] test input_route_widget_key_edits_value_and_cursor ... ok
[INFO] [stdout] test pane_child_layout_spec_uses_inner_rect_and_fill_semantics ... ok
[INFO] [stdout] test list_state_matches_ratatui_selection_semantics ... ok
[INFO] [stdout] test text_helper_builds_text_element ... ok
[INFO] [stdout] test shell_intrinsic_height_sums_child_heights ... ok
[INFO] [stdout] 
[INFO] [stdout] test result: ok. 16 passed; 0 failed; 0 ignored; 0 measured; 0 filtered out; finished in 0.02s
[INFO] [stdout] 
[INFO] [stderr]      Running tests/geometry.rs (/opt/rustwide/target/release/build/ansiq-core/2adcd15206e71aaf/out/geometry-2adcd15206e71aaf)
[INFO] [stdout] 
[INFO] [stdout] running 4 tests
[INFO] [stdout] test shrink_moves_origin_even_when_rect_collapses ... ok
[INFO] [stdout] test intersection_returns_the_overlap_between_two_rects ... ok
[INFO] [stdout] test contains_and_union_cover_nested_and_overlapping_rects ... ok
[INFO] [stdout] test can_merge_rect_allows_axis_aligned_adjacent_regions_but_not_corner_contacts ... ok
[INFO] [stdout] 
[INFO] [stdout] test result: ok. 4 passed; 0 failed; 0 ignored; 0 measured; 0 filtered out; finished in 0.00s
[INFO] [stdout] 
[INFO] [stderr]      Running tests/history.rs (/opt/rustwide/target/release/build/ansiq-core/69d02953fb281436/out/history-69d02953fb281436)
[INFO] [stdout] 
[INFO] [stdout] running 3 tests
[INFO] [stdout] test history_block_from_text_preserves_explicit_blank_lines ... ok
[INFO] [stdout] test history_entry_text_and_block_share_the_same_commit_time_wrapping_model ... ok
[INFO] [stdout] test history_block_from_text_wraps_plain_text_into_history_lines ... ok
[INFO] [stdout] 
[INFO] [stdout] test result: ok. 3 passed; 0 failed; 0 ignored; 0 measured; 0 filtered out; finished in 0.00s
[INFO] [stdout] 
[INFO] [stderr]      Running tests/hooks.rs (/opt/rustwide/target/release/build/ansiq-core/17aea9d237e3dc1d/out/hooks-17aea9d237e3dc1d)
[INFO] [stdout] 
[INFO] [stdout] running 5 tests
[INFO] [stdout] test cx_computed_reuses_a_stable_cached_handle_across_rerenders ... ok
[INFO] [stdout] test cx_signal_returns_a_stable_local_signal_handle_across_rerenders ... ok
[INFO] [stdout] test cx_effect_reacts_to_signal_changes_without_stacking_duplicate_effects ... ok
[INFO] [stdout] test cx_alias_exposes_the_signal_first_component_api ... ok
[INFO] [stdout] test dropped_effect_slots_stop_running_after_the_component_stops_using_them ... ok
[INFO] [stdout] 
[INFO] [stdout] test result: ok. 5 passed; 0 failed; 0 ignored; 0 measured; 0 filtered out; finished in 0.00s
[INFO] [stdout] 
[INFO] [stderr]      Running tests/reactivity.rs (/opt/rustwide/target/release/build/ansiq-core/b91900d7f42b8552/out/reactivity-b91900d7f42b8552)
[INFO] [stdout] 
[INFO] [stdout] running 11 tests
[INFO] [stdout] test computed_recollects_branching_dependencies ... ok
[INFO] [stdout] test dirty_component_queue_reports_each_scope_once_without_scanning_all_scopes ... ok
[INFO] [stdout] test disposed_component_scopes_stop_receiving_dirty_notifications ... ok
[INFO] [stdout] test signal_returns_the_latest_value_after_set_and_update ... ok
[INFO] [stdout] test set_if_changed_does_not_rerun_effect_for_identical_values ... ok
[INFO] [stdout] test effect_reruns_on_flush_after_its_dependency_changes ... ok
[INFO] [stdout] test stopped_effect_does_not_run_again ... ok
[INFO] [stdout] test computed_caches_until_a_dependency_changes ... ok
[INFO] [stdout] test chained_computed_values_invalidate_downstream_caches ... ok
[INFO] [stdout] test component_scope_is_marked_dirty_when_a_dependency_changes ... ok
[INFO] [stderr]      Running tests/reactivity_compile.rs (/opt/rustwide/target/release/build/ansiq-core/e7e803f57365805f/out/reactivity_compile-e7e803f57365805f)
[INFO] [stdout] test set_if_changed_skips_dirty_component_propagation_for_identical_values ... ok
[INFO] [stdout] 
[INFO] [stdout] test result: ok. 11 passed; 0 failed; 0 ignored; 0 measured; 0 filtered out; finished in 0.01s
[INFO] [stdout] 
[INFO] [stdout] 
[INFO] [stdout] running 1 test
[INFO] [stderr] warning: `package.homepage` is redundant with `package.repository`
[INFO] [stderr]   --> /opt/rustwide/workdir/Cargo.toml:27:12
[INFO] [stderr]    |
[INFO] [stderr] 27 | homepage = "https://github.com/murongg/ansiq"
[INFO] [stderr]    |            ^^^^^^^^^^^^^^^^^^^^^^^^^^^^^^^^^^
[INFO] [stderr] ...
[INFO] [stderr] 32 | repository = "https://github.com/murongg/ansiq"
[INFO] [stderr]    |              ----------------------------------
[INFO] [stderr]    |
[INFO] [stderr]    = note: `cargo::redundant_homepage` is set to `warn` by default
[INFO] [stderr] help: consider removing `package.homepage`
[INFO] [stderr] warning: `ansiq-core` (manifest) generated 1 warning
[INFO] [stderr]    Compiling proc-macro2 v1.0.106
[INFO] [stderr]    Compiling unicode-ident v1.0.24
[INFO] [stderr]    Compiling quote v1.0.45
[INFO] [stderr]     Checking pin-project-lite v0.2.17
[INFO] [stderr]     Checking unicode-width v0.2.2
[INFO] [stderr]    Compiling syn v2.0.117
[INFO] [stderr]    Compiling tokio-macros v2.7.0
[INFO] [stderr]     Checking tokio v1.51.0
[INFO] [stderr]     Checking ansiq-core v0.1.0 (/opt/rustwide/workdir)
[INFO] [stderr]     Checking ansiq-core-tests v0.0.0 (/opt/rustwide/target/tests/trybuild/ansiq-core)
[INFO] [stderr]     Finished `dev` profile [unoptimized + debuginfo] target(s) in 8.12s
[INFO] [stderr] 
[INFO] [stderr] 
[INFO] [stderr] test tests/ui/reactive_handles_are_not_send.rs ... mismatch
[INFO] [stderr] 
[INFO] [stderr] EXPECTED:
[INFO] [stderr] ┈┈┈┈┈┈┈┈┈┈┈┈┈┈┈┈┈┈┈┈┈┈┈┈┈┈┈┈┈┈┈┈┈┈┈┈┈┈┈┈┈┈┈┈┈┈┈┈┈┈┈┈┈┈┈┈┈┈┈┈
[INFO] [stderr] error: future cannot be sent between threads safely
[INFO] [stderr]   --> tests/ui/reactive_handles_are_not_send.rs:16:5
[INFO] [stderr]    |
[INFO] [stderr] 16 | /     tokio::spawn(async move {
[INFO] [stderr] 17 | |         count.set(2);
[INFO] [stderr] 18 | |         let _ = doubled.get();
[INFO] [stderr] 19 | |         effect.stop();
[INFO] [stderr] 20 | |     });
[INFO] [stderr]    | |______^ future created by async block is not `Send`
[INFO] [stderr]    |
[INFO] [stderr]    = help: within `{async block@$DIR/tests/ui/reactive_handles_are_not_send.rs:16:18: 16:28}`, the trait `Send` is not implemented for `Rc<()>`
[INFO] [stderr] note: captured value is not `Send`
[INFO] [stderr]   --> tests/ui/reactive_handles_are_not_send.rs:19:9
[INFO] [stderr]    |
[INFO] [stderr] 19 |         effect.stop();
[INFO] [stderr]    |         ^^^^^^ has type `EffectHandle` which is not `Send`
[INFO] [stderr] note: required by a bound in `tokio::spawn`
[INFO] [stderr]   --> $CARGO/tokio-$VERSION/src/task/spawn.rs
[INFO] [stderr]    |
[INFO] [stderr]    |     pub fn spawn<F>(future: F) -> JoinHandle<F::Output>
[INFO] [stderr]    |            ----- required by a bound in this function
[INFO] [stderr]    |     where
[INFO] [stderr]    |         F: Future + Send + 'static,
[INFO] [stderr]    |                     ^^^^ required by this bound in `spawn`
[INFO] [stderr] ┈┈┈┈┈┈┈┈┈┈┈┈┈┈┈┈┈┈┈┈┈┈┈┈┈┈┈┈┈┈┈┈┈┈┈┈┈┈┈┈┈┈┈┈┈┈┈┈┈┈┈┈┈┈┈┈┈┈┈┈
[INFO] [stderr] 
[INFO] [stderr] ACTUAL OUTPUT:
[INFO] [stderr] ┈┈┈┈┈┈┈┈┈┈┈┈┈┈┈┈┈┈┈┈┈┈┈┈┈┈┈┈┈┈┈┈┈┈┈┈┈┈┈┈┈┈┈┈┈┈┈┈┈┈┈┈┈┈┈┈┈┈┈┈
[INFO] [stderr] error: future cannot be sent between threads safely
[INFO] [stderr]   --> tests/ui/reactive_handles_are_not_send.rs:16:5
[INFO] [stderr]    |
[INFO] [stderr] 16 | /     tokio::spawn(async move {
[INFO] [stderr] 17 | |         count.set(2);
[INFO] [stderr] 18 | |         let _ = doubled.get();
[INFO] [stderr] 19 | |         effect.stop();
[INFO] [stderr] 20 | |     });
[INFO] [stderr]    | |______^ future created by async block is not `Send`
[INFO] [stderr]    |
[INFO] [stderr]    = help: within `{async block@$DIR/tests/ui/reactive_handles_are_not_send.rs:16:18: 16:28}`, the trait `Send` is not implemented for `Rc<()>`
[INFO] [stderr] note: captured value is not `Send`
[INFO] [stderr]   --> tests/ui/reactive_handles_are_not_send.rs:19:9
[INFO] [stderr]    |
[INFO] [stderr] 19 |         effect.stop();
[INFO] [stderr]    |         ^^^^^^ has type `EffectHandle` which is not `Send`
[INFO] [stderr] note: required by a bound in `tokio::spawn`
[INFO] [stderr]   --> $CARGO/tokio-$VERSION/src/task/spawn.rs
[INFO] [stderr]    |
[INFO] [stderr]    |     pub fn spawn<F>(future: F) -> JoinHandle<F::Output>
[INFO] [stderr]    |     where
[INFO] [stderr]    |         F: Future + Send + 'static,
[INFO] [stderr]    |                     ^^^^ required by this bound in `spawn`
[INFO] [stderr] ┈┈┈┈┈┈┈┈┈┈┈┈┈┈┈┈┈┈┈┈┈┈┈┈┈┈┈┈┈┈┈┈┈┈┈┈┈┈┈┈┈┈┈┈┈┈┈┈┈┈┈┈┈┈┈┈┈┈┈┈
[INFO] [stderr] note: If the actual output is the correct output you can bless it by rerunning
[INFO] [stderr]       your test with the environment variable TRYBUILD=overwrite
[INFO] [stderr] 
[INFO] [stderr] 
[INFO] [stderr] 
[INFO] [stdout] test reactive_handles_cannot_cross_threads ... FAILED
[INFO] [stdout] 
[INFO] [stdout] failures:
[INFO] [stdout] 
[INFO] [stdout] ---- reactive_handles_cannot_cross_threads stdout ----
[INFO] [stdout] 
[INFO] [stdout] thread 'reactive_handles_cannot_cross_threads' (974) panicked at /opt/rustwide/cargo-home/registry/src/index.crates.io-1949cf8c6b5b557f/trybuild-1.0.116/src/run.rs:102:13:
[INFO] [stdout] 1 of 1 tests failed
[INFO] [stdout] stack backtrace:
[INFO] [stdout]    0:     0x57cec46c7a81 - <<std[617be2ca0a6fd877]::sys::backtrace::BacktraceLock>::print::DisplayBacktrace as core[a373ad73a504971]::fmt::Display>::fmt
[INFO] [stdout]    1:     0x57cec46ddd6a - core[a373ad73a504971]::fmt::write
[INFO] [stdout]    2:     0x57cec46cc2cc - <alloc[2e1b2a31b91974c5]::vec::Vec<u8> as core[a373ad73a504971]::io::write::Write>::write_fmt
[INFO] [stdout]    3:     0x57cec46a0ee6 - std[617be2ca0a6fd877]::panicking::default_hook::{closure#0}
[INFO] [stdout]    4:     0x57cec46bf029 - std[617be2ca0a6fd877]::panicking::default_hook
[INFO] [stdout]    5:     0x57cec4658630 - test[aada8e7e76ba119b]::test_main_inner::{closure#0}
[INFO] [stdout]    6:     0x57cec46bf1e2 - std[617be2ca0a6fd877]::panicking::panic_with_hook
[INFO] [stdout]    7:     0x57cec46a0f92 - std[617be2ca0a6fd877]::panicking::panic_handler::{closure#0}
[INFO] [stdout]    8:     0x57cec46997e9 - std[617be2ca0a6fd877]::sys::backtrace::__rust_end_short_backtrace::<std[617be2ca0a6fd877]::panicking::panic_handler::{closure#0}, !>
[INFO] [stdout]    9:     0x57cec46a1b9d - __rustc[ea4f61d10b84890b]::rust_begin_unwind
[INFO] [stdout]   10:     0x57cec46de4dc - core[a373ad73a504971]::panicking::panic_fmt
[INFO] [stdout]   11:     0x57cec45aab0b - <trybuild[425a81b1f202eb49]::Runner>::run
[INFO] [stdout]   12:     0x57cec45adc20 - <trybuild[425a81b1f202eb49]::TestCases as core[a373ad73a504971]::ops::drop::Drop>::drop
[INFO] [stdout]   13:     0x57cec45a3e78 - reactivity_compile[92c254a43c8130db]::reactive_handles_cannot_cross_threads
[INFO] [stdout]   14:     0x57cec45a4079 - <reactivity_compile[92c254a43c8130db]::reactive_handles_cannot_cross_threads::{closure#0} as core[a373ad73a504971]::ops::function::FnOnce<()>>::call_once
[INFO] [stdout]   15:     0x57cec464ba7b - test[aada8e7e76ba119b]::__rust_begin_short_backtrace::<core[a373ad73a504971]::result::Result<(), alloc[2e1b2a31b91974c5]::string::String>, fn() -> core[a373ad73a504971]::result::Result<(), alloc[2e1b2a31b91974c5]::string::String>>
[INFO] [stdout]   16:     0x57cec4658c55 - test[aada8e7e76ba119b]::run_test::{closure#0}
[INFO] [stdout]   17:     0x57cec4652544 - std[617be2ca0a6fd877]::sys::backtrace::__rust_begin_short_backtrace::<test[aada8e7e76ba119b]::run_test::{closure#1}, ()>
[INFO] [stdout]   18:     0x57cec465bce2 - <std[617be2ca0a6fd877]::thread::lifecycle::spawn_unchecked<test[aada8e7e76ba119b]::run_test::{closure#1}, ()>::{closure#1} as core[a373ad73a504971]::ops::function::FnOnce<()>>::call_once::{shim:vtable#0}
[INFO] [stdout]   19:     0x57cec46c6cdf - <std[617be2ca0a6fd877]::sys::thread::unix::Thread>::new::thread_start
[INFO] [stdout]   20:     0x712c5357fdfa - <unknown>
[INFO] [stdout]   21:     0x712c536133d4 - clone
[INFO] [stdout]   22:                0x0 - <unknown>
[INFO] [stdout] 
[INFO] [stdout] 
[INFO] [stdout] failures:
[INFO] [stdout]     reactive_handles_cannot_cross_threads
[INFO] [stdout] 
[INFO] [stdout] test result: FAILED. 0 passed; 1 failed; 0 ignored; 0 measured; 0 filtered out; finished in 10.76s
[INFO] [stdout] 
[INFO] [stderr] error: test failed, to rerun pass `--test reactivity_compile`
[INFO] running `Command { std: "docker" "inspect" "868c5d04b55695a9f9a24567445372c3e0ec151090fe34144c41c375ee705e9d", kill_on_drop: false }`
[INFO] running `Command { std: "docker" "rm" "-f" "868c5d04b55695a9f9a24567445372c3e0ec151090fe34144c41c375ee705e9d", kill_on_drop: false }`
[INFO] [stdout] 868c5d04b55695a9f9a24567445372c3e0ec151090fe34144c41c375ee705e9d
