[INFO] cloning repository https://github.com/tiberiualex/rust-digital-garden-cli
[INFO] running `Command { std: "git" "-c" "credential.helper=" "-c" "credential.helper=/workspace/cargo-home/bin/git-credential-null" "clone" "--bare" "https://github.com/tiberiualex/rust-digital-garden-cli" "/workspace/cache/git-repos/https%3A%2F%2Fgithub.com%2Ftiberiualex%2Frust-digital-garden-cli", kill_on_drop: false }`
[INFO] [stderr] Cloning into bare repository '/workspace/cache/git-repos/https%3A%2F%2Fgithub.com%2Ftiberiualex%2Frust-digital-garden-cli'...
[INFO] running `Command { std: "git" "rev-parse" "HEAD", kill_on_drop: false }`
[INFO] [stdout] 1777be93a9562a660ebb0675257af0c5cd32cab2
[INFO] testing tiberiualex/rust-digital-garden-cli against 1.100.0-beta.1+cargoflags=--release for beta-release-1.100-3
[INFO] running `Command { std: "git" "clone" "/workspace/cache/git-repos/https%3A%2F%2Fgithub.com%2Ftiberiualex%2Frust-digital-garden-cli" "/workspace/builds/worker-1-tc2/source", kill_on_drop: false }`
[INFO] [stderr] Cloning into '/workspace/builds/worker-1-tc2/source'...
[INFO] [stderr] done.
[INFO] started tweaking git repo https://github.com/tiberiualex/rust-digital-garden-cli
[INFO] finished tweaking git repo https://github.com/tiberiualex/rust-digital-garden-cli
[INFO] tweaked toml for git repo https://github.com/tiberiualex/rust-digital-garden-cli written to /workspace/builds/worker-1-tc2/source/Cargo.toml
[INFO] validating manifest of git repo https://github.com/tiberiualex/rust-digital-garden-cli on toolchain 1.100.0-beta.1
[INFO] running `Command { std: CARGO_HOME="/workspace/cargo-home" RUSTUP_HOME="/workspace/rustup-home" "/workspace/cargo-home/bin/cargo" "+1.100.0-beta.1" "metadata" "--manifest-path" "Cargo.toml" "--no-deps", kill_on_drop: false }`
[INFO] crate git repo https://github.com/tiberiualex/rust-digital-garden-cli already has a lockfile, it will not be regenerated
[INFO] running `Command { std: CARGO_HOME="/workspace/cargo-home" RUSTUP_HOME="/workspace/rustup-home" "/workspace/cargo-home/bin/cargo" "+1.100.0-beta.1" "fetch" "--manifest-path" "Cargo.toml", kill_on_drop: false }`
[INFO] [stderr]     Blocking waiting for file lock on package cache
[INFO] [stderr]     Updating crates.io index
[INFO] [stderr]     Blocking waiting for file lock on package cache
[ERROR] error running command: no output for 300 seconds
[INFO] testing tiberiualex/rust-digital-garden-cli against 1.100.0-beta.1+cargoflags=--release for beta-release-1.100-3
[INFO] running `Command { std: "git" "clone" "/workspace/cache/git-repos/https%3A%2F%2Fgithub.com%2Ftiberiualex%2Frust-digital-garden-cli" "/workspace/builds/worker-1-tc2/source", kill_on_drop: false }`
[INFO] [stderr] Cloning into '/workspace/builds/worker-1-tc2/source'...
[INFO] [stderr] done.
[INFO] started tweaking git repo https://github.com/tiberiualex/rust-digital-garden-cli
[INFO] finished tweaking git repo https://github.com/tiberiualex/rust-digital-garden-cli
[INFO] tweaked toml for git repo https://github.com/tiberiualex/rust-digital-garden-cli written to /workspace/builds/worker-1-tc2/source/Cargo.toml
[INFO] validating manifest of git repo https://github.com/tiberiualex/rust-digital-garden-cli on toolchain 1.100.0-beta.1
[INFO] running `Command { std: CARGO_HOME="/workspace/cargo-home" RUSTUP_HOME="/workspace/rustup-home" "/workspace/cargo-home/bin/cargo" "+1.100.0-beta.1" "metadata" "--manifest-path" "Cargo.toml" "--no-deps", kill_on_drop: false }`
[INFO] crate git repo https://github.com/tiberiualex/rust-digital-garden-cli already has a lockfile, it will not be regenerated
[INFO] running `Command { std: CARGO_HOME="/workspace/cargo-home" RUSTUP_HOME="/workspace/rustup-home" "/workspace/cargo-home/bin/cargo" "+1.100.0-beta.1" "fetch" "--manifest-path" "Cargo.toml", kill_on_drop: false }`
[INFO] [stderr]     Blocking waiting for file lock on package cache
[INFO] [stderr]     Blocking waiting for file lock on package cache
[INFO] [stderr]  Downloading crates ...
[INFO] [stderr]   Downloaded structopt-derive v0.4.14
[INFO] [stderr]   Downloaded quote v1.0.9
[INFO] [stderr]   Downloaded unicode-xid v0.2.1
[INFO] [stderr]   Downloaded structopt v0.3.21
[INFO] [stderr]   Downloaded tempfile v3.2.0
[INFO] [stderr]   Downloaded edit v0.1.3
[INFO] [stderr]   Downloaded version_check v0.9.3
[INFO] [stderr]   Downloaded remove_dir_all v0.5.3
[INFO] [stderr]   Downloaded rand_chacha v0.3.0
[INFO] [stderr]   Downloaded either v1.6.1
[INFO] [stderr]   Downloaded lazy_static v1.4.0
[INFO] [stderr]   Downloaded vec_map v0.8.2
[INFO] [stderr]   Downloaded hermit-abi v0.1.18
[INFO] [stderr]   Downloaded which v4.1.0
[INFO] [stderr]   Downloaded autocfg v1.0.1
[INFO] [stderr]   Downloaded proc-macro-error-attr v1.0.4
[INFO] [stderr]   Downloaded strsim v0.8.0
[INFO] [stderr]   Downloaded atty v0.2.14
[INFO] [stderr]   Downloaded dirs-sys v0.3.5
[INFO] [stderr]   Downloaded arrayref v0.3.6
[INFO] [stderr]   Downloaded predicates-core v1.0.2
[INFO] [stderr]   Downloaded thread_local v1.1.3
[INFO] [stderr]   Downloaded doc-comment v0.3.3
[INFO] [stderr]   Downloaded rand_hc v0.3.0
[INFO] [stderr]   Downloaded directories v3.0.1
[INFO] [stderr]   Downloaded adler v1.0.2
[INFO] [stderr]   Downloaded cfg-if v1.0.0
[INFO] [stderr]   Downloaded indenter v0.3.3
[INFO] [stderr]   Downloaded wait-timeout v0.2.0
[INFO] [stderr]   Downloaded predicates-tree v1.0.2
[INFO] [stderr]   Downloaded treeline v0.1.0
[INFO] [stderr]   Downloaded constant_time_eq v0.1.5
[INFO] [stderr]   Downloaded tracing-error v0.1.2
[INFO] [stderr]   Downloaded unicode-width v0.1.8
[INFO] [stderr]   Downloaded textwrap v0.11.0
[INFO] [stderr]   Downloaded ansi_term v0.11.0
[INFO] [stderr]   Downloaded proc-macro-error v1.0.4
[INFO] [stderr]   Downloaded arrayvec v0.5.2
[INFO] [stderr]   Downloaded getrandom v0.1.16
[INFO] [stderr]   Downloaded tracing-attributes v0.1.15
[INFO] [stderr]   Downloaded rand_core v0.6.2
[INFO] [stderr]   Downloaded byteorder v1.4.3
[INFO] [stderr]   Downloaded memchr v2.3.4
[INFO] [stderr]   Downloaded getrandom v0.2.2
[INFO] [stderr]   Downloaded owo-colors v1.3.0
[INFO] [stderr]   Downloaded rustc-demangle v0.1.18
[INFO] [stderr]   Downloaded redox_syscall v0.2.6
[INFO] [stderr]   Downloaded pin-project-lite v0.2.6
[INFO] [stderr]   Downloaded addr2line v0.14.1
[INFO] [stderr]   Downloaded assert_cmd v1.0.3
[INFO] [stderr]   Downloaded proc-macro2 v1.0.26
[INFO] [stderr]   Downloaded rust-argon2 v0.8.3
[INFO] [stderr]   Downloaded wasi v0.9.0+wasi-snapshot-preview1
[INFO] [stderr]   Downloaded bitflags v1.2.1
[INFO] [stderr]   Downloaded ppv-lite86 v0.2.10
[INFO] [stderr]   Downloaded redox_users v0.3.5
[INFO] [stderr]   Downloaded crossbeam-utils v0.8.3
[INFO] [stderr]   Downloaded blake2b_simd v0.5.11
[INFO] [stderr]   Downloaded once_cell v1.7.2
[INFO] [stderr]   Downloaded eyre v0.6.5
[INFO] [stderr]   Downloaded redox_syscall v0.1.57
[INFO] [stderr]   Downloaded tracing-core v0.1.17
[INFO] [stderr]   Downloaded base64 v0.13.0
[INFO] [stderr]   Downloaded heck v0.3.2
[INFO] [stderr]   Downloaded wasi v0.10.2+wasi-snapshot-preview1
[INFO] [stderr]   Downloaded miniz_oxide v0.4.4
[INFO] [stderr]   Downloaded sharded-slab v0.1.1
[INFO] [stderr]   Downloaded backtrace v0.3.56
[INFO] [stderr]   Downloaded tracing v0.1.25
[INFO] [stderr]   Downloaded unicode-segmentation v1.7.1
[INFO] [stderr]   Downloaded rand v0.8.3
[INFO] [stderr]   Downloaded syn v1.0.69
[INFO] [stderr]   Downloaded tracing-subscriber v0.2.17
[INFO] [stderr]   Downloaded regex-automata v0.1.9
[INFO] [stderr]   Downloaded difference v2.0.0
[INFO] [stderr]   Downloaded clap v2.33.3
[INFO] [stderr]   Downloaded color-spantrace v0.1.6
[INFO] [stderr]   Downloaded object v0.23.0
[INFO] [stderr]   Downloaded predicates v1.0.7
[INFO] [stderr]   Downloaded bstr v0.2.15
[INFO] [stderr]   Downloaded libc v0.2.93
[INFO] [stderr]   Downloaded color-eyre v0.5.11
[INFO] [stderr]   Downloaded gimli v0.23.0
[INFO] [stderr]   Downloaded winapi v0.3.9
[INFO] [stderr]   Downloaded winapi-x86_64-pc-windows-gnu v0.4.0
[INFO] [stderr]   Downloaded winapi-i686-pc-windows-gnu v0.4.0
[INFO] running `Command { std: "docker" "create" "-v" "/var/lib/crater-agent-workspace/builds/worker-1-tc2/source:/opt/rustwide/workdir:ro,Z" "-v" "/var/lib/crater-agent-workspace/builds/worker-1-tc2/target:/opt/rustwide/target:rw,Z" "-v" "/var/lib/crater-agent-workspace/cargo-home:/opt/rustwide/cargo-home:ro,Z" "-v" "/var/lib/crater-agent-workspace/rustup-home:/opt/rustwide/rustup-home:ro,Z" "-m" "1610612736" "--network" "none" "ghcr.io/rust-lang/crates-build-env/linux@sha256:77db811e55d90add9212f6832c23229e3de5f1c1f9905e8cb07319ea15df73ac" "sleep" "infinity", kill_on_drop: false }`
[INFO] [stdout] 32b3cc0d67f9773c655a5009fa16326608ef742168c2347ed305d807abda9d5e
[INFO] running `Command { std: "docker" "start" "32b3cc0d67f9773c655a5009fa16326608ef742168c2347ed305d807abda9d5e", kill_on_drop: false }`
[INFO] running `Command { std: "docker" "inspect" "32b3cc0d67f9773c655a5009fa16326608ef742168c2347ed305d807abda9d5e", kill_on_drop: false }`
[INFO] running `Command { std: "docker" "exec" "-e" "SOURCE_DIR=/opt/rustwide/workdir" "-e" "CARGO_HOME=/opt/rustwide/cargo-home" "-e" "RUSTUP_HOME=/opt/rustwide/rustup-home" "-e" "CARGO_TARGET_DIR=/opt/rustwide/target" "-w" "/opt/rustwide/workdir" "--user" "0:0" "32b3cc0d67f9773c655a5009fa16326608ef742168c2347ed305d807abda9d5e" "/opt/rustwide/cargo-home/bin/cargo" "+1.100.0-beta.1" "metadata" "--no-deps" "--format-version=1", kill_on_drop: false }`
[INFO] running `Command { std: "docker" "inspect" "32b3cc0d67f9773c655a5009fa16326608ef742168c2347ed305d807abda9d5e", kill_on_drop: false }`
[INFO] running `Command { std: "docker" "exec" "-e" "SOURCE_DIR=/opt/rustwide/workdir" "-e" "CARGO_HOME=/opt/rustwide/cargo-home" "-e" "RUSTUP_HOME=/opt/rustwide/rustup-home" "-e" "CARGO_TARGET_DIR=/opt/rustwide/target" "-e" "CARGO_INCREMENTAL=0" "-e" "RUST_BACKTRACE=full" "-e" "RUSTFLAGS=--cap-lints=warn" "-e" "RUSTDOCFLAGS=--cap-lints=warn" "-w" "/opt/rustwide/workdir" "--user" "0:0" "32b3cc0d67f9773c655a5009fa16326608ef742168c2347ed305d807abda9d5e" "/opt/rustwide/cargo-home/bin/cargo" "+1.100.0-beta.1" "build" "--frozen" "--message-format=json" "--release", kill_on_drop: false }`
[INFO] [stderr]    Compiling libc v0.2.93
[INFO] [stderr]    Compiling proc-macro2 v1.0.26
[INFO] [stderr]    Compiling unicode-xid v0.2.1
[INFO] [stderr]    Compiling cfg-if v1.0.0
[INFO] [stderr]    Compiling syn v1.0.69
[INFO] [stderr]    Compiling version_check v0.9.3
[INFO] [stderr]    Compiling lazy_static v1.4.0
[INFO] [stderr]    Compiling getrandom v0.2.2
[INFO] [stderr]    Compiling once_cell v1.7.2
[INFO] [stderr]    Compiling autocfg v1.0.1
[INFO] [stderr]    Compiling bitflags v1.2.1
[INFO] [stderr]    Compiling ppv-lite86 v0.2.10
[INFO] [stderr]    Compiling pin-project-lite v0.2.6
[INFO] [stderr]    Compiling eyre v0.6.5
[INFO] [stderr]    Compiling unicode-segmentation v1.7.1
[INFO] [stderr]    Compiling adler v1.0.2
[INFO] [stderr]    Compiling tracing-core v0.1.17
[INFO] [stderr]    Compiling sharded-slab v0.1.1
[INFO] [stderr]    Compiling gimli v0.23.0
[INFO] [stderr]    Compiling unicode-width v0.1.8
[INFO] [stderr]    Compiling thread_local v1.1.3
[INFO] [stderr]    Compiling textwrap v0.11.0
[INFO] [stderr]    Compiling either v1.6.1
[INFO] [stderr]    Compiling remove_dir_all v0.5.3
[INFO] [stderr]    Compiling indenter v0.3.3
[INFO] [stderr]    Compiling object v0.23.0
[INFO] [stderr]    Compiling owo-colors v1.3.0
[INFO] [stderr]    Compiling strsim v0.8.0
[INFO] [stderr]    Compiling proc-macro-error-attr v1.0.4
[INFO] [stderr]    Compiling miniz_oxide v0.4.4
[INFO] [stderr]    Compiling proc-macro-error v1.0.4
[INFO] [stderr]    Compiling heck v0.3.2
[INFO] [stderr]    Compiling vec_map v0.8.2
[INFO] [stderr]    Compiling ansi_term v0.11.0
[INFO] [stderr]    Compiling rustc-demangle v0.1.18
[INFO] [stderr]    Compiling quote v1.0.9
[INFO] [stderr]    Compiling atty v0.2.14
[INFO] [stderr]    Compiling which v4.1.0
[INFO] [stderr]    Compiling dirs-sys v0.3.5
[INFO] [stderr]    Compiling tracing-subscriber v0.2.17
[INFO] [stderr]    Compiling clap v2.33.3
[INFO] [stderr]    Compiling rand_core v0.6.2
[INFO] [stderr]    Compiling directories v3.0.1
[INFO] [stderr]    Compiling rand_chacha v0.3.0
[INFO] [stderr]    Compiling rand v0.8.3
[INFO] [stderr]    Compiling tempfile v3.2.0
[INFO] [stderr]    Compiling edit v0.1.3
[INFO] [stderr]    Compiling addr2line v0.14.1
[INFO] [stderr]    Compiling backtrace v0.3.56
[INFO] [stderr]    Compiling tracing-attributes v0.1.15
[INFO] [stderr]    Compiling structopt-derive v0.4.14
[INFO] [stderr]    Compiling tracing v0.1.25
[INFO] [stderr]    Compiling structopt v0.3.21
[INFO] [stderr]    Compiling tracing-error v0.1.2
[INFO] [stderr]    Compiling color-spantrace v0.1.6
[INFO] [stderr]    Compiling color-eyre v0.5.11
[INFO] [stderr]    Compiling rust-digital-garden-cli v0.1.0 (/opt/rustwide/workdir)
[INFO] [stdout] warning: unused `Result` that must be used
[INFO] [stdout]   --> src/write.rs:21:5
[INFO] [stdout]    |
[INFO] [stdout] 21 |     file.seek(SeekFrom::Start(0));
[INFO] [stdout]    |     ^^^^^^^^^^^^^^^^^^^^^^^^^^^^^
[INFO] [stdout]    |
[INFO] [stdout]    = note: this `Result` may be an `Err` variant, which should be handled
[INFO] [stdout]    = note: `#[warn(unused_must_use)]` (part of `#[warn(unused)]`) on by default
[INFO] [stdout] help: use `let _ = ...` to ignore the resulting value
[INFO] [stdout]    |
[INFO] [stdout] 21 |     let _ = file.seek(SeekFrom::Start(0));
[INFO] [stdout]    |     +++++++
[INFO] [stdout] 
[INFO] [stdout] 
[INFO] [stderr]     Finished `release` profile [optimized] target(s) in 5.71s
[INFO] running `Command { std: "docker" "inspect" "32b3cc0d67f9773c655a5009fa16326608ef742168c2347ed305d807abda9d5e", kill_on_drop: false }`
[INFO] running `Command { std: "docker" "exec" "-e" "SOURCE_DIR=/opt/rustwide/workdir" "-e" "CARGO_HOME=/opt/rustwide/cargo-home" "-e" "RUSTUP_HOME=/opt/rustwide/rustup-home" "-e" "CARGO_TARGET_DIR=/opt/rustwide/target" "-e" "CARGO_INCREMENTAL=0" "-e" "RUST_BACKTRACE=full" "-e" "RUSTFLAGS=--cap-lints=warn" "-e" "RUSTDOCFLAGS=--cap-lints=warn" "-w" "/opt/rustwide/workdir" "--user" "0:0" "32b3cc0d67f9773c655a5009fa16326608ef742168c2347ed305d807abda9d5e" "/opt/rustwide/cargo-home/bin/cargo" "+1.100.0-beta.1" "test" "--frozen" "--no-run" "--message-format=json" "--release", kill_on_drop: false }`
[INFO] [stderr]    Compiling memchr v2.3.4
[INFO] [stderr]    Compiling doc-comment v0.3.3
[INFO] [stderr]    Compiling predicates-core v1.0.2
[INFO] [stderr]    Compiling byteorder v1.4.3
[INFO] [stderr]    Compiling difference v2.0.0
[INFO] [stderr]    Compiling treeline v0.1.0
[INFO] [stderr]    Compiling wait-timeout v0.2.0
[INFO] [stdout] warning: unused `Result` that must be used
[INFO] [stdout]   --> src/write.rs:21:5
[INFO] [stdout]    |
[INFO] [stdout] 21 |     file.seek(SeekFrom::Start(0));
[INFO] [stdout]    |     ^^^^^^^^^^^^^^^^^^^^^^^^^^^^^
[INFO] [stdout]    |
[INFO] [stdout]    = note: this `Result` may be an `Err` variant, which should be handled
[INFO] [stdout]    = note: `#[warn(unused_must_use)]` (part of `#[warn(unused)]`) on by default
[INFO] [stdout] help: use `let _ = ...` to ignore the resulting value
[INFO] [stdout]    |
[INFO] [stdout] 21 |     let _ = file.seek(SeekFrom::Start(0));
[INFO] [stdout]    |     +++++++
[INFO] [stdout] 
[INFO] [stdout] 
[INFO] [stderr]    Compiling predicates-tree v1.0.2
[INFO] [stderr]    Compiling predicates v1.0.7
[INFO] [stderr]    Compiling regex-automata v0.1.9
[INFO] [stderr]    Compiling bstr v0.2.15
[INFO] [stderr]    Compiling assert_cmd v1.0.3
[INFO] [stderr]    Compiling rust-digital-garden-cli v0.1.0 (/opt/rustwide/workdir)
[INFO] [stdout] warning: unused `Result` that must be used
[INFO] [stdout]   --> src/write.rs:21:5
[INFO] [stdout]    |
[INFO] [stdout] 21 |     file.seek(SeekFrom::Start(0));
[INFO] [stdout]    |     ^^^^^^^^^^^^^^^^^^^^^^^^^^^^^
[INFO] [stdout]    |
[INFO] [stdout]    = note: this `Result` may be an `Err` variant, which should be handled
[INFO] [stdout]    = note: `#[warn(unused_must_use)]` (part of `#[warn(unused)]`) on by default
[INFO] [stdout] help: use `let _ = ...` to ignore the resulting value
[INFO] [stdout]    |
[INFO] [stdout] 21 |     let _ = file.seek(SeekFrom::Start(0));
[INFO] [stdout]    |     +++++++
[INFO] [stdout] 
[INFO] [stdout] 
[INFO] [stderr]     Finished `release` profile [optimized] target(s) in 1.21s
[INFO] running `Command { std: "docker" "inspect" "32b3cc0d67f9773c655a5009fa16326608ef742168c2347ed305d807abda9d5e", kill_on_drop: false }`
[INFO] running `Command { std: "docker" "exec" "-e" "SOURCE_DIR=/opt/rustwide/workdir" "-e" "CARGO_HOME=/opt/rustwide/cargo-home" "-e" "RUSTUP_HOME=/opt/rustwide/rustup-home" "-e" "CARGO_TARGET_DIR=/opt/rustwide/target" "-e" "CARGO_INCREMENTAL=0" "-e" "RUST_BACKTRACE=full" "-e" "RUSTFLAGS=--cap-lints=warn" "-e" "RUSTDOCFLAGS=--cap-lints=warn" "-w" "/opt/rustwide/workdir" "--user" "0:0" "32b3cc0d67f9773c655a5009fa16326608ef742168c2347ed305d807abda9d5e" "/opt/rustwide/cargo-home/bin/cargo" "+1.100.0-beta.1" "test" "--frozen" "--release", kill_on_drop: false }`
[INFO] [stderr] warning: unused `Result` that must be used
[INFO] [stderr]   --> src/write.rs:21:5
[INFO] [stderr]    |
[INFO] [stderr] 21 |     file.seek(SeekFrom::Start(0));
[INFO] [stderr]    |     ^^^^^^^^^^^^^^^^^^^^^^^^^^^^^
[INFO] [stderr]    |
[INFO] [stderr]    = note: this `Result` may be an `Err` variant, which should be handled
[INFO] [stderr]    = note: `#[warn(unused_must_use)]` (part of `#[warn(unused)]`) on by default
[INFO] [stderr] help: use `let _ = ...` to ignore the resulting value
[INFO] [stderr]    |
[INFO] [stderr] 21 |     let _ = file.seek(SeekFrom::Start(0));
[INFO] [stderr]    |     +++++++
[INFO] [stderr] 
[INFO] [stderr] warning: `rust-digital-garden-cli` (lib) generated 1 warning
[INFO] [stderr] warning: `rust-digital-garden-cli` (lib test) generated 1 warning (1 duplicate)
[INFO] [stderr]     Finished `release` profile [optimized] target(s) in 0.04s
[INFO] [stderr]      Running unittests src/lib.rs (/opt/rustwide/target/release/build/rust-digital-garden-cli/9794fdf92e21cd8e/out/digital_garden-9794fdf92e21cd8e)
[INFO] [stdout] 
[INFO] [stdout] running 0 tests
[INFO] [stdout] 
[INFO] [stdout] test result: ok. 0 passed; 0 failed; 0 ignored; 0 measured; 0 filtered out; finished in 0.00s
[INFO] [stdout] 
[INFO] [stderr]      Running unittests src/main.rs (/opt/rustwide/target/release/build/rust-digital-garden-cli/c21134ef5da3bfb8/out/garden-c21134ef5da3bfb8)
[INFO] [stdout] 
[INFO] [stdout] running 0 tests
[INFO] [stdout] 
[INFO] [stdout] test result: ok. 0 passed; 0 failed; 0 ignored; 0 measured; 0 filtered out; finished in 0.00s
[INFO] [stdout] 
[INFO] [stderr]      Running tests/integration.rs (/opt/rustwide/target/release/build/rust-digital-garden-cli/558341514eb6c596/out/integration-558341514eb6c596)
[INFO] [stdout] 
[INFO] [stdout] running 2 tests
[INFO] [stdout] test test_write ... ignored
[INFO] [stdout] test test_help ... FAILED
[INFO] [stdout] 
[INFO] [stdout] failures:
[INFO] [stdout] 
[INFO] [stdout] ---- test_help stdout ----
[INFO] [stdout] Error: Cause: Cargo command not found: /opt/rustwide/target/release/build/rust-digital-garden-cli/558341514eb6c596/out/garden
[INFO] [stdout] 
[INFO] [stdout] 
[INFO] [stdout] 
[INFO] [stdout] Location:
[INFO] [stdout]     tests/integration.rs:7:28
[INFO] [stdout] 
[INFO] [stdout] 
[INFO] [stdout] failures:
[INFO] [stdout]     test_help
[INFO] [stdout] 
[INFO] [stdout] test result: FAILED. 0 passed; 1 failed; 1 ignored; 0 measured; 0 filtered out; finished in 0.00s
[INFO] [stdout] 
[INFO] [stderr] error: test failed, to rerun pass `--test integration`
[INFO] running `Command { std: "docker" "inspect" "32b3cc0d67f9773c655a5009fa16326608ef742168c2347ed305d807abda9d5e", kill_on_drop: false }`
[INFO] running `Command { std: "docker" "rm" "-f" "32b3cc0d67f9773c655a5009fa16326608ef742168c2347ed305d807abda9d5e", kill_on_drop: false }`
[INFO] [stdout] 32b3cc0d67f9773c655a5009fa16326608ef742168c2347ed305d807abda9d5e
