[INFO] cloning repository https://github.com/otrho/fizzbuzz
[INFO] running `Command { std: "git" "-c" "credential.helper=" "-c" "credential.helper=/workspace/cargo-home/bin/git-credential-null" "clone" "--bare" "https://github.com/otrho/fizzbuzz" "/workspace/cache/git-repos/https%3A%2F%2Fgithub.com%2Fotrho%2Ffizzbuzz", kill_on_drop: false }`
[INFO] [stderr] Cloning into bare repository '/workspace/cache/git-repos/https%3A%2F%2Fgithub.com%2Fotrho%2Ffizzbuzz'...
[INFO] running `Command { std: "git" "rev-parse" "HEAD", kill_on_drop: false }`
[INFO] [stdout] af1dc376604b6a0f0bbc94a575d587eac8aa3c12
[INFO] testing otrho/fizzbuzz against 1.100.0-beta.1+cargoflags=--release for beta-release-1.100-3
[INFO] running `Command { std: "git" "clone" "/workspace/cache/git-repos/https%3A%2F%2Fgithub.com%2Fotrho%2Ffizzbuzz" "/workspace/builds/worker-6-tc2/source", kill_on_drop: false }`
[INFO] [stderr] Cloning into '/workspace/builds/worker-6-tc2/source'...
[INFO] [stderr] done.
[INFO] started tweaking git repo https://github.com/otrho/fizzbuzz
[INFO] finished tweaking git repo https://github.com/otrho/fizzbuzz
[INFO] tweaked toml for git repo https://github.com/otrho/fizzbuzz written to /workspace/builds/worker-6-tc2/source/Cargo.toml
[INFO] validating manifest of git repo https://github.com/otrho/fizzbuzz on toolchain 1.100.0-beta.1
[INFO] running `Command { std: CARGO_HOME="/workspace/cargo-home" RUSTUP_HOME="/workspace/rustup-home" "/workspace/cargo-home/bin/cargo" "+1.100.0-beta.1" "metadata" "--manifest-path" "Cargo.toml" "--no-deps", kill_on_drop: false }`
[INFO] crate git repo https://github.com/otrho/fizzbuzz already has a lockfile, it will not be regenerated
[INFO] running `Command { std: CARGO_HOME="/workspace/cargo-home" RUSTUP_HOME="/workspace/rustup-home" "/workspace/cargo-home/bin/cargo" "+1.100.0-beta.1" "fetch" "--manifest-path" "Cargo.toml", kill_on_drop: false }`
[INFO] [stderr]     Blocking waiting for file lock on package cache
[INFO] [stderr]     Blocking waiting for file lock on package cache
[INFO] [stderr]  Downloading crates ...
[INFO] [stderr]   Downloaded peg-runtime v0.8.3
[INFO] [stderr]   Downloaded test_bin v0.4.0
[INFO] [stderr]   Downloaded peg-macros v0.8.4
[INFO] [stderr]   Downloaded peg v0.8.4
[INFO] [stderr]   Downloaded cranelift-native v0.111.0
[INFO] [stderr]   Downloaded cranelift v0.111.0
[INFO] [stderr]   Downloaded cranelift-bitset v0.111.0
[INFO] [stderr]   Downloaded cranelift-module v0.111.0
[INFO] [stderr]   Downloaded slice-group-by v0.3.1
[INFO] [stderr]   Downloaded cranelift-frontend v0.111.0
[INFO] [stderr]   Downloaded region v2.2.0
[INFO] [stderr]   Downloaded mach v0.3.2
[INFO] [stderr]   Downloaded cranelift-codegen-shared v0.111.0
[INFO] [stderr]   Downloaded cranelift-control v0.111.0
[INFO] [stderr]   Downloaded wasmtime-jit-icache-coherence v24.0.0
[INFO] [stderr]   Downloaded cranelift-jit v0.111.0
[INFO] [stderr]   Downloaded cranelift-entity v0.111.0
[INFO] [stderr]   Downloaded cranelift-bforest v0.111.0
[INFO] [stderr]   Downloaded cranelift-isle v0.111.0
[INFO] [stderr]   Downloaded cranelift-codegen-meta v0.111.0
[INFO] [stderr]   Downloaded regalloc2 v0.9.3
[INFO] [stderr]   Downloaded syn v2.0.76
[INFO] [stderr]   Downloaded unicode-width v0.1.13
[INFO] [stderr]   Downloaded cranelift-codegen v0.111.0
[INFO] running `Command { std: "docker" "create" "-v" "/var/lib/crater-agent-workspace/builds/worker-6-tc2/source:/opt/rustwide/workdir:ro,Z" "-v" "/var/lib/crater-agent-workspace/builds/worker-6-tc2/target:/opt/rustwide/target:rw,Z" "-v" "/var/lib/crater-agent-workspace/cargo-home:/opt/rustwide/cargo-home:ro,Z" "-v" "/var/lib/crater-agent-workspace/rustup-home:/opt/rustwide/rustup-home:ro,Z" "-m" "1610612736" "--network" "none" "ghcr.io/rust-lang/crates-build-env/linux@sha256:77db811e55d90add9212f6832c23229e3de5f1c1f9905e8cb07319ea15df73ac" "sleep" "infinity", kill_on_drop: false }`
[INFO] [stdout] 9e4af335b80723b3e1ab0da7937bec0f8a53e0f83b7ba12b4f91406f48fb617e
[INFO] running `Command { std: "docker" "start" "9e4af335b80723b3e1ab0da7937bec0f8a53e0f83b7ba12b4f91406f48fb617e", kill_on_drop: false }`
[INFO] running `Command { std: "docker" "inspect" "9e4af335b80723b3e1ab0da7937bec0f8a53e0f83b7ba12b4f91406f48fb617e", kill_on_drop: false }`
[INFO] running `Command { std: "docker" "exec" "-e" "SOURCE_DIR=/opt/rustwide/workdir" "-e" "CARGO_HOME=/opt/rustwide/cargo-home" "-e" "RUSTUP_HOME=/opt/rustwide/rustup-home" "-e" "CARGO_TARGET_DIR=/opt/rustwide/target" "-w" "/opt/rustwide/workdir" "--user" "0:0" "9e4af335b80723b3e1ab0da7937bec0f8a53e0f83b7ba12b4f91406f48fb617e" "/opt/rustwide/cargo-home/bin/cargo" "+1.100.0-beta.1" "metadata" "--no-deps" "--format-version=1", kill_on_drop: false }`
[INFO] running `Command { std: "docker" "inspect" "9e4af335b80723b3e1ab0da7937bec0f8a53e0f83b7ba12b4f91406f48fb617e", kill_on_drop: false }`
[INFO] running `Command { std: "docker" "exec" "-e" "SOURCE_DIR=/opt/rustwide/workdir" "-e" "CARGO_HOME=/opt/rustwide/cargo-home" "-e" "RUSTUP_HOME=/opt/rustwide/rustup-home" "-e" "CARGO_TARGET_DIR=/opt/rustwide/target" "-e" "CARGO_INCREMENTAL=0" "-e" "RUST_BACKTRACE=full" "-e" "RUSTFLAGS=--cap-lints=warn" "-e" "RUSTDOCFLAGS=--cap-lints=warn" "-w" "/opt/rustwide/workdir" "--user" "0:0" "9e4af335b80723b3e1ab0da7937bec0f8a53e0f83b7ba12b4f91406f48fb617e" "/opt/rustwide/cargo-home/bin/cargo" "+1.100.0-beta.1" "build" "--frozen" "--message-format=json" "--release", kill_on_drop: false }`
[INFO] [stderr]    Compiling ahash v0.8.11
[INFO] [stderr]    Compiling cranelift-isle v0.111.0
[INFO] [stderr]    Compiling once_cell v1.19.0
[INFO] [stderr]    Compiling cranelift-codegen-shared v0.111.0
[INFO] [stderr]    Compiling zerocopy v0.7.35
[INFO] [stderr]    Compiling target-lexicon v0.12.16
[INFO] [stderr]    Compiling cranelift-bitset v0.111.0
[INFO] [stderr]    Compiling hashbrown v0.14.5
[INFO] [stderr]    Compiling cranelift-codegen-meta v0.111.0
[INFO] [stderr]    Compiling slice-group-by v0.3.1
[INFO] [stderr]    Compiling cranelift-entity v0.111.0
[INFO] [stderr]    Compiling rustc-hash v1.1.0
[INFO] [stderr]    Compiling libc v0.2.158
[INFO] [stderr]    Compiling smallvec v1.13.2
[INFO] [stderr]    Compiling arbitrary v1.3.2
[INFO] [stderr]    Compiling log v0.4.22
[INFO] [stderr]    Compiling cranelift-bforest v0.111.0
[INFO] [stderr]    Compiling indexmap v2.4.0
[INFO] [stderr]    Compiling hashbrown v0.13.2
[INFO] [stderr]    Compiling bumpalo v3.16.0
[INFO] [stderr]    Compiling proc-macro2 v1.0.86
[INFO] [stderr]    Compiling anyhow v1.0.86
[INFO] [stderr]    Compiling cranelift-control v0.111.0
[INFO] [stderr]    Compiling regalloc2 v0.9.3
[INFO] [stderr]    Compiling bitflags v1.3.2
[INFO] [stderr]    Compiling peg-runtime v0.8.3
[INFO] [stderr]    Compiling unicode-width v0.1.13
[INFO] [stderr]    Compiling textwrap v0.11.0
[INFO] [stderr]    Compiling gimli v0.29.0
[INFO] [stderr]    Compiling wasmtime-jit-icache-coherence v24.0.0
[INFO] [stderr]    Compiling region v2.2.0
[INFO] [stderr]    Compiling quote v1.0.37
[INFO] [stderr]    Compiling atty v0.2.14
[INFO] [stderr]    Compiling strsim v0.8.0
[INFO] [stderr]    Compiling peg-macros v0.8.4
[INFO] [stderr]    Compiling ansi_term v0.12.1
[INFO] [stderr]    Compiling vec_map v0.8.2
[INFO] [stderr]    Compiling clap v2.34.0
[INFO] [stderr]    Compiling test_bin v0.4.0
[INFO] [stderr]    Compiling cranelift-codegen v0.111.0
[INFO] [stderr]    Compiling peg v0.8.4
[INFO] [stderr]    Compiling cranelift-frontend v0.111.0
[INFO] [stderr]    Compiling cranelift-module v0.111.0
[INFO] [stderr]    Compiling cranelift-native v0.111.0
[INFO] [stderr]    Compiling cranelift-jit v0.111.0
[INFO] [stderr]    Compiling cranelift v0.111.0
[INFO] [stderr]    Compiling fizzbuzz v0.1.0 (/opt/rustwide/workdir)
[INFO] [stderr] warning: unused dependency `test_bin`
[INFO] [stderr]  --> Cargo.toml:8:1
[INFO] [stderr]   |
[INFO] [stderr] 8 | test_bin = "0"
[INFO] [stderr]   | ^^^^^^^^^^^^^^
[INFO] [stderr]   |
[INFO] [stderr]   = note: `cargo::unused_dependencies` is set to `warn` by default
[INFO] [stderr] help: consider removing the dependency on `test_bin`
[INFO] [stderr] warning: `fizzbuzz` (manifest) generated 1 warning
[INFO] [stderr]     Finished `release` profile [optimized] target(s) in 1m 13s
[INFO] running `Command { std: "docker" "inspect" "9e4af335b80723b3e1ab0da7937bec0f8a53e0f83b7ba12b4f91406f48fb617e", kill_on_drop: false }`
[INFO] running `Command { std: "docker" "exec" "-e" "SOURCE_DIR=/opt/rustwide/workdir" "-e" "CARGO_HOME=/opt/rustwide/cargo-home" "-e" "RUSTUP_HOME=/opt/rustwide/rustup-home" "-e" "CARGO_TARGET_DIR=/opt/rustwide/target" "-e" "CARGO_INCREMENTAL=0" "-e" "RUST_BACKTRACE=full" "-e" "RUSTFLAGS=--cap-lints=warn" "-e" "RUSTDOCFLAGS=--cap-lints=warn" "-w" "/opt/rustwide/workdir" "--user" "0:0" "9e4af335b80723b3e1ab0da7937bec0f8a53e0f83b7ba12b4f91406f48fb617e" "/opt/rustwide/cargo-home/bin/cargo" "+1.100.0-beta.1" "test" "--frozen" "--no-run" "--message-format=json" "--release", kill_on_drop: false }`
[INFO] [stderr]    Compiling fizzbuzz v0.1.0 (/opt/rustwide/workdir)
[INFO] [stderr]     Finished `release` profile [optimized] target(s) in 0.63s
[INFO] running `Command { std: "docker" "inspect" "9e4af335b80723b3e1ab0da7937bec0f8a53e0f83b7ba12b4f91406f48fb617e", kill_on_drop: false }`
[INFO] running `Command { std: "docker" "exec" "-e" "SOURCE_DIR=/opt/rustwide/workdir" "-e" "CARGO_HOME=/opt/rustwide/cargo-home" "-e" "RUSTUP_HOME=/opt/rustwide/rustup-home" "-e" "CARGO_TARGET_DIR=/opt/rustwide/target" "-e" "CARGO_INCREMENTAL=0" "-e" "RUST_BACKTRACE=full" "-e" "RUSTFLAGS=--cap-lints=warn" "-e" "RUSTDOCFLAGS=--cap-lints=warn" "-w" "/opt/rustwide/workdir" "--user" "0:0" "9e4af335b80723b3e1ab0da7937bec0f8a53e0f83b7ba12b4f91406f48fb617e" "/opt/rustwide/cargo-home/bin/cargo" "+1.100.0-beta.1" "test" "--frozen" "--release", kill_on_drop: false }`
[INFO] [stderr]     Finished `release` profile [optimized] target(s) in 0.08s
[INFO] [stderr]      Running unittests src/main.rs (/opt/rustwide/target/release/build/fizzbuzz/3a5b0abe458f45c7/out/fizzbuzz-3a5b0abe458f45c7)
[INFO] [stderr]      Running tests/00_print.rs (/opt/rustwide/target/release/build/fizzbuzz/683f57772b695274/out/00_print-683f57772b695274)
[INFO] [stdout] 
[INFO] [stdout] running 0 tests
[INFO] [stdout] 
[INFO] [stdout] test result: ok. 0 passed; 0 failed; 0 ignored; 0 measured; 0 filtered out; finished in 0.00s
[INFO] [stdout] 
[INFO] [stdout] 
[INFO] [stdout] running 2 tests
[INFO] [stdout] test test_print_strings ... FAILED
[INFO] [stdout] test test_print_simple_numbers ... FAILED
[INFO] [stdout] 
[INFO] [stdout] failures:
[INFO] [stdout] 
[INFO] [stdout] ---- test_print_strings stdout ----
[INFO] [stdout] 
[INFO] [stdout] thread 'test_print_strings' (1870) panicked at /opt/rustwide/cargo-home/registry/src/index.crates.io-1949cf8c6b5b557f/test_bin-0.4.0/src/lib.rs:41:5:
[INFO] [stdout] assertion failed: path.exists()
[INFO] [stdout] stack backtrace:
[INFO] [stdout]    0:     0x574d949c4671 - <<std[617be2ca0a6fd877]::sys::backtrace::BacktraceLock>::print::DisplayBacktrace as core[a373ad73a504971]::fmt::Display>::fmt
[INFO] [stdout]    1:     0x574d949d861a - core[a373ad73a504971]::fmt::write
[INFO] [stdout]    2:     0x574d949c893c - <alloc[2e1b2a31b91974c5]::vec::Vec<u8> as core[a373ad73a504971]::io::write::Write>::write_fmt
[INFO] [stdout]    3:     0x574d949a08d6 - std[617be2ca0a6fd877]::panicking::default_hook::{closure#0}
[INFO] [stdout]    4:     0x574d949bcd09 - std[617be2ca0a6fd877]::panicking::default_hook
[INFO] [stdout]    5:     0x574d94959150 - test[aada8e7e76ba119b]::test_main_inner::{closure#0}
[INFO] [stdout]    6:     0x574d949bcec2 - std[617be2ca0a6fd877]::panicking::panic_with_hook
[INFO] [stdout]    7:     0x574d949a09b4 - std[617be2ca0a6fd877]::panicking::panic_handler::{closure#0}
[INFO] [stdout]    8:     0x574d94999669 - std[617be2ca0a6fd877]::sys::backtrace::__rust_end_short_backtrace::<std[617be2ca0a6fd877]::panicking::panic_handler::{closure#0}, !>
[INFO] [stdout]    9:     0x574d949a158d - __rustc[ea4f61d10b84890b]::rust_begin_unwind
[INFO] [stdout]   10:     0x574d949d8d4c - core[a373ad73a504971]::panicking::panic_fmt
[INFO] [stderr] error: test failed, to rerun pass `--test 00_print`
[INFO] [stdout]   11:     0x574d949d8d12 - core[a373ad73a504971]::panicking::panic
[INFO] [stdout]   12:     0x574d9494c524 - test_bin[7c38c887a2d43a7e]::get_test_bin
[INFO] [stdout]   13:     0x574d9494be0a - 00_print[65edba05f2778688]::common::test_str
[INFO] [stdout]   14:     0x574d9494c161 - <00_print[65edba05f2778688]::test_print_strings::{closure#0} as core[a373ad73a504971]::ops::function::FnOnce<()>>::call_once
[INFO] [stdout]   15:     0x574d9494c59b - test[aada8e7e76ba119b]::__rust_begin_short_backtrace::<core[a373ad73a504971]::result::Result<(), alloc[2e1b2a31b91974c5]::string::String>, fn() -> core[a373ad73a504971]::result::Result<(), alloc[2e1b2a31b91974c5]::string::String>>
[INFO] [stdout]   16:     0x574d94959775 - test[aada8e7e76ba119b]::run_test::{closure#0}
[INFO] [stdout]   17:     0x574d94953064 - std[617be2ca0a6fd877]::sys::backtrace::__rust_begin_short_backtrace::<test[aada8e7e76ba119b]::run_test::{closure#1}, ()>
[INFO] [stdout]   18:     0x574d9495c802 - <std[617be2ca0a6fd877]::thread::lifecycle::spawn_unchecked<test[aada8e7e76ba119b]::run_test::{closure#1}, ()>::{closure#1} as core[a373ad73a504971]::ops::function::FnOnce<()>>::call_once::{shim:vtable#0}
[INFO] [stdout]   19:     0x574d949c3ecf - <std[617be2ca0a6fd877]::sys::thread::unix::Thread>::new::thread_start
[INFO] [stdout]   20:     0x7f4a832e9dfa - <unknown>
[INFO] [stdout]   21:     0x7f4a8337d3d4 - clone
[INFO] [stdout]   22:                0x0 - <unknown>
[INFO] [stdout] 
[INFO] [stdout] ---- test_print_simple_numbers stdout ----
[INFO] [stdout] 
[INFO] [stdout] thread 'test_print_simple_numbers' (1869) panicked at /opt/rustwide/cargo-home/registry/src/index.crates.io-1949cf8c6b5b557f/test_bin-0.4.0/src/lib.rs:41:5:
[INFO] [stdout] assertion failed: path.exists()
[INFO] [stdout] stack backtrace:
[INFO] [stdout]    0:     0x574d949c4671 - <<std[617be2ca0a6fd877]::sys::backtrace::BacktraceLock>::print::DisplayBacktrace as core[a373ad73a504971]::fmt::Display>::fmt
[INFO] [stdout]    1:     0x574d949d861a - core[a373ad73a504971]::fmt::write
[INFO] [stdout]    2:     0x574d949c893c - <alloc[2e1b2a31b91974c5]::vec::Vec<u8> as core[a373ad73a504971]::io::write::Write>::write_fmt
[INFO] [stdout]    3:     0x574d949a08d6 - std[617be2ca0a6fd877]::panicking::default_hook::{closure#0}
[INFO] [stdout]    4:     0x574d949bcd09 - std[617be2ca0a6fd877]::panicking::default_hook
[INFO] [stdout]    5:     0x574d94959150 - test[aada8e7e76ba119b]::test_main_inner::{closure#0}
[INFO] [stdout]    6:     0x574d949bcec2 - std[617be2ca0a6fd877]::panicking::panic_with_hook
[INFO] [stdout]    7:     0x574d949a09b4 - std[617be2ca0a6fd877]::panicking::panic_handler::{closure#0}
[INFO] [stdout]    8:     0x574d94999669 - std[617be2ca0a6fd877]::sys::backtrace::__rust_end_short_backtrace::<std[617be2ca0a6fd877]::panicking::panic_handler::{closure#0}, !>
[INFO] [stdout]    9:     0x574d949a158d - __rustc[ea4f61d10b84890b]::rust_begin_unwind
[INFO] [stdout]   10:     0x574d949d8d4c - core[a373ad73a504971]::panicking::panic_fmt
[INFO] [stdout]   11:     0x574d949d8d12 - core[a373ad73a504971]::panicking::panic
[INFO] [stdout]   12:     0x574d9494c524 - test_bin[7c38c887a2d43a7e]::get_test_bin
[INFO] [stdout]   13:     0x574d9494be0a - 00_print[65edba05f2778688]::common::test_str
[INFO] [stdout]   14:     0x574d9494c1bb - <00_print[65edba05f2778688]::test_print_simple_numbers::{closure#0} as core[a373ad73a504971]::ops::function::FnOnce<()>>::call_once
[INFO] [stdout]   15:     0x574d9494c59b - test[aada8e7e76ba119b]::__rust_begin_short_backtrace::<core[a373ad73a504971]::result::Result<(), alloc[2e1b2a31b91974c5]::string::String>, fn() -> core[a373ad73a504971]::result::Result<(), alloc[2e1b2a31b91974c5]::string::String>>
[INFO] [stdout]   16:     0x574d94959775 - test[aada8e7e76ba119b]::run_test::{closure#0}
[INFO] [stdout]   17:     0x574d94953064 - std[617be2ca0a6fd877]::sys::backtrace::__rust_begin_short_backtrace::<test[aada8e7e76ba119b]::run_test::{closure#1}, ()>
[INFO] [stdout]   18:     0x574d9495c802 - <std[617be2ca0a6fd877]::thread::lifecycle::spawn_unchecked<test[aada8e7e76ba119b]::run_test::{closure#1}, ()>::{closure#1} as core[a373ad73a504971]::ops::function::FnOnce<()>>::call_once::{shim:vtable#0}
[INFO] [stdout]   19:     0x574d949c3ecf - <std[617be2ca0a6fd877]::sys::thread::unix::Thread>::new::thread_start
[INFO] [stdout]   20:     0x7f4a832e9dfa - <unknown>
[INFO] [stdout]   21:     0x7f4a8337d3d4 - clone
[INFO] [stdout]   22:                0x0 - <unknown>
[INFO] [stdout] 
[INFO] [stdout] 
[INFO] [stdout] failures:
[INFO] [stdout]     test_print_simple_numbers
[INFO] [stdout]     test_print_strings
[INFO] [stdout] 
[INFO] [stdout] test result: FAILED. 0 passed; 2 failed; 0 ignored; 0 measured; 0 filtered out; finished in 0.00s
[INFO] [stdout] 
[INFO] running `Command { std: "docker" "inspect" "9e4af335b80723b3e1ab0da7937bec0f8a53e0f83b7ba12b4f91406f48fb617e", kill_on_drop: false }`
[INFO] running `Command { std: "docker" "rm" "-f" "9e4af335b80723b3e1ab0da7937bec0f8a53e0f83b7ba12b4f91406f48fb617e", kill_on_drop: false }`
[INFO] [stdout] 9e4af335b80723b3e1ab0da7937bec0f8a53e0f83b7ba12b4f91406f48fb617e
