[INFO] cloning repository https://github.com/nodeless-io/lightning-cluster
[INFO] running `Command { std: "git" "-c" "credential.helper=" "-c" "credential.helper=/workspace/cargo-home/bin/git-credential-null" "clone" "--bare" "https://github.com/nodeless-io/lightning-cluster" "/workspace/cache/git-repos/https%3A%2F%2Fgithub.com%2Fnodeless-io%2Flightning-cluster", kill_on_drop: false }`
[INFO] [stderr] Cloning into bare repository '/workspace/cache/git-repos/https%3A%2F%2Fgithub.com%2Fnodeless-io%2Flightning-cluster'...
[INFO] running `Command { std: "git" "rev-parse" "HEAD", kill_on_drop: false }`
[INFO] [stdout] 06b955ca37bb19b26e31cd9576da5443fda7302c
[INFO] testing nodeless-io/lightning-cluster/06b955ca37bb19b26e31cd9576da5443fda7302c against 1.99.0-beta.8+cargoflags=--release for beta-release-1.100-3
[INFO] running `Command { std: "git" "clone" "/workspace/cache/git-repos/https%3A%2F%2Fgithub.com%2Fnodeless-io%2Flightning-cluster" "/workspace/builds/worker-7-tc1/source", kill_on_drop: false }`
[INFO] [stderr] Cloning into '/workspace/builds/worker-7-tc1/source'...
[INFO] [stderr] done.
[INFO] started tweaking git repo https://github.com/nodeless-io/lightning-cluster
[INFO] finished tweaking git repo https://github.com/nodeless-io/lightning-cluster
[INFO] tweaked toml for git repo https://github.com/nodeless-io/lightning-cluster written to /workspace/builds/worker-7-tc1/source/Cargo.toml
[INFO] validating manifest of git repo https://github.com/nodeless-io/lightning-cluster on toolchain 1.99.0-beta.8
[INFO] running `Command { std: CARGO_HOME="/workspace/cargo-home" RUSTUP_HOME="/workspace/rustup-home" "/workspace/cargo-home/bin/cargo" "+1.99.0-beta.8" "metadata" "--manifest-path" "Cargo.toml" "--no-deps", kill_on_drop: false }`
[INFO] crate git repo https://github.com/nodeless-io/lightning-cluster already has a lockfile, it will not be regenerated
[INFO] running `Command { std: CARGO_HOME="/workspace/cargo-home" RUSTUP_HOME="/workspace/rustup-home" "/workspace/cargo-home/bin/cargo" "+1.99.0-beta.8" "fetch" "--manifest-path" "Cargo.toml", kill_on_drop: false }`
[INFO] [stderr]     Blocking waiting for file lock on package cache
[INFO] [stderr]     Updating crates.io index
[INFO] [stderr]     Blocking waiting for file lock on package cache
[INFO] [stderr]  Downloading crates ...
[INFO] [stderr]   Downloaded time-macros v0.2.11
[INFO] [stderr]   Downloaded serde_with v3.1.0
[INFO] [stderr]   Downloaded quote v1.0.32
[INFO] [stderr]   Downloaded deranged v0.3.6
[INFO] [stderr]   Downloaded skeptic v0.13.7
[INFO] [stderr]   Downloaded darling_macro v0.20.3
[INFO] [stderr]   Downloaded time-core v0.1.1
[INFO] [stderr]   Downloaded wasm-bindgen-futures v0.4.37
[INFO] [stderr]   Downloaded errno v0.3.2
[INFO] [stderr]   Downloaded futures-macro v0.3.28
[INFO] [stderr]   Downloaded tagptr v0.2.0
[INFO] [stderr]   Downloaded bytecount v0.6.3
[INFO] [stderr]   Downloaded cargo-platform v0.1.3
[INFO] [stderr]   Downloaded waker-fn v1.1.0
[INFO] [stderr]   Downloaded darling v0.20.3
[INFO] [stderr]   Downloaded parking v2.1.0
[INFO] [stderr]   Downloaded iana-time-zone v0.1.57
[INFO] [stderr]   Downloaded ipnet v2.8.0
[INFO] [stderr]   Downloaded async-trait v0.1.72
[INFO] [stderr]   Downloaded walkdir v2.3.3
[INFO] [stderr]   Downloaded semver v1.0.18
[INFO] [stderr]   Downloaded mach2 v0.4.1
[INFO] [stderr]   Downloaded concurrent-queue v2.2.0
[INFO] [stderr]   Downloaded triomphe v0.1.9
[INFO] [stderr]   Downloaded camino v1.1.6
[INFO] [stderr]   Downloaded async-lock v2.7.0
[INFO] [stderr]   Downloaded serde_with_macros v3.1.0
[INFO] [stderr]   Downloaded time v0.3.24
[INFO] [stderr]   Downloaded unicase v2.6.0
[INFO] [stderr]   Downloaded error-chain v0.12.4
[INFO] [stderr]   Downloaded cargo_metadata v0.14.2
[INFO] [stderr]   Downloaded quanta v0.11.1
[INFO] [stderr]   Downloaded async-io v1.13.0
[INFO] [stderr]   Downloaded io-lifetimes v1.0.11
[INFO] [stderr]   Downloaded darling_core v0.20.3
[INFO] [stderr]   Downloaded futures-lite v1.13.0
[INFO] [stderr]   Downloaded futures v0.3.28
[INFO] [stderr]   Downloaded uuid v1.4.1
[INFO] [stderr]   Downloaded crossbeam-epoch v0.9.15
[INFO] [stderr]   Downloaded serde v1.0.180
[INFO] [stderr]   Downloaded polling v2.8.0
[INFO] [stderr]   Downloaded pulldown-cmark v0.9.3
[INFO] [stderr]   Downloaded raw-cpuid v10.7.0
[INFO] [stderr]   Downloaded serde_json v1.0.104
[INFO] [stderr]   Downloaded reqwest v0.11.18
[INFO] [stderr]   Downloaded redis v0.23.1
[INFO] [stderr]   Downloaded syn v2.0.28
[INFO] [stderr]   Downloaded chrono v0.4.26
[INFO] [stderr]   Downloaded moka v0.11.2
[INFO] [stderr]   Downloaded rustix v0.37.23
[INFO] [stderr]   Downloaded serde_derive v1.0.180
[INFO] [stderr]   Downloaded linux-raw-sys v0.3.8
[INFO] [stderr]   Downloaded linux-raw-sys v0.4.5
[INFO] [stderr]   Downloaded encoding_rs v0.8.32
[INFO] [stderr]   Downloaded windows v0.48.0
[INFO] running `Command { std: "docker" "create" "-v" "/var/lib/crater-agent-workspace/builds/worker-7-tc1/source:/opt/rustwide/workdir:ro,Z" "-v" "/var/lib/crater-agent-workspace/builds/worker-7-tc1/target:/opt/rustwide/target:rw,Z" "-v" "/var/lib/crater-agent-workspace/cargo-home:/opt/rustwide/cargo-home:ro,Z" "-v" "/var/lib/crater-agent-workspace/rustup-home:/opt/rustwide/rustup-home:ro,Z" "-m" "1610612736" "--network" "none" "ghcr.io/rust-lang/crates-build-env/linux@sha256:77db811e55d90add9212f6832c23229e3de5f1c1f9905e8cb07319ea15df73ac" "sleep" "infinity", kill_on_drop: false }`
[INFO] [stdout] a32f4b3e4bdc59eefdb23e9928e632fc54c066fa531371b5923a07a2ab6e1311
[INFO] running `Command { std: "docker" "start" "a32f4b3e4bdc59eefdb23e9928e632fc54c066fa531371b5923a07a2ab6e1311", kill_on_drop: false }`
[INFO] running `Command { std: "docker" "inspect" "a32f4b3e4bdc59eefdb23e9928e632fc54c066fa531371b5923a07a2ab6e1311", kill_on_drop: false }`
[INFO] running `Command { std: "docker" "exec" "-e" "SOURCE_DIR=/opt/rustwide/workdir" "-e" "CARGO_HOME=/opt/rustwide/cargo-home" "-e" "RUSTUP_HOME=/opt/rustwide/rustup-home" "-e" "CARGO_TARGET_DIR=/opt/rustwide/target" "-w" "/opt/rustwide/workdir" "--user" "0:0" "a32f4b3e4bdc59eefdb23e9928e632fc54c066fa531371b5923a07a2ab6e1311" "/opt/rustwide/cargo-home/bin/cargo" "+1.99.0-beta.8" "metadata" "--no-deps" "--format-version=1", kill_on_drop: false }`
[INFO] running `Command { std: "docker" "inspect" "a32f4b3e4bdc59eefdb23e9928e632fc54c066fa531371b5923a07a2ab6e1311", kill_on_drop: false }`
[INFO] running `Command { std: "docker" "exec" "-e" "SOURCE_DIR=/opt/rustwide/workdir" "-e" "CARGO_HOME=/opt/rustwide/cargo-home" "-e" "RUSTUP_HOME=/opt/rustwide/rustup-home" "-e" "CARGO_TARGET_DIR=/opt/rustwide/target" "-e" "CARGO_INCREMENTAL=0" "-e" "RUST_BACKTRACE=full" "-e" "RUSTFLAGS=--cap-lints=warn" "-e" "RUSTDOCFLAGS=--cap-lints=warn" "-w" "/opt/rustwide/workdir" "--user" "0:0" "a32f4b3e4bdc59eefdb23e9928e632fc54c066fa531371b5923a07a2ab6e1311" "/opt/rustwide/cargo-home/bin/cargo" "+1.99.0-beta.8" "build" "--frozen" "--message-format=json" "--release", kill_on_drop: false }`
[INFO] [stderr]    Compiling libc v0.2.147
[INFO] [stderr]    Compiling proc-macro2 v1.0.66
[INFO] [stderr]    Compiling unicode-ident v1.0.11
[INFO] [stderr]    Compiling pin-project-lite v0.2.10
[INFO] [stderr]    Compiling futures-core v0.3.28
[INFO] [stderr]    Compiling lock_api v0.4.10
[INFO] [stderr]    Compiling parking_lot_core v0.9.8
[INFO] [stderr]    Compiling once_cell v1.18.0
[INFO] [stderr]    Compiling smallvec v1.11.0
[INFO] [stderr]    Compiling slab v0.4.8
[INFO] [stderr]    Compiling futures-sink v0.3.28
[INFO] [stderr]    Compiling bytes v1.4.0
[INFO] [stderr]    Compiling futures-io v0.3.28
[INFO] [stderr]    Compiling futures-task v0.3.28
[INFO] [stderr]    Compiling futures-channel v0.3.28
[INFO] [stderr]    Compiling tokio v1.29.1
[INFO] [stderr]    Compiling pkg-config v0.3.27
[INFO] [stderr]    Compiling futures-util v0.3.28
[INFO] [stderr]    Compiling cc v1.0.79
[INFO] [stderr]    Compiling quote v1.0.32
[INFO] [stderr]    Compiling socket2 v0.4.9
[INFO] [stderr]    Compiling num_cpus v1.16.0
[INFO] [stderr]    Compiling syn v2.0.28
[INFO] [stderr]    Compiling parking_lot v0.12.1
[INFO] [stderr]    Compiling signal-hook-registry v1.4.1
[INFO] [stderr]    Compiling mio v0.8.8
[INFO] [stderr]    Compiling openssl-sys v0.9.90
[INFO] [stderr]    Compiling itoa v1.0.9
[INFO] [stderr]    Compiling tracing-core v0.1.31
[INFO] [stderr]    Compiling crossbeam-utils v0.8.16
[INFO] [stderr]    Compiling log v0.4.19
[INFO] [stderr]    Compiling indexmap v1.9.3
[INFO] [stderr]    Compiling serde v1.0.180
[INFO] [stderr]    Compiling openssl v0.10.55
[INFO] [stderr]    Compiling http v0.2.9
[INFO] [stderr]    Compiling getrandom v0.2.10
[INFO] [stderr]    Compiling io-lifetimes v1.0.11
[INFO] [stderr]    Compiling percent-encoding v2.3.0
[INFO] [stderr]    Compiling tracing v0.1.37
[INFO] [stderr]    Compiling serde_derive v1.0.180
[INFO] [stderr]    Compiling form_urlencoded v1.2.0
[INFO] [stderr]    Compiling native-tls v0.2.11
[INFO] [stderr]    Compiling unicode-normalization v0.1.22
[INFO] [stderr]    Compiling polling v2.8.0
[INFO] [stderr]    Compiling memoffset v0.9.0
[INFO] [stderr]    Compiling try-lock v0.2.4
[INFO] [stderr]    Compiling rustix v0.37.23
[INFO] [stderr]    Compiling ryu v1.0.15
[INFO] [stderr]    Compiling unicode-bidi v0.3.13
[INFO] [stderr]    Compiling want v0.3.1
[INFO] [stderr]    Compiling http-body v0.4.5
[INFO] [stderr]    Compiling crossbeam-epoch v0.9.15
[INFO] [stderr]    Compiling async-io v1.13.0
[INFO] [stderr]    Compiling idna v0.4.0
[INFO] [stderr]    Compiling thiserror v1.0.44
[INFO] [stderr]    Compiling waker-fn v1.1.0
[INFO] [stderr]    Compiling serde_json v1.0.104
[INFO] [stderr]    Compiling fastrand v1.9.0
[INFO] [stderr]    Compiling linux-raw-sys v0.3.8
[INFO] [stderr]    Compiling async-trait v0.1.72
[INFO] [stderr]    Compiling parking v2.1.0
[INFO] [stderr]    Compiling async-lock v2.7.0
[INFO] [stderr]    Compiling futures-lite v1.13.0
[INFO] [stderr]    Compiling url v2.4.0
[INFO] [stderr]    Compiling darling_core v0.20.3
[INFO] [stderr]    Compiling concurrent-queue v2.2.0
[INFO] [stderr]    Compiling rand_core v0.6.4
[INFO] [stderr]    Compiling raw-cpuid v10.7.0
[INFO] [stderr]    Compiling anyhow v1.0.72
[INFO] [stderr]    Compiling moka v0.11.2
[INFO] [stderr]    Compiling rand_chacha v0.3.1
[INFO] [stderr]    Compiling serde_urlencoded v0.7.1
[INFO] [stderr]    Compiling crossbeam-channel v0.5.8
[INFO] [stderr]    Compiling quanta v0.11.1
[INFO] [stderr]    Compiling uuid v1.4.1
[INFO] [stderr]    Compiling tokio-macros v2.1.0
[INFO] [stderr]    Compiling futures-macro v0.3.28
[INFO] [stderr]    Compiling openssl-macros v0.1.1
[INFO] [stderr]    Compiling darling_macro v0.20.3
[INFO] [stderr]    Compiling thiserror-impl v1.0.44
[INFO] [stderr]    Compiling darling v0.20.3
[INFO] [stderr]    Compiling serde_with_macros v3.1.0
[INFO] [stderr]    Compiling scheduled-thread-pool v0.2.7
[INFO] [stderr]    Compiling encoding_rs v0.8.32
[INFO] [stderr]    Compiling tagptr v0.2.0
[INFO] [stderr]    Compiling triomphe v0.1.9
[INFO] [stderr]    Compiling ipnet v2.8.0
[INFO] [stderr]    Compiling sha1_smol v1.0.0
[INFO] [stderr]    Compiling base64 v0.21.2
[INFO] [stderr]    Compiling serde_with v3.1.0
[INFO] [stderr]    Compiling rand v0.8.5
[INFO] [stderr]    Compiling futures-executor v0.3.28
[INFO] [stderr]    Compiling futures v0.3.28
[INFO] [stderr]    Compiling tokio-util v0.7.8
[INFO] [stderr]    Compiling tokio-native-tls v0.3.1
[INFO] [stderr]    Compiling h2 v0.3.20
[INFO] [stderr]    Compiling combine v4.6.6
[INFO] [stderr]    Compiling hyper v0.14.27
[INFO] [stderr]    Compiling redis v0.23.1
[INFO] [stderr]    Compiling hyper-tls v0.5.0
[INFO] [stderr]    Compiling reqwest v0.11.18
[INFO] [stderr]    Compiling lightning-cluster v0.1.4 (/opt/rustwide/workdir)
[INFO] [stdout] warning: call to `.clone()` on a reference in this situation does nothing
[INFO] [stdout]    --> src/cluster.rs:278:50
[INFO] [stdout]     |
[INFO] [stdout] 278 |                         let r_hash_clone = r_hash.clone();
[INFO] [stdout]     |                                                  ^^^^^^^^ help: remove this redundant call
[INFO] [stdout]     |
[INFO] [stdout]     = note: the type `str` does not implement `Clone`, so calling `clone` on `&str` copies the reference, which does not do anything and can be removed
[INFO] [stdout]     = note: `#[warn(noop_method_call)]` on by default
[INFO] [stdout] 
[INFO] [stdout] 
[INFO] [stderr]     Finished `release` profile [optimized] target(s) in 26.09s
[INFO] [stderr] warning: the following packages contain code that will be rejected by a future version of Rust: openssl v0.10.55, redis v0.23.1
[INFO] [stderr] note: to see what the problems were, use the option `--future-incompat-report`, or run `cargo report future-incompatibilities --id 6`
[INFO] running `Command { std: "docker" "inspect" "a32f4b3e4bdc59eefdb23e9928e632fc54c066fa531371b5923a07a2ab6e1311", kill_on_drop: false }`
[INFO] running `Command { std: "docker" "exec" "-e" "SOURCE_DIR=/opt/rustwide/workdir" "-e" "CARGO_HOME=/opt/rustwide/cargo-home" "-e" "RUSTUP_HOME=/opt/rustwide/rustup-home" "-e" "CARGO_TARGET_DIR=/opt/rustwide/target" "-e" "CARGO_INCREMENTAL=0" "-e" "RUST_BACKTRACE=full" "-e" "RUSTFLAGS=--cap-lints=warn" "-e" "RUSTDOCFLAGS=--cap-lints=warn" "-w" "/opt/rustwide/workdir" "--user" "0:0" "a32f4b3e4bdc59eefdb23e9928e632fc54c066fa531371b5923a07a2ab6e1311" "/opt/rustwide/cargo-home/bin/cargo" "+1.99.0-beta.8" "test" "--frozen" "--no-run" "--message-format=json" "--release", kill_on_drop: false }`
[INFO] [stdout] warning: call to `.clone()` on a reference in this situation does nothing
[INFO] [stdout]    --> src/cluster.rs:278:50
[INFO] [stdout]     |
[INFO] [stdout] 278 |                         let r_hash_clone = r_hash.clone();
[INFO] [stdout]     |                                                  ^^^^^^^^ help: remove this redundant call
[INFO] [stdout]     |
[INFO] [stdout]     = note: the type `str` does not implement `Clone`, so calling `clone` on `&str` copies the reference, which does not do anything and can be removed
[INFO] [stdout]     = note: `#[warn(noop_method_call)]` on by default
[INFO] [stdout] 
[INFO] [stdout] 
[INFO] [stderr]    Compiling lightning-cluster v0.1.4 (/opt/rustwide/workdir)
[INFO] [stdout] warning: call to `.clone()` on a reference in this situation does nothing
[INFO] [stdout]    --> src/cluster.rs:278:50
[INFO] [stdout]     |
[INFO] [stdout] 278 |                         let r_hash_clone = r_hash.clone();
[INFO] [stdout]     |                                                  ^^^^^^^^ help: remove this redundant call
[INFO] [stdout]     |
[INFO] [stdout]     = note: the type `str` does not implement `Clone`, so calling `clone` on `&str` copies the reference, which does not do anything and can be removed
[INFO] [stdout]     = note: `#[warn(noop_method_call)]` on by default
[INFO] [stdout] 
[INFO] [stdout] 
[INFO] [stderr]     Finished `release` profile [optimized] target(s) in 2.77s
[INFO] [stderr] warning: the following packages contain code that will be rejected by a future version of Rust: openssl v0.10.55, redis v0.23.1
[INFO] [stderr] note: to see what the problems were, use the option `--future-incompat-report`, or run `cargo report future-incompatibilities --id 6`
[INFO] running `Command { std: "docker" "inspect" "a32f4b3e4bdc59eefdb23e9928e632fc54c066fa531371b5923a07a2ab6e1311", kill_on_drop: false }`
[INFO] running `Command { std: "docker" "exec" "-e" "SOURCE_DIR=/opt/rustwide/workdir" "-e" "CARGO_HOME=/opt/rustwide/cargo-home" "-e" "RUSTUP_HOME=/opt/rustwide/rustup-home" "-e" "CARGO_TARGET_DIR=/opt/rustwide/target" "-e" "CARGO_INCREMENTAL=0" "-e" "RUST_BACKTRACE=full" "-e" "RUSTFLAGS=--cap-lints=warn" "-e" "RUSTDOCFLAGS=--cap-lints=warn" "-w" "/opt/rustwide/workdir" "--user" "0:0" "a32f4b3e4bdc59eefdb23e9928e632fc54c066fa531371b5923a07a2ab6e1311" "/opt/rustwide/cargo-home/bin/cargo" "+1.99.0-beta.8" "test" "--frozen" "--release", kill_on_drop: false }`
[INFO] [stderr] warning: call to `.clone()` on a reference in this situation does nothing
[INFO] [stderr]    --> src/cluster.rs:278:50
[INFO] [stderr]     |
[INFO] [stderr] 278 |                         let r_hash_clone = r_hash.clone();
[INFO] [stderr]     |                                                  ^^^^^^^^ help: remove this redundant call
[INFO] [stderr]     |
[INFO] [stderr]     = note: the type `str` does not implement `Clone`, so calling `clone` on `&str` copies the reference, which does not do anything and can be removed
[INFO] [stderr]     = note: `#[warn(noop_method_call)]` on by default
[INFO] [stderr] 
[INFO] [stderr] warning: `lightning-cluster` (lib) generated 1 warning (run `cargo fix --lib -p lightning-cluster` to apply 1 suggestion)
[INFO] [stderr] warning: `lightning-cluster` (lib test) generated 1 warning (1 duplicate)
[INFO] [stderr]     Finished `release` profile [optimized] target(s) in 0.08s
[INFO] [stderr] warning: the following packages contain code that will be rejected by a future version of Rust: openssl v0.10.55, redis v0.23.1
[INFO] [stderr] note: to see what the problems were, use the option `--future-incompat-report`, or run `cargo report future-incompatibilities --id 6`
[INFO] [stderr]      Running unittests src/lib.rs (/opt/rustwide/target/release/deps/lightning_cluster-0ae0b676968b19fb)
[INFO] [stdout] 
[INFO] [stdout] running 2 tests
[INFO] [stdout] test cluster::tests::test_add_lookup_invoice ... FAILED
[INFO] [stdout] test lnd::tests::test_send_payment_sync ... FAILED
[INFO] [stdout] 
[INFO] [stdout] failures:
[INFO] [stdout] 
[INFO] [stdout] ---- cluster::tests::test_add_lookup_invoice stdout ----
[INFO] [stdout] 
[INFO] [stdout] thread 'cluster::tests::test_add_lookup_invoice' (2247) panicked at src/cluster.rs:554:50:
[INFO] [stdout] called `Result::unwrap()` on an `Err` value: EnvVar(NotPresent)
[INFO] [stdout] stack backtrace:
[INFO] [stdout]    0:     0x60d50c7b2701 - <<std[70759c8f55707aa4]::sys::backtrace::BacktraceLock>::print::DisplayBacktrace as core[df12db4294e9bfd3]::fmt::Display>::fmt
[INFO] [stdout]    1:     0x60d50c7c890a - core[df12db4294e9bfd3]::fmt::write
[INFO] [stdout]    2:     0x60d50c7b72bc - <alloc[2182bb758b4b3781]::vec::Vec<u8> as core[df12db4294e9bfd3]::io::write::Write>::write_fmt
[INFO] [stdout]    3:     0x60d50c78d896 - std[70759c8f55707aa4]::panicking::default_hook::{closure#0}
[INFO] [stdout]    4:     0x60d50c7aa639 - std[70759c8f55707aa4]::panicking::default_hook
[INFO] [stdout]    5:     0x60d50c5e7f30 - test[9d35eded1c95d3be]::test_main_inner::<test[9d35eded1c95d3be]::test_main_static::{closure#0}>::{closure#0}
[INFO] [stdout]    6:     0x60d50c7aa962 - std[70759c8f55707aa4]::panicking::panic_with_hook
[INFO] [stdout]    7:     0x60d50c78d942 - std[70759c8f55707aa4]::panicking::panic_handler::{closure#0}
[INFO] [stdout]    8:     0x60d50c7863a9 - std[70759c8f55707aa4]::sys::backtrace::__rust_end_short_backtrace::<std[70759c8f55707aa4]::panicking::panic_handler::{closure#0}, !>
[INFO] [stdout]    9:     0x60d50c78e7cd - __rustc[8fa7c3cbc660c2b3]::rust_begin_unwind
[INFO] [stdout]   10:     0x60d50c7c906c - core[df12db4294e9bfd3]::panicking::panic_fmt
[INFO] [stdout]   11:     0x60d50c7c8e42 - core[df12db4294e9bfd3]::result::unwrap_failed
[INFO] [stdout]   12:     0x60d50c5a2f4f - lightning_cluster[8d941d30fea73bed]::cluster::tests::test_add_lookup_invoice::{closure#0}
[INFO] [stdout]   13:     0x60d50c5c7e13 - <tokio[4764b3b021cfe437]::runtime::scheduler::current_thread::Context>::enter::<core[df12db4294e9bfd3]::task::poll::Poll<()>, <tokio[4764b3b021cfe437]::runtime::scheduler::current_thread::CoreGuard>::block_on<core[df12db4294e9bfd3]::pin::Pin<&mut core[df12db4294e9bfd3]::pin::Pin<&mut dyn core[df12db4294e9bfd3]::future::future::Future<Output = ()>>>>::{closure#0}::{closure#0}>
[INFO] [stdout]   14:     0x60d50c5c589c - <tokio[4764b3b021cfe437]::runtime::context::scoped::Scoped<tokio[4764b3b021cfe437]::runtime::scheduler::Context>>::set::<<tokio[4764b3b021cfe437]::runtime::scheduler::current_thread::CoreGuard>::enter<<tokio[4764b3b021cfe437]::runtime::scheduler::current_thread::CoreGuard>::block_on<core[df12db4294e9bfd3]::pin::Pin<&mut core[df12db4294e9bfd3]::pin::Pin<&mut dyn core[df12db4294e9bfd3]::future::future::Future<Output = ()>>>>::{closure#0}, core[df12db4294e9bfd3]::option::Option<()>>::{closure#0}, (alloc[2182bb758b4b3781]::boxed::Box<tokio[4764b3b021cfe437]::runtime::scheduler::current_thread::Core>, core[df12db4294e9bfd3]::option::Option<()>)>
[INFO] [stdout]   15:     0x60d50c5c8167 - <tokio[4764b3b021cfe437]::runtime::scheduler::current_thread::CoreGuard>::block_on::<core[df12db4294e9bfd3]::pin::Pin<&mut core[df12db4294e9bfd3]::pin::Pin<&mut dyn core[df12db4294e9bfd3]::future::future::Future<Output = ()>>>>
[INFO] [stdout]   16:     0x60d50c5cfeea - tokio[4764b3b021cfe437]::runtime::context::runtime::enter_runtime::<<tokio[4764b3b021cfe437]::runtime::scheduler::current_thread::CurrentThread>::block_on<core[df12db4294e9bfd3]::pin::Pin<&mut dyn core[df12db4294e9bfd3]::future::future::Future<Output = ()>>>::{closure#0}, ()>
[INFO] [stdout]   17:     0x60d50c5bf445 - <tokio[4764b3b021cfe437]::runtime::runtime::Runtime>::block_on::<core[df12db4294e9bfd3]::pin::Pin<&mut dyn core[df12db4294e9bfd3]::future::future::Future<Output = ()>>>
[INFO] [stdout]   18:     0x60d50c5a789b - lightning_cluster[8d941d30fea73bed]::cluster::tests::test_add_lookup_invoice
[INFO] [stdout]   19:     0x60d50c5cabb9 - <lightning_cluster[8d941d30fea73bed]::cluster::tests::test_add_lookup_invoice::{closure#0} as core[df12db4294e9bfd3]::ops::function::FnOnce<()>>::call_once
[INFO] [stdout]   20:     0x60d50c5db21b - test[9d35eded1c95d3be]::__rust_begin_short_backtrace::<core[df12db4294e9bfd3]::result::Result<(), alloc[2182bb758b4b3781]::string::String>, fn() -> core[df12db4294e9bfd3]::result::Result<(), alloc[2182bb758b4b3781]::string::String>>
[INFO] [stdout]   21:     0x60d50c5e8885 - test[9d35eded1c95d3be]::run_test::{closure#0}
[INFO] [stdout]   22:     0x60d50c5e2144 - std[70759c8f55707aa4]::sys::backtrace::__rust_begin_short_backtrace::<test[9d35eded1c95d3be]::run_test::{closure#1}, ()>
[INFO] [stdout]   23:     0x60d50c5eb9e2 - <std[70759c8f55707aa4]::thread::lifecycle::spawn_unchecked<test[9d35eded1c95d3be]::run_test::{closure#1}, ()>::{closure#1} as core[df12db4294e9bfd3]::ops::function::FnOnce<()>>::call_once::{shim:vtable#0}
[INFO] [stdout]   24:     0x60d50c7b1c29 - <std[70759c8f55707aa4]::sys::thread::unix::Thread>::new::thread_start
[INFO] [stdout]   25:     0x7e1d01831dfa - <unknown>
[INFO] [stdout]   26:     0x7e1d018c53d4 - clone
[INFO] [stdout]   27:                0x0 - <unknown>
[INFO] [stdout] 
[INFO] [stdout] ---- lnd::tests::test_send_payment_sync stdout ----
[INFO] [stdout] 
[INFO] [stdout] thread 'lnd::tests::test_send_payment_sync' (2248) panicked at src/lnd.rs:397:40:
[INFO] [stdout] called `Result::unwrap()` on an `Err` value: EnvVar(NotPresent)
[INFO] [stdout] stack backtrace:
[INFO] [stdout]    0:     0x60d50c7b2701 - <<std[70759c8f55707aa4]::sys::backtrace::BacktraceLock>::print::DisplayBacktrace as core[df12db4294e9bfd3]::fmt::Display>::fmt
[INFO] [stdout]    1:     0x60d50c7c890a - core[df12db4294e9bfd3]::fmt::write
[INFO] [stdout]    2:     0x60d50c7b72bc - <alloc[2182bb758b4b3781]::vec::Vec<u8> as core[df12db4294e9bfd3]::io::write::Write>::write_fmt
[INFO] [stdout]    3:     0x60d50c78d896 - std[70759c8f55707aa4]::panicking::default_hook::{closure#0}
[INFO] [stdout]    4:     0x60d50c7aa639 - std[70759c8f55707aa4]::panicking::default_hook
[INFO] [stdout]    5:     0x60d50c5e7f30 - test[9d35eded1c95d3be]::test_main_inner::<test[9d35eded1c95d3be]::test_main_static::{closure#0}>::{closure#0}
[INFO] [stdout]    6:     0x60d50c7aa962 - std[70759c8f55707aa4]::panicking::panic_with_hook
[INFO] [stdout]    7:     0x60d50c78d942 - std[70759c8f55707aa4]::panicking::panic_handler::{closure#0}
[INFO] [stdout]    8:     0x60d50c7863a9 - std[70759c8f55707aa4]::sys::backtrace::__rust_end_short_backtrace::<std[70759c8f55707aa4]::panicking::panic_handler::{closure#0}, !>
[INFO] [stdout]    9:     0x60d50c78e7cd - __rustc[8fa7c3cbc660c2b3]::rust_begin_unwind
[INFO] [stdout]   10:     0x60d50c7c906c - core[df12db4294e9bfd3]::panicking::panic_fmt
[INFO] [stdout]   11:     0x60d50c7c8e42 - core[df12db4294e9bfd3]::result::unwrap_failed
[INFO] [stdout]   12:     0x60d50c5b462b - lightning_cluster[8d941d30fea73bed]::lnd::tests::test_send_payment_sync::{closure#0}
[INFO] [stdout]   13:     0x60d50c5c7e13 - <tokio[4764b3b021cfe437]::runtime::scheduler::current_thread::Context>::enter::<core[df12db4294e9bfd3]::task::poll::Poll<()>, <tokio[4764b3b021cfe437]::runtime::scheduler::current_thread::CoreGuard>::block_on<core[df12db4294e9bfd3]::pin::Pin<&mut core[df12db4294e9bfd3]::pin::Pin<&mut dyn core[df12db4294e9bfd3]::future::future::Future<Output = ()>>>>::{closure#0}::{closure#0}>
[INFO] [stdout]   14:     0x60d50c5c589c - <tokio[4764b3b021cfe437]::runtime::context::scoped::Scoped<tokio[4764b3b021cfe437]::runtime::scheduler::Context>>::set::<<tokio[4764b3b021cfe437]::runtime::scheduler::current_thread::CoreGuard>::enter<<tokio[4764b3b021cfe437]::runtime::scheduler::current_thread::CoreGuard>::block_on<core[df12db4294e9bfd3]::pin::Pin<&mut core[df12db4294e9bfd3]::pin::Pin<&mut dyn core[df12db4294e9bfd3]::future::future::Future<Output = ()>>>>::{closure#0}, core[df12db4294e9bfd3]::option::Option<()>>::{closure#0}, (alloc[2182bb758b4b3781]::boxed::Box<tokio[4764b3b021cfe437]::runtime::scheduler::current_thread::Core>, core[df12db4294e9bfd3]::option::Option<()>)>
[INFO] [stdout]   15:     0x60d50c5c8167 - <tokio[4764b3b021cfe437]::runtime::scheduler::current_thread::CoreGuard>::block_on::<core[df12db4294e9bfd3]::pin::Pin<&mut core[df12db4294e9bfd3]::pin::Pin<&mut dyn core[df12db4294e9bfd3]::future::future::Future<Output = ()>>>>
[INFO] [stdout]   16:     0x60d50c5cfeea - tokio[4764b3b021cfe437]::runtime::context::runtime::enter_runtime::<<tokio[4764b3b021cfe437]::runtime::scheduler::current_thread::CurrentThread>::block_on<core[df12db4294e9bfd3]::pin::Pin<&mut dyn core[df12db4294e9bfd3]::future::future::Future<Output = ()>>>::{closure#0}, ()>
[INFO] [stdout]   17:     0x60d50c5bf445 - <tokio[4764b3b021cfe437]::runtime::runtime::Runtime>::block_on::<core[df12db4294e9bfd3]::pin::Pin<&mut dyn core[df12db4294e9bfd3]::future::future::Future<Output = ()>>>
[INFO] [stdout]   18:     0x60d50c5b653b - lightning_cluster[8d941d30fea73bed]::lnd::tests::test_send_payment_sync
[INFO] [stdout]   19:     0x60d50c5cab99 - <lightning_cluster[8d941d30fea73bed]::lnd::tests::test_send_payment_sync::{closure#0} as core[df12db4294e9bfd3]::ops::function::FnOnce<()>>::call_once
[INFO] [stdout]   20:     0x60d50c5db21b - test[9d35eded1c95d3be]::__rust_begin_short_backtrace::<core[df12db4294e9bfd3]::result::Result<(), alloc[2182bb758b4b3781]::string::String>, fn() -> core[df12db4294e9bfd3]::result::Result<(), alloc[2182bb758b4b3781]::string::String>>
[INFO] [stdout]   21:     0x60d50c5e8885 - test[9d35eded1c95d3be]::run_test::{closure#0}
[INFO] [stdout]   22:     0x60d50c5e2144 - std[70759c8f55707aa4]::sys::backtrace::__rust_begin_short_backtrace::<test[9d35eded1c95d3be]::run_test::{closure#1}, ()>
[INFO] [stdout]   23:     0x60d50c5eb9e2 - <std[70759c8f55707aa4]::thread::lifecycle::spawn_unchecked<test[9d35eded1c95d3be]::run_test::{closure#1}, ()>::{closure#1} as core[df12db4294e9bfd3]::ops::function::FnOnce<()>>::call_once::{shim:vtable#0}
[INFO] [stdout]   24:     0x60d50c7b1c29 - <std[70759c8f55707aa4]::sys::thread::unix::Thread>::new::thread_start
[INFO] [stdout]   25:     0x7e1d01831dfa - <unknown>
[INFO] [stdout]   26:     0x7e1d018c53d4 - clone
[INFO] [stdout]   27:                0x0 - <unknown>
[INFO] [stdout] 
[INFO] [stdout] 
[INFO] [stdout] failures:
[INFO] [stdout]     cluster::tests::test_add_lookup_invoice
[INFO] [stdout]     lnd::tests::test_send_payment_sync
[INFO] [stdout] 
[INFO] [stdout] test result: FAILED. 0 passed; 2 failed; 0 ignored; 0 measured; 0 filtered out; finished in 0.00s
[INFO] [stdout] 
[INFO] [stderr] error: test failed, to rerun pass `--lib`
[INFO] running `Command { std: "docker" "inspect" "a32f4b3e4bdc59eefdb23e9928e632fc54c066fa531371b5923a07a2ab6e1311", kill_on_drop: false }`
[INFO] running `Command { std: "docker" "rm" "-f" "a32f4b3e4bdc59eefdb23e9928e632fc54c066fa531371b5923a07a2ab6e1311", kill_on_drop: false }`
[INFO] [stdout] a32f4b3e4bdc59eefdb23e9928e632fc54c066fa531371b5923a07a2ab6e1311
