[INFO] cloning repository https://github.com/itspolly/stage
[INFO] running `Command { std: "git" "-c" "credential.helper=" "-c" "credential.helper=/workspace/cargo-home/bin/git-credential-null" "clone" "--bare" "https://github.com/itspolly/stage" "/workspace/cache/git-repos/https%3A%2F%2Fgithub.com%2Fitspolly%2Fstage", kill_on_drop: false }`
[INFO] [stderr] Cloning into bare repository '/workspace/cache/git-repos/https%3A%2F%2Fgithub.com%2Fitspolly%2Fstage'...
[INFO] running `Command { std: "git" "rev-parse" "HEAD", kill_on_drop: false }`
[INFO] [stdout] ad1c27d45d76d374380db99064f4df42e11fb73f
[INFO] testing itspolly/stage against 1.100.0-beta.1+cargoflags=--release for beta-release-1.100-3
[INFO] running `Command { std: "git" "clone" "/workspace/cache/git-repos/https%3A%2F%2Fgithub.com%2Fitspolly%2Fstage" "/workspace/builds/worker-1-tc2/source", kill_on_drop: false }`
[INFO] [stderr] Cloning into '/workspace/builds/worker-1-tc2/source'...
[INFO] [stderr] done.
[INFO] started tweaking git repo https://github.com/itspolly/stage
[INFO] finished tweaking git repo https://github.com/itspolly/stage
[INFO] tweaked toml for git repo https://github.com/itspolly/stage written to /workspace/builds/worker-1-tc2/source/Cargo.toml
[INFO] validating manifest of git repo https://github.com/itspolly/stage on toolchain 1.100.0-beta.1
[INFO] running `Command { std: CARGO_HOME="/workspace/cargo-home" RUSTUP_HOME="/workspace/rustup-home" "/workspace/cargo-home/bin/cargo" "+1.100.0-beta.1" "metadata" "--manifest-path" "Cargo.toml" "--no-deps", kill_on_drop: false }`
[INFO] crate git repo https://github.com/itspolly/stage already has a lockfile, it will not be regenerated
[INFO] running `Command { std: CARGO_HOME="/workspace/cargo-home" RUSTUP_HOME="/workspace/rustup-home" "/workspace/cargo-home/bin/cargo" "+1.100.0-beta.1" "fetch" "--manifest-path" "Cargo.toml", kill_on_drop: false }`
[INFO] [stderr]     Blocking waiting for file lock on package cache
[INFO] [stderr]     Blocking waiting for file lock on package cache
[ERROR] error running command: no output for 300 seconds
[INFO] testing itspolly/stage against 1.100.0-beta.1+cargoflags=--release for beta-release-1.100-3
[INFO] running `Command { std: "git" "clone" "/workspace/cache/git-repos/https%3A%2F%2Fgithub.com%2Fitspolly%2Fstage" "/workspace/builds/worker-1-tc2/source", kill_on_drop: false }`
[INFO] [stderr] Cloning into '/workspace/builds/worker-1-tc2/source'...
[INFO] [stderr] done.
[INFO] started tweaking git repo https://github.com/itspolly/stage
[INFO] finished tweaking git repo https://github.com/itspolly/stage
[INFO] tweaked toml for git repo https://github.com/itspolly/stage written to /workspace/builds/worker-1-tc2/source/Cargo.toml
[INFO] validating manifest of git repo https://github.com/itspolly/stage on toolchain 1.100.0-beta.1
[INFO] running `Command { std: CARGO_HOME="/workspace/cargo-home" RUSTUP_HOME="/workspace/rustup-home" "/workspace/cargo-home/bin/cargo" "+1.100.0-beta.1" "metadata" "--manifest-path" "Cargo.toml" "--no-deps", kill_on_drop: false }`
[INFO] crate git repo https://github.com/itspolly/stage already has a lockfile, it will not be regenerated
[INFO] running `Command { std: CARGO_HOME="/workspace/cargo-home" RUSTUP_HOME="/workspace/rustup-home" "/workspace/cargo-home/bin/cargo" "+1.100.0-beta.1" "fetch" "--manifest-path" "Cargo.toml", kill_on_drop: false }`
[INFO] [stderr]     Blocking waiting for file lock on package cache
[INFO] [stderr]     Blocking waiting for file lock on package cache
[ERROR] error running command: no output for 300 seconds
[INFO] testing itspolly/stage against 1.100.0-beta.1+cargoflags=--release for beta-release-1.100-3
[INFO] running `Command { std: "git" "clone" "/workspace/cache/git-repos/https%3A%2F%2Fgithub.com%2Fitspolly%2Fstage" "/workspace/builds/worker-1-tc2/source", kill_on_drop: false }`
[INFO] [stderr] Cloning into '/workspace/builds/worker-1-tc2/source'...
[INFO] [stderr] done.
[INFO] started tweaking git repo https://github.com/itspolly/stage
[INFO] finished tweaking git repo https://github.com/itspolly/stage
[INFO] tweaked toml for git repo https://github.com/itspolly/stage written to /workspace/builds/worker-1-tc2/source/Cargo.toml
[INFO] validating manifest of git repo https://github.com/itspolly/stage on toolchain 1.100.0-beta.1
[INFO] running `Command { std: CARGO_HOME="/workspace/cargo-home" RUSTUP_HOME="/workspace/rustup-home" "/workspace/cargo-home/bin/cargo" "+1.100.0-beta.1" "metadata" "--manifest-path" "Cargo.toml" "--no-deps", kill_on_drop: false }`
[INFO] crate git repo https://github.com/itspolly/stage already has a lockfile, it will not be regenerated
[INFO] running `Command { std: CARGO_HOME="/workspace/cargo-home" RUSTUP_HOME="/workspace/rustup-home" "/workspace/cargo-home/bin/cargo" "+1.100.0-beta.1" "fetch" "--manifest-path" "Cargo.toml", kill_on_drop: false }`
[INFO] [stderr]     Blocking waiting for file lock on package cache
[INFO] [stderr]     Blocking waiting for file lock on package cache
[INFO] [stderr]  Downloading crates ...
[INFO] [stderr]   Downloaded trybuild v1.0.117
[INFO] [stderr]   Downloaded tokio-macros v2.7.0
[INFO] [stderr]   Downloaded toml v1.1.2+spec-1.1.0
[INFO] [stderr]   Downloaded winnow v1.0.3
[INFO] [stderr]   Downloaded socket2 v0.6.4
[INFO] [stderr]   Downloaded bytes v1.12.0
[INFO] [stderr]   Downloaded mio v1.2.1
[INFO] [stderr]   Downloaded tokio v1.52.3
[INFO] running `Command { std: "docker" "create" "-v" "/var/lib/crater-agent-workspace/builds/worker-1-tc2/source:/opt/rustwide/workdir:ro,Z" "-v" "/var/lib/crater-agent-workspace/builds/worker-1-tc2/target:/opt/rustwide/target:rw,Z" "-v" "/var/lib/crater-agent-workspace/cargo-home:/opt/rustwide/cargo-home:ro,Z" "-v" "/var/lib/crater-agent-workspace/rustup-home:/opt/rustwide/rustup-home:ro,Z" "-m" "1610612736" "--network" "none" "ghcr.io/rust-lang/crates-build-env/linux@sha256:77db811e55d90add9212f6832c23229e3de5f1c1f9905e8cb07319ea15df73ac" "sleep" "infinity", kill_on_drop: false }`
[INFO] [stdout] aeacc7582fd7d761dd5f13536e80557e80ed4bb8c56a3e50109495a89a66ae7f
[INFO] running `Command { std: "docker" "start" "aeacc7582fd7d761dd5f13536e80557e80ed4bb8c56a3e50109495a89a66ae7f", kill_on_drop: false }`
[INFO] running `Command { std: "docker" "inspect" "aeacc7582fd7d761dd5f13536e80557e80ed4bb8c56a3e50109495a89a66ae7f", kill_on_drop: false }`
[INFO] running `Command { std: "docker" "exec" "-e" "SOURCE_DIR=/opt/rustwide/workdir" "-e" "CARGO_HOME=/opt/rustwide/cargo-home" "-e" "RUSTUP_HOME=/opt/rustwide/rustup-home" "-e" "CARGO_TARGET_DIR=/opt/rustwide/target" "-w" "/opt/rustwide/workdir" "--user" "0:0" "aeacc7582fd7d761dd5f13536e80557e80ed4bb8c56a3e50109495a89a66ae7f" "/opt/rustwide/cargo-home/bin/cargo" "+1.100.0-beta.1" "metadata" "--no-deps" "--format-version=1", kill_on_drop: false }`
[INFO] running `Command { std: "docker" "inspect" "aeacc7582fd7d761dd5f13536e80557e80ed4bb8c56a3e50109495a89a66ae7f", kill_on_drop: false }`
[INFO] running `Command { std: "docker" "exec" "-e" "SOURCE_DIR=/opt/rustwide/workdir" "-e" "CARGO_HOME=/opt/rustwide/cargo-home" "-e" "RUSTUP_HOME=/opt/rustwide/rustup-home" "-e" "CARGO_TARGET_DIR=/opt/rustwide/target" "-e" "CARGO_INCREMENTAL=0" "-e" "RUST_BACKTRACE=full" "-e" "RUSTFLAGS=--cap-lints=warn" "-e" "RUSTDOCFLAGS=--cap-lints=warn" "-w" "/opt/rustwide/workdir" "--user" "0:0" "aeacc7582fd7d761dd5f13536e80557e80ed4bb8c56a3e50109495a89a66ae7f" "/opt/rustwide/cargo-home/bin/cargo" "+1.100.0-beta.1" "build" "--frozen" "--message-format=json" "--release", kill_on_drop: false }`
[INFO] [stderr]    Compiling proc-macro2 v1.0.106
[INFO] [stderr]    Compiling unicode-ident v1.0.24
[INFO] [stderr]    Compiling quote v1.0.46
[INFO] [stderr]    Compiling crossbeam-utils v0.8.21
[INFO] [stderr]    Compiling libc v0.2.186
[INFO] [stderr]    Compiling parking_lot_core v0.9.12
[INFO] [stderr]    Compiling scopeguard v1.2.0
[INFO] [stderr]    Compiling smallvec v1.15.2
[INFO] [stderr]    Compiling cfg-if v1.0.4
[INFO] [stderr]    Compiling lock_api v0.4.14
[INFO] [stderr]    Compiling pin-project-lite v0.2.17
[INFO] [stderr]    Compiling crossbeam-epoch v0.9.18
[INFO] [stderr]    Compiling syn v2.0.118
[INFO] [stderr]    Compiling crossbeam-deque v0.8.6
[INFO] [stderr]    Compiling parking_lot v0.12.5
[INFO] [stderr]    Compiling tokio-macros v2.7.0
[INFO] [stderr]    Compiling stage-macros v0.1.0 (/opt/rustwide/workdir/stage-macros)
[INFO] [stderr]    Compiling tokio v1.52.3
[INFO] [stderr]    Compiling stage v0.1.0 (/opt/rustwide/workdir/stage)
[INFO] [stderr]     Finished `release` profile [optimized] target(s) in 23.32s
[INFO] running `Command { std: "docker" "inspect" "aeacc7582fd7d761dd5f13536e80557e80ed4bb8c56a3e50109495a89a66ae7f", kill_on_drop: false }`
[INFO] running `Command { std: "docker" "exec" "-e" "SOURCE_DIR=/opt/rustwide/workdir" "-e" "CARGO_HOME=/opt/rustwide/cargo-home" "-e" "RUSTUP_HOME=/opt/rustwide/rustup-home" "-e" "CARGO_TARGET_DIR=/opt/rustwide/target" "-e" "CARGO_INCREMENTAL=0" "-e" "RUST_BACKTRACE=full" "-e" "RUSTFLAGS=--cap-lints=warn" "-e" "RUSTDOCFLAGS=--cap-lints=warn" "-w" "/opt/rustwide/workdir" "--user" "0:0" "aeacc7582fd7d761dd5f13536e80557e80ed4bb8c56a3e50109495a89a66ae7f" "/opt/rustwide/cargo-home/bin/cargo" "+1.100.0-beta.1" "test" "--frozen" "--no-run" "--message-format=json" "--release", kill_on_drop: false }`
[INFO] [stderr]    Compiling serde_core v1.0.228
[INFO] [stderr]    Compiling zmij v1.0.21
[INFO] [stderr]    Compiling winnow v1.0.3
[INFO] [stderr]    Compiling serde v1.0.228
[INFO] [stderr]    Compiling target-triple v1.0.0
[INFO] [stderr]    Compiling serde_json v1.0.150
[INFO] [stderr]    Compiling errno v0.3.14
[INFO] [stderr]    Compiling socket2 v0.6.4
[INFO] [stderr]    Compiling signal-hook-registry v1.4.8
[INFO] [stderr]    Compiling mio v1.2.1
[INFO] [stderr]    Compiling bytes v1.12.0
[INFO] [stderr]    Compiling itoa v1.0.18
[INFO] [stderr]    Compiling toml_writer v1.1.1+spec-1.1.0
[INFO] [stderr]    Compiling toml_parser v1.1.2+spec-1.1.0
[INFO] [stderr]    Compiling memchr v2.8.2
[INFO] [stderr]    Compiling serde_derive v1.0.228
[INFO] [stderr]    Compiling glob v0.3.3
[INFO] [stderr]    Compiling termcolor v1.4.1
[INFO] [stderr]    Compiling tokio v1.52.3
[INFO] [stderr]    Compiling stage-macros v0.1.0 (/opt/rustwide/workdir/stage-macros)
[INFO] [stderr]    Compiling serde_spanned v1.1.1
[INFO] [stderr]    Compiling toml_datetime v1.1.1+spec-1.1.0
[INFO] [stderr]    Compiling toml v1.1.2+spec-1.1.0
[INFO] [stderr]    Compiling trybuild v1.0.117
[INFO] [stderr]    Compiling stage v0.1.0 (/opt/rustwide/workdir/stage)
[INFO] [stderr]     Finished `release` profile [optimized] target(s) in 1m 08s
[INFO] running `Command { std: "docker" "inspect" "aeacc7582fd7d761dd5f13536e80557e80ed4bb8c56a3e50109495a89a66ae7f", kill_on_drop: false }`
[INFO] running `Command { std: "docker" "exec" "-e" "SOURCE_DIR=/opt/rustwide/workdir" "-e" "CARGO_HOME=/opt/rustwide/cargo-home" "-e" "RUSTUP_HOME=/opt/rustwide/rustup-home" "-e" "CARGO_TARGET_DIR=/opt/rustwide/target" "-e" "CARGO_INCREMENTAL=0" "-e" "RUST_BACKTRACE=full" "-e" "RUSTFLAGS=--cap-lints=warn" "-e" "RUSTDOCFLAGS=--cap-lints=warn" "-w" "/opt/rustwide/workdir" "--user" "0:0" "aeacc7582fd7d761dd5f13536e80557e80ed4bb8c56a3e50109495a89a66ae7f" "/opt/rustwide/cargo-home/bin/cargo" "+1.100.0-beta.1" "test" "--frozen" "--release", kill_on_drop: false }`
[INFO] [stderr]     Finished `release` profile [optimized] target(s) in 0.15s
[INFO] [stderr]      Running unittests src/lib.rs (/opt/rustwide/target/release/build/stage/8de4d831b190a8a9/out/stage-8de4d831b190a8a9)
[INFO] [stdout] 
[INFO] [stdout] running 0 tests
[INFO] [stdout] 
[INFO] [stdout] test result: ok. 0 passed; 0 failed; 0 ignored; 0 measured; 0 filtered out; finished in 0.00s
[INFO] [stdout] 
[INFO] [stderr]      Running tests/actor_fn.rs (/opt/rustwide/target/release/build/stage/fd00ef46331ee610/out/actor_fn-fd00ef46331ee610)
[INFO] [stdout] 
[INFO] [stdout] running 2 tests
[INFO] [stdout] test actor_fn_reentrancy ... ok
[INFO] [stdout] test actor_fn_sequential ... ok
[INFO] [stdout] 
[INFO] [stdout] test result: ok. 2 passed; 0 failed; 0 ignored; 0 measured; 0 filtered out; finished in 0.11s
[INFO] [stdout] 
[INFO] [stderr]      Running tests/actor_fn_generic.rs (/opt/rustwide/target/release/build/stage/684acba74d743d27/out/actor_fn_generic-684acba74d743d27)
[INFO] [stdout] 
[INFO] [stdout] running 3 tests
[INFO] [stdout] test actor_fn_with_no_extra_args ... ok
[INFO] [stdout] test generic_helper_is_reentrant ... ok
[INFO] [stdout] test generic_helper_runs_on_distinct_actors ... ok
[INFO] [stdout] 
[INFO] [stdout] test result: ok. 3 passed; 0 failed; 0 ignored; 0 measured; 0 filtered out; finished in 0.11s
[INFO] [stdout] 
[INFO] [stderr]      Running tests/basic.rs (/opt/rustwide/target/release/build/stage/7f19c6ff15b480bf/out/basic-7f19c6ff15b480bf)
[INFO] [stdout] 
[INFO] [stdout] running 6 tests
[INFO] [stdout] test exclusive_execution ... ok
[INFO] [stdout] test large_queue ... ok
[INFO] [stdout] test simple_invocation ... ok
[INFO] [stdout] test reentrancy ... ok
[INFO] [stdout] test sequential_execution ... ok
[INFO] [stdout] test multiple_suspended_continuations ... ok
[INFO] [stdout] 
[INFO] [stdout] test result: ok. 6 passed; 0 failed; 0 ignored; 0 measured; 0 filtered out; finished in 0.11s
[INFO] [stdout] 
[INFO] [stderr]      Running tests/cancel_panic.rs (/opt/rustwide/target/release/build/stage/6d7f8865f9d4cca4/out/cancel_panic-6d7f8865f9d4cca4)
[INFO] [stdout] 
[INFO] [stdout] running 2 tests
[INFO] [stdout] test panic_isolation ... ok
[INFO] [stdout] test cancellation ... ok
[INFO] [stdout] 
[INFO] [stdout] test result: ok. 2 passed; 0 failed; 0 ignored; 0 measured; 0 filtered out; finished in 0.06s
[INFO] [stdout] 
[INFO] [stderr]      Running tests/compile_fail.rs (/opt/rustwide/target/release/build/stage/c4cbb56ea88a36b0/out/compile_fail-c4cbb56ea88a36b0)
[INFO] [stdout] 
[INFO] [stdout] running 1 test
[INFO] [stderr]    Compiling libc v0.2.186
[INFO] [stderr]    Compiling proc-macro2 v1.0.106
[INFO] [stderr]    Compiling quote v1.0.46
[INFO] [stderr]    Compiling unicode-ident v1.0.24
[INFO] [stderr]    Compiling crossbeam-utils v0.8.21
[INFO] [stderr]    Compiling parking_lot_core v0.9.12
[INFO] [stderr]     Checking scopeguard v1.2.0
[INFO] [stderr]     Checking cfg-if v1.0.4
[INFO] [stderr]     Checking smallvec v1.15.2
[INFO] [stderr]     Checking lock_api v0.4.14
[INFO] [stderr]     Checking bytes v1.12.0
[INFO] [stderr]     Checking pin-project-lite v0.2.17
[INFO] [stderr]     Checking crossbeam-epoch v0.9.18
[INFO] [stderr]     Checking crossbeam-deque v0.8.6
[INFO] [stderr]    Compiling syn v2.0.118
[INFO] [stderr]     Checking errno v0.3.14
[INFO] [stderr]     Checking mio v1.2.1
[INFO] [stderr]     Checking socket2 v0.6.4
[INFO] [stderr]     Checking signal-hook-registry v1.4.8
[INFO] [stderr]     Checking parking_lot v0.12.5
[INFO] [stderr]    Compiling tokio-macros v2.7.0
[INFO] [stderr]    Compiling stage-macros v0.1.0 (/opt/rustwide/workdir/stage-macros)
[INFO] [stderr]     Checking tokio v1.52.3
[INFO] [stderr]     Checking stage v0.1.0 (/opt/rustwide/workdir/stage)
[INFO] [stderr]     Checking stage-tests v0.0.0 (/opt/rustwide/target/tests/trybuild/stage)
[INFO] [stderr]     Finished `dev` profile [unoptimized + debuginfo] target(s) in 16.42s
[INFO] [stderr] 
[INFO] [stderr] 
[INFO] [stderr] test tests/ui/context_escape_thread.rs ... mismatch
[INFO] [stderr] 
[INFO] [stderr] EXPECTED:
[INFO] [stderr] ┈┈┈┈┈┈┈┈┈┈┈┈┈┈┈┈┈┈┈┈┈┈┈┈┈┈┈┈┈┈┈┈┈┈┈┈┈┈┈┈┈┈┈┈┈┈┈┈┈┈┈┈┈┈┈┈┈┈┈┈
[INFO] [stderr] error[E0521]: borrowed data escapes outside of function
[INFO] [stderr]   --> tests/ui/context_escape_thread.rs:21:5
[INFO] [stderr]    |
[INFO] [stderr] 19 |   #[stage::actor_fn]
[INFO] [stderr]    |   ------------------ `ctx` is a reference that is only valid in the function body
[INFO] [stderr] 20 |   async fn escape(ctx: ActorContext<'_, Guarded>) {
[INFO] [stderr]    |                                     -- let's call the lifetime of this reference `'1`
[INFO] [stderr] 21 | /     std::thread::spawn(move || {
[INFO] [stderr] 22 | |         let _escaped = ctx.n;
[INFO] [stderr] 23 | |     });
[INFO] [stderr]    | |      ^
[INFO] [stderr]    | |      |
[INFO] [stderr]    | |______`ctx` escapes the function body here
[INFO] [stderr]    |        argument requires that `'1` must outlive `'static`
[INFO] [stderr] ┈┈┈┈┈┈┈┈┈┈┈┈┈┈┈┈┈┈┈┈┈┈┈┈┈┈┈┈┈┈┈┈┈┈┈┈┈┈┈┈┈┈┈┈┈┈┈┈┈┈┈┈┈┈┈┈┈┈┈┈
[INFO] [stderr] 
[INFO] [stderr] ACTUAL OUTPUT:
[INFO] [stderr] ┈┈┈┈┈┈┈┈┈┈┈┈┈┈┈┈┈┈┈┈┈┈┈┈┈┈┈┈┈┈┈┈┈┈┈┈┈┈┈┈┈┈┈┈┈┈┈┈┈┈┈┈┈┈┈┈┈┈┈┈
[INFO] [stderr] error[E0521]: borrowed data escapes outside of function
[INFO] [stderr]   --> tests/ui/context_escape_thread.rs:21:5
[INFO] [stderr]    |
[INFO] [stderr] 19 |   #[stage::actor_fn]
[INFO] [stderr]    |   ------------------ `ctx` is only valid in the function body
[INFO] [stderr] 20 |   async fn escape(ctx: ActorContext<'_, Guarded>) {
[INFO] [stderr]    |                                     -- let's call the lifetime of this reference `'1`
[INFO] [stderr] 21 | /     std::thread::spawn(move || {
[INFO] [stderr] 22 | |         let _escaped = ctx.n;
[INFO] [stderr] 23 | |     });
[INFO] [stderr]    | |      ^
[INFO] [stderr]    | |      |
[INFO] [stderr]    | |______`ctx` escapes the function body here
[INFO] [stderr]    |        argument requires that `'1` must outlive `'static`
[INFO] [stderr]    |
[INFO] [stderr] note: `'static` lifetime requirement from `spawn` introduced here
[INFO] [stderr]   --> $RUST/std/src/thread/functions.rs
[INFO] [stderr]   ::: $RUST/std/src/thread/functions.rs
[INFO] [stderr]    |
[INFO] [stderr]    = note: lifetime requirement introduced here
[INFO] [stderr]   ::: $RUST/std/src/thread/functions.rs
[INFO] [stderr]    |
[INFO] [stderr]    = note: lifetime requirement introduced here
[INFO] [stderr] ┈┈┈┈┈┈┈┈┈┈┈┈┈┈┈┈┈┈┈┈┈┈┈┈┈┈┈┈┈┈┈┈┈┈┈┈┈┈┈┈┈┈┈┈┈┈┈┈┈┈┈┈┈┈┈┈┈┈┈┈
[INFO] [stderr] note: If the actual output is the correct output you can bless it by rerunning
[INFO] [stderr]       your test with the environment variable TRYBUILD=overwrite
[INFO] [stderr] 
[INFO] [stderr] test tests/ui/context_not_clone.rs ... ok
[INFO] [stderr] test tests/ui/context_not_constructible.rs ... ok
[INFO] [stderr] test tests/ui/ordinary_async_fn.rs ... ok
[INFO] [stderr] 
[INFO] [stderr] 
[INFO] [stderr] error: test failed, to rerun pass `-p stage --test compile_fail`
[INFO] [stdout] test ui ... FAILED
[INFO] [stdout] 
[INFO] [stdout] failures:
[INFO] [stdout] 
[INFO] [stdout] ---- ui stdout ----
[INFO] [stdout] 
[INFO] [stdout] thread 'ui' (1423) panicked at /opt/rustwide/cargo-home/registry/src/index.crates.io-1949cf8c6b5b557f/trybuild-1.0.117/src/run.rs:102:13:
[INFO] [stdout] 1 of 4 tests failed
[INFO] [stdout] stack backtrace:
[INFO] [stdout]    0:     0x5f96026b6a51 - <<std[617be2ca0a6fd877]::sys::backtrace::BacktraceLock>::print::DisplayBacktrace as core[a373ad73a504971]::fmt::Display>::fmt
[INFO] [stdout]    1:     0x5f96026ccd3a - core[a373ad73a504971]::fmt::write
[INFO] [stdout]    2:     0x5f96026bb29c - <alloc[2e1b2a31b91974c5]::vec::Vec<u8> as core[a373ad73a504971]::io::write::Write>::write_fmt
[INFO] [stdout]    3:     0x5f960268feb6 - std[617be2ca0a6fd877]::panicking::default_hook::{closure#0}
[INFO] [stdout]    4:     0x5f96026adff9 - std[617be2ca0a6fd877]::panicking::default_hook
[INFO] [stdout]    5:     0x5f9602647600 - test[aada8e7e76ba119b]::test_main_inner::{closure#0}
[INFO] [stdout]    6:     0x5f96026ae1b2 - std[617be2ca0a6fd877]::panicking::panic_with_hook
[INFO] [stdout]    7:     0x5f960268ff62 - std[617be2ca0a6fd877]::panicking::panic_handler::{closure#0}
[INFO] [stdout]    8:     0x5f96026887b9 - std[617be2ca0a6fd877]::sys::backtrace::__rust_end_short_backtrace::<std[617be2ca0a6fd877]::panicking::panic_handler::{closure#0}, !>
[INFO] [stdout]    9:     0x5f9602690b6d - __rustc[ea4f61d10b84890b]::rust_begin_unwind
[INFO] [stdout]   10:     0x5f96026cd4ac - core[a373ad73a504971]::panicking::panic_fmt
[INFO] [stdout]   11:     0x5f9602599aeb - <trybuild[b18880a0d37c2ff2]::Runner>::run
[INFO] [stdout]   12:     0x5f960259cc00 - <trybuild[b18880a0d37c2ff2]::TestCases as core[a373ad73a504971]::ops::drop::Drop>::drop
[INFO] [stdout]   13:     0x5f9602592e58 - compile_fail[40eb23de57c73f1b]::ui
[INFO] [stdout]   14:     0x5f9602593059 - <compile_fail[40eb23de57c73f1b]::ui::{closure#0} as core[a373ad73a504971]::ops::function::FnOnce<()>>::call_once
[INFO] [stdout]   15:     0x5f960263aa4b - test[aada8e7e76ba119b]::__rust_begin_short_backtrace::<core[a373ad73a504971]::result::Result<(), alloc[2e1b2a31b91974c5]::string::String>, fn() -> core[a373ad73a504971]::result::Result<(), alloc[2e1b2a31b91974c5]::string::String>>
[INFO] [stdout]   16:     0x5f9602647c25 - test[aada8e7e76ba119b]::run_test::{closure#0}
[INFO] [stdout]   17:     0x5f9602641514 - std[617be2ca0a6fd877]::sys::backtrace::__rust_begin_short_backtrace::<test[aada8e7e76ba119b]::run_test::{closure#1}, ()>
[INFO] [stdout]   18:     0x5f960264acb2 - <std[617be2ca0a6fd877]::thread::lifecycle::spawn_unchecked<test[aada8e7e76ba119b]::run_test::{closure#1}, ()>::{closure#1} as core[a373ad73a504971]::ops::function::FnOnce<()>>::call_once::{shim:vtable#0}
[INFO] [stdout]   19:     0x5f96026b5caf - <std[617be2ca0a6fd877]::sys::thread::unix::Thread>::new::thread_start
[INFO] [stdout]   20:     0x7497153cadfa - <unknown>
[INFO] [stdout]   21:     0x74971545e3d4 - clone
[INFO] [stdout]   22:                0x0 - <unknown>
[INFO] [stdout] 
[INFO] [stdout] 
[INFO] [stdout] failures:
[INFO] [stdout]     ui
[INFO] [stdout] 
[INFO] [stdout] test result: FAILED. 0 passed; 1 failed; 0 ignored; 0 measured; 0 filtered out; finished in 24.30s
[INFO] [stdout] 
[INFO] running `Command { std: "docker" "inspect" "aeacc7582fd7d761dd5f13536e80557e80ed4bb8c56a3e50109495a89a66ae7f", kill_on_drop: false }`
[INFO] running `Command { std: "docker" "rm" "-f" "aeacc7582fd7d761dd5f13536e80557e80ed4bb8c56a3e50109495a89a66ae7f", kill_on_drop: false }`
[INFO] [stdout] aeacc7582fd7d761dd5f13536e80557e80ed4bb8c56a3e50109495a89a66ae7f
