[INFO] cloning repository https://github.com/itohatweb/learning-twilight-stuff
[INFO] running `Command { std: "git" "-c" "credential.helper=" "-c" "credential.helper=/workspace/cargo-home/bin/git-credential-null" "clone" "--bare" "https://github.com/itohatweb/learning-twilight-stuff" "/workspace/cache/git-repos/https%3A%2F%2Fgithub.com%2Fitohatweb%2Flearning-twilight-stuff", kill_on_drop: false }`
[INFO] [stderr] Cloning into bare repository '/workspace/cache/git-repos/https%3A%2F%2Fgithub.com%2Fitohatweb%2Flearning-twilight-stuff'...
[INFO] running `Command { std: "git" "rev-parse" "HEAD", kill_on_drop: false }`
[INFO] [stdout] 2d776b0cf26d0187916c6cf24f0721622996e6c0
[INFO] testing itohatweb/learning-twilight-stuff against 1.100.0-beta.1+cargoflags=--release for beta-release-1.100-3
[INFO] running `Command { std: "git" "clone" "/workspace/cache/git-repos/https%3A%2F%2Fgithub.com%2Fitohatweb%2Flearning-twilight-stuff" "/workspace/builds/worker-0-tc2/source", kill_on_drop: false }`
[INFO] [stderr] Cloning into '/workspace/builds/worker-0-tc2/source'...
[INFO] [stderr] done.
[INFO] started tweaking git repo https://github.com/itohatweb/learning-twilight-stuff
[INFO] finished tweaking git repo https://github.com/itohatweb/learning-twilight-stuff
[INFO] tweaked toml for git repo https://github.com/itohatweb/learning-twilight-stuff written to /workspace/builds/worker-0-tc2/source/Cargo.toml
[INFO] validating manifest of git repo https://github.com/itohatweb/learning-twilight-stuff on toolchain 1.100.0-beta.1
[INFO] running `Command { std: CARGO_HOME="/workspace/cargo-home" RUSTUP_HOME="/workspace/rustup-home" "/workspace/cargo-home/bin/cargo" "+1.100.0-beta.1" "metadata" "--manifest-path" "Cargo.toml" "--no-deps", kill_on_drop: false }`
[INFO] crate git repo https://github.com/itohatweb/learning-twilight-stuff already has a lockfile, it will not be regenerated
[INFO] running `Command { std: CARGO_HOME="/workspace/cargo-home" RUSTUP_HOME="/workspace/rustup-home" "/workspace/cargo-home/bin/cargo" "+1.100.0-beta.1" "fetch" "--manifest-path" "Cargo.toml", kill_on_drop: false }`
[INFO] [stderr] warning: virtual workspace defaulting to `resolver = "1"` despite one or more workspace members being on edition 2021 which implies `resolver = "2"`
[INFO] [stderr]   |
[INFO] [stderr]   = note: to keep the current resolver, specify `workspace.resolver = "1"` in the workspace root's manifest
[INFO] [stderr]   = note: to use the edition 2021 resolver, specify `workspace.resolver = "2"` in the workspace root's manifest
[INFO] [stderr]   = note: for more details see https://doc.rust-lang.org/cargo/reference/resolver.html#resolver-versions
[INFO] [stderr]     Blocking waiting for file lock on package cache
[INFO] [stderr]     Updating crates.io index
[INFO] [stderr]     Blocking waiting for file lock on package cache
[ERROR] error running command: no output for 300 seconds
[INFO] testing itohatweb/learning-twilight-stuff against 1.100.0-beta.1+cargoflags=--release for beta-release-1.100-3
[INFO] running `Command { std: "git" "clone" "/workspace/cache/git-repos/https%3A%2F%2Fgithub.com%2Fitohatweb%2Flearning-twilight-stuff" "/workspace/builds/worker-0-tc2/source", kill_on_drop: false }`
[INFO] [stderr] Cloning into '/workspace/builds/worker-0-tc2/source'...
[INFO] [stderr] done.
[INFO] started tweaking git repo https://github.com/itohatweb/learning-twilight-stuff
[INFO] finished tweaking git repo https://github.com/itohatweb/learning-twilight-stuff
[INFO] tweaked toml for git repo https://github.com/itohatweb/learning-twilight-stuff written to /workspace/builds/worker-0-tc2/source/Cargo.toml
[INFO] validating manifest of git repo https://github.com/itohatweb/learning-twilight-stuff on toolchain 1.100.0-beta.1
[INFO] running `Command { std: CARGO_HOME="/workspace/cargo-home" RUSTUP_HOME="/workspace/rustup-home" "/workspace/cargo-home/bin/cargo" "+1.100.0-beta.1" "metadata" "--manifest-path" "Cargo.toml" "--no-deps", kill_on_drop: false }`
[INFO] crate git repo https://github.com/itohatweb/learning-twilight-stuff already has a lockfile, it will not be regenerated
[INFO] running `Command { std: CARGO_HOME="/workspace/cargo-home" RUSTUP_HOME="/workspace/rustup-home" "/workspace/cargo-home/bin/cargo" "+1.100.0-beta.1" "fetch" "--manifest-path" "Cargo.toml", kill_on_drop: false }`
[INFO] [stderr] warning: virtual workspace defaulting to `resolver = "1"` despite one or more workspace members being on edition 2021 which implies `resolver = "2"`
[INFO] [stderr]   |
[INFO] [stderr]   = note: to keep the current resolver, specify `workspace.resolver = "1"` in the workspace root's manifest
[INFO] [stderr]   = note: to use the edition 2021 resolver, specify `workspace.resolver = "2"` in the workspace root's manifest
[INFO] [stderr]   = note: for more details see https://doc.rust-lang.org/cargo/reference/resolver.html#resolver-versions
[INFO] [stderr]     Blocking waiting for file lock on package cache
[INFO] [stderr]     Blocking waiting for file lock on package cache
[ERROR] error running command: no output for 300 seconds
[INFO] testing itohatweb/learning-twilight-stuff against 1.100.0-beta.1+cargoflags=--release for beta-release-1.100-3
[INFO] running `Command { std: "git" "clone" "/workspace/cache/git-repos/https%3A%2F%2Fgithub.com%2Fitohatweb%2Flearning-twilight-stuff" "/workspace/builds/worker-0-tc2/source", kill_on_drop: false }`
[INFO] [stderr] Cloning into '/workspace/builds/worker-0-tc2/source'...
[INFO] [stderr] done.
[INFO] started tweaking git repo https://github.com/itohatweb/learning-twilight-stuff
[INFO] finished tweaking git repo https://github.com/itohatweb/learning-twilight-stuff
[INFO] tweaked toml for git repo https://github.com/itohatweb/learning-twilight-stuff written to /workspace/builds/worker-0-tc2/source/Cargo.toml
[INFO] validating manifest of git repo https://github.com/itohatweb/learning-twilight-stuff on toolchain 1.100.0-beta.1
[INFO] running `Command { std: CARGO_HOME="/workspace/cargo-home" RUSTUP_HOME="/workspace/rustup-home" "/workspace/cargo-home/bin/cargo" "+1.100.0-beta.1" "metadata" "--manifest-path" "Cargo.toml" "--no-deps", kill_on_drop: false }`
[INFO] crate git repo https://github.com/itohatweb/learning-twilight-stuff already has a lockfile, it will not be regenerated
[INFO] running `Command { std: CARGO_HOME="/workspace/cargo-home" RUSTUP_HOME="/workspace/rustup-home" "/workspace/cargo-home/bin/cargo" "+1.100.0-beta.1" "fetch" "--manifest-path" "Cargo.toml", kill_on_drop: false }`
[INFO] [stderr] warning: virtual workspace defaulting to `resolver = "1"` despite one or more workspace members being on edition 2021 which implies `resolver = "2"`
[INFO] [stderr]   |
[INFO] [stderr]   = note: to keep the current resolver, specify `workspace.resolver = "1"` in the workspace root's manifest
[INFO] [stderr]   = note: to use the edition 2021 resolver, specify `workspace.resolver = "2"` in the workspace root's manifest
[INFO] [stderr]   = note: for more details see https://doc.rust-lang.org/cargo/reference/resolver.html#resolver-versions
[INFO] [stderr]     Blocking waiting for file lock on package cache
[INFO] [stderr]     Blocking waiting for file lock on package cache
[INFO] [stderr]  Downloading crates ...
[INFO] [stderr]   Downloaded twilight-util v0.7.0
[INFO] [stderr]   Downloaded tracing-core v0.1.21
[INFO] [stderr]   Downloaded tracing-attributes v0.1.18
[INFO] [stderr]   Downloaded tracing v0.1.29
[INFO] [stderr]   Downloaded twilight-model v0.7.1
[INFO] [stderr]   Downloaded ordered-float v2.8.0
[INFO] [stderr]   Downloaded env_logger v0.9.0
[INFO] [stderr]   Downloaded wasm-bindgen-macro v0.2.78
[INFO] [stderr]   Downloaded futures-core v0.3.17
[INFO] [stderr]   Downloaded security-framework-sys v2.4.2
[INFO] [stderr]   Downloaded httpdate v1.0.1
[INFO] [stderr]   Downloaded proc-macro-hack v0.5.19
[INFO] [stderr]   Downloaded alloc-no-stdlib v2.0.3
[INFO] [stderr]   Downloaded autocfg v1.0.1
[INFO] [stderr]   Downloaded num_cpus v1.13.0
[INFO] [stderr]   Downloaded rand_hc v0.3.1
[INFO] [stderr]   Downloaded wasm-bindgen-shared v0.2.78
[INFO] [stderr]   Downloaded schannel v0.1.19
[INFO] [stderr]   Downloaded openssl-probe v0.1.4
[INFO] [stderr]   Downloaded futures-sink v0.3.17
[INFO] [stderr]   Downloaded proc-macro-nested v0.1.7
[INFO] [stderr]   Downloaded futures-task v0.3.17
[INFO] [stderr]   Downloaded twilight-embed-builder v0.7.1
[INFO] [stderr]   Downloaded mobc-redis v0.7.0
[INFO] [stderr]   Downloaded sha1 v0.6.0
[INFO] [stderr]   Downloaded twilight-interactions v0.7.1
[INFO] [stderr]   Downloaded twilight-interactions-derive v0.7.1
[INFO] [stderr]   Downloaded twilight-gateway-queue v0.7.0
[INFO] [stderr]   Downloaded input_buffer v0.4.0
[INFO] [stderr]   Downloaded simple-process-stats v1.0.0
[INFO] [stderr]   Downloaded darwin-libproc v0.2.0
[INFO] [stderr]   Downloaded darwin-libproc-sys v0.2.0
[INFO] [stderr]   Downloaded quote v1.0.10
[INFO] [stderr]   Downloaded pin-project-lite v0.2.7
[INFO] [stderr]   Downloaded tokio-macros v1.5.1
[INFO] [stderr]   Downloaded smallvec v1.7.0
[INFO] [stderr]   Downloaded alloc-stdlib v0.2.1
[INFO] [stderr]   Downloaded version_check v0.9.3
[INFO] [stderr]   Downloaded leaky-bucket-lite v0.2.2
[INFO] [stderr]   Downloaded anyhow v1.0.44
[INFO] [stderr]   Downloaded core-foundation v0.9.2
[INFO] [stderr]   Downloaded futures-macro v0.3.17
[INFO] [stderr]   Downloaded futures-io v0.3.17
[INFO] [stderr]   Downloaded futures-channel v0.3.17
[INFO] [stderr]   Downloaded dashmap v4.0.2
[INFO] [stderr]   Downloaded rmp-serde v0.15.5
[INFO] [stderr]   Downloaded futures-timer v3.0.2
[INFO] [stderr]   Downloaded futures-executor v0.3.17
[INFO] [stderr]   Downloaded generic-array v0.14.4
[INFO] [stderr]   Downloaded pin-project-internal v1.0.8
[INFO] [stderr]   Downloaded pkg-config v0.3.22
[INFO] [stderr]   Downloaded proc-macro2 v1.0.32
[INFO] [stderr]   Downloaded lock_api v0.4.5
[INFO] [stderr]   Downloaded once_cell v1.8.0
[INFO] [stderr]   Downloaded getrandom v0.2.3
[INFO] [stderr]   Downloaded ppv-lite86 v0.2.15
[INFO] [stderr]   Downloaded hyper-rustls v0.22.1
[INFO] [stderr]   Downloaded wasm-bindgen-macro-support v0.2.78
[INFO] [stderr]   Downloaded rustls-native-certs v0.5.0
[INFO] [stderr]   Downloaded httparse v1.5.1
[INFO] [stderr]   Downloaded ct-logs v0.8.0
[INFO] [stderr]   Downloaded rmp v0.8.10
[INFO] [stderr]   Downloaded tinyvec v1.5.0
[INFO] [stderr]   Downloaded async-trait v0.1.51
[INFO] [stderr]   Downloaded mobc v0.7.3
[INFO] [stderr]   Downloaded futures v0.3.17
[INFO] [stderr]   Downloaded twilight-gateway v0.7.1
[INFO] [stderr]   Downloaded tokio-tungstenite v0.14.0
[INFO] [stderr]   Downloaded crc32fast v1.2.1
[INFO] [stderr]   Downloaded twilight-cache-inmemory v0.7.1
[INFO] [stderr]   Downloaded ryu v1.0.5
[INFO] [stderr]   Downloaded wasm-bindgen-backend v0.2.78
[INFO] [stderr]   Downloaded cc v1.0.71
[INFO] [stderr]   Downloaded security-framework v2.4.2
[INFO] [stderr]   Downloaded socket2 v0.4.2
[INFO] [stderr]   Downloaded indexmap v1.7.0
[INFO] [stderr]   Downloaded tungstenite v0.13.0
[INFO] [stderr]   Downloaded typenum v1.14.0
[INFO] [stderr]   Downloaded pin-project v1.0.8
[INFO] [stderr]   Downloaded serde v1.0.130
[INFO] [stderr]   Downloaded bumpalo v3.8.0
[INFO] [stderr]   Downloaded js-sys v0.3.55
[INFO] [stderr]   Downloaded serde_derive v1.0.130
[INFO] [stderr]   Downloaded mio v0.7.14
[INFO] [stderr]   Downloaded rand v0.8.4
[INFO] [stderr]   Downloaded procfs v0.9.1
[INFO] [stderr]   Downloaded serde_json v1.0.68
[INFO] [stderr]   Downloaded http v0.2.5
[INFO] [stderr]   Downloaded combine v4.6.2
[INFO] [stderr]   Downloaded redis v0.21.3
[INFO] [stderr]   Downloaded futures-util v0.3.17
[INFO] [stderr]   Downloaded redis v0.19.0
[INFO] [stderr]   Downloaded twilight-http v0.7.1
[INFO] [stderr]   Downloaded ntapi v0.3.6
[INFO] [stderr]   Downloaded wasm-bindgen v0.2.78
[INFO] [stderr]   Downloaded hyper v0.14.14
[INFO] [stderr]   Downloaded h2 v0.3.7
[INFO] [stderr]   Downloaded brotli-decompressor v2.3.2
[INFO] [stderr]   Downloaded syn v1.0.81
[INFO] [stderr]   Downloaded tokio v1.13.0
[INFO] [stderr]   Downloaded libc v0.2.106
[INFO] [stderr]   Downloaded web-sys v0.3.55
[INFO] [stderr]   Downloaded libz-sys v1.1.3
[INFO] [stderr]   Downloaded brotli v3.3.2
[INFO] running `Command { std: "docker" "create" "-v" "/var/lib/crater-agent-workspace/builds/worker-0-tc2/source:/opt/rustwide/workdir:ro,Z" "-v" "/var/lib/crater-agent-workspace/builds/worker-0-tc2/target:/opt/rustwide/target:rw,Z" "-v" "/var/lib/crater-agent-workspace/cargo-home:/opt/rustwide/cargo-home:ro,Z" "-v" "/var/lib/crater-agent-workspace/rustup-home:/opt/rustwide/rustup-home:ro,Z" "-m" "1610612736" "--network" "none" "ghcr.io/rust-lang/crates-build-env/linux@sha256:77db811e55d90add9212f6832c23229e3de5f1c1f9905e8cb07319ea15df73ac" "sleep" "infinity", kill_on_drop: false }`
[INFO] [stdout] fcb127f1de41ec051f30e8f3d8e98c6f15a9fc127ff5e27c96e4c1c8e870d138
[INFO] running `Command { std: "docker" "start" "fcb127f1de41ec051f30e8f3d8e98c6f15a9fc127ff5e27c96e4c1c8e870d138", kill_on_drop: false }`
[INFO] running `Command { std: "docker" "inspect" "fcb127f1de41ec051f30e8f3d8e98c6f15a9fc127ff5e27c96e4c1c8e870d138", kill_on_drop: false }`
[INFO] running `Command { std: "docker" "exec" "-e" "SOURCE_DIR=/opt/rustwide/workdir" "-e" "CARGO_HOME=/opt/rustwide/cargo-home" "-e" "RUSTUP_HOME=/opt/rustwide/rustup-home" "-e" "CARGO_TARGET_DIR=/opt/rustwide/target" "-w" "/opt/rustwide/workdir" "--user" "0:0" "fcb127f1de41ec051f30e8f3d8e98c6f15a9fc127ff5e27c96e4c1c8e870d138" "/opt/rustwide/cargo-home/bin/cargo" "+1.100.0-beta.1" "metadata" "--no-deps" "--format-version=1", kill_on_drop: false }`
[INFO] running `Command { std: "docker" "inspect" "fcb127f1de41ec051f30e8f3d8e98c6f15a9fc127ff5e27c96e4c1c8e870d138", kill_on_drop: false }`
[INFO] running `Command { std: "docker" "exec" "-e" "SOURCE_DIR=/opt/rustwide/workdir" "-e" "CARGO_HOME=/opt/rustwide/cargo-home" "-e" "RUSTUP_HOME=/opt/rustwide/rustup-home" "-e" "CARGO_TARGET_DIR=/opt/rustwide/target" "-e" "CARGO_INCREMENTAL=0" "-e" "RUST_BACKTRACE=full" "-e" "RUSTFLAGS=--cap-lints=warn" "-e" "RUSTDOCFLAGS=--cap-lints=warn" "-w" "/opt/rustwide/workdir" "--user" "0:0" "fcb127f1de41ec051f30e8f3d8e98c6f15a9fc127ff5e27c96e4c1c8e870d138" "/opt/rustwide/cargo-home/bin/cargo" "+1.100.0-beta.1" "build" "--frozen" "--message-format=json" "--release", kill_on_drop: false }`
[INFO] [stderr] warning: virtual workspace defaulting to `resolver = "1"` despite one or more workspace members being on edition 2021 which implies `resolver = "2"`
[INFO] [stderr]   |
[INFO] [stderr]   = note: to keep the current resolver, specify `workspace.resolver = "1"` in the workspace root's manifest
[INFO] [stderr]   = note: to use the edition 2021 resolver, specify `workspace.resolver = "2"` in the workspace root's manifest
[INFO] [stderr]   = note: for more details see https://doc.rust-lang.org/cargo/reference/resolver.html#resolver-versions
[INFO] [stderr]    Compiling autocfg v1.0.1
[INFO] [stderr]    Compiling proc-macro2 v1.0.32
[INFO] [stderr]    Compiling syn v1.0.81
[INFO] [stderr]    Compiling libc v0.2.106
[INFO] [stderr]    Compiling pin-project-lite v0.2.7
[INFO] [stderr]    Compiling once_cell v1.8.0
[INFO] [stderr]    Compiling cc v1.0.71
[INFO] [stderr]    Compiling parking_lot_core v0.8.5
[INFO] [stderr]    Compiling futures-core v0.3.17
[INFO] [stderr]    Compiling smallvec v1.7.0
[INFO] [stderr]    Compiling lock_api v0.4.5
[INFO] [stderr]    Compiling tokio v1.13.0
[INFO] [stderr]    Compiling num-traits v0.2.14
[INFO] [stderr]    Compiling proc-macro-hack v0.5.19
[INFO] [stderr]    Compiling futures-sink v0.3.17
[INFO] [stderr]    Compiling futures-macro v0.3.17
[INFO] [stderr]    Compiling proc-macro-nested v0.1.7
[INFO] [stderr]    Compiling futures-channel v0.3.17
[INFO] [stderr]    Compiling futures-task v0.3.17
[INFO] [stderr]    Compiling futures-util v0.3.17
[INFO] [stderr]    Compiling serde_derive v1.0.130
[INFO] [stderr]    Compiling lazy_static v1.4.0
[INFO] [stderr]    Compiling num_cpus v1.13.0
[INFO] [stderr]    Compiling mio v0.7.14
[INFO] [stderr]    Compiling quote v1.0.10
[INFO] [stderr]    Compiling signal-hook-registry v1.4.0
[INFO] [stderr]    Compiling parking_lot v0.11.2
[INFO] [stderr]    Compiling ring v0.16.20
[INFO] [stderr]    Compiling serde v1.0.130
[INFO] [stderr]    Compiling futures-io v0.3.17
[INFO] [stderr]    Compiling tracing-core v0.1.21
[INFO] [stderr]    Compiling ordered-float v2.8.0
[INFO] [stderr]    Compiling http v0.2.5
[INFO] [stderr]    Compiling tinyvec v1.5.0
[INFO] [stderr]    Compiling httparse v1.5.1
[INFO] [stderr]    Compiling getrandom v0.2.3
[INFO] [stderr]    Compiling indexmap v1.7.0
[INFO] [stderr]    Compiling typenum v1.14.0
[INFO] [stderr]    Compiling version_check v0.9.3
[INFO] [stderr]    Compiling rand_core v0.6.3
[INFO] [stderr]    Compiling generic-array v0.14.4
[INFO] [stderr]    Compiling byteorder v1.4.3
[INFO] [stderr]    Compiling ppv-lite86 v0.2.15
[INFO] [stderr]    Compiling hashbrown v0.11.2
[INFO] [stderr]    Compiling unicode-normalization v0.1.19
[INFO] [stderr]    Compiling ryu v1.0.5
[INFO] [stderr]    Compiling rand_chacha v0.3.1
[INFO] [stderr]    Compiling pkg-config v0.3.22
[INFO] [stderr]    Compiling try-lock v0.2.3
[INFO] [stderr]    Compiling async-trait v0.1.51
[INFO] [stderr]    Compiling alloc-no-stdlib v2.0.3
[INFO] [stderr]    Compiling alloc-stdlib v0.2.1
[INFO] [stderr]    Compiling want v0.3.0
[INFO] [stderr]    Compiling libz-sys v1.1.3
[INFO] [stderr]    Compiling rand v0.8.4
[INFO] [stderr]    Compiling socket2 v0.4.2
[INFO] [stderr]    Compiling idna v0.2.3
[INFO] [stderr]    Compiling miniz_oxide v0.4.4
[INFO] [stderr]    Compiling httpdate v1.0.1
[INFO] [stderr]    Compiling http-body v0.4.4
[INFO] [stderr]    Compiling serde_json v1.0.68
[INFO] [stderr]    Compiling crc32fast v1.2.1
[INFO] [stderr]    Compiling tower-service v0.3.1
[INFO] [stderr]    Compiling openssl-probe v0.1.4
[INFO] [stderr]    Compiling brotli-decompressor v2.3.2
[INFO] [stderr]    Compiling url v2.2.2
[INFO] [stderr]    Compiling num-integer v0.1.44
[INFO] [stderr]    Compiling adler v1.0.2
[INFO] [stderr]    Compiling block-buffer v0.9.0
[INFO] [stderr]    Compiling digest v0.9.0
[INFO] [stderr]    Compiling sha1 v0.6.0
[INFO] [stderr]    Compiling flate2 v1.0.22
[INFO] [stderr]    Compiling brotli v3.3.2
[INFO] [stderr]    Compiling sha-1 v0.9.8
[INFO] [stderr]    Compiling time v0.1.43
[INFO] [stderr]    Compiling input_buffer v0.4.0
[INFO] [stderr]    Compiling futures-timer v3.0.2
[INFO] [stderr]    Compiling rmp v0.8.10
[INFO] [stderr]    Compiling chrono v0.4.19
[INFO] [stderr]    Compiling tokio-macros v1.5.1
[INFO] [stderr]    Compiling tracing-attributes v0.1.18
[INFO] [stderr]    Compiling tracing v0.1.29
[INFO] [stderr]    Compiling serde_repr v0.1.7
[INFO] [stderr]    Compiling thiserror-impl v1.0.30
[INFO] [stderr]    Compiling webpki v0.21.4
[INFO] [stderr]    Compiling sct v0.6.1
[INFO] [stderr]    Compiling rustls v0.19.1
[INFO] [stderr]    Compiling ct-logs v0.8.0
[INFO] [stderr]    Compiling thiserror v1.0.30
[INFO] [stderr]    Compiling webpki-roots v0.21.1
[INFO] [stderr]    Compiling pin-project-internal v1.0.8
[INFO] [stderr]    Compiling dashmap v4.0.2
[INFO] [stderr]    Compiling futures-executor v0.3.17
[INFO] [stderr]    Compiling anyhow v1.0.44
[INFO] [stderr]    Compiling pin-project v1.0.8
[INFO] [stderr]    Compiling regex-syntax v0.6.25
[INFO] [stderr]    Compiling procfs v0.9.1
[INFO] [stderr]    Compiling futures v0.3.17
[INFO] [stderr]    Compiling twilight-interactions-derive v0.7.1
[INFO] [stderr]    Compiling atty v0.2.14
[INFO] [stderr]    Compiling humantime v2.1.0
[INFO] [stderr]    Compiling rustls-native-certs v0.5.0
[INFO] [stderr]    Compiling tungstenite v0.13.0
[INFO] [stderr]    Compiling tokio-util v0.6.9
[INFO] [stderr]    Compiling h2 v0.3.7
[INFO] [stderr]    Compiling tokio-rustls v0.22.0
[INFO] [stderr]    Compiling combine v4.6.2
[INFO] [stderr]    Compiling serde-value v0.7.0
[INFO] [stderr]    Compiling twilight-model v0.7.1
[INFO] [stderr]    Compiling mobc v0.7.3
[INFO] [stderr]    Compiling rmp-serde v0.15.5
[INFO] [stderr]    Compiling bincode v1.3.3
[INFO] [stderr]    Compiling tokio-tungstenite v0.14.0
[INFO] [stderr]    Compiling regex v1.4.6
[INFO] [stderr]    Compiling leaky-bucket-lite v0.2.2
[INFO] [stderr]    Compiling simple-process-stats v1.0.0
[INFO] [stderr]    Compiling hyper v0.14.14
[INFO] [stderr]    Compiling redis v0.19.0
[INFO] [stderr]    Compiling redis v0.21.3
[INFO] [stdout] error[E0277]: the trait bound `!: FromRedisValue` is not satisfied
[INFO] [stdout]    --> /opt/rustwide/cargo-home/registry/src/index.crates.io-1949cf8c6b5b557f/redis-0.19.0/src/script.rs:177:30
[INFO] [stdout]     |
[INFO] [stdout] 177 |                     load_cmd.query_async(con).await?;
[INFO] [stdout]     |                              ^^^^^^^^^^^ the trait `FromRedisValue` is not implemented for `!`
[INFO] [stdout]     |
[INFO] [stdout]     = help: the following other types implement trait `FromRedisValue`:
[INFO] [stdout]               ()
[INFO] [stdout]               (T12,)
[INFO] [stdout]               (T11, T12)
[INFO] [stdout]               (T10, T11, T12)
[INFO] [stdout]               (T9, T10, T11, T12)
[INFO] [stdout]               (T8, T9, T10, T11, T12)
[INFO] [stdout]               (T7, T8, T9, T10, T11, T12)
[INFO] [stdout]               (T6, T7, T8, T9, T10, T11, T12)
[INFO] [stdout]             and 40 others
[INFO] [stdout]     = note: this error might have been caused by changes to Rust's type-inference algorithm (see issue #148922 <https://github.com/rust-lang/rust/issues/148922> for more information)
[INFO] [stdout]     = help: you might have intended to use the type `()` here instead
[INFO] [stdout] note: required by a bound in `Cmd::query_async`
[INFO] [stdout]    --> /opt/rustwide/cargo-home/registry/src/index.crates.io-1949cf8c6b5b557f/redis-0.19.0/src/cmd.rs:394:36
[INFO] [stdout]     |
[INFO] [stdout] 292 | impl Cmd {
[INFO] [stdout] ...
[INFO] [stdout] 394 |     pub async fn query_async<C, T: FromRedisValue>(&self, con: &mut C) -> RedisResult<T>
[INFO] [stdout]     |                                    ^^^^^^^^^^^^^^ required by this bound in `Cmd::query_async`
[INFO] [stdout] 
[INFO] [stdout] 
[INFO] [stderr]    Compiling env_logger v0.9.0
[INFO] [stdout] error[E0277]: the trait bound `!: FromRedisValue` is not satisfied
[INFO] [stdout]    --> /opt/rustwide/cargo-home/registry/src/index.crates.io-1949cf8c6b5b557f/redis-0.19.0/src/script.rs:143:30
[INFO] [stdout]     |
[INFO] [stdout] 143 | ...                   .query(con)?;
[INFO] [stdout]     |                        ^^^^^ the trait `FromRedisValue` is not implemented for `!`
[INFO] [stdout]     |
[INFO] [stdout]     = help: the following other types implement trait `FromRedisValue`:
[INFO] [stdout]               ()
[INFO] [stdout]               (T12,)
[INFO] [stdout]               (T11, T12)
[INFO] [stdout]               (T10, T11, T12)
[INFO] [stdout]               (T9, T10, T11, T12)
[INFO] [stdout]               (T8, T9, T10, T11, T12)
[INFO] [stdout]               (T7, T8, T9, T10, T11, T12)
[INFO] [stdout]               (T6, T7, T8, T9, T10, T11, T12)
[INFO] [stdout]             and 40 others
[INFO] [stdout]     = note: this error might have been caused by changes to Rust's type-inference algorithm (see issue #148922 <https://github.com/rust-lang/rust/issues/148922> for more information)
[INFO] [stdout]     = help: you might have intended to use the type `()` here instead
[INFO] [stdout] note: required by a bound in `Cmd::query`
[INFO] [stdout]    --> /opt/rustwide/cargo-home/registry/src/index.crates.io-1949cf8c6b5b557f/redis-0.19.0/src/cmd.rs:383:21
[INFO] [stdout]     |
[INFO] [stdout] 292 | impl Cmd {
[INFO] [stdout] ...
[INFO] [stdout] 383 |     pub fn query<T: FromRedisValue>(&self, con: &mut dyn ConnectionLike) -> RedisResult<T> {
[INFO] [stdout]     |                     ^^^^^^^^^^^^^^ required by this bound in `Cmd::query`
[INFO] [stdout] 
[INFO] [stdout] 
[INFO] [stdout] error[E0277]: the trait bound `!: FromRedisValue` is not satisfied
[INFO] [stdout]    --> /opt/rustwide/cargo-home/registry/src/index.crates.io-1949cf8c6b5b557f/redis-0.21.3/src/script.rs:177:30
[INFO] [stdout]     |
[INFO] [stdout] 177 |                     load_cmd.query_async(con).await?;
[INFO] [stdout]     |                              ^^^^^^^^^^^ the trait `FromRedisValue` is not implemented for `!`
[INFO] [stdout]     |
[INFO] [stdout]     = help: the following other types implement trait `FromRedisValue`:
[INFO] [stdout]               ()
[INFO] [stdout]               (T12,)
[INFO] [stdout]               (T11, T12)
[INFO] [stdout]               (T10, T11, T12)
[INFO] [stdout]               (T9, T10, T11, T12)
[INFO] [stdout]               (T8, T9, T10, T11, T12)
[INFO] [stdout]               (T7, T8, T9, T10, T11, T12)
[INFO] [stdout]               (T6, T7, T8, T9, T10, T11, T12)
[INFO] [stdout]             and 41 others
[INFO] [stdout]     = note: this error might have been caused by changes to Rust's type-inference algorithm (see issue #148922 <https://github.com/rust-lang/rust/issues/148922> for more information)
[INFO] [stdout]     = help: you might have intended to use the type `()` here instead
[INFO] [stdout] note: required by a bound in `Cmd::query_async`
[INFO] [stdout]    --> /opt/rustwide/cargo-home/registry/src/index.crates.io-1949cf8c6b5b557f/redis-0.21.3/src/cmd.rs:373:36
[INFO] [stdout]     |
[INFO] [stdout] 273 | impl Cmd {
[INFO] [stdout] ...
[INFO] [stdout] 373 |     pub async fn query_async<C, T: FromRedisValue>(&self, con: &mut C) -> RedisResult<T>
[INFO] [stdout]     |                                    ^^^^^^^^^^^^^^ required by this bound in `Cmd::query_async`
[INFO] [stdout] 
[INFO] [stdout] 
[INFO] [stdout] error[E0277]: the trait bound `!: FromRedisValue` is not satisfied
[INFO] [stdout]    --> /opt/rustwide/cargo-home/registry/src/index.crates.io-1949cf8c6b5b557f/redis-0.21.3/src/script.rs:143:30
[INFO] [stdout]     |
[INFO] [stdout] 143 | ...                   .query(con)?;
[INFO] [stdout]     |                        ^^^^^ the trait `FromRedisValue` is not implemented for `!`
[INFO] [stdout]     |
[INFO] [stdout]     = help: the following other types implement trait `FromRedisValue`:
[INFO] [stdout]               ()
[INFO] [stdout]               (T12,)
[INFO] [stdout]               (T11, T12)
[INFO] [stdout]               (T10, T11, T12)
[INFO] [stdout]               (T9, T10, T11, T12)
[INFO] [stdout]               (T8, T9, T10, T11, T12)
[INFO] [stdout]               (T7, T8, T9, T10, T11, T12)
[INFO] [stdout]               (T6, T7, T8, T9, T10, T11, T12)
[INFO] [stdout]             and 41 others
[INFO] [stdout]     = note: this error might have been caused by changes to Rust's type-inference algorithm (see issue #148922 <https://github.com/rust-lang/rust/issues/148922> for more information)
[INFO] [stdout]     = help: you might have intended to use the type `()` here instead
[INFO] [stdout] note: required by a bound in `Cmd::query`
[INFO] [stdout]    --> /opt/rustwide/cargo-home/registry/src/index.crates.io-1949cf8c6b5b557f/redis-0.21.3/src/cmd.rs:363:21
[INFO] [stdout]     |
[INFO] [stdout] 273 | impl Cmd {
[INFO] [stdout] ...
[INFO] [stdout] 363 |     pub fn query<T: FromRedisValue>(&self, con: &mut dyn ConnectionLike) -> RedisResult<T> {
[INFO] [stdout]     |                     ^^^^^^^^^^^^^^ required by this bound in `Cmd::query`
[INFO] [stdout] 
[INFO] [stdout] 
[INFO] [stdout] For more information about this error, try `rustc --explain E0277`.
[INFO] [stdout] 
[INFO] [stderr] error: could not compile `redis` (lib) due to 2 previous errors; 98 warnings emitted
[INFO] [stderr] warning: build failed, waiting for other jobs to finish...
[INFO] [stdout] For more information about this error, try `rustc --explain E0277`.
[INFO] [stdout] 
[INFO] [stderr] error: could not compile `redis` (lib) due to 2 previous errors; 99 warnings emitted
[INFO] running `Command { std: "docker" "inspect" "fcb127f1de41ec051f30e8f3d8e98c6f15a9fc127ff5e27c96e4c1c8e870d138", kill_on_drop: false }`
[INFO] running `Command { std: "docker" "rm" "-f" "fcb127f1de41ec051f30e8f3d8e98c6f15a9fc127ff5e27c96e4c1c8e870d138", kill_on_drop: false }`
[INFO] [stdout] fcb127f1de41ec051f30e8f3d8e98c6f15a9fc127ff5e27c96e4c1c8e870d138
