[INFO] cloning repository https://github.com/GungTortueninja224/-Ghostcoin
[INFO] running `Command { std: "git" "-c" "credential.helper=" "-c" "credential.helper=/workspace/cargo-home/bin/git-credential-null" "clone" "--bare" "https://github.com/GungTortueninja224/-Ghostcoin" "/workspace/cache/git-repos/https%3A%2F%2Fgithub.com%2FGungTortueninja224%2F-Ghostcoin", kill_on_drop: false }`
[INFO] [stderr] Cloning into bare repository '/workspace/cache/git-repos/https%3A%2F%2Fgithub.com%2FGungTortueninja224%2F-Ghostcoin'...
[INFO] running `Command { std: "git" "rev-parse" "HEAD", kill_on_drop: false }`
[INFO] [stdout] 8aa7dae94ee68aef74701e7fdfee8cf3b5b5abb9
[INFO] testing GungTortueninja224/-Ghostcoin/8aa7dae94ee68aef74701e7fdfee8cf3b5b5abb9 against 1.99.0-beta.8+cargoflags=--release for beta-release-1.100-3
[INFO] running `Command { std: "git" "clone" "/workspace/cache/git-repos/https%3A%2F%2Fgithub.com%2FGungTortueninja224%2F-Ghostcoin" "/workspace/builds/worker-6-tc1/source", kill_on_drop: false }`
[INFO] [stderr] Cloning into '/workspace/builds/worker-6-tc1/source'...
[INFO] [stderr] done.
[INFO] removed /workspace/builds/worker-6-tc1/source/rust-toolchain.toml
[INFO] started tweaking git repo https://github.com/GungTortueninja224/-Ghostcoin
[INFO] finished tweaking git repo https://github.com/GungTortueninja224/-Ghostcoin
[INFO] tweaked toml for git repo https://github.com/GungTortueninja224/-Ghostcoin written to /workspace/builds/worker-6-tc1/source/Cargo.toml
[INFO] validating manifest of git repo https://github.com/GungTortueninja224/-Ghostcoin on toolchain 1.99.0-beta.8
[INFO] running `Command { std: CARGO_HOME="/workspace/cargo-home" RUSTUP_HOME="/workspace/rustup-home" "/workspace/cargo-home/bin/cargo" "+1.99.0-beta.8" "metadata" "--manifest-path" "Cargo.toml" "--no-deps", kill_on_drop: false }`
[INFO] crate git repo https://github.com/GungTortueninja224/-Ghostcoin already has a lockfile, it will not be regenerated
[INFO] running `Command { std: CARGO_HOME="/workspace/cargo-home" RUSTUP_HOME="/workspace/rustup-home" "/workspace/cargo-home/bin/cargo" "+1.99.0-beta.8" "fetch" "--manifest-path" "Cargo.toml", kill_on_drop: false }`
[INFO] [stderr]     Updating crates.io index
[INFO] [stderr]  Downloading crates ...
[INFO] [stderr]   Downloaded funty v2.0.0
[INFO] [stderr]   Downloaded radium v0.7.0
[INFO] [stderr]   Downloaded pairing v0.23.0
[INFO] [stderr]   Downloaded tap v1.0.1
[INFO] [stderr]   Downloaded winapi-wsapoll v0.1.2
[INFO] [stderr]   Downloaded tree_magic_mini v3.2.2
[INFO] [stderr]   Downloaded num_cpus v1.17.0
[INFO] [stderr]   Downloaded os_pipe v1.2.3
[INFO] [stderr]   Downloaded wyz v0.5.1
[INFO] [stderr]   Downloaded constant_time_eq v0.4.2
[INFO] [stderr]   Downloaded fixedbitset v0.5.7
[INFO] [stderr]   Downloaded blake2s_simd v1.0.4
[INFO] [stderr]   Downloaded xml-rs v0.8.28
[INFO] [stderr]   Downloaded crossbeam-channel v0.5.15
[INFO] [stderr]   Downloaded cc v1.2.61
[INFO] [stderr]   Downloaded bellman v0.14.0
[INFO] [stderr]   Downloaded bitvec v1.0.1
[INFO] [stderr]   Downloaded hyper v1.9.0
[INFO] [stderr]   Downloaded bls12_381 v0.8.0
[INFO] [stderr]   Downloaded petgraph v0.8.3
[INFO] running `Command { std: "docker" "create" "-v" "/var/lib/crater-agent-workspace/builds/worker-6-tc1/source:/opt/rustwide/workdir:ro,Z" "-v" "/var/lib/crater-agent-workspace/builds/worker-6-tc1/target:/opt/rustwide/target:rw,Z" "-v" "/var/lib/crater-agent-workspace/cargo-home:/opt/rustwide/cargo-home:ro,Z" "-v" "/var/lib/crater-agent-workspace/rustup-home:/opt/rustwide/rustup-home:ro,Z" "-m" "1610612736" "--network" "none" "ghcr.io/rust-lang/crates-build-env/linux@sha256:77db811e55d90add9212f6832c23229e3de5f1c1f9905e8cb07319ea15df73ac" "sleep" "infinity", kill_on_drop: false }`
[INFO] [stdout] a73a66f0602008f48ac632b86f8489cf896875c32d255b7ef6345b1a03c32667
[INFO] running `Command { std: "docker" "start" "a73a66f0602008f48ac632b86f8489cf896875c32d255b7ef6345b1a03c32667", kill_on_drop: false }`
[INFO] running `Command { std: "docker" "inspect" "a73a66f0602008f48ac632b86f8489cf896875c32d255b7ef6345b1a03c32667", kill_on_drop: false }`
[INFO] running `Command { std: "docker" "exec" "-e" "SOURCE_DIR=/opt/rustwide/workdir" "-e" "CARGO_HOME=/opt/rustwide/cargo-home" "-e" "RUSTUP_HOME=/opt/rustwide/rustup-home" "-e" "CARGO_TARGET_DIR=/opt/rustwide/target" "-w" "/opt/rustwide/workdir" "--user" "0:0" "a73a66f0602008f48ac632b86f8489cf896875c32d255b7ef6345b1a03c32667" "/opt/rustwide/cargo-home/bin/cargo" "+1.99.0-beta.8" "metadata" "--no-deps" "--format-version=1", kill_on_drop: false }`
[INFO] running `Command { std: "docker" "inspect" "a73a66f0602008f48ac632b86f8489cf896875c32d255b7ef6345b1a03c32667", kill_on_drop: false }`
[INFO] running `Command { std: "docker" "exec" "-e" "SOURCE_DIR=/opt/rustwide/workdir" "-e" "CARGO_HOME=/opt/rustwide/cargo-home" "-e" "RUSTUP_HOME=/opt/rustwide/rustup-home" "-e" "CARGO_TARGET_DIR=/opt/rustwide/target" "-e" "CARGO_INCREMENTAL=0" "-e" "RUST_BACKTRACE=full" "-e" "RUSTFLAGS=--cap-lints=warn" "-e" "RUSTDOCFLAGS=--cap-lints=warn" "-w" "/opt/rustwide/workdir" "--user" "0:0" "a73a66f0602008f48ac632b86f8489cf896875c32d255b7ef6345b1a03c32667" "/opt/rustwide/cargo-home/bin/cargo" "+1.99.0-beta.8" "build" "--frozen" "--message-format=json" "--release", kill_on_drop: false }`
[INFO] [stderr]    Compiling libc v0.2.186
[INFO] [stderr]    Compiling proc-macro2 v1.0.106
[INFO] [stderr]    Compiling cfg-if v1.0.4
[INFO] [stderr]    Compiling unicode-ident v1.0.24
[INFO] [stderr]    Compiling quote v1.0.45
[INFO] [stderr]    Compiling autocfg v1.5.0
[INFO] [stderr]    Compiling once_cell v1.21.4
[INFO] [stderr]    Compiling smallvec v1.15.1
[INFO] [stderr]    Compiling pin-project-lite v0.2.17
[INFO] [stderr]    Compiling itoa v1.0.18
[INFO] [stderr]    Compiling bytes v1.11.1
[INFO] [stderr]    Compiling futures-core v0.3.32
[INFO] [stderr]    Compiling xml-rs v0.8.28
[INFO] [stderr]    Compiling parking_lot_core v0.9.12
[INFO] [stderr]    Compiling pkg-config v0.3.33
[INFO] [stderr]    Compiling log v0.4.29
[INFO] [stderr]    Compiling crossbeam-utils v0.8.21
[INFO] [stderr]    Compiling radium v0.7.0
[INFO] [stderr]    Compiling serde_core v1.0.228
[INFO] [stderr]    Compiling scopeguard v1.2.0
[INFO] [stderr]    Compiling tap v1.0.1
[INFO] [stderr]    Compiling version_check v0.9.5
[INFO] [stderr]    Compiling lock_api v0.4.14
[INFO] [stderr]    Compiling memchr v2.8.0
[INFO] [stderr]    Compiling funty v2.0.0
[INFO] [stderr]    Compiling wyz v0.5.1
[INFO] [stderr]    Compiling tower-service v0.3.3
[INFO] [stderr]    Compiling subtle v2.6.1
[INFO] [stderr]    Compiling tracing-core v0.1.36
[INFO] [stderr]    Compiling tower-layer v0.3.3
[INFO] [stderr]    Compiling httparse v1.10.1
[INFO] [stderr]    Compiling foldhash v0.1.5
[INFO] [stderr]    Compiling generic-array v0.14.7
[INFO] [stderr]    Compiling getrandom v0.4.2
[INFO] [stderr]    Compiling memoffset v0.6.5
[INFO] [stderr]    Compiling typenum v1.20.0
[INFO] [stderr]    Compiling syn v1.0.109
[INFO] [stderr]    Compiling http v1.4.0
[INFO] [stderr]    Compiling hashbrown v0.17.0
[INFO] [stderr]    Compiling bitflags v2.11.1
[INFO] [stderr]    Compiling equivalent v1.0.2
[INFO] [stderr]    Compiling rustix v1.1.4
[INFO] [stderr]    Compiling wayland-sys v0.29.5
[INFO] [stderr]    Compiling zerocopy v0.8.48
[INFO] [stderr]    Compiling crossbeam-epoch v0.9.18
[INFO] [stderr]    Compiling bitvec v1.0.1
[INFO] [stderr]    Compiling tracing v0.1.44
[INFO] [stderr]    Compiling hashbrown v0.15.5
[INFO] [stderr]    Compiling slab v0.4.12
[INFO] [stderr]    Compiling futures-task v0.3.32
[INFO] [stderr]    Compiling linux-raw-sys v0.12.1
[INFO] [stderr]    Compiling serde v1.0.228
[INFO] [stderr]    Compiling zmij v1.0.21
[INFO] [stderr]    Compiling syn v2.0.117
[INFO] [stderr]    Compiling wayland-scanner v0.29.5
[INFO] [stderr]    Compiling fixedbitset v0.5.7
[INFO] [stderr]    Compiling rayon-core v1.13.0
[INFO] [stderr]    Compiling semver v1.0.28
[INFO] [stderr]    Compiling downcast-rs v1.2.1
[INFO] [stderr]    Compiling rustversion v1.0.22
[INFO] [stderr]    Compiling thiserror v1.0.69
[INFO] [stderr]    Compiling http-body v1.0.1
[INFO] [stderr]    Compiling indexmap v2.14.0
[INFO] [stderr]    Compiling http-body-util v0.1.3
[INFO] [stderr]    Compiling rustc_version v0.4.1
[INFO] [stderr]    Compiling futures-util v0.3.32
[INFO] [stderr]    Compiling crossbeam-deque v0.8.6
[INFO] [stderr]    Compiling nom v8.0.0
[INFO] [stderr]    Compiling num-traits v0.2.19
[INFO] [stderr]    Compiling futures-channel v0.3.32
[INFO] [stderr]    Compiling httpdate v1.0.3
[INFO] [stderr]    Compiling percent-encoding v2.3.2
[INFO] [stderr]    Compiling sync_wrapper v1.0.2
[INFO] [stderr]    Compiling fastrand v2.4.1
[INFO] [stderr]    Compiling serde_json v1.0.149
[INFO] [stderr]    Compiling atomic-waker v1.1.2
[INFO] [stderr]    Compiling form_urlencoded v1.2.2
[INFO] [stderr]    Compiling block-buffer v0.10.4
[INFO] [stderr]    Compiling crypto-common v0.1.7
[INFO] [stderr]    Compiling getrandom v0.2.17
[INFO] [stderr]    Compiling nix v0.24.3
[INFO] [stderr]    Compiling errno v0.3.14
[INFO] [stderr]    Compiling socket2 v0.6.3
[INFO] [stderr]    Compiling rand_core v0.6.4
[INFO] [stderr]    Compiling signal-hook-registry v1.4.8
[INFO] [stderr]    Compiling wayland-client v0.29.5
[INFO] [stderr]    Compiling parking_lot v0.12.5
[INFO] [stderr]    Compiling mio v1.2.0
[INFO] [stderr]    Compiling wayland-protocols v0.29.5
[INFO] [stderr]    Compiling petgraph v0.8.3
[INFO] [stderr]    Compiling gethostname v0.2.3
[INFO] [stderr]    Compiling os_pipe v1.2.3
[INFO] [stderr]    Compiling curve25519-dalek v4.1.3
[INFO] [stderr]    Compiling constant_time_eq v0.4.2
[INFO] [stderr]    Compiling arrayvec v0.7.6
[INFO] [stderr]    Compiling arrayref v0.3.9
[INFO] [stderr]    Compiling either v1.15.0
[INFO] [stderr]    Compiling ryu v1.0.23
[INFO] [stderr]    Compiling tempfile v3.27.0
[INFO] [stderr]    Compiling cpufeatures v0.2.17
[INFO] [stderr]    Compiling mime v0.3.17
[INFO] [stderr]    Compiling rayon v1.12.0
[INFO] [stderr]    Compiling blake2s_simd v1.0.4
[INFO] [stderr]    Compiling ff v0.13.1
[INFO] [stderr]    Compiling group v0.13.0
[INFO] [stderr]    Compiling pairing v0.23.0
[INFO] [stderr]    Compiling serde_path_to_error v0.1.20
[INFO] [stderr]    Compiling digest v0.10.7
[INFO] [stderr]    Compiling derive-new v0.5.9
[INFO] [stderr]    Compiling num_cpus v1.17.0
[INFO] [stderr]    Compiling crossbeam-channel v0.5.15
[INFO] [stderr]    Compiling zeroize v1.8.2
[INFO] [stderr]    Compiling iana-time-zone v0.1.65
[INFO] [stderr]    Compiling lazy_static v1.5.0
[INFO] [stderr]    Compiling matchit v0.7.3
[INFO] [stderr]    Compiling byteorder v1.5.0
[INFO] [stderr]    Compiling sha2 v0.10.9
[INFO] [stderr]    Compiling bls12_381 v0.8.0
[INFO] [stderr]    Compiling tower-http v0.5.2
[INFO] [stderr]    Compiling chrono v0.4.44
[INFO] [stderr]    Compiling tower v0.4.13
[INFO] [stderr]    Compiling tokio-macros v2.7.0
[INFO] [stderr]    Compiling thiserror-impl v1.0.69
[INFO] [stderr]    Compiling serde_derive v1.0.228
[INFO] [stderr]    Compiling async-trait v0.1.89
[INFO] [stderr]    Compiling curve25519-dalek-derive v0.1.1
[INFO] [stderr]    Compiling tree_magic_mini v3.2.2
[INFO] [stderr]    Compiling tokio v1.52.1
[INFO] [stderr]    Compiling axum-core v0.4.5
[INFO] [stderr]    Compiling ppv-lite86 v0.2.21
[INFO] [stderr]    Compiling bellman v0.14.0
[INFO] [stderr]    Compiling wayland-commons v0.29.5
[INFO] [stderr]    Compiling x11rb-protocol v0.10.0
[INFO] [stderr]    Compiling rand_chacha v0.3.1
[INFO] [stderr]    Compiling rand v0.8.6
[INFO] [stderr]    Compiling serde_urlencoded v0.7.1
[INFO] [stderr]    Compiling hyper v1.9.0
[INFO] [stderr]    Compiling tower v0.5.3
[INFO] [stderr]    Compiling hyper-util v0.1.20
[INFO] [stderr]    Compiling axum v0.7.9
[INFO] [stderr]    Compiling x11rb v0.10.1
[INFO] [stderr]    Compiling x11-clipboard v0.7.1
[INFO] [stderr]    Compiling wl-clipboard-rs v0.7.0
[INFO] [stderr]    Compiling cli-clipboard v0.4.0
[INFO] [stderr]    Compiling privacy_chain v0.1.0 (/opt/rustwide/workdir)
[INFO] [stderr]     Finished `release` profile [optimized] target(s) in 2m 28s
[INFO] [stderr] warning: the following packages contain code that will be rejected by a future version of Rust: wl-clipboard-rs v0.7.0
[INFO] [stderr] note: to see what the problems were, use the option `--future-incompat-report`, or run `cargo report future-incompatibilities --id 2`
[INFO] running `Command { std: "docker" "inspect" "a73a66f0602008f48ac632b86f8489cf896875c32d255b7ef6345b1a03c32667", kill_on_drop: false }`
[INFO] running `Command { std: "docker" "exec" "-e" "SOURCE_DIR=/opt/rustwide/workdir" "-e" "CARGO_HOME=/opt/rustwide/cargo-home" "-e" "RUSTUP_HOME=/opt/rustwide/rustup-home" "-e" "CARGO_TARGET_DIR=/opt/rustwide/target" "-e" "CARGO_INCREMENTAL=0" "-e" "RUST_BACKTRACE=full" "-e" "RUSTFLAGS=--cap-lints=warn" "-e" "RUSTDOCFLAGS=--cap-lints=warn" "-w" "/opt/rustwide/workdir" "--user" "0:0" "a73a66f0602008f48ac632b86f8489cf896875c32d255b7ef6345b1a03c32667" "/opt/rustwide/cargo-home/bin/cargo" "+1.99.0-beta.8" "test" "--frozen" "--no-run" "--message-format=json" "--release", kill_on_drop: false }`
[INFO] [stderr]    Compiling privacy_chain v0.1.0 (/opt/rustwide/workdir)
[INFO] [stderr]     Finished `release` profile [optimized] target(s) in 12.38s
[INFO] [stderr] warning: the following packages contain code that will be rejected by a future version of Rust: wl-clipboard-rs v0.7.0
[INFO] [stderr] note: to see what the problems were, use the option `--future-incompat-report`, or run `cargo report future-incompatibilities --id 2`
[INFO] running `Command { std: "docker" "inspect" "a73a66f0602008f48ac632b86f8489cf896875c32d255b7ef6345b1a03c32667", kill_on_drop: false }`
[INFO] running `Command { std: "docker" "exec" "-e" "SOURCE_DIR=/opt/rustwide/workdir" "-e" "CARGO_HOME=/opt/rustwide/cargo-home" "-e" "RUSTUP_HOME=/opt/rustwide/rustup-home" "-e" "CARGO_TARGET_DIR=/opt/rustwide/target" "-e" "CARGO_INCREMENTAL=0" "-e" "RUST_BACKTRACE=full" "-e" "RUSTFLAGS=--cap-lints=warn" "-e" "RUSTDOCFLAGS=--cap-lints=warn" "-w" "/opt/rustwide/workdir" "--user" "0:0" "a73a66f0602008f48ac632b86f8489cf896875c32d255b7ef6345b1a03c32667" "/opt/rustwide/cargo-home/bin/cargo" "+1.99.0-beta.8" "test" "--frozen" "--release", kill_on_drop: false }`
[INFO] [stderr]     Finished `release` profile [optimized] target(s) in 0.17s
[INFO] [stderr] warning: the following packages contain code that will be rejected by a future version of Rust: wl-clipboard-rs v0.7.0
[INFO] [stderr] note: to see what the problems were, use the option `--future-incompat-report`, or run `cargo report future-incompatibilities --id 2`
[INFO] [stderr]      Running unittests src/main.rs (/opt/rustwide/target/release/deps/privacy_chain-bff67b302cd2096f)
[INFO] [stdout] 
[INFO] [stdout] running 15 tests
[INFO] [stdout] test tests::tests::test_double_halving ... ok
[INFO] [stdout] test tests::tests::test_tx_balance ... ok
[INFO] [stdout] test zkproof::tests::empty_witness_is_rejected ... ok
[INFO] [stdout] test tests::tests::test_initial_reward ... ok
[INFO] [stdout] test tests::tests::test_no_overflow_supply ... ok
[INFO] [stdout] test tests::tests::test_halving_reward ... ok
[INFO] [stdout] test tests::tests::test_mempool_rejects_invalid_tx ... ok
[INFO] [stdout] test tests::tests::test_max_supply_stops_reward ... ok
[INFO] [stdout] test tests::tests::test_halving_progress ... ok
[INFO] [stdout] test zkproof::tests::stub_generates_and_verifies ... ok
[INFO] [stdout] test tests::tests::test_double_spend_prevention ... ok
[INFO] [stdout] test tests::tests::test_seed_phrase_generation ... ok
[INFO] [stdout] test tests::tests::test_remaining_supply ... ok
[INFO] [stdout] test tests::tests::test_wallet_storage_round_trip_v2 ... FAILED
[INFO] [stdout] test tests::tests::test_blockchain_rejects_tampering ... ok
[INFO] [stdout] 
[INFO] [stdout] failures:
[INFO] [stdout] 
[INFO] [stdout] ---- tests::tests::test_wallet_storage_round_trip_v2 stdout ----
[INFO] [stdout] 
[INFO] [stdout] thread 'tests::tests::test_wallet_storage_round_trip_v2' (9165) panicked at src/tests.rs:101:9:
[INFO] [stdout] assertion failed: crate::storage::save_wallet("PC1-test", b"scan-private", b"spend-private", 42,
[INFO] [stdout]     Some("alpha bravo charlie delta echo foxtrot golf hotel india juliet kilo lima"),
[INFO] [stdout]     "strong-password", path)
[INFO] [stdout] stack backtrace:
[INFO] [stdout]    0:     0x64fb10f19161 - <<std[70759c8f55707aa4]::sys::backtrace::BacktraceLock>::print::DisplayBacktrace as core[df12db4294e9bfd3]::fmt::Display>::fmt
[INFO] [stdout]    1:     0x64fb10f2daca - core[df12db4294e9bfd3]::fmt::write
[INFO] [stdout]    2:     0x64fb10f1d5fc - <alloc[2182bb758b4b3781]::vec::Vec<u8> as core[df12db4294e9bfd3]::io::write::Write>::write_fmt
[INFO] [stdout]    3:     0x64fb10ef45e6 - std[70759c8f55707aa4]::panicking::default_hook::{closure#0}
[INFO] [stdout]    4:     0x64fb10f11179 - std[70759c8f55707aa4]::panicking::default_hook
[INFO] [stdout]    5:     0x64fb10ea1f10 - test[9d35eded1c95d3be]::test_main_inner::<test[9d35eded1c95d3be]::test_main_static::{closure#0}>::{closure#0}
[INFO] [stdout]    6:     0x64fb10f11332 - std[70759c8f55707aa4]::panicking::panic_with_hook
[INFO] [stdout]    7:     0x64fb10ef46c4 - std[70759c8f55707aa4]::panicking::panic_handler::{closure#0}
[INFO] [stdout]    8:     0x64fb10eed109 - std[70759c8f55707aa4]::sys::backtrace::__rust_end_short_backtrace::<std[70759c8f55707aa4]::panicking::panic_handler::{closure#0}, !>
[INFO] [stdout]    9:     0x64fb10ef537d - __rustc[8fa7c3cbc660c2b3]::rust_begin_unwind
[INFO] [stdout]   10:     0x64fb10f2e1fc - core[df12db4294e9bfd3]::panicking::panic_fmt
[INFO] [stdout]   11:     0x64fb10f2e1c2 - core[df12db4294e9bfd3]::panicking::panic
[INFO] [stdout]   12:     0x64fb10e8d820 - privacy_chain[6c1a22bfa6eab10f]::tests::tests::test_wallet_storage_round_trip_v2
[INFO] [stdout]   13:     0x64fb10e91699 - <privacy_chain[6c1a22bfa6eab10f]::tests::tests::test_wallet_storage_round_trip_v2::{closure#0} as core[df12db4294e9bfd3]::ops::function::FnOnce<()>>::call_once
[INFO] [stdout]   14:     0x64fb10e951fb - test[9d35eded1c95d3be]::__rust_begin_short_backtrace::<core[df12db4294e9bfd3]::result::Result<(), alloc[2182bb758b4b3781]::string::String>, fn() -> core[df12db4294e9bfd3]::result::Result<(), alloc[2182bb758b4b3781]::string::String>>
[INFO] [stdout]   15:     0x64fb10ea2865 - test[9d35eded1c95d3be]::run_test::{closure#0}
[INFO] [stdout]   16:     0x64fb10e9c124 - std[70759c8f55707aa4]::sys::backtrace::__rust_begin_short_backtrace::<test[9d35eded1c95d3be]::run_test::{closure#1}, ()>
[INFO] [stdout]   17:     0x64fb10ea59c2 - <std[70759c8f55707aa4]::thread::lifecycle::spawn_unchecked<test[9d35eded1c95d3be]::run_test::{closure#1}, ()>::{closure#1} as core[df12db4294e9bfd3]::ops::function::FnOnce<()>>::call_once::{shim:vtable#0}
[INFO] [stdout]   18:     0x64fb10f18529 - <std[70759c8f55707aa4]::sys::thread::unix::Thread>::new::thread_start
[INFO] [stdout]   19:     0x754592c84dfa - <unknown>
[INFO] [stdout]   20:     0x754592d183d4 - clone
[INFO] [stdout]   21:                0x0 - <unknown>
[INFO] [stdout] 
[INFO] [stdout] 
[INFO] [stdout] failures:
[INFO] [stdout]     tests::tests::test_wallet_storage_round_trip_v2
[INFO] [stdout] 
[INFO] [stdout] test result: FAILED. 14 passed; 1 failed; 0 ignored; 0 measured; 0 filtered out; finished in 0.04s
[INFO] [stdout] 
[INFO] [stderr] error: test failed, to rerun pass `--bin privacy_chain`
[INFO] running `Command { std: "docker" "inspect" "a73a66f0602008f48ac632b86f8489cf896875c32d255b7ef6345b1a03c32667", kill_on_drop: false }`
[INFO] running `Command { std: "docker" "rm" "-f" "a73a66f0602008f48ac632b86f8489cf896875c32d255b7ef6345b1a03c32667", kill_on_drop: false }`
[INFO] [stdout] a73a66f0602008f48ac632b86f8489cf896875c32d255b7ef6345b1a03c32667
