[INFO] fetching crate vlz-cve-client 0.14.1...
[INFO] testing vlz-cve-client-0.14.1 against 1.99.0-beta.8+cargoflags=--release for beta-release-1.100-3
[INFO] extracting crate vlz-cve-client 0.14.1 into /workspace/builds/worker-7-tc1/source
[INFO] started tweaking crates.io crate vlz-cve-client 0.14.1
[INFO] removed 0 missing tests
[INFO] finished tweaking crates.io crate vlz-cve-client 0.14.1
[INFO] tweaked toml for crates.io crate vlz-cve-client 0.14.1 written to /workspace/builds/worker-7-tc1/source/Cargo.toml
[INFO] validating manifest of crates.io crate vlz-cve-client 0.14.1 on toolchain 1.99.0-beta.8
[INFO] running `Command { std: CARGO_HOME="/workspace/cargo-home" RUSTUP_HOME="/workspace/rustup-home" "/workspace/cargo-home/bin/cargo" "+1.99.0-beta.8" "metadata" "--manifest-path" "Cargo.toml" "--no-deps", kill_on_drop: false }`
[INFO] crate crates.io crate vlz-cve-client 0.14.1 already has a lockfile, it will not be regenerated
[INFO] running `Command { std: CARGO_HOME="/workspace/cargo-home" RUSTUP_HOME="/workspace/rustup-home" "/workspace/cargo-home/bin/cargo" "+1.99.0-beta.8" "fetch" "--manifest-path" "Cargo.toml", kill_on_drop: false }`
[INFO] [stderr]     Updating crates.io index
[INFO] [stderr]  Downloading crates ...
[INFO] [stderr]   Downloaded syn v3.0.7
[INFO] [stderr]   Downloaded vlz-reachability-trait v0.14.1
[INFO] [stderr]   Downloaded vlz-db v0.14.1
[INFO] [stderr]   Downloaded temp-env v0.3.6
[INFO] [stderr]   Downloaded cc v1.7.0
[INFO] [stderr]   Downloaded rustls-platform-verifier-android v0.2.0
[INFO] [stderr]   Downloaded rcgen v0.14.10
[INFO] [stderr]   Downloaded rusticata-macros v4.1.0
[INFO] [stderr]   Downloaded yasna v0.6.0
[INFO] [stderr]   Downloaded x509-parser v0.18.1
[INFO] [stderr]   Downloaded powerfmt v0.2.1
[INFO] [stderr]   Downloaded asn1-rs-derive v0.6.0
[INFO] [stderr]   Downloaded cvssrust v1.1.0
[INFO] [stderr]   Downloaded asn1-rs-impl v0.2.0
[INFO] [stderr]   Downloaded der-parser v10.0.0
[INFO] [stderr]   Downloaded oid-registry v0.8.1
[INFO] [stderr]   Downloaded asn1-rs v0.7.2
[INFO] running `Command { std: "docker" "create" "-v" "/var/lib/crater-agent-workspace/builds/worker-7-tc1/source:/opt/rustwide/workdir:ro,Z" "-v" "/var/lib/crater-agent-workspace/builds/worker-7-tc1/target:/opt/rustwide/target:rw,Z" "-v" "/var/lib/crater-agent-workspace/cargo-home:/opt/rustwide/cargo-home:ro,Z" "-v" "/var/lib/crater-agent-workspace/rustup-home:/opt/rustwide/rustup-home:ro,Z" "-m" "1610612736" "--network" "none" "ghcr.io/rust-lang/crates-build-env/linux@sha256:77db811e55d90add9212f6832c23229e3de5f1c1f9905e8cb07319ea15df73ac" "sleep" "infinity", kill_on_drop: false }`
[INFO] [stdout] 634fc9147e0a6441420fcb3dcb7ec607f616eda380c11adfe413fd3dc1a09e69
[INFO] running `Command { std: "docker" "start" "634fc9147e0a6441420fcb3dcb7ec607f616eda380c11adfe413fd3dc1a09e69", kill_on_drop: false }`
[INFO] running `Command { std: "docker" "inspect" "634fc9147e0a6441420fcb3dcb7ec607f616eda380c11adfe413fd3dc1a09e69", kill_on_drop: false }`
[INFO] running `Command { std: "docker" "exec" "-e" "SOURCE_DIR=/opt/rustwide/workdir" "-e" "CARGO_HOME=/opt/rustwide/cargo-home" "-e" "RUSTUP_HOME=/opt/rustwide/rustup-home" "-e" "CARGO_TARGET_DIR=/opt/rustwide/target" "-w" "/opt/rustwide/workdir" "--user" "0:0" "634fc9147e0a6441420fcb3dcb7ec607f616eda380c11adfe413fd3dc1a09e69" "/opt/rustwide/cargo-home/bin/cargo" "+1.99.0-beta.8" "metadata" "--no-deps" "--format-version=1", kill_on_drop: false }`
[INFO] running `Command { std: "docker" "inspect" "634fc9147e0a6441420fcb3dcb7ec607f616eda380c11adfe413fd3dc1a09e69", kill_on_drop: false }`
[INFO] running `Command { std: "docker" "exec" "-e" "SOURCE_DIR=/opt/rustwide/workdir" "-e" "CARGO_HOME=/opt/rustwide/cargo-home" "-e" "RUSTUP_HOME=/opt/rustwide/rustup-home" "-e" "CARGO_TARGET_DIR=/opt/rustwide/target" "-e" "CARGO_INCREMENTAL=0" "-e" "RUST_BACKTRACE=full" "-e" "RUSTFLAGS=--cap-lints=warn" "-e" "RUSTDOCFLAGS=--cap-lints=warn" "-w" "/opt/rustwide/workdir" "--user" "0:0" "634fc9147e0a6441420fcb3dcb7ec607f616eda380c11adfe413fd3dc1a09e69" "/opt/rustwide/cargo-home/bin/cargo" "+1.99.0-beta.8" "build" "--frozen" "--message-format=json" "--release", kill_on_drop: false }`
[INFO] [stderr]    Compiling unicode-ident v1.0.26
[INFO] [stderr]    Compiling libc v0.2.190
[INFO] [stderr]    Compiling find-msvc-tools v0.1.14
[INFO] [stderr]    Compiling smallvec v1.16.3
[INFO] [stderr]    Compiling zeroize v1.9.1
[INFO] [stderr]    Compiling typenum v1.20.1
[INFO] [stderr]    Compiling bitflags v2.13.2
[INFO] [stderr]    Compiling want v0.3.2
[INFO] [stderr]    Compiling rustix v1.1.5
[INFO] [stderr]    Compiling const-oid v0.10.2
[INFO] [stderr]    Compiling thiserror v2.0.21
[INFO] [stderr]    Compiling base64 v0.23.1
[INFO] [stderr]    Compiling cpufeatures v0.3.1
[INFO] [stderr]    Compiling openssl-probe v0.2.1
[INFO] [stderr]    Compiling log v0.4.34
[INFO] [stderr]    Compiling cc v1.7.0
[INFO] [stderr]    Compiling proc-macro2 v1.0.107
[INFO] [stderr]    Compiling rustls-pki-types v1.15.1
[INFO] [stderr]    Compiling rustls-native-certs v0.8.4
[INFO] [stderr]    Compiling quote v1.0.47
[INFO] [stderr]    Compiling syn v3.0.7
[INFO] [stderr]    Compiling hybrid-array v0.4.15
[INFO] [stderr]    Compiling socket2 v0.6.5
[INFO] [stderr]    Compiling mio v1.2.4
[INFO] [stderr]    Compiling getrandom v0.2.17
[INFO] [stderr]    Compiling block-buffer v0.12.1
[INFO] [stderr]    Compiling crypto-common v0.2.2
[INFO] [stderr]    Compiling ring v0.17.14
[INFO] [stderr]    Compiling tokio v1.53.2
[INFO] [stderr]    Compiling digest v0.11.3
[INFO] [stderr]    Compiling sha2 v0.11.0
[INFO] [stderr]    Compiling synstructure v0.14.0
[INFO] [stderr]    Compiling zerofrom-derive v0.1.8
[INFO] [stderr]    Compiling yoke-derive v0.8.4
[INFO] [stderr]    Compiling zerovec-derive v0.11.6
[INFO] [stderr]    Compiling displaydoc v0.2.7
[INFO] [stderr]    Compiling serde_derive v1.0.229
[INFO] [stderr]    Compiling thiserror-impl v2.0.21
[INFO] [stderr]    Compiling async-trait v0.1.92
[INFO] [stderr]    Compiling zerofrom v0.1.8
[INFO] [stderr]    Compiling hyper v1.12.0
[INFO] [stderr]    Compiling tower v0.5.3
[INFO] [stderr]    Compiling yoke v0.8.3
[INFO] [stderr]    Compiling zerovec v0.11.8
[INFO] [stderr]    Compiling zerotrie v0.2.5
[INFO] [stderr]    Compiling hyper-util v0.1.21
[INFO] [stderr]    Compiling tinystr v0.8.4
[INFO] [stderr]    Compiling potential_utf v0.1.6
[INFO] [stderr]    Compiling icu_collections v2.3.0
[INFO] [stderr]    Compiling icu_locale_core v2.3.0
[INFO] [stderr]    Compiling serde v1.0.229
[INFO] [stderr]    Compiling icu_provider v2.3.1
[INFO] [stderr]    Compiling vlz-db v0.14.1
[INFO] [stderr]    Compiling serde_urlencoded v0.7.1
[INFO] [stderr]    Compiling cvssrust v1.1.0
[INFO] [stderr]    Compiling icu_normalizer v2.3.0
[INFO] [stderr]    Compiling icu_properties v2.3.0
[INFO] [stderr]    Compiling rustls v0.23.45
[INFO] [stderr]    Compiling idna_adapter v1.2.2
[INFO] [stderr]    Compiling idna v1.1.0
[INFO] [stderr]    Compiling vlz-reachability-trait v0.14.1
[INFO] [stderr]    Compiling url v2.5.8
[INFO] [stderr]    Compiling rustls-webpki v0.103.15
[INFO] [stderr]    Compiling tower-http v0.6.11
[INFO] [stderr]    Compiling tokio-rustls v0.26.6
[INFO] [stderr]    Compiling rustls-platform-verifier v0.7.1
[INFO] [stderr]    Compiling hyper-rustls v0.27.10
[INFO] [stderr]    Compiling reqwest v0.13.5
[INFO] [stderr]    Compiling vlz-cve-client v0.14.1 (/opt/rustwide/workdir)
[INFO] [stderr]     Finished `release` profile [optimized] target(s) in 1m 04s
[INFO] running `Command { std: "docker" "inspect" "634fc9147e0a6441420fcb3dcb7ec607f616eda380c11adfe413fd3dc1a09e69", kill_on_drop: false }`
[INFO] running `Command { std: "docker" "exec" "-e" "SOURCE_DIR=/opt/rustwide/workdir" "-e" "CARGO_HOME=/opt/rustwide/cargo-home" "-e" "RUSTUP_HOME=/opt/rustwide/rustup-home" "-e" "CARGO_TARGET_DIR=/opt/rustwide/target" "-e" "CARGO_INCREMENTAL=0" "-e" "RUST_BACKTRACE=full" "-e" "RUSTFLAGS=--cap-lints=warn" "-e" "RUSTDOCFLAGS=--cap-lints=warn" "-w" "/opt/rustwide/workdir" "--user" "0:0" "634fc9147e0a6441420fcb3dcb7ec607f616eda380c11adfe413fd3dc1a09e69" "/opt/rustwide/cargo-home/bin/cargo" "+1.99.0-beta.8" "test" "--frozen" "--no-run" "--message-format=json" "--release", kill_on_drop: false }`
[INFO] [stderr]    Compiling futures-sink v0.3.34
[INFO] [stderr]    Compiling tokio-macros v2.7.2
[INFO] [stderr]    Compiling futures-macro v0.3.34
[INFO] [stderr]    Compiling futures-task v0.3.34
[INFO] [stderr]    Compiling futures-io v0.3.34
[INFO] [stderr]    Compiling indexmap v2.14.2
[INFO] [stderr]    Compiling rustix v1.1.5
[INFO] [stderr]    Compiling num-conv v0.2.2
[INFO] [stderr]    Compiling time-core v0.1.9
[INFO] [stderr]    Compiling powerfmt v0.2.1
[INFO] [stderr]    Compiling deranged v0.5.8
[INFO] [stderr]    Compiling regex-automata v0.4.18
[INFO] [stderr]    Compiling parking_lot_core v0.9.12
[INFO] [stderr]    Compiling num_cpus v1.17.0
[INFO] [stderr]    Compiling lazy_static v1.5.1
[INFO] [stderr]    Compiling getrandom v0.4.3
[INFO] [stderr]    Compiling futures-channel v0.3.34
[INFO] [stderr]    Compiling assert-json-diff v2.0.2
[INFO] [stderr]    Compiling parking_lot v0.12.5
[INFO] [stderr]    Compiling tokio v1.53.2
[INFO] [stderr]    Compiling futures-util v0.3.34
[INFO] [stderr]    Compiling time v0.3.55
[INFO] [stderr]    Compiling yasna v0.6.0
[INFO] [stderr]    Compiling vlz-db v0.14.1
[INFO] [stderr]    Compiling tempfile v3.27.0
[INFO] [stderr]    Compiling rcgen v0.14.10
[INFO] [stderr]    Compiling regex v1.13.1
[INFO] [stderr]    Compiling vlz-reachability-trait v0.14.1
[INFO] [stderr]    Compiling futures-executor v0.3.34
[INFO] [stderr]    Compiling futures v0.3.34
[INFO] [stderr]    Compiling temp-env v0.3.6
[INFO] [stderr]    Compiling tokio-util v0.7.20
[INFO] [stderr]    Compiling tower v0.5.3
[INFO] [stderr]    Compiling tokio-rustls v0.26.6
[INFO] [stderr]    Compiling deadpool v0.12.3
[INFO] [stderr]    Compiling tower-http v0.6.11
[INFO] [stderr]    Compiling h2 v0.4.20
[INFO] [stderr]    Compiling hyper v1.12.0
[INFO] [stderr]    Compiling hyper-util v0.1.21
[INFO] [stderr]    Compiling hyper-rustls v0.27.10
[INFO] [stderr]    Compiling wiremock v0.6.5
[INFO] [stderr]    Compiling reqwest v0.13.5
[INFO] [stderr]    Compiling vlz-cve-client v0.14.1 (/opt/rustwide/workdir)
[INFO] [stderr]     Finished `release` profile [optimized] target(s) in 1m 03s
[INFO] running `Command { std: "docker" "inspect" "634fc9147e0a6441420fcb3dcb7ec607f616eda380c11adfe413fd3dc1a09e69", kill_on_drop: false }`
[INFO] running `Command { std: "docker" "exec" "-e" "SOURCE_DIR=/opt/rustwide/workdir" "-e" "CARGO_HOME=/opt/rustwide/cargo-home" "-e" "RUSTUP_HOME=/opt/rustwide/rustup-home" "-e" "CARGO_TARGET_DIR=/opt/rustwide/target" "-e" "CARGO_INCREMENTAL=0" "-e" "RUST_BACKTRACE=full" "-e" "RUSTFLAGS=--cap-lints=warn" "-e" "RUSTDOCFLAGS=--cap-lints=warn" "-w" "/opt/rustwide/workdir" "--user" "0:0" "634fc9147e0a6441420fcb3dcb7ec607f616eda380c11adfe413fd3dc1a09e69" "/opt/rustwide/cargo-home/bin/cargo" "+1.99.0-beta.8" "test" "--frozen" "--release", kill_on_drop: false }`
[INFO] [stderr]     Finished `release` profile [optimized] target(s) in 0.18s
[INFO] [stderr]      Running unittests src/lib.rs (/opt/rustwide/target/release/deps/vlz_cve_client-1dac4de90898b55d)
[INFO] [stdout] 
[INFO] [stdout] running 109 tests
[INFO] [stdout] test affected_ranges::tests::git_range ... ok
[INFO] [stdout] test affected_ranges::tests::missing_affected_yields_empty ... ok
[INFO] [stdout] test affected_ranges::tests::extra_affected_packages_dropped ... ok
[INFO] [stdout] test affected_ranges::tests::record_without_matching_raw_left_empty ... ok
[INFO] [stdout] test affected_ranges::tests::ecosystem_fixed_event ... ok
[INFO] [stdout] test affected_ranges::tests::malformed_events_skipped ... ok
[INFO] [stdout] test affected_ranges::tests::cvss_fields_unchanged_by_attach ... ok
[INFO] [stdout] test affected_ranges::tests::affected_entry_without_ranges_skipped ... ok
[INFO] [stdout] test affected_ranges::tests::pairs_by_cve_id_across_records ... ok
[INFO] [stdout] test affected_ranges::tests::missing_package_object_keeps_ranges ... ok
[INFO] [stdout] test affected_ranges::tests::limit_event_stored ... ok
[INFO] [stdout] test affected_symbols::tests::advisory_fingerprint_empty_without_symbol_data ... ok
[INFO] [stdout] test affected_ranges::tests::semver_range ... ok
[INFO] [stdout] test affected_ranges::tests::last_affected_without_fixed ... ok
[INFO] [stdout] test affected_symbols::tests::crate_name_normalization_matches_hyphen_advisory ... ok
[INFO] [stdout] test affected_symbols::tests::database_specific_non_allowlisted_keys_ignored ... ok
[INFO] [stdout] test affected_symbols::tests::later_matching_entry_with_symbols_is_used ... ok
[INFO] [stdout] test affected_symbols::tests::missing_affected_array_returns_default ... ok
[INFO] [stdout] test affected_symbols::tests::pypi_modules_extracted ... ok
[INFO] [stdout] test affected_symbols::tests::affected_entry_without_package_object_is_skipped ... ok
[INFO] [stdout] test affected_ranges::tests::unknown_range_type_skipped ... ok
[INFO] [stdout] test affected_symbols::tests::pypi_name_normalization_matches_hyphen_package ... ok
[INFO] [stdout] test affected_symbols::tests::database_specific_allowlisted_functions_used_as_fallback ... ok
[INFO] [stdout] test affected_symbols::tests::database_specific_severity_only_has_no_data ... ok
[INFO] [stdout] test affected_symbols::tests::go_imports_and_symbols_extracted ... ok
[INFO] [stdout] test affected_symbols::tests::wrong_package_entry_skipped ... ok
[INFO] [stdout] test affected_symbols::tests::rust_functions_extracted ... ok
[INFO] [stdout] test affected_symbols::tests::rust_affects_functions_extracted ... ok
[INFO] [stdout] test affected_symbols::tests::pypi_path_ignored_for_matching ... ok
[INFO] [stdout] test affected_symbols::tests::go_import_path_without_symbols ... ok
[INFO] [stdout] test affected_symbols::tests::pypi_without_symbols_has_no_data ... ok
[INFO] [stdout] test affected_symbols::tests::advisory_fingerprint_sorts_and_dedupes ... ok
[INFO] [stdout] test affected_symbols::tests::unions_symbols_across_matching_entries_in_order ... ok
[INFO] [stdout] test affected_symbols::tests::generic_ecosystem_uses_functions_keys ... ok
[INFO] [stdout] test affected_symbols::tests::ecosystem_specific_preferred_over_database_specific ... ok
[INFO] [stdout] test http_client::tests::linux::linux_pem_trust_invalid_trust_pem_is_reqwest ... ok
[INFO] [stdout] test http_client::tests::linux::linux_pem_trust_invalid_crl_pem_is_reqwest ... ok
[INFO] [stdout] test affected_symbols::tests::sanitize_drops_empty_symbols ... ok
[INFO] [stdout] test http_client::tests::linux::linux_pem_trust_missing_crl_is_read_crl_bundle ... ok
[INFO] [stdout] test http_client::tests::linux::linux_pem_trust_missing_root_is_io ... ok
[INFO] [stdout] test http_client::tests::root_certificates_from_der_bytes_empty_yields_no_anchors ... ok
[INFO] [stdout] test http_client::tests::timeout_constants_match_documented_defaults ... ok
[INFO] [stdout] test http_client::tests::linux::linux_pem_trust_fixtures_build_client ... ok
[INFO] [stdout] test http_client::tests::rustls_default_cipher_suites_exclude_chacha20_include_aes_gcm ... ok
[INFO] [stdout] test merge::tests::empty_input_returns_empty ... ok
[INFO] [stdout] test merge::tests::ghsa_and_cve_alias_collapse_to_one_cve_id ... ok
[INFO] [stdout] test merge::tests::github_ghsa_identity_collapses ... ok
[INFO] [stdout] test merge::tests::mal_stays_separate_from_cve ... ok
[INFO] [stdout] test merge::tests::provider_order_wins_when_ranges_and_cvss_tie ... ok
[INFO] [stdout] test merge::tests::sole_provider_sets_sole_reason ... ok
[INFO] [stdout] test merge::tests::cvss_version_wins_when_ranges_tie_empty ... ok
[INFO] [stdout] test merge::tests::mixed_ranges_group_attributes_cvss_not_ranges ... ok
[INFO] [stdout] test tests::backoff_config_default_values ... ok
[INFO] [stdout] test merge::tests::extract_cpe_reads_nvd_cve_object_configurations ... ok
[INFO] [stdout] test tests::decode_raw_vulns_unknown_provider_returns_empty ... ok
[INFO] [stdout] test merge::tests::three_record_connected_component_merges ... ok
[INFO] [stdout] test tests::cve_provider_default_name_unknown ... ok
[INFO] [stdout] test merge::tests::sonatype_cve_field_collapses ... ok
[INFO] [stdout] test tests::ensure_crypto_provider_is_idempotent ... ok
[INFO] [stdout] test tests::ensure_default_decoders_registers_osv_decoder ... ok
[INFO] [stdout] test http_client::tests::root_certificates_from_der_bytes_matches_native_store_when_present ... ok
[INFO] [stdout] test http_client::tests::build_provider_http_client_accepts_custom_timeouts ... ok
[INFO] [stdout] test http_client::tests::op_http_proxy_env::http_proxy_env_uses_unreachable_proxy ... ok
[INFO] [stdout] test http_client::tests::linux::build_provider_http_client_crl_path_invalid_pem_is_reqwest ... ok
[INFO] [stdout] test http_client::tests::build_provider_http_client_succeeds ... ok
[INFO] [stdout] test http_client::tests::linux::build_provider_http_client_crl_path_missing_is_read_crl_bundle ... ok
[INFO] [stdout] test http_client::tests::linux::build_provider_http_client_with_fixture_crl_and_native_roots ... ok
[INFO] [stdout] test tests::fetch_success_returns_vulns ... ok
[INFO] [stdout] test tests::fetch_invalid_json_returns_parse_error ... ok
[INFO] [stdout] test tests::raw_vuln_to_cve_record_cvss_v2_from_database_specific_cvss_v2_key ... ok
[INFO] [stdout] test tests::fetch_vuln_without_id_skipped ... ok
[INFO] [stdout] test tests::raw_vuln_to_cve_record_cvss_v2_from_severity_array ... ok
[INFO] [stdout] test tests::raw_vuln_to_cve_record_cvss_v3_from_database_specific_cvss_v3_key ... ok
[INFO] [stdout] test tests::raw_vuln_to_cve_record_cvss_v3_from_severity_array ... ok
[INFO] [stdout] test tests::raw_vuln_to_cve_record_cvss_v4_from_severity_array ... ok
[INFO] [stdout] test tests::raw_vuln_to_cve_record_database_specific_cvss_score_generic ... ok
[INFO] [stdout] test tests::raw_vuln_to_cve_record_cvss_v4_from_database_specific_cvss_v4_key ... ok
[INFO] [stdout] test tests::raw_vuln_to_cve_record_description_fallback_to_details ... ok
[INFO] [stdout] test tests::fetch_http_500_returns_transient ... ok
[INFO] [stdout] test tests::fetch_empty_vulns ... ok
[INFO] [stdout] test tests::raw_vuln_to_cve_record_id_non_string_returns_none ... ok
[INFO] [stdout] test tests::raw_vuln_to_cve_record_id_only_no_severity ... ok
[INFO] [stdout] test tests::raw_vuln_to_cve_record_invalid_v3_vector_in_severity_skipped ... ok
[INFO] [stdout] test tests::raw_vuln_to_cve_record_no_cvss_none_none ... ok
[INFO] [stdout] test tests::raw_vuln_to_cve_record_invalid_v2_vector_in_severity_skipped ... ok
[INFO] [stdout] test tests::raw_vuln_to_cve_record_no_id_returns_none ... ok
[INFO] [stdout] test tests::raw_vuln_to_cve_record_primary_v3_fr034 ... ok
[INFO] [stdout] test tests::raw_vuln_to_cve_record_score_out_of_range_rejected ... ok
[INFO] [stdout] test tests::raw_vuln_to_cve_record_v2_and_v3_v3_wins ... ok
[INFO] [stdout] test tests::raw_vuln_to_cve_record_v2_only ... ok
[INFO] [stdout] test tests::raw_vuln_to_cve_record_v4_score_out_of_range_rejected ... ok
[INFO] [stdout] test tests::raw_vuln_to_cve_record_v4_wins ... ok
[INFO] [stdout] test http_client::tests::op_http_proxy_env::proxy_env_mismatch_lines_empty_when_only_uppercase_set ... ok
[INFO] [stdout] test tests::register_decoder_custom_provider ... ok
[INFO] [stdout] test tests::raw_vuln_to_cve_record_v4_database_specific_out_of_range ... ok
[INFO] [stdout] test tests::retrying_provider_new_preserves_inner_name ... ok
[INFO] [stdout] test http_client::tests::op_http_proxy_env::no_proxy_uppercase_bypasses_dead_http_proxy ... ok
[INFO] [stdout] test http_client::tests::op_http_proxy_env::proxy_env_mismatch_respects_ascii_trim_for_equality ... ok
[INFO] [stdout] test http_client::tests::op_http_proxy_env::proxy_env_mismatch_lines_when_no_proxy_pair_differs ... ok
[INFO] [stdout] test tests::fetch_429_respects_retry_after_header ... FAILED
[INFO] [stdout] test tests::fetch_retries_exhausted_returns_last_error ... ok
[INFO] [stdout] test tests::retrying_provider_retries_on_network_error ... ok
[INFO] [stdout] test tests::fetch_500_retries ... FAILED
[INFO] [stdout] test tests::retrying_provider_wraps_any_provider ... ok
[INFO] [stdout] test tests::osv_provider_name_fr018 ... ok
[INFO] [stdout] test http_client::tests::op_http_proxy_env::no_proxy_lowercase_bypasses_dead_http_proxy ... ok
[INFO] [stdout] test tests::fetch_connection_error_returns_transient ... ok
[INFO] [stdout] test tests::fetch_429_retries_with_backoff ... FAILED
[INFO] [stdout] test tests::fetch_4xx_no_retry ... FAILED
[INFO] [stdout] 
[INFO] [stdout] failures:
[INFO] [stdout] 
[INFO] [stdout] ---- tests::fetch_429_respects_retry_after_header stdout ----
[INFO] [stdout] 
[INFO] [stdout] thread 'tests::fetch_429_respects_retry_after_header' (2450) panicked at src/lib.rs:1048:49:
[INFO] [stdout] called `Result::unwrap()` on an `Err` value: Transient { retry_after_secs: None, source: reqwest::Error { kind: Request, url: "http://127.0.0.1:39513/", source: hyper_util::client::legacy::Error(Connect, ConnectError("tcp connect error", 127.0.0.1:1, Os { code: 111, kind: ConnectionRefused, message: "Connection refused" })) } }
[INFO] [stdout] stack backtrace:
[INFO] [stdout]    0:     0x5f59faa8f081 - <<std[70759c8f55707aa4]::sys::backtrace::BacktraceLock>::print::DisplayBacktrace as core[df12db4294e9bfd3]::fmt::Display>::fmt
[INFO] [stdout]    1:     0x5f59faaa717a - core[df12db4294e9bfd3]::fmt::write
[INFO] [stdout]    2:     0x5f59faa9440c - <alloc[2182bb758b4b3781]::vec::Vec<u8> as core[df12db4294e9bfd3]::io::write::Write>::write_fmt
[INFO] [stdout]    3:     0x5f59faa67546 - std[70759c8f55707aa4]::panicking::default_hook::{closure#0}
[INFO] [stdout]    4:     0x5f59faa85829 - std[70759c8f55707aa4]::panicking::default_hook
[INFO] [stdout]    5:     0x5f59fa7bf290 - test[9d35eded1c95d3be]::test_main_inner::<test[9d35eded1c95d3be]::test_main_static::{closure#0}>::{closure#0}
[INFO] [stdout]    6:     0x5f59faa85b52 - std[70759c8f55707aa4]::panicking::panic_with_hook
[INFO] [stdout]    7:     0x5f59faa675f2 - std[70759c8f55707aa4]::panicking::panic_handler::{closure#0}
[INFO] [stdout]    8:     0x5f59faa5fdb9 - std[70759c8f55707aa4]::sys::backtrace::__rust_end_short_backtrace::<std[70759c8f55707aa4]::panicking::panic_handler::{closure#0}, !>
[INFO] [stdout]    9:     0x5f59faa685fd - __rustc[8fa7c3cbc660c2b3]::rust_begin_unwind
[INFO] [stdout]   10:     0x5f59faaa78dc - core[df12db4294e9bfd3]::panicking::panic_fmt
[INFO] [stdout]   11:     0x5f59faaa76b2 - core[df12db4294e9bfd3]::result::unwrap_failed
[INFO] [stdout]   12:     0x5f59fa6f3e64 - vlz_cve_client[2850994f4bc39651]::tests::fetch_429_respects_retry_after_header::{closure#0}
[INFO] [stdout]   13:     0x5f59fa7453da - <tokio[1de3b2d38b8f9f77]::runtime::context::scoped::Scoped<tokio[1de3b2d38b8f9f77]::runtime::scheduler::Context>>::set::<<tokio[1de3b2d38b8f9f77]::runtime::scheduler::current_thread::CoreGuard>::enter<<tokio[1de3b2d38b8f9f77]::runtime::scheduler::current_thread::CoreGuard>::block_on<core[df12db4294e9bfd3]::pin::Pin<&mut core[df12db4294e9bfd3]::pin::Pin<&mut dyn core[df12db4294e9bfd3]::future::future::Future<Output = ()>>>>::{closure#0}, core[df12db4294e9bfd3]::option::Option<()>>::{closure#0}, (alloc[2182bb758b4b3781]::boxed::Box<tokio[1de3b2d38b8f9f77]::runtime::scheduler::current_thread::Core>, core[df12db4294e9bfd3]::option::Option<()>)>
[INFO] [stdout]   14:     0x5f59fa74654d - <tokio[1de3b2d38b8f9f77]::runtime::scheduler::current_thread::CoreGuard>::block_on::<core[df12db4294e9bfd3]::pin::Pin<&mut core[df12db4294e9bfd3]::pin::Pin<&mut dyn core[df12db4294e9bfd3]::future::future::Future<Output = ()>>>>
[INFO] [stdout]   15:     0x5f59fa731ca6 - tokio[1de3b2d38b8f9f77]::runtime::context::runtime::enter_runtime::<<tokio[1de3b2d38b8f9f77]::runtime::scheduler::current_thread::CurrentThread>::block_on<core[df12db4294e9bfd3]::pin::Pin<&mut dyn core[df12db4294e9bfd3]::future::future::Future<Output = ()>>>::{closure#0}, ()>
[INFO] [stdout]   16:     0x5f59fa72b516 - <tokio[1de3b2d38b8f9f77]::runtime::runtime::Runtime>::block_on::<core[df12db4294e9bfd3]::pin::Pin<&mut dyn core[df12db4294e9bfd3]::future::future::Future<Output = ()>>>
[INFO] [stdout]   17:     0x5f59fa6f81cb - vlz_cve_client[2850994f4bc39651]::tests::fetch_429_respects_retry_after_header
[INFO] [stdout]   18:     0x5f59fa763bd9 - <vlz_cve_client[2850994f4bc39651]::tests::fetch_429_respects_retry_after_header::{closure#0} as core[df12db4294e9bfd3]::ops::function::FnOnce<()>>::call_once
[INFO] [stdout]   19:     0x5f59fa7b257b - test[9d35eded1c95d3be]::__rust_begin_short_backtrace::<core[df12db4294e9bfd3]::result::Result<(), alloc[2182bb758b4b3781]::string::String>, fn() -> core[df12db4294e9bfd3]::result::Result<(), alloc[2182bb758b4b3781]::string::String>>
[INFO] [stdout]   20:     0x5f59fa7bfbe5 - test[9d35eded1c95d3be]::run_test::{closure#0}
[INFO] [stdout]   21:     0x5f59fa7b94a4 - std[70759c8f55707aa4]::sys::backtrace::__rust_begin_short_backtrace::<test[9d35eded1c95d3be]::run_test::{closure#1}, ()>
[INFO] [stdout]   22:     0x5f59fa7c2d42 - <std[70759c8f55707aa4]::thread::lifecycle::spawn_unchecked<test[9d35eded1c95d3be]::run_test::{closure#1}, ()>::{closure#1} as core[df12db4294e9bfd3]::ops::function::FnOnce<()>>::call_once::{shim:vtable#0}
[INFO] [stdout]   23:     0x5f59faa8de49 - <std[70759c8f55707aa4]::sys::thread::unix::Thread>::new::thread_start
[INFO] [stdout]   24:     0x7324d6634dfa - <unknown>
[INFO] [stdout]   25:     0x7324d66c83d4 - clone
[INFO] [stdout]   26:                0x0 - <unknown>
[INFO] [stdout] 
[INFO] [stdout] ---- tests::fetch_500_retries stdout ----
[INFO] [stdout] 
[INFO] [stdout] thread 'tests::fetch_500_retries' (2453) panicked at src/lib.rs:1093:49:
[INFO] [stdout] called `Result::unwrap()` on an `Err` value: Transient { retry_after_secs: None, source: reqwest::Error { kind: Request, url: "http://127.0.0.1:40439/", source: hyper_util::client::legacy::Error(Connect, ConnectError("tcp connect error", 127.0.0.1:1, Os { code: 111, kind: ConnectionRefused, message: "Connection refused" })) } }
[INFO] [stdout] stack backtrace:
[INFO] [stdout]    0:     0x5f59faa8f081 - <<std[70759c8f55707aa4]::sys::backtrace::BacktraceLock>::print::DisplayBacktrace as core[df12db4294e9bfd3]::fmt::Display>::fmt
[INFO] [stdout]    1:     0x5f59faaa717a - core[df12db4294e9bfd3]::fmt::write
[INFO] [stdout]    2:     0x5f59faa9440c - <alloc[2182bb758b4b3781]::vec::Vec<u8> as core[df12db4294e9bfd3]::io::write::Write>::write_fmt
[INFO] [stdout]    3:     0x5f59faa67546 - std[70759c8f55707aa4]::panicking::default_hook::{closure#0}
[INFO] [stdout]    4:     0x5f59faa85829 - std[70759c8f55707aa4]::panicking::default_hook
[INFO] [stdout]    5:     0x5f59fa7bf290 - test[9d35eded1c95d3be]::test_main_inner::<test[9d35eded1c95d3be]::test_main_static::{closure#0}>::{closure#0}
[INFO] [stdout]    6:     0x5f59faa85b52 - std[70759c8f55707aa4]::panicking::panic_with_hook
[INFO] [stdout]    7:     0x5f59faa675f2 - std[70759c8f55707aa4]::panicking::panic_handler::{closure#0}
[INFO] [stdout]    8:     0x5f59faa5fdb9 - std[70759c8f55707aa4]::sys::backtrace::__rust_end_short_backtrace::<std[70759c8f55707aa4]::panicking::panic_handler::{closure#0}, !>
[INFO] [stdout]    9:     0x5f59faa685fd - __rustc[8fa7c3cbc660c2b3]::rust_begin_unwind
[INFO] [stdout]   10:     0x5f59faaa78dc - core[df12db4294e9bfd3]::panicking::panic_fmt
[INFO] [stdout]   11:     0x5f59faaa76b2 - core[df12db4294e9bfd3]::result::unwrap_failed
[INFO] [stdout]   12:     0x5f59fa6ed9ae - vlz_cve_client[2850994f4bc39651]::tests::fetch_500_retries::{closure#0}
[INFO] [stdout]   13:     0x5f59fa7453da - <tokio[1de3b2d38b8f9f77]::runtime::context::scoped::Scoped<tokio[1de3b2d38b8f9f77]::runtime::scheduler::Context>>::set::<<tokio[1de3b2d38b8f9f77]::runtime::scheduler::current_thread::CoreGuard>::enter<<tokio[1de3b2d38b8f9f77]::runtime::scheduler::current_thread::CoreGuard>::block_on<core[df12db4294e9bfd3]::pin::Pin<&mut core[df12db4294e9bfd3]::pin::Pin<&mut dyn core[df12db4294e9bfd3]::future::future::Future<Output = ()>>>>::{closure#0}, core[df12db4294e9bfd3]::option::Option<()>>::{closure#0}, (alloc[2182bb758b4b3781]::boxed::Box<tokio[1de3b2d38b8f9f77]::runtime::scheduler::current_thread::Core>, core[df12db4294e9bfd3]::option::Option<()>)>
[INFO] [stdout]   14:     0x5f59fa74654d - <tokio[1de3b2d38b8f9f77]::runtime::scheduler::current_thread::CoreGuard>::block_on::<core[df12db4294e9bfd3]::pin::Pin<&mut core[df12db4294e9bfd3]::pin::Pin<&mut dyn core[df12db4294e9bfd3]::future::future::Future<Output = ()>>>>
[INFO] [stdout]   15:     0x5f59fa731ca6 - tokio[1de3b2d38b8f9f77]::runtime::context::runtime::enter_runtime::<<tokio[1de3b2d38b8f9f77]::runtime::scheduler::current_thread::CurrentThread>::block_on<core[df12db4294e9bfd3]::pin::Pin<&mut dyn core[df12db4294e9bfd3]::future::future::Future<Output = ()>>>::{closure#0}, ()>
[INFO] [stdout]   16:     0x5f59fa72b516 - <tokio[1de3b2d38b8f9f77]::runtime::runtime::Runtime>::block_on::<core[df12db4294e9bfd3]::pin::Pin<&mut dyn core[df12db4294e9bfd3]::future::future::Future<Output = ()>>>
[INFO] [stdout]   17:     0x5f59fa6f688b - vlz_cve_client[2850994f4bc39651]::tests::fetch_500_retries
[INFO] [stdout]   18:     0x5f59fa763999 - <vlz_cve_client[2850994f4bc39651]::tests::fetch_500_retries::{closure#0} as core[df12db4294e9bfd3]::ops::function::FnOnce<()>>::call_once
[INFO] [stdout]   19:     0x5f59fa7b257b - test[9d35eded1c95d3be]::__rust_begin_short_backtrace::<core[df12db4294e9bfd3]::result::Result<(), alloc[2182bb758b4b3781]::string::String>, fn() -> core[df12db4294e9bfd3]::result::Result<(), alloc[2182bb758b4b3781]::string::String>>
[INFO] [stdout]   20:     0x5f59fa7bfbe5 - test[9d35eded1c95d3be]::run_test::{closure#0}
[INFO] [stdout]   21:     0x5f59fa7b94a4 - std[70759c8f55707aa4]::sys::backtrace::__rust_begin_short_backtrace::<test[9d35eded1c95d3be]::run_test::{closure#1}, ()>
[INFO] [stdout]   22:     0x5f59fa7c2d42 - <std[70759c8f55707aa4]::thread::lifecycle::spawn_unchecked<test[9d35eded1c95d3be]::run_test::{closure#1}, ()>::{closure#1} as core[df12db4294e9bfd3]::ops::function::FnOnce<()>>::call_once::{shim:vtable#0}
[INFO] [stdout]   23:     0x5f59faa8de49 - <std[70759c8f55707aa4]::sys::thread::unix::Thread>::new::thread_start
[INFO] [stdout]   24:     0x7324d6634dfa - <unknown>
[INFO] [stdout]   25:     0x7324d66c83d4 - clone
[INFO] [stdout]   26:                0x0 - <unknown>
[INFO] [stdout] 
[INFO] [stdout] ---- tests::fetch_429_retries_with_backoff stdout ----
[INFO] [stdout] 
[INFO] [stdout] thread 'tests::fetch_429_retries_with_backoff' (2451) panicked at src/lib.rs:1003:49:
[INFO] [stdout] called `Result::unwrap()` on an `Err` value: Transient { retry_after_secs: None, source: reqwest::Error { kind: Request, url: "http://127.0.0.1:43761/", source: hyper_util::client::legacy::Error(Connect, ConnectError("tcp connect error", 127.0.0.1:1, Os { code: 111, kind: ConnectionRefused, message: "Connection refused" })) } }
[INFO] [stdout] stack backtrace:
[INFO] [stdout]    0:     0x5f59faa8f081 - <<std[70759c8f55707aa4]::sys::backtrace::BacktraceLock>::print::DisplayBacktrace as core[df12db4294e9bfd3]::fmt::Display>::fmt
[INFO] [stdout]    1:     0x5f59faaa717a - core[df12db4294e9bfd3]::fmt::write
[INFO] [stdout]    2:     0x5f59faa9440c - <alloc[2182bb758b4b3781]::vec::Vec<u8> as core[df12db4294e9bfd3]::io::write::Write>::write_fmt
[INFO] [stdout]    3:     0x5f59faa67546 - std[70759c8f55707aa4]::panicking::default_hook::{closure#0}
[INFO] [stdout]    4:     0x5f59faa85829 - std[70759c8f55707aa4]::panicking::default_hook
[INFO] [stdout]    5:     0x5f59fa7bf290 - test[9d35eded1c95d3be]::test_main_inner::<test[9d35eded1c95d3be]::test_main_static::{closure#0}>::{closure#0}
[INFO] [stdout]    6:     0x5f59faa85b52 - std[70759c8f55707aa4]::panicking::panic_with_hook
[INFO] [stdout]    7:     0x5f59faa675f2 - std[70759c8f55707aa4]::panicking::panic_handler::{closure#0}
[INFO] [stdout]    8:     0x5f59faa5fdb9 - std[70759c8f55707aa4]::sys::backtrace::__rust_end_short_backtrace::<std[70759c8f55707aa4]::panicking::panic_handler::{closure#0}, !>
[INFO] [stdout]    9:     0x5f59faa685fd - __rustc[8fa7c3cbc660c2b3]::rust_begin_unwind
[INFO] [stdout]   10:     0x5f59faaa78dc - core[df12db4294e9bfd3]::panicking::panic_fmt
[INFO] [stdout]   11:     0x5f59faaa76b2 - core[df12db4294e9bfd3]::result::unwrap_failed
[INFO] [stdout]   12:     0x5f59fa6f1f97 - vlz_cve_client[2850994f4bc39651]::tests::fetch_429_retries_with_backoff::{closure#0}
[INFO] [stdout]   13:     0x5f59fa7453da - <tokio[1de3b2d38b8f9f77]::runtime::context::scoped::Scoped<tokio[1de3b2d38b8f9f77]::runtime::scheduler::Context>>::set::<<tokio[1de3b2d38b8f9f77]::runtime::scheduler::current_thread::CoreGuard>::enter<<tokio[1de3b2d38b8f9f77]::runtime::scheduler::current_thread::CoreGuard>::block_on<core[df12db4294e9bfd3]::pin::Pin<&mut core[df12db4294e9bfd3]::pin::Pin<&mut dyn core[df12db4294e9bfd3]::future::future::Future<Output = ()>>>>::{closure#0}, core[df12db4294e9bfd3]::option::Option<()>>::{closure#0}, (alloc[2182bb758b4b3781]::boxed::Box<tokio[1de3b2d38b8f9f77]::runtime::scheduler::current_thread::Core>, core[df12db4294e9bfd3]::option::Option<()>)>
[INFO] [stderr] error: test failed, to rerun pass `--lib`
[INFO] [stdout]   14:     0x5f59fa74654d - <tokio[1de3b2d38b8f9f77]::runtime::scheduler::current_thread::CoreGuard>::block_on::<core[df12db4294e9bfd3]::pin::Pin<&mut core[df12db4294e9bfd3]::pin::Pin<&mut dyn core[df12db4294e9bfd3]::future::future::Future<Output = ()>>>>
[INFO] [stdout]   15:     0x5f59fa731ca6 - tokio[1de3b2d38b8f9f77]::runtime::context::runtime::enter_runtime::<<tokio[1de3b2d38b8f9f77]::runtime::scheduler::current_thread::CurrentThread>::block_on<core[df12db4294e9bfd3]::pin::Pin<&mut dyn core[df12db4294e9bfd3]::future::future::Future<Output = ()>>>::{closure#0}, ()>
[INFO] [stdout]   16:     0x5f59fa72b516 - <tokio[1de3b2d38b8f9f77]::runtime::runtime::Runtime>::block_on::<core[df12db4294e9bfd3]::pin::Pin<&mut dyn core[df12db4294e9bfd3]::future::future::Future<Output = ()>>>
[INFO] [stdout]   17:     0x5f59fa6f700b - vlz_cve_client[2850994f4bc39651]::tests::fetch_429_retries_with_backoff
[INFO] [stdout]   18:     0x5f59fa763a69 - <vlz_cve_client[2850994f4bc39651]::tests::fetch_429_retries_with_backoff::{closure#0} as core[df12db4294e9bfd3]::ops::function::FnOnce<()>>::call_once
[INFO] [stdout]   19:     0x5f59fa7b257b - test[9d35eded1c95d3be]::__rust_begin_short_backtrace::<core[df12db4294e9bfd3]::result::Result<(), alloc[2182bb758b4b3781]::string::String>, fn() -> core[df12db4294e9bfd3]::result::Result<(), alloc[2182bb758b4b3781]::string::String>>
[INFO] [stdout]   20:     0x5f59fa7bfbe5 - test[9d35eded1c95d3be]::run_test::{closure#0}
[INFO] [stdout]   21:     0x5f59fa7b94a4 - std[70759c8f55707aa4]::sys::backtrace::__rust_begin_short_backtrace::<test[9d35eded1c95d3be]::run_test::{closure#1}, ()>
[INFO] [stdout]   22:     0x5f59fa7c2d42 - <std[70759c8f55707aa4]::thread::lifecycle::spawn_unchecked<test[9d35eded1c95d3be]::run_test::{closure#1}, ()>::{closure#1} as core[df12db4294e9bfd3]::ops::function::FnOnce<()>>::call_once::{shim:vtable#0}
[INFO] [stdout]   23:     0x5f59faa8de49 - <std[70759c8f55707aa4]::sys::thread::unix::Thread>::new::thread_start
[INFO] [stdout]   24:     0x7324d6634dfa - <unknown>
[INFO] [stdout]   25:     0x7324d66c83d4 - clone
[INFO] [stdout]   26:                0x0 - <unknown>
[INFO] [stdout] 
[INFO] [stdout] ---- tests::fetch_4xx_no_retry stdout ----
[INFO] [stdout] 
[INFO] [stdout] thread 'tests::fetch_4xx_no_retry' (2452) panicked at src/lib.rs:1166:18:
[INFO] [stdout] expected Other for 4xx, got Transient { retry_after_secs: None, source: reqwest::Error { kind: Request, url: "http://127.0.0.1:37881/", source: hyper_util::client::legacy::Error(Connect, ConnectError("tcp connect error", 127.0.0.1:1, Os { code: 111, kind: ConnectionRefused, message: "Connection refused" })) } }
[INFO] [stdout] stack backtrace:
[INFO] [stdout]    0:     0x5f59faa8f081 - <<std[70759c8f55707aa4]::sys::backtrace::BacktraceLock>::print::DisplayBacktrace as core[df12db4294e9bfd3]::fmt::Display>::fmt
[INFO] [stdout]    1:     0x5f59faaa717a - core[df12db4294e9bfd3]::fmt::write
[INFO] [stdout]    2:     0x5f59faa9440c - <alloc[2182bb758b4b3781]::vec::Vec<u8> as core[df12db4294e9bfd3]::io::write::Write>::write_fmt
[INFO] [stdout]    3:     0x5f59faa67546 - std[70759c8f55707aa4]::panicking::default_hook::{closure#0}
[INFO] [stdout]    4:     0x5f59faa85829 - std[70759c8f55707aa4]::panicking::default_hook
[INFO] [stdout]    5:     0x5f59fa7bf290 - test[9d35eded1c95d3be]::test_main_inner::<test[9d35eded1c95d3be]::test_main_static::{closure#0}>::{closure#0}
[INFO] [stdout]    6:     0x5f59faa85b52 - std[70759c8f55707aa4]::panicking::panic_with_hook
[INFO] [stdout]    7:     0x5f59faa675f2 - std[70759c8f55707aa4]::panicking::panic_handler::{closure#0}
[INFO] [stdout]    8:     0x5f59faa5fdb9 - std[70759c8f55707aa4]::sys::backtrace::__rust_end_short_backtrace::<std[70759c8f55707aa4]::panicking::panic_handler::{closure#0}, !>
[INFO] [stdout]    9:     0x5f59faa685fd - __rustc[8fa7c3cbc660c2b3]::rust_begin_unwind
[INFO] [stdout]   10:     0x5f59faaa78dc - core[df12db4294e9bfd3]::panicking::panic_fmt
[INFO] [stdout]   11:     0x5f59fa6ef0b1 - vlz_cve_client[2850994f4bc39651]::tests::fetch_4xx_no_retry::{closure#0}
[INFO] [stdout]   12:     0x5f59fa7453da - <tokio[1de3b2d38b8f9f77]::runtime::context::scoped::Scoped<tokio[1de3b2d38b8f9f77]::runtime::scheduler::Context>>::set::<<tokio[1de3b2d38b8f9f77]::runtime::scheduler::current_thread::CoreGuard>::enter<<tokio[1de3b2d38b8f9f77]::runtime::scheduler::current_thread::CoreGuard>::block_on<core[df12db4294e9bfd3]::pin::Pin<&mut core[df12db4294e9bfd3]::pin::Pin<&mut dyn core[df12db4294e9bfd3]::future::future::Future<Output = ()>>>>::{closure#0}, core[df12db4294e9bfd3]::option::Option<()>>::{closure#0}, (alloc[2182bb758b4b3781]::boxed::Box<tokio[1de3b2d38b8f9f77]::runtime::scheduler::current_thread::Core>, core[df12db4294e9bfd3]::option::Option<()>)>
[INFO] [stdout]   13:     0x5f59fa74654d - <tokio[1de3b2d38b8f9f77]::runtime::scheduler::current_thread::CoreGuard>::block_on::<core[df12db4294e9bfd3]::pin::Pin<&mut core[df12db4294e9bfd3]::pin::Pin<&mut dyn core[df12db4294e9bfd3]::future::future::Future<Output = ()>>>>
[INFO] [stdout]   14:     0x5f59fa731ca6 - tokio[1de3b2d38b8f9f77]::runtime::context::runtime::enter_runtime::<<tokio[1de3b2d38b8f9f77]::runtime::scheduler::current_thread::CurrentThread>::block_on<core[df12db4294e9bfd3]::pin::Pin<&mut dyn core[df12db4294e9bfd3]::future::future::Future<Output = ()>>>::{closure#0}, ()>
[INFO] [stdout]   15:     0x5f59fa72b516 - <tokio[1de3b2d38b8f9f77]::runtime::runtime::Runtime>::block_on::<core[df12db4294e9bfd3]::pin::Pin<&mut dyn core[df12db4294e9bfd3]::future::future::Future<Output = ()>>>
[INFO] [stdout]   16:     0x5f59fa6f6b2b - vlz_cve_client[2850994f4bc39651]::tests::fetch_4xx_no_retry
[INFO] [stdout]   17:     0x5f59fa7639d9 - <vlz_cve_client[2850994f4bc39651]::tests::fetch_4xx_no_retry::{closure#0} as core[df12db4294e9bfd3]::ops::function::FnOnce<()>>::call_once
[INFO] [stdout]   18:     0x5f59fa7b257b - test[9d35eded1c95d3be]::__rust_begin_short_backtrace::<core[df12db4294e9bfd3]::result::Result<(), alloc[2182bb758b4b3781]::string::String>, fn() -> core[df12db4294e9bfd3]::result::Result<(), alloc[2182bb758b4b3781]::string::String>>
[INFO] [stdout]   19:     0x5f59fa7bfbe5 - test[9d35eded1c95d3be]::run_test::{closure#0}
[INFO] [stdout]   20:     0x5f59fa7b94a4 - std[70759c8f55707aa4]::sys::backtrace::__rust_begin_short_backtrace::<test[9d35eded1c95d3be]::run_test::{closure#1}, ()>
[INFO] [stdout]   21:     0x5f59fa7c2d42 - <std[70759c8f55707aa4]::thread::lifecycle::spawn_unchecked<test[9d35eded1c95d3be]::run_test::{closure#1}, ()>::{closure#1} as core[df12db4294e9bfd3]::ops::function::FnOnce<()>>::call_once::{shim:vtable#0}
[INFO] [stdout]   22:     0x5f59faa8de49 - <std[70759c8f55707aa4]::sys::thread::unix::Thread>::new::thread_start
[INFO] [stdout]   23:     0x7324d6634dfa - <unknown>
[INFO] [stdout]   24:     0x7324d66c83d4 - clone
[INFO] [stdout]   25:                0x0 - <unknown>
[INFO] [stdout] 
[INFO] [stdout] 
[INFO] [stdout] failures:
[INFO] [stdout]     tests::fetch_429_respects_retry_after_header
[INFO] [stdout]     tests::fetch_429_retries_with_backoff
[INFO] [stdout]     tests::fetch_4xx_no_retry
[INFO] [stdout]     tests::fetch_500_retries
[INFO] [stdout] 
[INFO] [stdout] test result: FAILED. 105 passed; 4 failed; 0 ignored; 0 measured; 0 filtered out; finished in 0.19s
[INFO] [stdout] 
[INFO] running `Command { std: "docker" "inspect" "634fc9147e0a6441420fcb3dcb7ec607f616eda380c11adfe413fd3dc1a09e69", kill_on_drop: false }`
[INFO] running `Command { std: "docker" "rm" "-f" "634fc9147e0a6441420fcb3dcb7ec607f616eda380c11adfe413fd3dc1a09e69", kill_on_drop: false }`
[INFO] [stdout] 634fc9147e0a6441420fcb3dcb7ec607f616eda380c11adfe413fd3dc1a09e69
