[INFO] fetching crate rasant 1.2.0...
[INFO] testing rasant-1.2.0 against 1.99.0-beta.8+cargoflags=--release for beta-release-1.100-3
[INFO] extracting crate rasant 1.2.0 into /workspace/builds/worker-4-tc1/source
[INFO] started tweaking crates.io crate rasant 1.2.0
[INFO] finished tweaking crates.io crate rasant 1.2.0
[INFO] tweaked toml for crates.io crate rasant 1.2.0 written to /workspace/builds/worker-4-tc1/source/Cargo.toml
[INFO] validating manifest of crates.io crate rasant 1.2.0 on toolchain 1.99.0-beta.8
[INFO] running `Command { std: CARGO_HOME="/workspace/cargo-home" RUSTUP_HOME="/workspace/rustup-home" "/workspace/cargo-home/bin/cargo" "+1.99.0-beta.8" "metadata" "--manifest-path" "Cargo.toml" "--no-deps", kill_on_drop: false }`
[INFO] crate crates.io crate rasant 1.2.0 already has a lockfile, it will not be regenerated
[INFO] running `Command { std: CARGO_HOME="/workspace/cargo-home" RUSTUP_HOME="/workspace/rustup-home" "/workspace/cargo-home/bin/cargo" "+1.99.0-beta.8" "fetch" "--manifest-path" "Cargo.toml", kill_on_drop: false }`
[INFO] [stderr]     Updating crates.io index
[INFO] [stderr]  Downloading crates ...
[INFO] [stderr]   Downloaded regex-lite v0.1.9
[INFO] [stderr]   Downloaded divan-macros v0.1.21
[INFO] [stderr]   Downloaded terminal_size v0.4.4
[INFO] [stderr]   Downloaded ntime v0.7.1
[INFO] [stderr]   Downloaded condtype v1.3.0
[INFO] [stderr]   Downloaded divan v0.1.21
[INFO] [stderr]   Downloaded clap v4.6.1
[INFO] [stderr]   Downloaded clap_builder v4.6.0
[INFO] [stderr]   Downloaded libc v0.2.185
[INFO] running `Command { std: "docker" "create" "-v" "/var/lib/crater-agent-workspace/builds/worker-4-tc1/source:/opt/rustwide/workdir:ro,Z" "-v" "/var/lib/crater-agent-workspace/builds/worker-4-tc1/target:/opt/rustwide/target:rw,Z" "-v" "/var/lib/crater-agent-workspace/cargo-home:/opt/rustwide/cargo-home:ro,Z" "-v" "/var/lib/crater-agent-workspace/rustup-home:/opt/rustwide/rustup-home:ro,Z" "-m" "1610612736" "--network" "none" "ghcr.io/rust-lang/crates-build-env/linux@sha256:77db811e55d90add9212f6832c23229e3de5f1c1f9905e8cb07319ea15df73ac" "sleep" "infinity", kill_on_drop: false }`
[INFO] [stdout] 38b55fa90c7dd8d36ec95454993387fc4b26fc4ec8ad00d8904c7e930e514c6d
[INFO] running `Command { std: "docker" "start" "38b55fa90c7dd8d36ec95454993387fc4b26fc4ec8ad00d8904c7e930e514c6d", kill_on_drop: false }`
[INFO] running `Command { std: "docker" "inspect" "38b55fa90c7dd8d36ec95454993387fc4b26fc4ec8ad00d8904c7e930e514c6d", kill_on_drop: false }`
[INFO] running `Command { std: "docker" "exec" "-e" "SOURCE_DIR=/opt/rustwide/workdir" "-e" "CARGO_HOME=/opt/rustwide/cargo-home" "-e" "RUSTUP_HOME=/opt/rustwide/rustup-home" "-e" "CARGO_TARGET_DIR=/opt/rustwide/target" "-w" "/opt/rustwide/workdir" "--user" "0:0" "38b55fa90c7dd8d36ec95454993387fc4b26fc4ec8ad00d8904c7e930e514c6d" "/opt/rustwide/cargo-home/bin/cargo" "+1.99.0-beta.8" "metadata" "--no-deps" "--format-version=1", kill_on_drop: false }`
[INFO] running `Command { std: "docker" "inspect" "38b55fa90c7dd8d36ec95454993387fc4b26fc4ec8ad00d8904c7e930e514c6d", kill_on_drop: false }`
[INFO] running `Command { std: "docker" "exec" "-e" "SOURCE_DIR=/opt/rustwide/workdir" "-e" "CARGO_HOME=/opt/rustwide/cargo-home" "-e" "RUSTUP_HOME=/opt/rustwide/rustup-home" "-e" "CARGO_TARGET_DIR=/opt/rustwide/target" "-e" "CARGO_INCREMENTAL=0" "-e" "RUST_BACKTRACE=full" "-e" "RUSTFLAGS=--cap-lints=warn" "-e" "RUSTDOCFLAGS=--cap-lints=warn" "-w" "/opt/rustwide/workdir" "--user" "0:0" "38b55fa90c7dd8d36ec95454993387fc4b26fc4ec8ad00d8904c7e930e514c6d" "/opt/rustwide/cargo-home/bin/cargo" "+1.99.0-beta.8" "build" "--frozen" "--message-format=json" "--release", kill_on_drop: false }`
[INFO] [stderr]    Compiling ntime v0.7.1
[INFO] [stderr]    Compiling rasant v1.2.0 (/opt/rustwide/workdir)
[INFO] [stdout] warning: use of deprecated module `std::u64`: all constants in this module replaced by associated constants on the type
[INFO] [stdout]  --> src/filter/sample.rs:9:10
[INFO] [stdout]   |
[INFO] [stdout] 9 | use std::u64;
[INFO] [stdout]   |          ^^^
[INFO] [stdout]   |
[INFO] [stdout]   = note: `-D deprecated` implied by `-D warnings`
[INFO] [stdout]   = help: to override `-D warnings` add `#[allow(deprecated)]`
[INFO] [stdout]   = note: the `deprecated` lint ignores `-D warnings`
[INFO] [stdout] 
[INFO] [stdout] 
[INFO] [stdout] warning: use of deprecated constant `std::u64::MAX`: replaced by the `MAX` associated constant on this type
[INFO] [stdout]   --> src/filter/sample.rs:35:21
[INFO] [stdout]    |
[INFO] [stdout] 35 |             threshold = u64::MAX;
[INFO] [stdout]    |                              ^^^
[INFO] [stdout] 
[INFO] [stdout] 
[INFO] [stdout] warning: use of deprecated constant `std::u64::MAX`: replaced by the `MAX` associated constant on this type
[INFO] [stdout]   --> src/filter/sample.rs:37:22
[INFO] [stdout]    |
[INFO] [stdout] 37 |             threshold = (u64::MAX / 1000000) * (1000000_f32 * conf.probability) as u64;
[INFO] [stdout]    |                               ^^^
[INFO] [stdout] 
[INFO] [stdout] 
[INFO] [stderr]     Finished `release` profile [optimized] target(s) in 6.25s
[INFO] running `Command { std: "docker" "inspect" "38b55fa90c7dd8d36ec95454993387fc4b26fc4ec8ad00d8904c7e930e514c6d", kill_on_drop: false }`
[INFO] running `Command { std: "docker" "exec" "-e" "SOURCE_DIR=/opt/rustwide/workdir" "-e" "CARGO_HOME=/opt/rustwide/cargo-home" "-e" "RUSTUP_HOME=/opt/rustwide/rustup-home" "-e" "CARGO_TARGET_DIR=/opt/rustwide/target" "-e" "CARGO_INCREMENTAL=0" "-e" "RUST_BACKTRACE=full" "-e" "RUSTFLAGS=--cap-lints=warn" "-e" "RUSTDOCFLAGS=--cap-lints=warn" "-w" "/opt/rustwide/workdir" "--user" "0:0" "38b55fa90c7dd8d36ec95454993387fc4b26fc4ec8ad00d8904c7e930e514c6d" "/opt/rustwide/cargo-home/bin/cargo" "+1.99.0-beta.8" "test" "--frozen" "--no-run" "--message-format=json" "--release", kill_on_drop: false }`
[INFO] [stderr]    Compiling rustix v1.1.4
[INFO] [stderr]    Compiling proc-macro2 v1.0.106
[INFO] [stderr]    Compiling unicode-ident v1.0.24
[INFO] [stderr]    Compiling linux-raw-sys v0.12.1
[INFO] [stderr]    Compiling bitflags v2.11.1
[INFO] [stderr]    Compiling quote v1.0.45
[INFO] [stderr]    Compiling clap_lex v1.1.0
[INFO] [stderr]    Compiling anstyle v1.0.14
[INFO] [stderr]    Compiling libc v0.2.185
[INFO] [stderr]    Compiling condtype v1.3.0
[INFO] [stderr]    Compiling cfg-if v1.0.4
[INFO] [stderr]    Compiling regex-lite v0.1.9
[INFO] [stdout] warning: use of deprecated module `std::u64`: all constants in this module replaced by associated constants on the type
[INFO] [stdout]  --> src/filter/sample.rs:9:10
[INFO] [stdout]   |
[INFO] [stdout] 9 | use std::u64;
[INFO] [stdout]   |          ^^^
[INFO] [stdout]   |
[INFO] [stdout]   = note: `-D deprecated` implied by `-D warnings`
[INFO] [stdout]   = help: to override `-D warnings` add `#[allow(deprecated)]`
[INFO] [stdout]   = note: the `deprecated` lint ignores `-D warnings`
[INFO] [stdout] 
[INFO] [stdout] 
[INFO] [stdout] warning: use of deprecated constant `std::u64::MAX`: replaced by the `MAX` associated constant on this type
[INFO] [stdout]   --> src/filter/sample.rs:35:21
[INFO] [stdout]    |
[INFO] [stdout] 35 |             threshold = u64::MAX;
[INFO] [stdout]    |                              ^^^
[INFO] [stdout] 
[INFO] [stdout] 
[INFO] [stdout] warning: use of deprecated constant `std::u64::MAX`: replaced by the `MAX` associated constant on this type
[INFO] [stdout]   --> src/filter/sample.rs:37:22
[INFO] [stdout]    |
[INFO] [stdout] 37 |             threshold = (u64::MAX / 1000000) * (1000000_f32 * conf.probability) as u64;
[INFO] [stdout]    |                               ^^^
[INFO] [stdout] 
[INFO] [stdout] 
[INFO] [stderr]    Compiling syn v2.0.117
[INFO] [stderr]    Compiling terminal_size v0.4.4
[INFO] [stderr]    Compiling clap_builder v4.6.0
[INFO] [stderr]    Compiling divan-macros v0.1.21
[INFO] [stderr]    Compiling clap v4.6.1
[INFO] [stderr]    Compiling divan v0.1.21
[INFO] [stderr]    Compiling rasant v1.2.0 (/opt/rustwide/workdir)
[INFO] [stdout] warning: use of deprecated module `std::u64`: all constants in this module replaced by associated constants on the type
[INFO] [stdout]  --> src/filter/sample.rs:9:10
[INFO] [stdout]   |
[INFO] [stdout] 9 | use std::u64;
[INFO] [stdout]   |          ^^^
[INFO] [stdout]   |
[INFO] [stdout]   = note: `-D deprecated` implied by `-D warnings`
[INFO] [stdout]   = help: to override `-D warnings` add `#[allow(deprecated)]`
[INFO] [stdout]   = note: the `deprecated` lint ignores `-D warnings`
[INFO] [stdout] 
[INFO] [stdout] 
[INFO] [stdout] warning: use of deprecated constant `std::u64::MAX`: replaced by the `MAX` associated constant on this type
[INFO] [stdout]   --> src/filter/sample.rs:35:21
[INFO] [stdout]    |
[INFO] [stdout] 35 |             threshold = u64::MAX;
[INFO] [stdout]    |                              ^^^
[INFO] [stdout] 
[INFO] [stdout] 
[INFO] [stdout] warning: use of deprecated constant `std::u64::MAX`: replaced by the `MAX` associated constant on this type
[INFO] [stdout]   --> src/filter/sample.rs:37:22
[INFO] [stdout]    |
[INFO] [stdout] 37 |             threshold = (u64::MAX / 1000000) * (1000000_f32 * conf.probability) as u64;
[INFO] [stdout]    |                               ^^^
[INFO] [stdout] 
[INFO] [stdout] 
[INFO] [stderr]     Finished `release` profile [optimized] target(s) in 41.51s
[INFO] running `Command { std: "docker" "inspect" "38b55fa90c7dd8d36ec95454993387fc4b26fc4ec8ad00d8904c7e930e514c6d", kill_on_drop: false }`
[INFO] running `Command { std: "docker" "exec" "-e" "SOURCE_DIR=/opt/rustwide/workdir" "-e" "CARGO_HOME=/opt/rustwide/cargo-home" "-e" "RUSTUP_HOME=/opt/rustwide/rustup-home" "-e" "CARGO_TARGET_DIR=/opt/rustwide/target" "-e" "CARGO_INCREMENTAL=0" "-e" "RUST_BACKTRACE=full" "-e" "RUSTFLAGS=--cap-lints=warn" "-e" "RUSTDOCFLAGS=--cap-lints=warn" "-w" "/opt/rustwide/workdir" "--user" "0:0" "38b55fa90c7dd8d36ec95454993387fc4b26fc4ec8ad00d8904c7e930e514c6d" "/opt/rustwide/cargo-home/bin/cargo" "+1.99.0-beta.8" "test" "--frozen" "--release", kill_on_drop: false }`
[INFO] [stderr] warning: use of deprecated module `std::u64`: all constants in this module replaced by associated constants on the type
[INFO] [stderr]  --> src/filter/sample.rs:9:10
[INFO] [stderr]   |
[INFO] [stderr] 9 | use std::u64;
[INFO] [stderr]   |          ^^^
[INFO] [stderr]   |
[INFO] [stderr]   = note: `-D deprecated` implied by `-D warnings`
[INFO] [stderr]   = help: to override `-D warnings` add `#[allow(deprecated)]`
[INFO] [stderr]   = note: the `deprecated` lint ignores `-D warnings`
[INFO] [stderr] 
[INFO] [stderr] warning: use of deprecated constant `std::u64::MAX`: replaced by the `MAX` associated constant on this type
[INFO] [stderr]   --> src/filter/sample.rs:35:21
[INFO] [stderr]    |
[INFO] [stderr] 35 |             threshold = u64::MAX;
[INFO] [stderr]    |                              ^^^
[INFO] [stderr] 
[INFO] [stderr] warning: use of deprecated constant `std::u64::MAX`: replaced by the `MAX` associated constant on this type
[INFO] [stderr]   --> src/filter/sample.rs:37:22
[INFO] [stderr]    |
[INFO] [stderr] 37 |             threshold = (u64::MAX / 1000000) * (1000000_f32 * conf.probability) as u64;
[INFO] [stderr]    |                               ^^^
[INFO] [stderr] 
[INFO] [stderr] warning: `rasant` (lib) generated 3 warnings
[INFO] [stderr] warning: `rasant` (lib test) generated 3 warnings (3 duplicates)
[INFO] [stderr]     Finished `release` profile [optimized] target(s) in 0.06s
[INFO] [stderr]      Running unittests src/lib.rs (/opt/rustwide/target/release/deps/rasant-5a15b297c3944f18)
[INFO] [stdout] 
[INFO] [stdout] running 75 tests
[INFO] [stdout] test attributes::map::basic_operations ... ok
[INFO] [stdout] test attributes::map::indexed_keys_order ... ok
[INFO] [stdout] test attributes::map::insert_duplicate_key_map - should panic ... ok
[INFO] [stdout] test attributes::map::insert_empty_list - should panic ... ok
[INFO] [stdout] test attributes::map::insert_invalid_map - should panic ... ok
[INFO] [stdout] test attributes::map::key_iterator ... ok
[INFO] [stdout] test attributes::map::insert_unicode_key - should panic ... ok
[INFO] [stdout] test attributes::map::invalid_empty_map - should panic ... ok
[INFO] [stdout] test attributes::map::insert_restricted_key - should panic ... ok
[INFO] [stdout] test attributes::map::key_overwrite ... ok
[INFO] [stdout] test attributes::map::insert_empty_key - should panic ... ok
[INFO] [stdout] test attributes::map::insert_whitespaces_key - should panic ... ok
[INFO] [stdout] test attributes::map::key_value_iterator ... ok
[INFO] [stdout] test attributes::map::string_pool_behavior ... ok
[INFO] [stdout] test attributes::map::full_iterator ... ok
[INFO] [stdout] test attributes::scalar::tests::from_base_type ... ok
[INFO] [stdout] test attributes::scalar::tests::from_os_string ... ok
[INFO] [stdout] test attributes::scalar::tests::from_path ... ok
[INFO] [stdout] test attributes::scalar::tests::from_ntime ... ok
[INFO] [stdout] test attributes::scalar::tests::to_string ... ok
[INFO] [stdout] test attributes::scalar::tests::into_string ... ok
[INFO] [stdout] test attributes::scalar::tests::from_net ... ok
[INFO] [stdout] test attributes::map::insert_non_ascii - should panic ... ok
[INFO] [stdout] test attributes::scalar::tests::from_string ... ok
[INFO] [stdout] test attributes::value::tests::from_collection ... ok
[INFO] [stdout] test encoding::tests::str_escaping ... ok
[INFO] [stdout] test attributes::value::tests::to_string ... ok
[INFO] [stdout] test encoding::tests::str_newlines ... ok
[INFO] [stdout] test filter::level::tests::level_in ... ok
[INFO] [stdout] test attributes::value::tests::from_scalar ... ok
[INFO] [stdout] test attributes::value::tests::from_scalar_vec ... ok
[INFO] [stdout] test encoding::tests::char_encoding ... ok
[INFO] [stdout] test encoding::tests::string_encoding ... ok
[INFO] [stdout] test attributes::value::tests::from_map_collections ... ok
[INFO] [stdout] test attributes::value::tests::from_map_vecs ... ok
[INFO] [stdout] test attributes::value::tests::is_none ... ok
[INFO] [stdout] test filter::matches::tests::attribute_keys_single ... ok
[INFO] [stdout] test filter::sample::random_step::filtering ... ok
[INFO] [stdout] test filter::matches::tests::attribute_values ... ok
[INFO] [stdout] test format::cbor::tests::serialize_multi ... ok
[INFO] [stdout] test filter::sample::random::filtering ... ok
[INFO] [stdout] test filter::sample::step::filtering ... ok
[INFO] [stdout] test format::cbor::tests::serialize_scalar ... ok
[INFO] [stdout] test filter::matches::tests::attribute_keys_multi ... ok
[INFO] [stdout] test filter::matches::tests::message ... ok
[INFO] [stdout] test format::color_full::tests::serialize_color ... ok
[INFO] [stdout] test format::cbor::tests::serialize_timestamp ... ok
[INFO] [stdout] test format::compact::tests::serialize ... ok
[INFO] [stdout] test format::compact::tests::serialize_scalar ... ok
[INFO] [stdout] test format::cbor::tests::serialize_single ... ok
[INFO] [stdout] test format::cbor::tests::serialize_value ... ok
[INFO] [stdout] test format::compact::tests::serialize_value ... ok
[INFO] [stdout] test format::from::from_name ... ok
[INFO] [stdout] test format::color_compact::tests::serialize_color ... ok
[INFO] [stdout] test format::full::tests::serialize ... ok
[INFO] [stdout] test format::json::tests::serialize ... ok
[INFO] [stdout] test format::json::tests::serialize_scalar ... ok
[INFO] [stdout] test format::json::tests::serialize_value ... ok
[INFO] [stdout] test logger::basic::max_depth_exceeded - should panic ... ok
[INFO] [stdout] 2026-10-19 05:34:11.247 +0000 INF this should log fine
[INFO] [stdout] 2026-10-19 05:34:11.247 +0000 PNC and this should explode caller_filename="src/logger.rs" caller_line=368test format::full::tests::serialize_value ... ok
[INFO] [stdout] test format::color_compact::tests::serialize_value ... ok
[INFO] [stdout] test logger::attribute_handling::set_casting ... ok
[INFO] [stdout] test format::color_full::tests::serialize_value ... ok
[INFO] [stdout] test logger::basic::panic_log_panics - should panic ... ok
[INFO] [stdout] test level::from::name ... ok
[INFO] [stdout] test level::from::value ... ok
[INFO] [stdout] test logger::basic::panic_no_sinks - should panic ... ok
[INFO] [stdout] test logger::formatting::color_formatted_output ... ok
[INFO] [stdout] test logger::log_disabling::basic ... ok
[INFO] [stdout] test logger::log_disabling::disabled_without_sink ... ok
[INFO] [stdout] test types::rand::generation ... ok
[INFO] [stdout] test sink::journald::tests::output_format ... ok
[INFO] [stdout] test sink::syslog::tests::output_format ... ok
[INFO] [stdout] test logger::basic::set_async_before_sinks ... ok
[INFO] [stdout] test filter::sample::burst::filtering ... FAILED
[INFO] [stdout] 
[INFO] [stdout] failures:
[INFO] [stdout] 
[INFO] [stdout] ---- filter::sample::burst::filtering stdout ----
[INFO] [stdout] 
[INFO] [stdout] thread 'filter::sample::burst::filtering' (626) panicked at src/filter/sample.rs:342:9:
[INFO] [stdout] assertion `left == right` failed
[INFO] [stdout]   left: [1, 2, 3, 5, 6, 7, 10, 11, 12, 15]
[INFO] [stdout]  right: [1, 2, 3, 6, 7, 8, 11, 12, 13]
[INFO] [stdout] stack backtrace:
[INFO] [stdout]    0:     0x621a64a601f1 - <<std[70759c8f55707aa4]::sys::backtrace::BacktraceLock>::print::DisplayBacktrace as core[df12db4294e9bfd3]::fmt::Display>::fmt
[INFO] [stdout]    1:     0x621a64a769fa - core[df12db4294e9bfd3]::fmt::write
[INFO] [stdout]    2:     0x621a64a6522c - <alloc[2182bb758b4b3781]::vec::Vec<u8> as core[df12db4294e9bfd3]::io::write::Write>::write_fmt
[INFO] [stdout]    3:     0x621a64a3c4d6 - std[70759c8f55707aa4]::panicking::default_hook::{closure#0}
[INFO] [stdout]    4:     0x621a64a58889 - std[70759c8f55707aa4]::panicking::default_hook
[INFO] [stdout]    5:     0x621a649f3a40 - test[9d35eded1c95d3be]::test_main_inner::<test[9d35eded1c95d3be]::test_main_static::{closure#0}>::{closure#0}
[INFO] [stdout]    6:     0x621a64a58a42 - std[70759c8f55707aa4]::panicking::panic_with_hook
[INFO] [stdout]    7:     0x621a64a3c582 - std[70759c8f55707aa4]::panicking::panic_handler::{closure#0}
[INFO] [stdout]    8:     0x621a64a35309 - std[70759c8f55707aa4]::sys::backtrace::__rust_end_short_backtrace::<std[70759c8f55707aa4]::panicking::panic_handler::{closure#0}, !>
[INFO] [stdout]    9:     0x621a64a3d17d - __rustc[8fa7c3cbc660c2b3]::rust_begin_unwind
[INFO] [stdout]   10:     0x621a64a7712c - core[df12db4294e9bfd3]::panicking::panic_fmt
[INFO] [stdout]   11:     0x621a64a77043 - core[df12db4294e9bfd3]::panicking::assert_failed_inner
[INFO] [stdout]   12:     0x621a649cb437 - core[df12db4294e9bfd3]::panicking::assert_failed::<alloc[2182bb758b4b3781]::vec::Vec<usize>, alloc[2182bb758b4b3781]::vec::Vec<usize>>
[INFO] [stdout]   13:     0x621a649cead5 - rasant[e8220c69cae4f32a]::filter::sample::burst::filtering
[INFO] [stdout]   14:     0x621a649b50e9 - <rasant[e8220c69cae4f32a]::filter::sample::burst::filtering::{closure#0} as core[df12db4294e9bfd3]::ops::function::FnOnce<()>>::call_once
[INFO] [stdout]   15:     0x621a649e6d2b - test[9d35eded1c95d3be]::__rust_begin_short_backtrace::<core[df12db4294e9bfd3]::result::Result<(), alloc[2182bb758b4b3781]::string::String>, fn() -> core[df12db4294e9bfd3]::result::Result<(), alloc[2182bb758b4b3781]::string::String>>
[INFO] [stdout]   16:     0x621a649f4395 - test[9d35eded1c95d3be]::run_test::{closure#0}
[INFO] [stdout]   17:     0x621a649edc54 - std[70759c8f55707aa4]::sys::backtrace::__rust_begin_short_backtrace::<test[9d35eded1c95d3be]::run_test::{closure#1}, ()>
[INFO] [stdout]   18:     0x621a649f74f2 - <std[70759c8f55707aa4]::thread::lifecycle::spawn_unchecked<test[9d35eded1c95d3be]::run_test::{closure#1}, ()>::{closure#1} as core[df12db4294e9bfd3]::ops::function::FnOnce<()>>::call_once::{shim:vtable#0}
[INFO] [stdout]   19:     0x621a64a5fac9 - <std[70759c8f55707aa4]::sys::thread::unix::Thread>::new::thread_start
[INFO] [stdout]   20:     0x749f82dfadfa - <unknown>
[INFO] [stdout]   21:     0x749f82e8e3d4 - clone
[INFO] [stdout]   22:                0x0 - <unknown>
[INFO] [stdout] 
[INFO] [stdout] 
[INFO] [stdout] failures:
[INFO] [stdout]     filter::sample::burst::filtering
[INFO] [stdout] 
[INFO] [stdout] test result: FAILED. 74 passed; 1 failed; 0 ignored; 0 measured; 0 filtered out; finished in 0.18s
[INFO] [stdout] 
[INFO] [stderr] error: test failed, to rerun pass `--lib`
[INFO] running `Command { std: "docker" "inspect" "38b55fa90c7dd8d36ec95454993387fc4b26fc4ec8ad00d8904c7e930e514c6d", kill_on_drop: false }`
[INFO] running `Command { std: "docker" "rm" "-f" "38b55fa90c7dd8d36ec95454993387fc4b26fc4ec8ad00d8904c7e930e514c6d", kill_on_drop: false }`
[INFO] [stdout] 38b55fa90c7dd8d36ec95454993387fc4b26fc4ec8ad00d8904c7e930e514c6d
