[INFO] cloning repository https://github.com/SpaceCorps/open-agents
[INFO] running `Command { std: "git" "-c" "credential.helper=" "-c" "credential.helper=/workspace/cargo-home/bin/git-credential-null" "clone" "--bare" "https://github.com/SpaceCorps/open-agents" "/workspace/cache/git-repos/https%3A%2F%2Fgithub.com%2FSpaceCorps%2Fopen-agents", kill_on_drop: false }`
[INFO] [stderr] Cloning into bare repository '/workspace/cache/git-repos/https%3A%2F%2Fgithub.com%2FSpaceCorps%2Fopen-agents'...
[INFO] running `Command { std: "git" "rev-parse" "HEAD", kill_on_drop: false }`
[INFO] [stdout] a312601dbc289487af28454a0629e00f8ac70e13
[INFO] testing SpaceCorps/open-agents against 1.99.0-beta.8+cargoflags=--release for beta-release-1.100-3
[INFO] running `Command { std: "git" "clone" "/workspace/cache/git-repos/https%3A%2F%2Fgithub.com%2FSpaceCorps%2Fopen-agents" "/workspace/builds/worker-5-tc1/source", kill_on_drop: false }`
[INFO] [stderr] Cloning into '/workspace/builds/worker-5-tc1/source'...
[INFO] [stderr] done.
[INFO] removed /workspace/builds/worker-5-tc1/source/rust-toolchain.toml
[INFO] started tweaking git repo https://github.com/SpaceCorps/open-agents
[INFO] finished tweaking git repo https://github.com/SpaceCorps/open-agents
[INFO] tweaked toml for git repo https://github.com/SpaceCorps/open-agents written to /workspace/builds/worker-5-tc1/source/Cargo.toml
[INFO] validating manifest of git repo https://github.com/SpaceCorps/open-agents on toolchain 1.99.0-beta.8
[INFO] running `Command { std: CARGO_HOME="/workspace/cargo-home" RUSTUP_HOME="/workspace/rustup-home" "/workspace/cargo-home/bin/cargo" "+1.99.0-beta.8" "metadata" "--manifest-path" "Cargo.toml" "--no-deps", kill_on_drop: false }`
[INFO] crate git repo https://github.com/SpaceCorps/open-agents already has a lockfile, it will not be regenerated
[INFO] running `Command { std: CARGO_HOME="/workspace/cargo-home" RUSTUP_HOME="/workspace/rustup-home" "/workspace/cargo-home/bin/cargo" "+1.99.0-beta.8" "fetch" "--manifest-path" "Cargo.toml", kill_on_drop: false }`
[INFO] [stderr]     Blocking waiting for file lock on package cache
[INFO] [stderr]     Updating crates.io index
[INFO] [stderr]     Blocking waiting for file lock on package cache
[INFO] [stderr]  Downloading crates ...
[INFO] [stderr]   Downloaded unicode-ident v1.0.26
[INFO] [stderr]   Downloaded mio v1.2.3
[INFO] [stderr]   Downloaded shell-words v1.1.1
[INFO] [stderr]   Downloaded android_system_properties v0.1.6
[INFO] [stderr]   Downloaded wasm-bindgen-shared v0.2.128
[INFO] [stderr]   Downloaded wasm-bindgen-macro v0.2.128
[INFO] [stderr]   Downloaded terminal_size v0.4.4
[INFO] [stderr]   Downloaded libredox v0.1.24
[INFO] [stderr]   Downloaded smallvec v1.16.1
[INFO] [stderr]   Downloaded thiserror v2.0.20
[INFO] [stderr]   Downloaded thiserror-impl v2.0.20
[INFO] [stderr]   Downloaded fallible-streaming-iterator v0.1.9
[INFO] [stderr]   Downloaded hashlink v0.9.1
[INFO] [stderr]   Downloaded find-msvc-tools v0.1.13
[INFO] [stderr]   Downloaded unsafe-libyaml v0.2.11
[INFO] [stderr]   Downloaded serde_yaml v0.9.34+deprecated
[INFO] [stderr]   Downloaded uuid v1.26.1
[INFO] [stderr]   Downloaded wasm-bindgen v0.2.128
[INFO] [stderr]   Downloaded wasm-bindgen-macro-support v0.2.128
[INFO] [stderr]   Downloaded js-sys v0.3.105
[INFO] [stderr]   Downloaded cc v1.4.7
[INFO] [stderr]   Downloaded zerocopy-derive v0.8.57
[INFO] [stderr]   Downloaded rusqlite v0.32.1
[INFO] [stderr]   Downloaded zerocopy v0.8.57
[INFO] [stderr]   Downloaded syn v3.0.6
[INFO] [stderr]   Downloaded libsqlite3-sys v0.30.1
[INFO] running `Command { std: "docker" "create" "-v" "/var/lib/crater-agent-workspace/builds/worker-5-tc1/source:/opt/rustwide/workdir:ro,Z" "-v" "/var/lib/crater-agent-workspace/builds/worker-5-tc1/target:/opt/rustwide/target:rw,Z" "-v" "/var/lib/crater-agent-workspace/cargo-home:/opt/rustwide/cargo-home:ro,Z" "-v" "/var/lib/crater-agent-workspace/rustup-home:/opt/rustwide/rustup-home:ro,Z" "-m" "1610612736" "--network" "none" "ghcr.io/rust-lang/crates-build-env/linux@sha256:77db811e55d90add9212f6832c23229e3de5f1c1f9905e8cb07319ea15df73ac" "sleep" "infinity", kill_on_drop: false }`
[INFO] [stdout] 8c914b9cab837080d0df8295a02b3d25067d408b722640f5778a478e33c213eb
[INFO] running `Command { std: "docker" "start" "8c914b9cab837080d0df8295a02b3d25067d408b722640f5778a478e33c213eb", kill_on_drop: false }`
[INFO] running `Command { std: "docker" "inspect" "8c914b9cab837080d0df8295a02b3d25067d408b722640f5778a478e33c213eb", kill_on_drop: false }`
[INFO] running `Command { std: "docker" "exec" "-e" "SOURCE_DIR=/opt/rustwide/workdir" "-e" "CARGO_HOME=/opt/rustwide/cargo-home" "-e" "RUSTUP_HOME=/opt/rustwide/rustup-home" "-e" "CARGO_TARGET_DIR=/opt/rustwide/target" "-w" "/opt/rustwide/workdir" "--user" "0:0" "8c914b9cab837080d0df8295a02b3d25067d408b722640f5778a478e33c213eb" "/opt/rustwide/cargo-home/bin/cargo" "+1.99.0-beta.8" "metadata" "--no-deps" "--format-version=1", kill_on_drop: false }`
[INFO] running `Command { std: "docker" "inspect" "8c914b9cab837080d0df8295a02b3d25067d408b722640f5778a478e33c213eb", kill_on_drop: false }`
[INFO] running `Command { std: "docker" "exec" "-e" "SOURCE_DIR=/opt/rustwide/workdir" "-e" "CARGO_HOME=/opt/rustwide/cargo-home" "-e" "RUSTUP_HOME=/opt/rustwide/rustup-home" "-e" "CARGO_TARGET_DIR=/opt/rustwide/target" "-e" "CARGO_INCREMENTAL=0" "-e" "RUST_BACKTRACE=full" "-e" "RUSTFLAGS=--cap-lints=warn" "-e" "RUSTDOCFLAGS=--cap-lints=warn" "-w" "/opt/rustwide/workdir" "--user" "0:0" "8c914b9cab837080d0df8295a02b3d25067d408b722640f5778a478e33c213eb" "/opt/rustwide/cargo-home/bin/cargo" "+1.99.0-beta.8" "build" "--frozen" "--message-format=json" "--release", kill_on_drop: false }`
[INFO] [stderr]    Compiling proc-macro2 v1.0.107
[INFO] [stderr]    Compiling unicode-ident v1.0.26
[INFO] [stderr]    Compiling quote v1.0.47
[INFO] [stderr]    Compiling libc v0.2.189
[INFO] [stderr]    Compiling cfg-if v1.0.5
[INFO] [stderr]    Compiling serde_core v1.0.229
[INFO] [stderr]    Compiling bitflags v2.13.2
[INFO] [stderr]    Compiling zerocopy v0.8.57
[INFO] [stderr]    Compiling ahash v0.8.12
[INFO] [stderr]    Compiling smallvec v1.16.1
[INFO] [stderr]    Compiling shlex v2.0.1
[INFO] [stderr]    Compiling rustix v1.1.5
[INFO] [stderr]    Compiling find-msvc-tools v0.1.13
[INFO] [stderr]    Compiling cc v1.4.7
[INFO] [stderr]    Compiling vcpkg v0.2.15
[INFO] [stderr]    Compiling autocfg v1.5.1
[INFO] [stderr]    Compiling pkg-config v0.3.34
[INFO] [stderr]    Compiling serde v1.0.229
[INFO] [stderr]    Compiling syn v3.0.6
[INFO] [stderr]    Compiling parking_lot_core v0.9.12
[INFO] [stderr]    Compiling syn v2.0.119
[INFO] [stderr]    Compiling num-traits v0.2.19
[INFO] [stderr]    Compiling tracing-core v0.1.36
[INFO] [stderr]    Compiling getrandom v0.4.3
[INFO] [stderr]    Compiling zmij v1.0.23
[INFO] [stderr]    Compiling lock_api v0.4.14
[INFO] [stderr]    Compiling libsqlite3-sys v0.30.1
[INFO] [stderr]    Compiling terminal_size v0.4.4
[INFO] [stderr]    Compiling errno v0.3.14
[INFO] [stderr]    Compiling regex-syntax v0.8.11
[INFO] [stderr]    Compiling anyhow v1.0.104
[INFO] [stderr]    Compiling serde_json v1.0.151
[INFO] [stderr]    Compiling option-ext v0.2.0
[INFO] [stderr]    Compiling hashbrown v0.17.1
[INFO] [stderr]    Compiling equivalent v1.0.2
[INFO] [stderr]    Compiling thiserror v2.0.20
[INFO] [stderr]    Compiling clap_lex v1.1.1
[INFO] [stderr]    Compiling clap_builder v4.6.7
[INFO] [stderr]    Compiling indexmap v2.14.2
[INFO] [stderr]    Compiling dirs-sys v0.4.1
[INFO] [stderr]    Compiling regex-automata v0.4.18
[INFO] [stderr]    Compiling serde_derive v1.0.229
[INFO] [stderr]    Compiling thiserror-impl v2.0.20
[INFO] [stderr]    Compiling hashbrown v0.14.5
[INFO] [stderr]    Compiling hashlink v0.9.1
[INFO] [stderr]    Compiling tracing-attributes v0.1.31
[INFO] [stderr]    Compiling tokio-macros v2.7.2
[INFO] [stderr]    Compiling clap_derive v4.6.7
[INFO] [stderr]    Compiling signal-hook-registry v1.4.8
[INFO] [stderr]    Compiling parking_lot v0.12.5
[INFO] [stderr]    Compiling tracing v0.1.44
[INFO] [stderr]    Compiling mio v1.2.3
[INFO] [stderr]    Compiling socket2 v0.6.5
[INFO] [stderr]    Compiling unsafe-libyaml v0.2.11
[INFO] [stderr]    Compiling bytes v1.12.1
[INFO] [stderr]    Compiling fallible-streaming-iterator v0.1.9
[INFO] [stderr]    Compiling fallible-iterator v0.3.0
[INFO] [stderr]    Compiling ryu v1.0.23
[INFO] [stderr]    Compiling log v0.4.34
[INFO] [stderr]    Compiling memchr v2.8.3
[INFO] [stderr]    Compiling tracing-log v0.2.0
[INFO] [stderr]    Compiling tokio v1.53.1
[INFO] [stderr]    Compiling walkdir v2.5.0
[INFO] [stderr]    Compiling serde_yaml v0.9.34+deprecated
[INFO] [stderr]    Compiling chrono v0.4.45
[INFO] [stderr]    Compiling sharded-slab v0.1.7
[INFO] [stderr]    Compiling clap v4.6.7
[INFO] [stderr]    Compiling uuid v1.26.1
[INFO] [stderr]    Compiling matchers v0.2.0
[INFO] [stderr]    Compiling dirs v5.0.1
[INFO] [stderr]    Compiling include_dir_macros v0.7.4
[INFO] [stderr]    Compiling thread_local v1.1.10
[INFO] [stderr]    Compiling shell-words v1.1.1
[INFO] [stderr]    Compiling nu-ansi-term v0.50.3
[INFO] [stderr]    Compiling include_dir v0.7.4
[INFO] [stderr]    Compiling tracing-subscriber v0.3.23
[INFO] [stderr]    Compiling clap_complete v4.6.11
[INFO] [stderr]    Compiling rusqlite v0.32.1
[INFO] [stderr]    Compiling open-agents-core v0.1.0 (/opt/rustwide/workdir/crates/open-agents-core)
[INFO] [stderr]    Compiling open-agents-cli v0.1.0 (/opt/rustwide/workdir/crates/open-agents-cli)
[INFO] [stderr]     Finished `release` profile [optimized] target(s) in 3m 51s
[INFO] running `Command { std: "docker" "inspect" "8c914b9cab837080d0df8295a02b3d25067d408b722640f5778a478e33c213eb", kill_on_drop: false }`
[INFO] running `Command { std: "docker" "exec" "-e" "SOURCE_DIR=/opt/rustwide/workdir" "-e" "CARGO_HOME=/opt/rustwide/cargo-home" "-e" "RUSTUP_HOME=/opt/rustwide/rustup-home" "-e" "CARGO_TARGET_DIR=/opt/rustwide/target" "-e" "CARGO_INCREMENTAL=0" "-e" "RUST_BACKTRACE=full" "-e" "RUSTFLAGS=--cap-lints=warn" "-e" "RUSTDOCFLAGS=--cap-lints=warn" "-w" "/opt/rustwide/workdir" "--user" "0:0" "8c914b9cab837080d0df8295a02b3d25067d408b722640f5778a478e33c213eb" "/opt/rustwide/cargo-home/bin/cargo" "+1.99.0-beta.8" "test" "--frozen" "--no-run" "--message-format=json" "--release", kill_on_drop: false }`
[INFO] [stderr]    Compiling rustix v1.1.5
[INFO] [stderr]    Compiling fastrand v2.5.0
[INFO] [stderr]    Compiling terminal_size v0.4.4
[INFO] [stderr]    Compiling tempfile v3.27.0
[INFO] [stderr]    Compiling clap_builder v4.6.7
[INFO] [stderr]    Compiling open-agents-core v0.1.0 (/opt/rustwide/workdir/crates/open-agents-core)
[INFO] [stderr]    Compiling clap v4.6.7
[INFO] [stderr]    Compiling clap_complete v4.6.11
[INFO] [stderr]    Compiling open-agents-cli v0.1.0 (/opt/rustwide/workdir/crates/open-agents-cli)
[INFO] [stderr]     Finished `release` profile [optimized] target(s) in 1m 02s
[INFO] running `Command { std: "docker" "inspect" "8c914b9cab837080d0df8295a02b3d25067d408b722640f5778a478e33c213eb", kill_on_drop: false }`
[INFO] running `Command { std: "docker" "exec" "-e" "SOURCE_DIR=/opt/rustwide/workdir" "-e" "CARGO_HOME=/opt/rustwide/cargo-home" "-e" "RUSTUP_HOME=/opt/rustwide/rustup-home" "-e" "CARGO_TARGET_DIR=/opt/rustwide/target" "-e" "CARGO_INCREMENTAL=0" "-e" "RUST_BACKTRACE=full" "-e" "RUSTFLAGS=--cap-lints=warn" "-e" "RUSTDOCFLAGS=--cap-lints=warn" "-w" "/opt/rustwide/workdir" "--user" "0:0" "8c914b9cab837080d0df8295a02b3d25067d408b722640f5778a478e33c213eb" "/opt/rustwide/cargo-home/bin/cargo" "+1.99.0-beta.8" "test" "--frozen" "--release", kill_on_drop: false }`
[INFO] [stderr]     Finished `release` profile [optimized] target(s) in 0.15s
[INFO] [stderr]      Running unittests src/lib.rs (/opt/rustwide/target/release/deps/open_agents_cli-0057caf67a93d94a)
[INFO] [stdout] 
[INFO] [stdout] running 3 tests
[INFO] [stdout] test bundled::tests::the_shipped_promptware_is_compiled_in_and_has_a_program ... ok
[INFO] [stdout] test bundled::tests::a_name_that_is_not_bundled_is_not_an_error ... ok
[INFO] [stdout] test bundled::tests::installing_is_idempotent_and_never_clobbers_an_edited_program ... ok
[INFO] [stdout] 
[INFO] [stdout] test result: ok. 3 passed; 0 failed; 0 ignored; 0 measured; 0 filtered out; finished in 0.01s
[INFO] [stdout] 
[INFO] [stderr]      Running unittests src/bin/oa.rs (/opt/rustwide/target/release/deps/oa-debb874e23d33a88)
[INFO] [stdout] 
[INFO] [stdout] running 0 tests
[INFO] [stdout] 
[INFO] [stdout] test result: ok. 0 passed; 0 failed; 0 ignored; 0 measured; 0 filtered out; finished in 0.00s
[INFO] [stdout] 
[INFO] [stderr]      Running unittests src/bin/open-agents.rs (/opt/rustwide/target/release/deps/open_agents-45790e4b8cc515ae)
[INFO] [stdout] 
[INFO] [stdout] running 0 tests
[INFO] [stdout] 
[INFO] [stdout] test result: ok. 0 passed; 0 failed; 0 ignored; 0 measured; 0 filtered out; finished in 0.00s
[INFO] [stdout] 
[INFO] [stderr]      Running unittests src/lib.rs (/opt/rustwide/target/release/deps/open_agents_core-19e34f9739272b2a)
[INFO] [stdout] 
[INFO] [stdout] running 53 tests
[INFO] [stdout] test config::tests::the_command_line_beats_everything ... ok
[INFO] [stdout] test config::tests::the_promptware_block_beats_the_global_default ... ok
[INFO] [stdout] test config::tests::a_missing_config_file_is_an_empty_config ... ok
[INFO] [stdout] test config::tests::claude_is_the_default_when_nothing_is_configured ... ok
[INFO] [stdout] test config::tests::set_rejects_unknown_keys_and_bad_numbers ... ok
[INFO] [stdout] test promptware::compiler::tests::empty_dirs_render_placeholders_and_the_program_is_inlined ... ok
[INFO] [stdout] test config::tests::a_config_round_trips_through_yaml ... ok
[INFO] [stdout] test promptware::compiler::tests::the_header_is_sorted_and_current_time_is_injected_only_when_absent ... ok
[INFO] [stdout] test promptware::compiler::tests::the_memory_loop_instructions_name_this_cli_and_this_promptware ... ok
[INFO] [stdout] test promptware::memory::tests::deleting_a_missing_memory_reports_false_rather_than_failing ... ok
[INFO] [stdout] test promptware::memory::tests::listing_a_promptware_with_no_memory_dir_is_empty_not_an_error ... ok
[INFO] [stdout] test promptware::compiler::tests::multiline_header_values_cannot_break_the_block ... ok
[INFO] [stdout] test promptware::compiler::tests::a_missing_program_is_an_error_rather_than_an_empty_prompt ... ok
[INFO] [stdout] test promptware::store::tests::an_out_of_tree_promptware_keeps_memory_beside_its_program ... ok
[INFO] [stdout] test promptware::memory::tests::path_traversal_and_hidden_names_are_rejected ... ok
[INFO] [stdout] test promptware::store::tests::opening_a_missing_promptware_names_where_it_looked ... ok
[INFO] [stdout] test promptware::memory::tests::a_missing_file_in_a_batch_does_not_lose_the_others ... ok
[INFO] [stdout] test promptware::memory::tests::tools_are_written_executable ... ok
[INFO] [stdout] test providers::model::tests::claude_aliases_collapse_and_unknown_models_pass_through ... ok
[INFO] [stdout] test providers::model::tests::qualify_falls_back_on_the_endpoint_when_no_model_is_given ... ok
[INFO] [stdout] test providers::model::tests::qualify_infers_the_vendor_from_the_model_name ... ok
[INFO] [stdout] test providers::spec::tests::antigravity_collapses_effort_and_passes_the_prompt_as_a_file ... ok
[INFO] [stdout] test providers::spec::tests::claude_grants_a_default_allow_list_only_for_unattended_runs_with_no_tools_named ... ok
[INFO] [stdout] test promptware::store::tests::scaffold_creates_the_shape_once_and_never_clobbers_a_program ... ok
[INFO] [stdout] test providers::spec::tests::codex_sandboxes_unless_explicitly_disabled ... ok
[INFO] [stdout] test providers::model::tests::qualify_respects_an_already_qualified_model ... ok
[INFO] [stdout] test providers::spec::tests::gemini_always_passes_the_placeholder_prompt_flag ... ok
[INFO] [stdout] test promptware::memory::tests::write_list_read_delete_round_trips ... ok
[INFO] [stdout] test providers::spec::tests::network_denial_reaches_claude_and_codex ... ok
[INFO] [stdout] test providers::spec::tests::claude_sends_the_prompt_on_stdin_and_settings_as_json ... ok
[INFO] [stdout] test promptware::compiler::tests::memory_and_tools_are_listed_sorted_with_dotfiles_hidden ... ok
[INFO] [stdout] test runs::events::tests::plain_output_and_non_terminal_events_are_ignored ... ok
[INFO] [stdout] test runs::events::tests::a_non_null_error_field_marks_failure_and_an_explicit_success_flag_overrides ... ok
[INFO] [stdout] test providers::spec::tests::opencode_qualifies_the_model_and_maps_max_onto_its_own_tier ... ok
[INFO] [stdout] test providers::catalog::tests::every_provider_is_offered_and_gemini_hides_its_effort_picker ... ok
[INFO] [stdout] test providers::catalog::tests::model_and_effort_lists_lead_with_default ... ok
[INFO] [stdout] test runs::store::tests::finishing_a_run_clears_its_pid ... ok
[INFO] [stdout] test runs::events::tests::both_discriminator_keys_and_both_casings_are_understood ... ok
[INFO] [stdout] test runs::store::tests::listing_filters_by_status_and_returns_newest_first ... ok
[INFO] [stdout] test providers::spec::tests::every_advertised_effort_survives_its_own_provider ... ok
[INFO] [stdout] test runs::store::tests::purge_spares_running_runs ... ok
[INFO] [stdout] test runs::store::tests::a_run_can_only_be_finished_once ... ok
[INFO] [stdout] test runs::supervisor::tests::a_missing_binary_is_reported_as_a_spawn_failure ... ok
[INFO] [stdout] test runs::store::tests::ids_are_sequential_and_zero_padded ... ok
[INFO] [stdout] test runs::store::tests::a_reopened_database_keeps_its_runs_and_does_not_remigrate ... ok
[INFO] [stdout] test runs::supervisor::tests::a_clean_exit_does_not_wait_out_the_kill_grace ... ok
[INFO] [stdout] test runs::supervisor::tests::output_is_streamed_and_the_exit_code_is_reported ... ok
[INFO] [stdout] test runs::supervisor::tests::temp_files_are_removed_when_the_run_ends ... ok
[INFO] [stdout] test runs::supervisor::tests::the_agents_own_verdict_beats_a_zero_exit_code ... ok
[INFO] [stdout] test runs::supervisor::tests::the_prompt_reaches_the_agent_on_stdin ... FAILED
[INFO] [stdout] test runs::supervisor::tests::cancelling_stops_the_run ... ok
[INFO] [stdout] test runs::supervisor::tests::a_hung_agent_is_killed_once_its_grace_period_expires ... ok
[INFO] [stdout] test runs::supervisor::tests::the_overall_timeout_terminates_a_silent_agent ... ok
[INFO] [stdout] 
[INFO] [stdout] failures:
[INFO] [stdout] 
[INFO] [stdout] ---- runs::supervisor::tests::the_prompt_reaches_the_agent_on_stdin stdout ----
[INFO] [stdout] 
[INFO] [stdout] thread 'runs::supervisor::tests::the_prompt_reaches_the_agent_on_stdin' (2129) panicked at crates/open-agents-core/src/runs/supervisor.rs:450:43:
[INFO] [stdout] called `Option::unwrap()` on a `None` value
[INFO] [stdout] stack backtrace:
[INFO] [stdout]    0:     0x55ead4e45e91 - <<std[70759c8f55707aa4]::sys::backtrace::BacktraceLock>::print::DisplayBacktrace as core[df12db4294e9bfd3]::fmt::Display>::fmt
[INFO] [stdout]    1:     0x55ead4e5ccda - core[df12db4294e9bfd3]::fmt::write
[INFO] [stdout]    2:     0x55ead4e4ad7c - <alloc[2182bb758b4b3781]::vec::Vec<u8> as core[df12db4294e9bfd3]::io::write::Write>::write_fmt
[INFO] [stdout]    3:     0x55ead4e1f526 - std[70759c8f55707aa4]::panicking::default_hook::{closure#0}
[INFO] [stdout]    4:     0x55ead4e3d2f9 - std[70759c8f55707aa4]::panicking::default_hook
[INFO] [stdout]    5:     0x55ead4c14a30 - test[9d35eded1c95d3be]::test_main_inner::<test[9d35eded1c95d3be]::test_main_static::{closure#0}>::{closure#0}
[INFO] [stdout]    6:     0x55ead4e3d622 - std[70759c8f55707aa4]::panicking::panic_with_hook
[INFO] [stdout]    7:     0x55ead4e1f604 - std[70759c8f55707aa4]::panicking::panic_handler::{closure#0}
[INFO] [stdout]    8:     0x55ead4e17a79 - std[70759c8f55707aa4]::sys::backtrace::__rust_end_short_backtrace::<std[70759c8f55707aa4]::panicking::panic_handler::{closure#0}, !>
[INFO] [stdout]    9:     0x55ead4e2039d - __rustc[8fa7c3cbc660c2b3]::rust_begin_unwind
[INFO] [stdout]   10:     0x55ead4e5d43c - core[df12db4294e9bfd3]::panicking::panic_fmt
[INFO] [stdout]   11:     0x55ead4e5d402 - core[df12db4294e9bfd3]::panicking::panic
[INFO] [stdout]   12:     0x55ead4e5d1b9 - core[df12db4294e9bfd3]::option::unwrap_failed
[INFO] [stdout]   13:     0x55ead4bcc39f - open_agents_core[ff9a285b1b337102]::runs::supervisor::tests::the_prompt_reaches_the_agent_on_stdin::{closure#0}
[INFO] [stdout]   14:     0x55ead4bdd06a - <tokio[56efa99da67df05e]::runtime::context::scoped::Scoped<tokio[56efa99da67df05e]::runtime::scheduler::Context>>::set::<<tokio[56efa99da67df05e]::runtime::scheduler::current_thread::CoreGuard>::enter<<tokio[56efa99da67df05e]::runtime::scheduler::current_thread::CoreGuard>::block_on<core[df12db4294e9bfd3]::pin::Pin<&mut core[df12db4294e9bfd3]::pin::Pin<&mut dyn core[df12db4294e9bfd3]::future::future::Future<Output = ()>>>>::{closure#0}, core[df12db4294e9bfd3]::option::Option<()>>::{closure#0}, (alloc[2182bb758b4b3781]::boxed::Box<tokio[56efa99da67df05e]::runtime::scheduler::current_thread::Core>, core[df12db4294e9bfd3]::option::Option<()>)>
[INFO] [stdout]   15:     0x55ead4bdcafd - <tokio[56efa99da67df05e]::runtime::runtime::Runtime>::block_on::<core[df12db4294e9bfd3]::pin::Pin<&mut dyn core[df12db4294e9bfd3]::future::future::Future<Output = ()>>>
[INFO] [stdout]   16:     0x55ead4bcebab - open_agents_core[ff9a285b1b337102]::runs::supervisor::tests::the_prompt_reaches_the_agent_on_stdin
[INFO] [stdout]   17:     0x55ead4bb9f49 - <open_agents_core[ff9a285b1b337102]::runs::supervisor::tests::the_prompt_reaches_the_agent_on_stdin::{closure#0} as core[df12db4294e9bfd3]::ops::function::FnOnce<()>>::call_once
[INFO] [stdout]   18:     0x55ead4c07d1b - test[9d35eded1c95d3be]::__rust_begin_short_backtrace::<core[df12db4294e9bfd3]::result::Result<(), alloc[2182bb758b4b3781]::string::String>, fn() -> core[df12db4294e9bfd3]::result::Result<(), alloc[2182bb758b4b3781]::string::String>>
[INFO] [stdout]   19:     0x55ead4c15385 - test[9d35eded1c95d3be]::run_test::{closure#0}
[INFO] [stdout]   20:     0x55ead4c0ec44 - std[70759c8f55707aa4]::sys::backtrace::__rust_begin_short_backtrace::<test[9d35eded1c95d3be]::run_test::{closure#1}, ()>
[INFO] [stdout]   21:     0x55ead4c184e2 - <std[70759c8f55707aa4]::thread::lifecycle::spawn_unchecked<test[9d35eded1c95d3be]::run_test::{closure#1}, ()>::{closure#1} as core[df12db4294e9bfd3]::ops::function::FnOnce<()>>::call_once::{shim:vtable#0}
[INFO] [stdout]   22:     0x55ead4e451f9 - <std[70759c8f55707aa4]::sys::thread::unix::Thread>::new::thread_start
[INFO] [stdout]   23:     0x7b52817f7dfa - <unknown>
[INFO] [stdout]   24:     0x7b528188b3d4 - clone
[INFO] [stdout]   25:                0x0 - <unknown>
[INFO] [stdout] 
[INFO] [stdout] 
[INFO] [stdout] failures:
[INFO] [stdout]     runs::supervisor::tests::the_prompt_reaches_the_agent_on_stdin
[INFO] [stdout] 
[INFO] [stdout] test result: FAILED. 52 passed; 1 failed; 0 ignored; 0 measured; 0 filtered out; finished in 3.23s
[INFO] [stdout] 
[INFO] [stderr] error: test failed, to rerun pass `-p open-agents-core --lib`
[INFO] running `Command { std: "docker" "inspect" "8c914b9cab837080d0df8295a02b3d25067d408b722640f5778a478e33c213eb", kill_on_drop: false }`
[INFO] running `Command { std: "docker" "rm" "-f" "8c914b9cab837080d0df8295a02b3d25067d408b722640f5778a478e33c213eb", kill_on_drop: false }`
[INFO] [stdout] 8c914b9cab837080d0df8295a02b3d25067d408b722640f5778a478e33c213eb
