[INFO] cloning repository https://github.com/smsdev00/wallpaper_rust
[INFO] running `Command { std: "git" "-c" "credential.helper=" "-c" "credential.helper=/workspace/cargo-home/bin/git-credential-null" "clone" "--bare" "https://github.com/smsdev00/wallpaper_rust" "/workspace/cache/git-repos/https%3A%2F%2Fgithub.com%2Fsmsdev00%2Fwallpaper_rust", kill_on_drop: false }`
[INFO] [stderr] Cloning into bare repository '/workspace/cache/git-repos/https%3A%2F%2Fgithub.com%2Fsmsdev00%2Fwallpaper_rust'...
[INFO] running `Command { std: "git" "rev-parse" "HEAD", kill_on_drop: false }`
[INFO] [stdout] dc8beadfac0b86b1d283b190da8a59600f23225b
[INFO] testing smsdev00/wallpaper_rust against 1.99.0-beta.8+cargoflags=--release for beta-release-1.100-3
[INFO] running `Command { std: "git" "clone" "/workspace/cache/git-repos/https%3A%2F%2Fgithub.com%2Fsmsdev00%2Fwallpaper_rust" "/workspace/builds/worker-6-tc1/source", kill_on_drop: false }`
[INFO] [stderr] Cloning into '/workspace/builds/worker-6-tc1/source'...
[INFO] [stderr] done.
[INFO] started tweaking git repo https://github.com/smsdev00/wallpaper_rust
[INFO] finished tweaking git repo https://github.com/smsdev00/wallpaper_rust
[INFO] tweaked toml for git repo https://github.com/smsdev00/wallpaper_rust written to /workspace/builds/worker-6-tc1/source/Cargo.toml
[INFO] validating manifest of git repo https://github.com/smsdev00/wallpaper_rust on toolchain 1.99.0-beta.8
[INFO] running `Command { std: CARGO_HOME="/workspace/cargo-home" RUSTUP_HOME="/workspace/rustup-home" "/workspace/cargo-home/bin/cargo" "+1.99.0-beta.8" "metadata" "--manifest-path" "Cargo.toml" "--no-deps", kill_on_drop: false }`
[INFO] crate git repo https://github.com/smsdev00/wallpaper_rust already has a lockfile, it will not be regenerated
[INFO] running `Command { std: CARGO_HOME="/workspace/cargo-home" RUSTUP_HOME="/workspace/rustup-home" "/workspace/cargo-home/bin/cargo" "+1.99.0-beta.8" "fetch" "--manifest-path" "Cargo.toml", kill_on_drop: false }`
[INFO] [stderr]     Blocking waiting for file lock on package cache
[INFO] [stderr]     Updating crates.io index
[INFO] [stderr]     Blocking waiting for file lock on package cache
[INFO] [stderr]  Downloading crates ...
[INFO] [stderr]   Downloaded enquote v1.1.0
[INFO] [stderr]   Downloaded rust-ini v0.12.2
[INFO] [stderr]   Downloaded wallpaper v3.2.0
[INFO] [stderr]   Downloaded winreg v0.9.0
[INFO] [stderr]   Downloaded dirs v1.0.5
[INFO] [stderr]   Downloaded futures-core v0.3.33
[INFO] [stderr]   Downloaded redox_users v0.3.5
[INFO] [stderr]   Downloaded futures-task v0.3.33
[INFO] [stderr]   Downloaded futures-sink v0.3.33
[INFO] [stderr]   Downloaded futures-macro v0.3.33
[INFO] [stderr]   Downloaded futures-io v0.3.33
[INFO] [stderr]   Downloaded rust-argon2 v0.8.3
[INFO] [stderr]   Downloaded blake2b_simd v0.5.11
[INFO] [stderr]   Downloaded cc v1.4.0
[INFO] [stderr]   Downloaded futures-util v0.3.33
[INFO] [stderr]   Downloaded mio v1.2.2
[INFO] [stderr]   Downloaded http-body-util v0.1.4
[INFO] [stderr]   Downloaded hyper v1.11.0
[INFO] [stderr]   Downloaded h2 v0.4.15
[INFO] [stderr]   Downloaded ipnet v2.12.1
[INFO] [stderr]   Downloaded futures-channel v0.3.33
[INFO] [stderr]   Downloaded rustls v0.23.43
[INFO] [stderr]   Downloaded zune-core v0.5.1
[INFO] [stderr]   Downloaded ort-sys v2.0.0-rc.13
[INFO] [stderr]   Downloaded portable-atomic v1.14.0
[INFO] [stderr]   Downloaded zune-jpeg v0.5.15
[INFO] [stderr]   Downloaded tiff v0.11.3
[INFO] [stderr]   Downloaded fax v0.2.7
[INFO] [stderr]   Downloaded ort v2.0.0-rc.13
[INFO] [stderr]   Downloaded ravif v0.13.0
[INFO] [stderr]   Downloaded thiserror v2.0.19
[INFO] [stderr]   Downloaded thiserror-impl v2.0.19
[INFO] [stderr]   Downloaded ndarray v0.17.2
[INFO] [stderr]   Downloaded profiling v1.0.18
[INFO] [stderr]   Downloaded profiling-procmacros v1.0.18
[INFO] [stderr]   Downloaded image v0.25.10
[INFO] [stderr]   Downloaded built v0.8.1
[INFO] [stderr]   Downloaded libfuzzer-sys v0.4.13
[INFO] [stderr]   Downloaded imgref v1.12.2
[INFO] [stderr]   Downloaded avif-serialize v0.8.9
[INFO] [stderr]   Downloaded png v0.18.1
[INFO] [stderr]   Downloaded moxcms v0.8.1
[INFO] [stderr]   Downloaded gif v0.14.2
[INFO] [stderr]   Downloaded pxfm v0.1.30
[INFO] running `Command { std: "docker" "create" "-v" "/var/lib/crater-agent-workspace/builds/worker-6-tc1/source:/opt/rustwide/workdir:ro,Z" "-v" "/var/lib/crater-agent-workspace/builds/worker-6-tc1/target:/opt/rustwide/target:rw,Z" "-v" "/var/lib/crater-agent-workspace/cargo-home:/opt/rustwide/cargo-home:ro,Z" "-v" "/var/lib/crater-agent-workspace/rustup-home:/opt/rustwide/rustup-home:ro,Z" "-m" "1610612736" "--network" "none" "ghcr.io/rust-lang/crates-build-env/linux@sha256:77db811e55d90add9212f6832c23229e3de5f1c1f9905e8cb07319ea15df73ac" "sleep" "infinity", kill_on_drop: false }`
[INFO] [stdout] c66e9916411cdf7238fc1d48613b2e550f2cd07a1ca60e0dc681800f91471cb2
[INFO] running `Command { std: "docker" "start" "c66e9916411cdf7238fc1d48613b2e550f2cd07a1ca60e0dc681800f91471cb2", kill_on_drop: false }`
[INFO] running `Command { std: "docker" "inspect" "c66e9916411cdf7238fc1d48613b2e550f2cd07a1ca60e0dc681800f91471cb2", kill_on_drop: false }`
[INFO] running `Command { std: "docker" "exec" "-e" "SOURCE_DIR=/opt/rustwide/workdir" "-e" "CARGO_HOME=/opt/rustwide/cargo-home" "-e" "RUSTUP_HOME=/opt/rustwide/rustup-home" "-e" "CARGO_TARGET_DIR=/opt/rustwide/target" "-w" "/opt/rustwide/workdir" "--user" "0:0" "c66e9916411cdf7238fc1d48613b2e550f2cd07a1ca60e0dc681800f91471cb2" "/opt/rustwide/cargo-home/bin/cargo" "+1.99.0-beta.8" "metadata" "--no-deps" "--format-version=1", kill_on_drop: false }`
[INFO] running `Command { std: "docker" "inspect" "c66e9916411cdf7238fc1d48613b2e550f2cd07a1ca60e0dc681800f91471cb2", kill_on_drop: false }`
[INFO] running `Command { std: "docker" "exec" "-e" "SOURCE_DIR=/opt/rustwide/workdir" "-e" "CARGO_HOME=/opt/rustwide/cargo-home" "-e" "RUSTUP_HOME=/opt/rustwide/rustup-home" "-e" "CARGO_TARGET_DIR=/opt/rustwide/target" "-e" "CARGO_INCREMENTAL=0" "-e" "RUST_BACKTRACE=full" "-e" "RUSTFLAGS=--cap-lints=warn" "-e" "RUSTDOCFLAGS=--cap-lints=warn" "-w" "/opt/rustwide/workdir" "--user" "0:0" "c66e9916411cdf7238fc1d48613b2e550f2cd07a1ca60e0dc681800f91471cb2" "/opt/rustwide/cargo-home/bin/cargo" "+1.99.0-beta.8" "build" "--frozen" "--message-format=json" "--release", kill_on_drop: false }`
[INFO] [stderr]    Compiling unicode-ident v1.0.24
[INFO] [stderr]    Compiling libc v0.2.189
[INFO] [stderr]    Compiling stable_deref_trait v1.2.1
[INFO] [stderr]    Compiling memchr v2.8.3
[INFO] [stderr]    Compiling pin-project-lite v0.2.17
[INFO] [stderr]    Compiling num-traits v0.2.19
[INFO] [stderr]    Compiling bitflags v2.13.1
[INFO] [stderr]    Compiling futures-core v0.3.33
[INFO] [stderr]    Compiling proc-macro2 v1.0.107
[INFO] [stderr]    Compiling smallvec v1.15.2
[INFO] [stderr]    Compiling crossbeam-utils v0.8.22
[INFO] [stderr]    Compiling crossbeam-epoch v0.9.20
[INFO] [stderr]    Compiling find-msvc-tools v0.1.9
[INFO] [stderr]    Compiling crossbeam-deque v0.8.7
[INFO] [stderr]    Compiling cc v1.4.0
[INFO] [stderr]    Compiling futures-sink v0.3.33
[INFO] [stderr]    Compiling pkg-config v0.3.33
[INFO] [stderr]    Compiling vcpkg v0.2.15
[INFO] [stderr]    Compiling quote v1.0.47
[INFO] [stderr]    Compiling syn v2.0.119
[INFO] [stderr]    Compiling syn v3.0.3
[INFO] [stderr]    Compiling num-integer v0.1.46
[INFO] [stderr]    Compiling litemap v0.8.2
[INFO] [stderr]    Compiling mio v1.2.2
[INFO] [stderr]    Compiling socket2 v0.6.5
[INFO] [stderr]    Compiling log v0.4.33
[INFO] [stderr]    Compiling rayon-core v1.13.0
[INFO] [stderr]    Compiling writeable v0.6.3
[INFO] [stderr]    Compiling http v1.5.0
[INFO] [stderr]    Compiling slab v0.4.12
[INFO] [stderr]    Compiling openssl-sys v0.9.117
[INFO] [stderr]    Compiling tokio v1.53.1
[INFO] [stderr]    Compiling icu_normalizer_data v2.2.0
[INFO] [stderr]    Compiling icu_properties_data v2.2.0
[INFO] [stderr]    Compiling once_cell v1.21.4
[INFO] [stderr]    Compiling utf8_iter v1.0.4
[INFO] [stderr]    Compiling simd-adler32 v0.3.10
[INFO] [stderr]    Compiling either v1.17.0
[INFO] [stderr]    Compiling bytemuck v1.25.2
[INFO] [stderr]    Compiling tracing-core v0.1.36
[INFO] [stderr]    Compiling num-bigint v0.4.8
[INFO] [stderr]    Compiling hashbrown v0.17.1
[INFO] [stderr]    Compiling http-body v1.1.0
[INFO] [stderr]    Compiling zerocopy v0.8.56
[INFO] [stderr]    Compiling futures-task v0.3.33
[INFO] [stderr]    Compiling openssl v0.10.81
[INFO] [stderr]    Compiling futures-io v0.3.33
[INFO] [stderr]    Compiling httparse v1.10.1
[INFO] [stderr]    Compiling arrayvec v0.7.8
[INFO] [stderr]    Compiling displaydoc v0.2.7
[INFO] [stderr]    Compiling thiserror v2.0.19
[INFO] [stderr]    Compiling thiserror-impl v2.0.19
[INFO] [stderr]    Compiling futures-util v0.3.33
[INFO] [stderr]    Compiling indexmap v2.14.0
[INFO] [stderr]    Compiling miniz_oxide v0.8.9
[INFO] [stderr]    Compiling rayon v1.12.0
[INFO] [stderr]    Compiling synstructure v0.13.2
[INFO] [stderr]    Compiling num-rational v0.4.2
[INFO] [stderr]    Compiling tracing v0.1.44
[INFO] [stderr]    Compiling num-complex v0.4.6
[INFO] [stderr]    Compiling as-slice v0.2.1
[INFO] [stderr]    Compiling version_check v0.9.5
[INFO] [stderr]    Compiling native-tls v0.2.18
[INFO] [stderr]    Compiling zerofrom-derive v0.1.7
[INFO] [stderr]    Compiling yoke-derive v0.8.2
[INFO] [stderr]    Compiling zerovec-derive v0.11.3
[INFO] [stderr]    Compiling equator-macro v0.4.2
[INFO] [stderr]    Compiling tokio-util v0.7.19
[INFO] [stderr]    Compiling openssl-macros v0.1.1
[INFO] [stderr]    Compiling equator v0.4.2
[INFO] [stderr]    Compiling zerocopy-derive v0.8.56
[INFO] [stderr]    Compiling tower-service v0.3.3
[INFO] [stderr]    Compiling built v0.8.1
[INFO] [stderr]    Compiling zerofrom v0.1.8
[INFO] [stderr]    Compiling libm v0.2.16
[INFO] [stderr]    Compiling aligned-vec v0.6.4
[INFO] [stderr]    Compiling yoke v0.8.3
[INFO] [stderr]    Compiling av-scenechange v0.14.1
[INFO] [stderr]    Compiling try-lock v0.2.5
[INFO] [stderr]    Compiling want v0.3.1
[INFO] [stderr]    Compiling v_frame v0.3.9
[INFO] [stderr]    Compiling zerovec v0.11.6
[INFO] [stderr]    Compiling zerotrie v0.2.4
[INFO] [stderr]    Compiling rav1e v0.8.1
[INFO] [stderr]    Compiling h2 v0.4.15
[INFO] [stderr]    Compiling pulp v0.22.3
[INFO] [stderr]    Compiling tinystr v0.8.3
[INFO] [stderr]    Compiling potential_utf v0.1.5
[INFO] [stderr]    Compiling icu_collections v2.2.0
[INFO] [stderr]    Compiling arg_enum_proc_macro v0.3.4
[INFO] [stderr]    Compiling icu_locale_core v2.2.0
[INFO] [stderr]    Compiling profiling-procmacros v1.0.18
[INFO] [stderr]    Compiling aligned v0.4.3
[INFO] [stderr]    Compiling form_urlencoded v1.2.2
[INFO] [stderr]    Compiling no_std_io2 v0.9.4
[INFO] [stderr]    Compiling nom v8.0.0
[INFO] [stderr]    Compiling futures-channel v0.3.33
[INFO] [stderr]    Compiling serde v1.0.229
[INFO] [stderr]    Compiling y4m v0.8.0
[INFO] [stderr]    Compiling pastey v0.1.1
[INFO] [stderr]    Compiling quick-error v2.0.1
[INFO] [stderr]    Compiling openssl-probe v0.2.1
[INFO] [stderr]    Compiling icu_provider v2.2.0
[INFO] [stderr]    Compiling icu_normalizer v2.2.0
[INFO] [stderr]    Compiling icu_properties v2.2.0
[INFO] [stderr]    Compiling idna_adapter v1.2.2
[INFO] [stderr]    Compiling idna v1.1.0
[INFO] [stderr]    Compiling hyper v1.11.0
[INFO] [stderr]    Compiling bitstream-io v4.10.0
[INFO] [stderr]    Compiling av1-grain v0.2.5
[INFO] [stderr]    Compiling profiling v1.0.18
[INFO] [stderr]    Compiling flate2 v1.1.9
[INFO] [stderr]    Compiling maybe-rayon v0.1.1
[INFO] [stderr]    Compiling num-derive v0.4.2
[INFO] [stderr]    Compiling half v2.7.1
[INFO] [stderr]    Compiling thiserror-impl v1.0.69
[INFO] [stderr]    Compiling itertools v0.14.0
[INFO] [stderr]    Compiling simd_helpers v0.1.0
[INFO] [stderr]    Compiling raw-cpuid v11.6.0
[INFO] [stderr]    Compiling sync_wrapper v1.0.2
[INFO] [stderr]    Compiling pulp-wasm-simd-flag v0.1.1
[INFO] [stderr]    Compiling ort-sys v2.0.0-rc.13
[INFO] [stderr]    Compiling rustix v1.1.4
[INFO] [stderr]    Compiling new_debug_unreachable v1.0.6
[INFO] [stderr]    Compiling reborrow v0.5.5
[INFO] [stderr]    Compiling weezl v0.1.12
[INFO] [stderr]    Compiling tower-layer v0.3.3
[INFO] [stderr]    Compiling noop_proc_macro v0.3.0
[INFO] [stderr]    Compiling imgref v1.12.2
[INFO] [stderr]    Compiling getrandom v0.4.3
[INFO] [stderr]    Compiling zune-core v0.5.1
[INFO] [stderr]    Compiling ipnet v2.12.1
[INFO] [stderr]    Compiling loop9 v0.1.5
[INFO] [stderr]    Compiling tower v0.5.3
[INFO] [stderr]    Compiling thiserror v1.0.69
[INFO] [stderr]    Compiling zune-jpeg v0.5.15
[INFO] [stderr]    Compiling hyper-util v0.1.20
[INFO] [stderr]    Compiling tokio-native-tls v0.3.1
[INFO] [stderr]    Compiling url v2.5.8
[INFO] [stderr]    Compiling avif-serialize v0.8.9
[INFO] [stderr]    Compiling http-body-util v0.1.4
[INFO] [stderr]    Compiling zune-inflate v0.2.54
[INFO] [stderr]    Compiling fdeflate v0.3.7
[INFO] [stderr]    Compiling zeroize v1.9.0
[INFO] [stderr]    Compiling fax v0.2.7
[INFO] [stderr]    Compiling pxfm v0.1.30
[INFO] [stderr]    Compiling lebe v0.5.3
[INFO] [stderr]    Compiling bit_field v0.10.3
[INFO] [stderr]    Compiling ryu v1.0.23
[INFO] [stderr]    Compiling color_quant v1.1.0
[INFO] [stderr]    Compiling rgb v0.8.53
[INFO] [stderr]    Compiling gif v0.14.2
[INFO] [stderr]    Compiling dirs-sys v0.5.0
[INFO] [stderr]    Compiling serde_urlencoded v0.7.1
[INFO] [stderr]    Compiling image-webp v0.2.4
[INFO] [stderr]    Compiling tiff v0.11.3
[INFO] [stderr]    Compiling png v0.18.1
[INFO] [stderr]    Compiling hyper-tls v0.6.0
[INFO] [stderr]    Compiling rustls-pki-types v1.15.1
[INFO] [stderr]    Compiling exr v1.74.2
[INFO] [stderr]    Compiling moxcms v0.8.1
[INFO] [stderr]    Compiling tower-http v0.6.11
[INFO] [stderr]    Compiling ravif v0.13.0
[INFO] [stderr]    Compiling enquote v1.1.0
[INFO] [stderr]    Compiling ndarray v0.17.2
[INFO] [stderr]    Compiling qoi v0.4.1
[INFO] [stderr]    Compiling dirs v1.0.5
[INFO] [stderr]    Compiling encoding_rs v0.8.35
[INFO] [stderr]    Compiling rust-ini v0.12.2
[INFO] [stderr]    Compiling fastrand v2.5.0
[INFO] [stderr]    Compiling iana-time-zone v0.1.65
[INFO] [stderr]    Compiling chrono v0.4.45
[INFO] [stderr]    Compiling image v0.25.10
[INFO] [stderr]    Compiling ort v2.0.0-rc.13
[INFO] [stderr]    Compiling reqwest v0.12.28
[INFO] [stderr]    Compiling tempfile v3.27.0
[INFO] [stderr]    Compiling wallpaper v3.2.0
[INFO] [stderr]    Compiling dirs v6.0.0
[INFO] [stderr]    Compiling wallpaper-changer v0.1.0 (/opt/rustwide/workdir)
[INFO] [stdout] warning: constant `YOLO_NUM_CLASSES` is never used
[INFO] [stdout]   --> src/main.rs:21:7
[INFO] [stdout]    |
[INFO] [stdout] 21 | const YOLO_NUM_CLASSES: usize = 80;
[INFO] [stdout]    |       ^^^^^^^^^^^^^^^^
[INFO] [stdout]    |
[INFO] [stdout]    = note: `#[warn(dead_code)]` (part of `#[warn(unused)]`) on by default
[INFO] [stdout] 
[INFO] [stdout] 
[INFO] [stdout] error: linking with `cc` failed: exit status: 1
[INFO] [stdout]   |
[INFO] [stdout]   = note:  "cc" "-m64" "/opt/rustwide/target/release/deps/rustcg3mwuw/symbols.o" "<17 object files omitted>" "-Wl,--as-needed" "-Wl,-Bstatic" "/opt/rustwide/target/release/deps/{libwallpaper-9ca7419dc40eec87,libdirs-c85a0d518b2ac2c4,libenquote-93282695a70aa921,libini-8d54cf09080cc5b1,libdirs-73223aa36a206d75,libdirs_sys-c8858dc875d9ddc6,liboption_ext-d0c08071b84db46d,libreqwest-7c7353bb2f8df07a,librustls_pki_types-ec29bfd160ddfb74,libzeroize-8127b282d78d45ca,libhyper_tls-451994633e036021,libtokio_native_tls-b66bafe6ce400b8d,libserde_urlencoded-842cbbb5db3f1bf2,libryu-cc0a3553ff73174e,libmime-6d6703af1a0641fa,libencoding_rs-67555cf9c7c10d62,libserde-7048e06194ec431f,libserde_core-2831f2261da3e922,libtower_http-a14ecc4168dab45d,libtower-6cab2fd0c3fe0617,libtower_layer-ef066f11b7c6abbf,libnative_tls-1ec2204228d7d86c,libopenssl_probe-9a558ebf8c836060,libopenssl-08b6c05a71395cf0,libforeign_types-261c23f70690c98f,libforeign_types_shared-7ae3c6e5bd5a08a6,libopenssl_sys-b1501ded2ed20849,libhyper_util-50c826ab5b1e5c6b,libbase64-5ba8d8f2fe9c6ccd,libipnet-f6af74e95e5cdeda,libtower_service-1eef8393de4ac64f,libhyper-e303ba27202fa3a4,libwant-6ec9107ca7562ffd,libtry_lock-f6d0b473a0eeeda4,libhttparse-5ae8896e125f1bfe,libh2-fbdb90691bbea9aa,libtracing-eb4139e2fb2a0b10,libtracing_core-3e7f99a7051d5219,libonce_cell-a92ce0590bdd2571,libindexmap-fcf14a27033da9ca,libequivalent-26a0d6a3c1145f1b,libhashbrown-e584a62dc81c493d,libfnv-98df728fc8020158,libatomic_waker-3c8bacd3de7778a7,libfutures_channel-2766e87bca0a1067,libtokio_util-fae421c195eec1b0,libtokio-65142647cde87a0e,libsocket2-150b3378961994f5,libmio-7a82b99cc60b3b64,liblibc-a0996e9cad7bedd7,libhttp_body_util-267716f83fa30220,libhttp_body-efbf999ab67fb65b,libfutures_util-06c7a6f14d645d44,libfutures_io-e73bdb73e2548fc8,libslab-fc33110460bc6c9a,libpin_project_lite-9a89bb36c0c56875,libfutures_sink-0a1c2395a4ad775c,libfutures_task-fe5ed68fcd62e748,liburl-a5bca107c9b1fd93,libidna-75cda25f0c779fae,libidna_adapter-5e75f90a7f3fc2dd,libicu_properties-38bb27ed5a556064,libicu_properties_data-3b22ee4d54a8ef94,libicu_normalizer-af6a5503a2bb5a17,libicu_normalizer_data-ec18cea5227907fc,libicu_collections-7a12ec74381350fc,libutf8_iter-050834cd1b25caa4,libpotential_utf-2a3d6402fa9b2f1a,libicu_provider-92ebc498af851bab,libicu_locale_core-bbf710b48d48ac53,libtinystr-24f7c39cd4ad9f3e,liblitemap-9027a9464d06b78c,libwriteable-93f874a44acb2524,libzerovec-7b72f765ec09a923,libzerotrie-b4c39fa6c1f32bfa,libyoke-272656667cec056b,libzerofrom-68649b3022d124a8,libform_urlencoded-70d7eb87b0d10ea7,libpercent_encoding-6ee9e8dd7e10ccaa,libhttp-446427d16b555aa0,libitoa-1e9e3b22820c4a15,libbytes-654f8a7a557a4087,libsync_wrapper-e39e9d7d03e7b362,libfutures_core-8a7474048d2d5963,libthiserror-423c023c7419c23a,libort-249b4d9ca8847da1,libort_sys-985d3dc04ee98fd9,libndarray-b5c0b5b10e5e9808,libmatrixmultiply-8716246a8352628b,librawpointer-e637704b8109ab79,libimage-d53fd50877691ad5,libqoi-fa06882a47202d06,libmoxcms-8c7ac3f2e8e08fa5,libpxfm-42fc424f22fc4899,libimage_webp-cbcd5e22dab2fc74,libtiff-6e55ccd92204f082,libfax-34306ced7a2d9f79,libpng-7547b8e5b76d0dd2,libbitflags-30c9ca0ce64ca3ab,libflate2-db6d52820068d45a,libfdeflate-5cf54c44a62cdd16,libcrc32fast-de10743154edaffb,libexr-ad0dfa0f9b266d8d,libminiz_oxide-018cd917630aa030,libzune_inflate-a93f8b278472161b,libsimd_adler32-04a70cbd70db237d,libbit_field-32b251732d850666,libpulp-6b90abb3e34a694e,libnum_complex-ffc763e6265c7f7d,liblebe-b581cd8cd5585a9d,libhalf-122691883ba89c21,libzerocopy-df8e87afd2598857,libsmallvec-1c0b75fb5d2d69fa,libzune_jpeg-7b07ea7fa9b633b0,libzune_core-baef7ff6953d03a4,libgif-12ee85cfce4c52ad,libcolor_quant-9e2536de46fec9df,libweezl-573094d67e63c5af,libbyteorder_lite-a767fe81cb63f861,libravif-7c565a293fa40888,libloop9-2d75abf2acacd2eb,libavif_serialize-f26955f2b0a7e007,libquick_error-f92d7f48e6295801,librgb-cc5eca3f010d1504,librav1e-736d794b9d0ce9b7,libprofiling-e835bc28f49101c9,libav_scenechange-9375668757e72ca3,liby4m-0c1a17877d379ba6,libaligned-0a1d614b7f16a24e,libas_slice-7ea70f1455c41a12,libstable_deref_trait-1fabeba25560deaf,libav1_grain-8fc174cb382cfb69,liblog-2e1778f6a4320459,libnom-fc03f5fd10105d15,libmemchr-b836402bd6c4c7f1,libnum_rational-27e1aadee611bdff,libnum_bigint-cb494dd9aee8889a,libnum_integer-212ff8ea0717255b,libanyhow-d9d662e7f67d1b3f,libmaybe_rayon-a44afe4c3d5a0f64,librayon-05d81ac20ea8854b,librayon_core-33ca50131b421e6e,libcrossbeam_deque-03230c06634e13d7,libcrossbeam_epoch-6f667b8f93108877,libcrossbeam_utils-934ef6f7ee89f11f,libcfg_if-6d8dca19095bb388,libv_frame-167d5889a1d488f7,libarrayvec-7b16f5b8f4b288d5,libaligned_vec-bb9b2b1d2fc9b9aa,libequator-9a2de54a4324d3e9,libthiserror-252084d2d85720c9,libbitstream_io-2b7663c0ec753163,libitertools-b725f05c05fb0b6c,libeither-455a6e54e37806f4,libimgref-d8dcc1ce58d95501,libbytemuck-e7436c148a8427f8,libchrono-f77ee62e6e772057,libiana_time_zone-ea2d38d0aead4a1d,libnum_traits-e3a070e9a3cdac24}.rlib" "<sysroot>/lib/rustlib/x86_64-unknown-linux-gnu/lib/{libstd-*,libpanic_unwind-*,libobject-*,libmemchr-*,libaddr2line-*,libgimli-*,libcfg_if-*,librustc_demangle-*,libstd_detect-*,libhashbrown-*,librustc_std_workspace_alloc-*,libminiz_oxide-*,libadler2-*,libunwind-*,liblibc-*,librustc_std_workspace_core-*,liballoc-*,libcore-*,libcompiler_builtins-*}.rlib" "-Wl,-Bdynamic" "-lssl" "-lcrypto" "-lgcc_s" "-lutil" "-lrt" "-lpthread" "-lm" "-ldl" "-lc" "-L" "/opt/rustwide/target/release/deps/rustcg3mwuw/raw-dylibs" "-B<sysroot>/lib/rustlib/x86_64-unknown-linux-gnu/bin/gcc-ld" "-fuse-ld=lld" "-Wl,--eh-frame-hdr" "-Wl,-z,noexecstack" "-L" "<sysroot>/lib/rustlib/x86_64-unknown-linux-gnu/lib" "-o" "/opt/rustwide/target/release/deps/wallpaper_changer-cd80c0e0775b4530" "-Wl,--gc-sections" "-pie" "-Wl,-z,relro,-z,now" "-Wl,-O1" "-Wl,--strip-debug" "-nodefaultlibs"
[INFO] [stdout]   = note: some arguments are omitted. use `--verbose` to show all linker arguments
[INFO] [stdout]   = note: rust-lld: error: undefined symbol: OrtGetApiBase
[INFO] [stdout]           >>> referenced by ort.7cdc3764f6c5702d-cgu.11
[INFO] [stdout]           >>>               ort-249b4d9ca8847da1.ort.7cdc3764f6c5702d-cgu.11.rcgu.o:(ort::setup_api) in archive /opt/rustwide/target/release/deps/libort-249b4d9ca8847da1.rlib
[INFO] [stdout]           
[INFO] [stdout]           rust-lld: error: undefined symbol: 
[INFO] [stdout]           
[INFO] [stdout]           !!! The ort-sys crate could not link to ONNX Runtime because:
[INFO] [stdout]           	- `libonnxruntime` is not configured via `pkg-config`, or the `pkg-config` feature is not enabled
[INFO] [stdout]           	- ort-sys was instructed not to download prebuilt binaries (`cargo build --offline`), or the `download-binaries` feature is not enabled
[INFO] [stdout]           	- Neither `ORT_LIB_PATH` or `ORT_IOS_XCFWK_PATH` (for iOS) were set to link to custom binaries
[INFO] [stdout]           
[INFO] [stdout]           To rectify this:
[INFO] [stdout]           	- Compile ONNX Runtime from source and manually configure linking (see https://ort.pyke.io/setup/linking for more information)
[INFO] [stdout]           	- Enable the `download-binaries` feature if the target is supported
[INFO] [stdout]           	- Enable ort's `alternative-backend` feature if you intend to use a different backend (or ort-sys' `disable-linking` feature if you use this crate directly)
[INFO] [stdout]           
[INFO] [stdout]           >>> referenced by ort_sys.583c3a08908ce2cf-cgu.0
[INFO] [stdout]           >>>               ort_sys-985d3dc04ee98fd9.ort_sys.583c3a08908ce2cf-cgu.0.rcgu.o:(ort_sys::link_error::_TRIGGER_GENERIC) in archive /opt/rustwide/target/release/deps/libort_sys-985d3dc04ee98fd9.rlib
[INFO] [stdout]           collect2: error: ld returned 1 exit status
[INFO] [stdout]           
[INFO] [stdout] 
[INFO] [stdout] 
[INFO] [stderr] error: could not compile `wallpaper-changer` (bin "wallpaper-changer") due to 1 previous error; 1 warning emitted
[INFO] running `Command { std: "docker" "inspect" "c66e9916411cdf7238fc1d48613b2e550f2cd07a1ca60e0dc681800f91471cb2", kill_on_drop: false }`
[INFO] running `Command { std: "docker" "rm" "-f" "c66e9916411cdf7238fc1d48613b2e550f2cd07a1ca60e0dc681800f91471cb2", kill_on_drop: false }`
[INFO] [stdout] c66e9916411cdf7238fc1d48613b2e550f2cd07a1ca60e0dc681800f91471cb2
