[INFO] cloning repository https://github.com/fulstaph/star-wars-gql-rs
[INFO] running `Command { std: "git" "-c" "credential.helper=" "-c" "credential.helper=/workspace/cargo-home/bin/git-credential-null" "clone" "--bare" "https://github.com/fulstaph/star-wars-gql-rs" "/workspace/cache/git-repos/https%3A%2F%2Fgithub.com%2Ffulstaph%2Fstar-wars-gql-rs", kill_on_drop: false }`
[INFO] [stderr] Cloning into bare repository '/workspace/cache/git-repos/https%3A%2F%2Fgithub.com%2Ffulstaph%2Fstar-wars-gql-rs'...
[INFO] running `Command { std: "git" "rev-parse" "HEAD", kill_on_drop: false }`
[INFO] [stdout] 45c2ef57481495e471f8a4fdeb1ec16ce1ff8b37
[INFO] testing fulstaph/star-wars-gql-rs against 1.100.0-beta.1+cargoflags=--release for beta-release-1.100-3
[INFO] running `Command { std: "git" "clone" "/workspace/cache/git-repos/https%3A%2F%2Fgithub.com%2Ffulstaph%2Fstar-wars-gql-rs" "/workspace/builds/worker-0-tc2/source", kill_on_drop: false }`
[INFO] [stderr] Cloning into '/workspace/builds/worker-0-tc2/source'...
[INFO] [stderr] done.
[INFO] started tweaking git repo https://github.com/fulstaph/star-wars-gql-rs
[INFO] finished tweaking git repo https://github.com/fulstaph/star-wars-gql-rs
[INFO] tweaked toml for git repo https://github.com/fulstaph/star-wars-gql-rs written to /workspace/builds/worker-0-tc2/source/Cargo.toml
[INFO] validating manifest of git repo https://github.com/fulstaph/star-wars-gql-rs on toolchain 1.100.0-beta.1
[INFO] running `Command { std: CARGO_HOME="/workspace/cargo-home" RUSTUP_HOME="/workspace/rustup-home" "/workspace/cargo-home/bin/cargo" "+1.100.0-beta.1" "metadata" "--manifest-path" "Cargo.toml" "--no-deps", kill_on_drop: false }`
[INFO] crate git repo https://github.com/fulstaph/star-wars-gql-rs already has a lockfile, it will not be regenerated
[INFO] running `Command { std: CARGO_HOME="/workspace/cargo-home" RUSTUP_HOME="/workspace/rustup-home" "/workspace/cargo-home/bin/cargo" "+1.100.0-beta.1" "fetch" "--manifest-path" "Cargo.toml", kill_on_drop: false }`
[INFO] running `Command { std: "docker" "create" "-v" "/var/lib/crater-agent-workspace/builds/worker-0-tc2/source:/opt/rustwide/workdir:ro,Z" "-v" "/var/lib/crater-agent-workspace/builds/worker-0-tc2/target:/opt/rustwide/target:rw,Z" "-v" "/var/lib/crater-agent-workspace/cargo-home:/opt/rustwide/cargo-home:ro,Z" "-v" "/var/lib/crater-agent-workspace/rustup-home:/opt/rustwide/rustup-home:ro,Z" "-m" "1610612736" "--network" "none" "ghcr.io/rust-lang/crates-build-env/linux@sha256:77db811e55d90add9212f6832c23229e3de5f1c1f9905e8cb07319ea15df73ac" "sleep" "infinity", kill_on_drop: false }`
[INFO] [stdout] 8166a6f16a876ab12e7a5f6c503c2439e647ec87553ed2d127413b7da07356dd
[INFO] running `Command { std: "docker" "start" "8166a6f16a876ab12e7a5f6c503c2439e647ec87553ed2d127413b7da07356dd", kill_on_drop: false }`
[INFO] running `Command { std: "docker" "inspect" "8166a6f16a876ab12e7a5f6c503c2439e647ec87553ed2d127413b7da07356dd", kill_on_drop: false }`
[INFO] running `Command { std: "docker" "exec" "-e" "SOURCE_DIR=/opt/rustwide/workdir" "-e" "CARGO_HOME=/opt/rustwide/cargo-home" "-e" "RUSTUP_HOME=/opt/rustwide/rustup-home" "-e" "CARGO_TARGET_DIR=/opt/rustwide/target" "-w" "/opt/rustwide/workdir" "--user" "0:0" "8166a6f16a876ab12e7a5f6c503c2439e647ec87553ed2d127413b7da07356dd" "/opt/rustwide/cargo-home/bin/cargo" "+1.100.0-beta.1" "metadata" "--no-deps" "--format-version=1", kill_on_drop: false }`
[INFO] running `Command { std: "docker" "inspect" "8166a6f16a876ab12e7a5f6c503c2439e647ec87553ed2d127413b7da07356dd", kill_on_drop: false }`
[INFO] running `Command { std: "docker" "exec" "-e" "SOURCE_DIR=/opt/rustwide/workdir" "-e" "CARGO_HOME=/opt/rustwide/cargo-home" "-e" "RUSTUP_HOME=/opt/rustwide/rustup-home" "-e" "CARGO_TARGET_DIR=/opt/rustwide/target" "-e" "CARGO_INCREMENTAL=0" "-e" "RUST_BACKTRACE=full" "-e" "RUSTFLAGS=--cap-lints=warn" "-e" "RUSTDOCFLAGS=--cap-lints=warn" "-w" "/opt/rustwide/workdir" "--user" "0:0" "8166a6f16a876ab12e7a5f6c503c2439e647ec87553ed2d127413b7da07356dd" "/opt/rustwide/cargo-home/bin/cargo" "+1.100.0-beta.1" "build" "--frozen" "--message-format=json" "--release", kill_on_drop: false }`
[INFO] [stderr]    Compiling version_check v0.9.3
[INFO] [stderr]    Compiling proc-macro2 v1.0.28
[INFO] [stderr]    Compiling unicode-xid v0.2.2
[INFO] [stderr]    Compiling syn v1.0.75
[INFO] [stderr]    Compiling libc v0.2.100
[INFO] [stderr]    Compiling autocfg v1.0.1
[INFO] [stderr]    Compiling cfg-if v1.0.0
[INFO] [stderr]    Compiling memchr v2.4.1
[INFO] [stderr]    Compiling futures-core v0.3.16
[INFO] [stderr]    Compiling log v0.4.14
[INFO] [stderr]    Compiling serde v1.0.128
[INFO] [stderr]    Compiling serde_derive v1.0.128
[INFO] [stderr]    Compiling lazy_static v1.4.0
[INFO] [stderr]    Compiling pin-project-lite v0.2.7
[INFO] [stderr]    Compiling slab v0.4.4
[INFO] [stderr]    Compiling proc-macro-hack v0.5.19
[INFO] [stderr]    Compiling futures-io v0.3.16
[INFO] [stderr]    Compiling futures-channel v0.3.16
[INFO] [stderr]    Compiling futures-task v0.3.16
[INFO] [stderr]    Compiling proc-macro-nested v0.1.7
[INFO] [stderr]    Compiling ryu v1.0.5
[INFO] [stderr]    Compiling once_cell v1.8.0
[INFO] [stderr]    Compiling cc v1.0.69
[INFO] [stderr]    Compiling typenum v1.13.0
[INFO] [stderr]    Compiling futures-sink v0.3.16
[INFO] [stderr]    Compiling pin-utils v0.1.0
[INFO] [stderr]    Compiling bitflags v1.3.2
[INFO] [stderr]    Compiling cfg-if v0.1.10
[INFO] [stderr]    Compiling fnv v1.0.7
[INFO] [stderr]    Compiling value-bag v1.0.0-alpha.7
[INFO] [stderr]    Compiling ahash v0.7.4
[INFO] [stderr]    Compiling generic-array v0.14.4
[INFO] [stderr]    Compiling serde_json v1.0.66
[INFO] [stderr]    Compiling smallvec v1.6.1
[INFO] [stderr]    Compiling pkg-config v0.3.19
[INFO] [stderr]    Compiling itoa v0.4.8
[INFO] [stderr]    Compiling futures-util v0.3.16
[INFO] [stderr]    Compiling futures-macro v0.3.16
[INFO] [stderr]    Compiling indexmap v1.7.0
[INFO] [stderr]    Compiling num-traits v0.2.14
[INFO] [stderr]    Compiling regex-syntax v0.6.25
[INFO] [stderr]    Compiling instant v0.1.10
[INFO] [stderr]    Compiling tinyvec_macros v0.1.0
[INFO] [stderr]    Compiling bytes v0.5.6
[INFO] [stderr]    Compiling scopeguard v1.1.0
[INFO] [stderr]    Compiling pin-project-lite v0.1.12
[INFO] [stderr]    Compiling tinyvec v1.3.1
[INFO] [stderr]    Compiling quote v1.0.9
[INFO] [stderr]    Compiling lock_api v0.4.4
[INFO] [stderr]    Compiling matches v0.1.9
[INFO] [stderr]    Compiling percent-encoding v2.1.0
[INFO] [stderr]    Compiling getrandom v0.2.3
[INFO] [stderr]    Compiling signal-hook-registry v1.4.0
[INFO] [stderr]    Compiling net2 v0.2.37
[INFO] [stderr]    Compiling iovec v0.1.4
[INFO] [stderr]    Compiling num_cpus v1.13.0
[INFO] [stderr]    Compiling aho-corasick v0.7.18
[INFO] [stderr]    Compiling parking_lot_core v0.8.3
[INFO] [stderr]    Compiling crossbeam-utils v0.8.5
[INFO] [stderr]    Compiling ppv-lite86 v0.2.10
[INFO] [stderr]    Compiling hashbrown v0.11.2
[INFO] [stderr]    Compiling parking_lot v0.11.1
[INFO] [stderr]    Compiling unicode-bidi v0.3.6
[INFO] [stderr]    Compiling pin-project-internal v0.4.28
[INFO] [stderr]    Compiling openssl-sys v0.9.66
[INFO] [stderr]    Compiling form_urlencoded v1.0.1
[INFO] [stderr]    Compiling signal-hook v0.3.9
[INFO] [stderr]    Compiling getrandom v0.1.16
[INFO] [stderr]    Compiling convert_case v0.4.0
[INFO] [stderr]    Compiling threadpool v1.8.1
[INFO] [stderr]    Compiling num-integer v0.1.44
[INFO] [stderr]    Compiling standback v0.2.17
[INFO] [stderr]    Compiling tracing-core v0.1.20
[INFO] [stderr]    Compiling unicode-segmentation v1.8.0
[INFO] [stderr]    Compiling radium v0.5.3
[INFO] [stderr]    Compiling lexical-core v0.7.6
[INFO] [stderr]    Compiling openssl v0.10.36
[INFO] [stderr]    Compiling unicode-normalization v0.1.19
[INFO] [stderr]    Compiling cache-padded v1.1.1
[INFO] [stderr]    Compiling copyless v0.1.5
[INFO] [stderr]    Compiling async-trait v0.1.51
[INFO] [stderr]    Compiling rand_core v0.5.1
[INFO] [stderr]    Compiling heck v0.3.3
[INFO] [stderr]    Compiling concurrent-queue v1.2.2
[INFO] [stderr]    Compiling event-listener v2.5.1
[INFO] [stderr]    Compiling fastrand v1.5.0
[INFO] [stderr]    Compiling linked-hash-map v0.5.4
[INFO] [stderr]    Compiling maplit v1.0.2
[INFO] [stderr]    Compiling parking v2.0.0
[INFO] [stderr]    Compiling native-tls v0.2.8
[INFO] [stderr]    Compiling waker-fn v1.1.0
[INFO] [stderr]    Compiling rand_chacha v0.2.2
[INFO] [stderr]    Compiling opaque-debug v0.3.0
[INFO] [stderr]    Compiling futures-lite v1.12.0
[INFO] [stderr]    Compiling match_cfg v0.1.0
[INFO] [stderr]    Compiling hostname v0.3.1
[INFO] [stderr]    Compiling digest v0.9.0
[INFO] [stderr]    Compiling block-buffer v0.9.0
[INFO] [stderr]    Compiling nom v6.1.2
[INFO] [stderr]    Compiling encoding_rs v0.8.28
[INFO] [stderr]    Compiling const_fn v0.4.8
[INFO] [stderr]    Compiling httparse v1.5.1
[INFO] [stderr]    Compiling quick-error v1.2.3
[INFO] [stderr]    Compiling cpufeatures v0.1.5
[INFO] [stderr]    Compiling rand v0.7.3
[INFO] [stderr]    Compiling resolv-conf v0.7.0
[INFO] [stderr]    Compiling lru-cache v0.1.2
[INFO] [stderr]    Compiling regex v1.5.4
[INFO] [stderr]    Compiling brotli-sys v0.3.2
[INFO] [stderr]    Compiling socket2 v0.4.1
[INFO] [stderr]    Compiling idna v0.2.3
[INFO] [stderr]    Compiling miniz_oxide v0.4.4
[INFO] [stderr]    Compiling time v0.2.27
[INFO] [stderr]    Compiling async-task v4.0.3
[INFO] [stderr]    Compiling static_assertions v1.1.0
[INFO] [stderr]    Compiling crc32fast v1.2.1
[INFO] [stderr]    Compiling ucd-trie v0.1.3
[INFO] [stderr]    Compiling byteorder v1.4.3
[INFO] [stderr]    Compiling pest v2.1.3
[INFO] [stderr]    Compiling url v2.2.2
[INFO] [stderr]    Compiling sha-1 v0.9.7
[INFO] [stderr]    Compiling async-channel v1.6.1
[INFO] [stderr]    Compiling cookie v0.14.4
[INFO] [stderr]    Compiling atomic-waker v1.0.0
[INFO] [stderr]    Compiling mime v0.3.16
[INFO] [stderr]    Compiling base64 v0.13.0
[INFO] [stderr]    Compiling whoami v1.1.3
[INFO] [stderr]    Compiling crossbeam-queue v0.3.2
[INFO] [stderr]    Compiling foreign-types-shared v0.1.1
[INFO] [stderr]    Compiling adler v1.0.2
[INFO] [stderr]    Compiling foreign-types v0.3.2
[INFO] [stderr]    Compiling pest_meta v2.1.3
[INFO] [stderr]    Compiling blocking v1.0.2
[INFO] [stderr]    Compiling async-executor v1.4.1
[INFO] [stderr]    Compiling async-mutex v1.4.0
[INFO] [stderr]    Compiling rand_core v0.6.3
[INFO] [stderr]    Compiling time v0.1.44
[INFO] [stderr]    Compiling arrayvec v0.5.2
[INFO] [stderr]    Compiling pest_generator v2.1.3
[INFO] [stderr]    Compiling rand_chacha v0.3.1
[INFO] [stderr]    Compiling flate2 v1.0.20
[INFO] [stderr]    Compiling fxhash v0.2.1
[INFO] [stderr]    Compiling async-lock v2.4.0
[INFO] [stderr]    Compiling ctor v0.1.20
[INFO] [stderr]    Compiling thiserror-impl v1.0.26
[INFO] [stderr]    Compiling derive_more v0.99.16
[INFO] [stderr]    Compiling actix-macros v0.1.3
[INFO] [stderr]    Compiling thiserror v1.0.26
[INFO] [stderr]    Compiling tracing-attributes v0.1.16
[INFO] [stderr]    Compiling async-attributes v1.1.2
[INFO] [stderr]    Compiling enum-as-inner v0.3.3
[INFO] [stderr]    Compiling mio v0.6.23
[INFO] [stderr]    Compiling pin-project-internal v1.0.8
[INFO] [stderr]    Compiling polling v2.1.0
[INFO] [stderr]    Compiling time-macros-impl v0.1.2
[INFO] [stderr]    Compiling async-io v1.6.0
[INFO] [stderr]    Compiling pin-project v0.4.28
[INFO] [stderr]    Compiling kv-log-macro v1.0.7
[INFO] [stderr]    Compiling time-macros v0.1.1
[INFO] [stderr]    Compiling socket2 v0.3.19
[INFO] [stderr]    Compiling crossbeam-utils v0.7.2
[INFO] [stderr]    Compiling async-global-executor v2.0.2
[INFO] [stderr]    Compiling tracing v0.1.28
[INFO] [stderr]    Compiling async-process v1.2.0
[INFO] [stderr]    Compiling mio-uds v0.6.8
[INFO] [stderr]    Compiling maybe-uninit v2.0.0
[INFO] [stderr]    Compiling tokio v0.2.25
[INFO] [stderr]    Compiling pin-project v1.0.8
[INFO] [stderr]    Compiling wyz v0.2.0
[INFO] [stderr]    Compiling tap v1.0.1
[INFO] [stderr]    Compiling language-tags v0.2.2
[INFO] [stderr]    Compiling ident_case v1.0.1
[INFO] [stderr]    Compiling funty v1.1.0
[INFO] [stderr]    Compiling openssl-probe v0.1.4
[INFO] [stderr]    Compiling strsim v0.10.0
[INFO] [stderr]    Compiling darling_core v0.12.4
[INFO] [stderr]    Compiling bitvec v0.19.5
[INFO] [stderr]    Compiling actix-threadpool v0.3.3
[INFO] [stderr]    Compiling async-std v1.9.0
[INFO] [stderr]    Compiling futures-executor v0.3.16
[INFO] [stderr]    Compiling actix-service v1.0.6
[INFO] [stderr]    Compiling pest_derive v2.1.0
[INFO] [stderr]    Compiling futures v0.3.16
[INFO] [stderr]    Compiling rand v0.8.4
[INFO] [stderr]    Compiling tracing-futures v0.2.5
[INFO] [stderr]    Compiling subtle v2.4.1
[INFO] [stderr]    Compiling crypto-mac v0.10.1
[INFO] [stderr]    Compiling darling_macro v0.12.4
[INFO] [stderr]    Compiling tokio-util v0.3.1
[INFO] [stderr]    Compiling actix-rt v1.1.1
[INFO] [stderr]    Compiling trust-dns-proto v0.19.7
[INFO] [stderr]    Compiling actix-codec v0.3.0
[INFO] [stderr]    Compiling actix-web-codegen v0.4.0
[INFO] [stderr]    Compiling dirs-sys v0.3.6
[INFO] [stderr]    Compiling multer v2.0.1
[INFO] [stderr]    Compiling unicode_categories v0.1.1
[INFO] [stderr]    Compiling crc-catalog v1.1.1
[INFO] [stderr]    Compiling unchecked-index v0.2.2
[INFO] [stderr]    Compiling twoway v0.2.2
[INFO] [stderr]    Compiling dirs v3.0.2
[INFO] [stderr]    Compiling crc v2.0.0
[INFO] [stderr]    Compiling futures-intrusive v0.4.0
[INFO] [stderr]    Compiling crossbeam-channel v0.4.4
[INFO] [stderr]    Compiling darling v0.12.4
[INFO] [stderr]    Compiling async-native-tls v0.3.3
[INFO] [stderr]    Compiling trust-dns-resolver v0.19.7
[INFO] [stderr]    Compiling sqlx-rt v0.5.7
[INFO] [stderr]    Compiling hmac v0.10.1
[INFO] [stderr]    Compiling sha2 v0.9.5
[INFO] [stderr]    Compiling bytes v1.0.1
[INFO] [stderr]    Compiling either v1.6.1
[INFO] [stderr]    Compiling serde_urlencoded v0.7.0
[INFO] [stderr]    Compiling chrono v0.4.19
[INFO] [stderr]    Compiling actix-utils v2.0.0
[INFO] [stderr]    Compiling toml v0.5.8
[INFO] [stderr]    Compiling http v0.2.4
[INFO] [stderr]    Compiling actix-server v1.0.4
[INFO] [stderr]    Compiling bytestring v1.0.0
[INFO] [stderr]    Compiling async-graphql-value v2.10.0
[INFO] [stderr]    Compiling actix-tls v2.0.0
[INFO] [stderr]    Compiling sqlformat v0.1.6
[INFO] [stderr]    Compiling md-5 v0.9.1
[INFO] [stderr]    Compiling async-graphql-parser v2.10.0
[INFO] [stderr]    Compiling atoi v0.4.0
[INFO] [stderr]    Compiling actix_derive v0.5.0
[INFO] [stderr]    Compiling proc-macro-crate v1.0.0
[INFO] [stderr]    Compiling actix-testing v1.0.1
[INFO] [stderr]    Compiling async-stream-impl v0.3.2
[INFO] [stderr]    Compiling Inflector v0.11.4
[INFO] [stderr]    Compiling stringprep v0.1.2
[INFO] [stderr]    Compiling crossbeam-channel v0.5.1
[INFO] [stderr]    Compiling hashlink v0.7.0
[INFO] [stderr]    Compiling regex-automata v0.1.10
[INFO] [stderr]    Compiling uuid v0.8.2
[INFO] [stderr]    Compiling actix-connect v2.0.0
[INFO] [stderr]    Compiling h2 v0.2.7
[INFO] [stderr]    Compiling actix-router v0.2.7
[INFO] [stderr]    Compiling nom v5.1.2
[INFO] [stderr]    Compiling hex v0.4.3
[INFO] [stderr]    Compiling spin v0.9.2
[INFO] [stderr]    Compiling remove_dir_all v0.5.3
[INFO] [stderr]    Compiling predicates-core v1.0.2
[INFO] [stderr]    Compiling tempfile v3.2.0
[INFO] [stderr]    Compiling matchers v0.0.1
[INFO] [stderr]    Compiling async-graphql-derive v2.10.0
[INFO] [stderr]    Compiling async-stream v0.3.2
[INFO] [stderr]    Compiling actix v0.10.0
[INFO] [stderr]    Compiling tracing-serde v0.1.2
[INFO] [stderr]    Compiling tracing-log v0.1.2
[INFO] [stderr]    Compiling num-traits v0.1.43
[INFO] [stderr]    Compiling float-cmp v0.8.0
[INFO] [stderr]    Compiling lru v0.6.6
[INFO] [stderr]    Compiling thread_local v1.1.3
[INFO] [stderr]    Compiling sharded-slab v0.1.3
[INFO] [stderr]    Compiling treeline v0.1.0
[INFO] [stderr]    Compiling serde v0.8.23
[INFO] [stderr]    Compiling futures-timer v3.0.2
[INFO] [stderr]    Compiling ansi_term v0.12.1
[INFO] [stderr]    Compiling sqlx-core v0.5.7
[INFO] [stderr]    Compiling normalize-line-endings v0.3.0
[INFO] [stderr]    Compiling dotenv v0.15.0
[INFO] [stderr]    Compiling difference v2.0.0
[INFO] [stderr]    Compiling tracing-subscriber v0.2.24
[INFO] [stderr]    Compiling predicates-tree v1.0.3
[INFO] [stderr]    Compiling predicates v1.0.8
[INFO] [stderr]    Compiling mockall_derive v0.10.2
[INFO] [stderr]    Compiling yaml-rust v0.4.5
[INFO] [stderr]    Compiling gethostname v0.2.1
[INFO] [stderr]    Compiling downcast v0.10.0
[INFO] [stderr]    Compiling fragile v1.0.0
[INFO] [stderr]    Compiling rust-ini v0.13.0
[INFO] [stdout] error[E0277]: the trait bound `!: io::decode::Decode<'_>` is not satisfied
[INFO] [stdout]   --> /opt/rustwide/cargo-home/registry/src/index.crates.io-1949cf8c6b5b557f/sqlx-core-0.5.7/src/postgres/connection/executor.rs:67:10
[INFO] [stdout]    |
[INFO] [stdout] 67 |         .recv_expect(MessageFormat::ParseComplete)
[INFO] [stdout]    |          ^^^^^^^^^^^ the trait `io::decode::Decode<'_>` is not implemented for `!`
[INFO] [stdout]    |
[INFO] [stdout]    = help: the following other types implement trait `io::decode::Decode<'de, Context>`:
[INFO] [stdout]              ()
[INFO] [stdout]              Authentication
[INFO] [stdout]              AuthenticationSaslContinue
[INFO] [stdout]              AuthenticationSaslFinal
[INFO] [stdout]              BackendKeyData
[INFO] [stdout]              CommandComplete
[INFO] [stdout]              DataRow
[INFO] [stdout]              Notice
[INFO] [stdout]            and 6 others
[INFO] [stdout]    = note: this error might have been caused by changes to Rust's type-inference algorithm (see issue #148922 <https://github.com/rust-lang/rust/issues/148922> for more information)
[INFO] [stdout]    = help: you might have intended to use the type `()` here instead
[INFO] [stdout] note: required by a bound in `PgStream::recv_expect`
[INFO] [stdout]   --> /opt/rustwide/cargo-home/registry/src/index.crates.io-1949cf8c6b5b557f/sqlx-core-0.5.7/src/postgres/connection/stream.rs:64:45
[INFO] [stdout]    |
[INFO] [stdout] 38 | impl PgStream {
[INFO] [stdout] ...
[INFO] [stdout] 64 |     pub(crate) async fn recv_expect<'de, T: Decode<'de>>(
[INFO] [stdout]    |                                             ^^^^^^^^^^^ required by this bound in `PgStream::recv_expect`
[INFO] [stdout] 
[INFO] [stdout] 
[INFO] [stdout] error[E0277]: the trait bound `!: io::decode::Decode<'_>` is not satisfied
[INFO] [stdout]   --> /opt/rustwide/cargo-home/registry/src/index.crates.io-1949cf8c6b5b557f/sqlx-core-0.5.7/src/postgres/connection/executor.rs:65:13
[INFO] [stdout]    |
[INFO] [stdout] 65 |       let _ = conn
[INFO] [stdout]    |  _____________^
[INFO] [stdout] 66 | |         .stream
[INFO] [stdout] 67 | |         .recv_expect(MessageFormat::ParseComplete)
[INFO] [stdout]    | |__________________________________________________^ the trait `io::decode::Decode<'_>` is not implemented for `!`
[INFO] [stdout]    |
[INFO] [stdout]    = help: the following other types implement trait `io::decode::Decode<'de, Context>`:
[INFO] [stdout]              ()
[INFO] [stdout]              Authentication
[INFO] [stdout]              AuthenticationSaslContinue
[INFO] [stdout]              AuthenticationSaslFinal
[INFO] [stdout]              BackendKeyData
[INFO] [stdout]              CommandComplete
[INFO] [stdout]              DataRow
[INFO] [stdout]              Notice
[INFO] [stdout]            and 6 others
[INFO] [stdout]    = note: this error might have been caused by changes to Rust's type-inference algorithm (see issue #148922 <https://github.com/rust-lang/rust/issues/148922> for more information)
[INFO] [stdout]    = help: you might have intended to use the type `()` here instead
[INFO] [stdout] note: required by a bound in `PgStream::recv_expect`
[INFO] [stdout]   --> /opt/rustwide/cargo-home/registry/src/index.crates.io-1949cf8c6b5b557f/sqlx-core-0.5.7/src/postgres/connection/stream.rs:64:45
[INFO] [stdout]    |
[INFO] [stdout] 38 | impl PgStream {
[INFO] [stdout] ...
[INFO] [stdout] 64 |     pub(crate) async fn recv_expect<'de, T: Decode<'de>>(
[INFO] [stdout]    |                                             ^^^^^^^^^^^ required by this bound in `PgStream::recv_expect`
[INFO] [stdout] 
[INFO] [stdout] 
[INFO] [stdout] error[E0277]: the trait bound `!: io::decode::Decode<'_>` is not satisfied
[INFO] [stdout]   --> /opt/rustwide/cargo-home/registry/src/index.crates.io-1949cf8c6b5b557f/sqlx-core-0.5.7/src/postgres/connection/executor.rs:68:10
[INFO] [stdout]    |
[INFO] [stdout] 68 |         .await?;
[INFO] [stdout]    |          ^^^^^ the trait `io::decode::Decode<'_>` is not implemented for `!`
[INFO] [stdout]    |
[INFO] [stdout]    = help: the following other types implement trait `io::decode::Decode<'de, Context>`:
[INFO] [stdout]              ()
[INFO] [stdout]              Authentication
[INFO] [stdout]              AuthenticationSaslContinue
[INFO] [stdout]              AuthenticationSaslFinal
[INFO] [stdout]              BackendKeyData
[INFO] [stdout]              CommandComplete
[INFO] [stdout]              DataRow
[INFO] [stdout]              Notice
[INFO] [stdout]            and 6 others
[INFO] [stdout]    = note: this error might have been caused by changes to Rust's type-inference algorithm (see issue #148922 <https://github.com/rust-lang/rust/issues/148922> for more information)
[INFO] [stdout]    = help: you might have intended to use the type `()` here instead
[INFO] [stdout] note: required by a bound in `PgStream::recv_expect`
[INFO] [stdout]   --> /opt/rustwide/cargo-home/registry/src/index.crates.io-1949cf8c6b5b557f/sqlx-core-0.5.7/src/postgres/connection/stream.rs:64:45
[INFO] [stdout]    |
[INFO] [stdout] 38 | impl PgStream {
[INFO] [stdout] ...
[INFO] [stdout] 64 |     pub(crate) async fn recv_expect<'de, T: Decode<'de>>(
[INFO] [stdout]    |                                             ^^^^^^^^^^^ required by this bound in `PgStream::recv_expect`
[INFO] [stdout] 
[INFO] [stdout] 
[INFO] [stderr]    Compiling serde-hjson v0.9.1
[INFO] [stderr]    Compiling tracing-bunyan-formatter v0.2.6
[INFO] [stderr] error: could not compile `h2` (lib)
[INFO] [stderr] 
[INFO] [stderr] Caused by:
[INFO] [stderr]   process didn't exit successfully: `/opt/rustwide/rustup-home/toolchains/1.100.0-beta.1-x86_64-unknown-linux-gnu/bin/rustc --crate-name h2 --edition=2018 /opt/rustwide/cargo-home/registry/src/index.crates.io-1949cf8c6b5b557f/h2-0.2.7/src/lib.rs --error-format=json --json=diagnostic-rendered-ansi,artifacts,future-incompat,unused-externs-silent --crate-type lib --emit=dep-info,metadata,link -C opt-level=3 -C embed-bitcode=no --check-cfg 'cfg(docsrs,test)' --check-cfg 'cfg(feature, values("stream", "unstable"))' -C metadata=f0df1c2d1694b385 -C extra-filename=-72b69d1380e2d66b --out-dir /opt/rustwide/target/release/build/h2/72b69d1380e2d66b/out -C strip=debuginfo -L dependency=/opt/rustwide/target/release/build/ahash/c12bd645798aeae4/out -L dependency=/opt/rustwide/target/release/build/bytes/9eb7a2bc73dde625/out -L dependency=/opt/rustwide/target/release/build/bytes/cdb2792211060991/out -L dependency=/opt/rustwide/target/release/build/cfg-if/193575a6b29a3ab9/out -L dependency=/opt/rustwide/target/release/build/cfg-if/6ffcd2bb3ed34b7c/out -L dependency=/opt/rustwide/target/release/build/ctor/68380a300652d166/out -L dependency=/opt/rustwide/target/release/build/fnv/98df728fc8020158/out -L dependency=/opt/rustwide/target/release/build/futures-channel/449ac0287296a2f5/out -L dependency=/opt/rustwide/target/release/build/futures-core/6c477239c714fee3/out -L dependency=/opt/rustwide/target/release/build/futures-executor/0c2915c538a9a8e6/out -L dependency=/opt/rustwide/target/release/build/futures-io/13c40e7fc7334050/out -L dependency=/opt/rustwide/target/release/build/futures-macro/46f5e3c6f3ac2cb6/out -L dependency=/opt/rustwide/target/release/build/futures-sink/f9d5d752ffb1c590/out -L dependency=/opt/rustwide/target/release/build/futures-task/24ed1478e1f10863/out -L dependency=/opt/rustwide/target/release/build/futures-util/8afc37f5bc447314/out -L dependency=/opt/rustwide/target/release/build/futures/819d58ac03a69131/out -L dependency=/opt/rustwide/target/release/build/getrandom/24733f27b019842e/out -L dependency=/opt/rustwide/target/release/build/hashbrown/4c2bf2a223dbf8f9/out -L dependency=/opt/rustwide/target/release/build/iovec/0f00eaf2deba00fe/out -L dependency=/opt/rustwide/target/release/build/itoa/5da1f2e2c3adb7bd/out -L dependency=/opt/rustwide/target/release/build/lazy_static/480433dca0d17907/out -L dependency=/opt/rustwide/target/release/build/libc/4a9bd91c3d19dc23/out -L dependency=/opt/rustwide/target/release/build/log/3844801e1ffc75b8/out -L dependency=/opt/rustwide/target/release/build/memchr/f1f287e661d4e002/out -L dependency=/opt/rustwide/target/release/build/mio-uds/2d3b3a17bd75dd1f/out -L dependency=/opt/rustwide/target/release/build/mio/d94cc99d4a43c583/out -L dependency=/opt/rustwide/target/release/build/net2/4ae673e9f4eb364a/out -L dependency=/opt/rustwide/target/release/build/once_cell/6d4cecabbf83d57f/out -L dependency=/opt/rustwide/target/release/build/pin-project-internal/f15efe7db4e40b7d/out -L dependency=/opt/rustwide/target/release/build/pin-project-lite/12bb32b828f9018b/out -L dependency=/opt/rustwide/target/release/build/pin-project-lite/b115ed1a1242f292/out -L dependency=/opt/rustwide/target/release/build/pin-project/0507a820e3ee0319/out -L dependency=/opt/rustwide/target/release/build/pin-utils/bd5b26767cd4a338/out -L dependency=/opt/rustwide/target/release/build/proc-macro-hack/ad641a430cf31bb0/out -L dependency=/opt/rustwide/target/release/build/proc-macro-nested/cb3e758bb99ae783/out -L dependency=/opt/rustwide/target/release/build/serde/1a4a816a558e91ba/out -L dependency=/opt/rustwide/target/release/build/serde_derive/6a1cdd1824a546b1/out -L dependency=/opt/rustwide/target/release/build/signal-hook-registry/4c77aa2ed1162530/out -L dependency=/opt/rustwide/target/release/build/slab/67b01ed0ba6534ed/out -L dependency=/opt/rustwide/target/release/build/tokio/0a3541fa4aba791b/out -L dependency=/opt/rustwide/target/release/build/tracing-attributes/9df831de82416def/out -L dependency=/opt/rustwide/target/release/build/tracing-core/4d93e23427a0dcd4/out -L dependency=/opt/rustwide/target/release/build/tracing/b0beddaa0ac964f8/out -L dependency=/opt/rustwide/target/release/build/value-bag/7f31e55025a82f26/out --extern bytes=/opt/rustwide/target/release/build/bytes/9eb7a2bc73dde625/out/libbytes-9eb7a2bc73dde625.rmeta --extern fnv=/opt/rustwide/target/release/build/fnv/98df728fc8020158/out/libfnv-98df728fc8020158.rmeta --extern futures_core=/opt/rustwide/target/release/build/futures-core/6c477239c714fee3/out/libfutures_core-6c477239c714fee3.rmeta --extern futures_sink=/opt/rustwide/target/release/build/futures-sink/f9d5d752ffb1c590/out/libfutures_sink-f9d5d752ffb1c590.rmeta --extern futures_util=/opt/rustwide/target/release/build/futures-util/8afc37f5bc447314/out/libfutures_util-8afc37f5bc447314.rmeta --extern http=/opt/rustwide/target/release/build/http/3614a8be4bd863a5/out/libhttp-3614a8be4bd863a5.rmeta --extern indexmap=/opt/rustwide/target/release/build/indexmap/9262367dc6fa5625/out/libindexmap-9262367dc6fa5625.rmeta --extern slab=/opt/rustwide/target/release/build/slab/67b01ed0ba6534ed/out/libslab-67b01ed0ba6534ed.rmeta --extern tokio=/opt/rustwide/target/release/build/tokio/0a3541fa4aba791b/out/libtokio-0a3541fa4aba791b.rmeta --extern tokio_util=/opt/rustwide/target/release/build/tokio-util/678c8aff09d78d13/out/libtokio_util-678c8aff09d78d13.rmeta --extern tracing=/opt/rustwide/target/release/build/tracing/b0beddaa0ac964f8/out/libtracing-b0beddaa0ac964f8.rmeta --extern tracing_futures=/opt/rustwide/target/release/build/tracing-futures/da6bb39864122c78/out/libtracing_futures-da6bb39864122c78.rmeta --cap-lints allow --cap-lints=warn --force-warn=unused_crate_dependencies` (signal: 9, SIGKILL: kill)
[INFO] [stderr] warning: build failed, waiting for other jobs to finish...
[INFO] [stderr] error: could not compile `async-graphql-derive` (lib)
[INFO] [stderr] 
[INFO] [stderr] Caused by:
[INFO] [stderr]   process didn't exit successfully: `/opt/rustwide/rustup-home/toolchains/1.100.0-beta.1-x86_64-unknown-linux-gnu/bin/rustc --crate-name async_graphql_derive --edition=2018 /opt/rustwide/cargo-home/registry/src/index.crates.io-1949cf8c6b5b557f/async-graphql-derive-2.10.0/src/lib.rs --error-format=json --json=diagnostic-rendered-ansi,artifacts,future-incompat,unused-externs-silent --crate-type proc-macro --emit=dep-info,link -C prefer-dynamic -C embed-bitcode=no -C debug-assertions=off --check-cfg 'cfg(docsrs,test)' --check-cfg 'cfg(feature, values())' -C metadata=d4dd2454eba690df -C extra-filename=-c60b1f4ace932bea --out-dir /opt/rustwide/target/release/build/async-graphql-derive/c60b1f4ace932bea/out -C strip=debuginfo -L dependency=/opt/rustwide/target/release/build/ahash/8826da18ee7311a9/out -L dependency=/opt/rustwide/target/release/build/aho-corasick/44d0b8341a1a1008/out -L dependency=/opt/rustwide/target/release/build/async-graphql-value/1b27dffe2d232d93/out -L dependency=/opt/rustwide/target/release/build/bytes/101832c7bd2a40e7/out -L dependency=/opt/rustwide/target/release/build/cfg-if/6407e8cf9bf7546f/out -L dependency=/opt/rustwide/target/release/build/darling_core/cec81d8cbbb3a73a/out -L dependency=/opt/rustwide/target/release/build/darling_macro/d339fecc5083554d/out -L dependency=/opt/rustwide/target/release/build/fnv/6585b0f5dbb96e82/out -L dependency=/opt/rustwide/target/release/build/getrandom/bc8c3831bc19208f/out -L dependency=/opt/rustwide/target/release/build/hashbrown/c2d884ce778f3c5a/out -L dependency=/opt/rustwide/target/release/build/ident_case/a065971c3e4efbdb/out -L dependency=/opt/rustwide/target/release/build/indexmap/d0ea4260c561dfe4/out -L dependency=/opt/rustwide/target/release/build/itoa/d59ba9a5befd18fa/out -L dependency=/opt/rustwide/target/release/build/lazy_static/32f923f367f52f98/out -L dependency=/opt/rustwide/target/release/build/libc/f0788efc95ad2a4e/out -L dependency=/opt/rustwide/target/release/build/memchr/dda54a824d424695/out -L dependency=/opt/rustwide/target/release/build/once_cell/30bed97281c28241/out -L dependency=/opt/rustwide/target/release/build/pest/3ec6621aee30f5ac/out -L dependency=/opt/rustwide/target/release/build/pest_derive/25d058841d57ebaf/out -L dependency=/opt/rustwide/target/release/build/proc-macro2/844c6dd539458ce1/out -L dependency=/opt/rustwide/target/release/build/quote/5fecac2edd3b446b/out -L dependency=/opt/rustwide/target/release/build/regex-syntax/b3249600f9cdd887/out -L dependency=/opt/rustwide/target/release/build/regex/6fb084728ba499b8/out -L dependency=/opt/rustwide/target/release/build/ryu/eea5f2b8ef2283e0/out -L dependency=/opt/rustwide/target/release/build/serde/5b7f9c9166e7deda/out -L dependency=/opt/rustwide/target/release/build/serde_derive/6a1cdd1824a546b1/out -L dependency=/opt/rustwide/target/release/build/serde_json/0e207c5373438b91/out -L dependency=/opt/rustwide/target/release/build/strsim/c980fa8d75c448e3/out -L dependency=/opt/rustwide/target/release/build/syn/9260b63a47a550e1/out -L dependency=/opt/rustwide/target/release/build/thiserror-impl/43188306b3fbae6a/out -L dependency=/opt/rustwide/target/release/build/thiserror/873c5328b8f422f1/out -L dependency=/opt/rustwide/target/release/build/toml/09a1aaebe64d27f7/out -L dependency=/opt/rustwide/target/release/build/ucd-trie/5d1d1e4d892a68e2/out -L dependency=/opt/rustwide/target/release/build/unicode-xid/38b4f790ad47c60a/out --extern inflector=/opt/rustwide/target/release/build/Inflector/9d19ea00b4c573f5/out/libinflector-9d19ea00b4c573f5.rlib --extern async_graphql_parser=/opt/rustwide/target/release/build/async-graphql-parser/dcd88a0e9b88ab55/out/libasync_graphql_parser-dcd88a0e9b88ab55.rlib --extern darling=/opt/rustwide/target/release/build/darling/f7f3eb1ee416461e/out/libdarling-f7f3eb1ee416461e.rlib --extern proc_macro_crate=/opt/rustwide/target/release/build/proc-macro-crate/0634a50f9bdbee06/out/libproc_macro_crate-0634a50f9bdbee06.rlib --extern proc_macro2=/opt/rustwide/target/release/build/proc-macro2/844c6dd539458ce1/out/libproc_macro2-844c6dd539458ce1.rlib --extern quote=/opt/rustwide/target/release/build/quote/5fecac2edd3b446b/out/libquote-5fecac2edd3b446b.rlib --extern syn=/opt/rustwide/target/release/build/syn/9260b63a47a550e1/out/libsyn-9260b63a47a550e1.rlib --extern thiserror=/opt/rustwide/target/release/build/thiserror/873c5328b8f422f1/out/libthiserror-873c5328b8f422f1.rlib --extern proc_macro --cap-lints allow --cap-lints=warn --force-warn=unused_crate_dependencies` (signal: 9, SIGKILL: kill)
[INFO] [stdout] error[E0277]: the trait bound `!: io::decode::Decode<'_>` is not satisfied
[INFO] [stdout]   --> /opt/rustwide/cargo-home/registry/src/index.crates.io-1949cf8c6b5b557f/sqlx-core-0.5.7/src/postgres/connection/executor.rs:67:10
[INFO] [stdout]    |
[INFO] [stdout] 67 |         .recv_expect(MessageFormat::ParseComplete)
[INFO] [stdout]    |          ^^^^^^^^^^^ the trait `io::decode::Decode<'_>` is not implemented for `!`
[INFO] [stdout]    |
[INFO] [stdout]    = help: the following other types implement trait `io::decode::Decode<'de, Context>`:
[INFO] [stdout]              ()
[INFO] [stdout]              Authentication
[INFO] [stdout]              AuthenticationSaslContinue
[INFO] [stdout]              AuthenticationSaslFinal
[INFO] [stdout]              BackendKeyData
[INFO] [stdout]              CommandComplete
[INFO] [stdout]              DataRow
[INFO] [stdout]              Notice
[INFO] [stdout]            and 6 others
[INFO] [stdout]    = note: this error might have been caused by changes to Rust's type-inference algorithm (see issue #148922 <https://github.com/rust-lang/rust/issues/148922> for more information)
[INFO] [stdout]    = help: you might have intended to use the type `()` here instead
[INFO] [stdout] note: required by a bound in `PgStream::recv_expect`
[INFO] [stdout]   --> /opt/rustwide/cargo-home/registry/src/index.crates.io-1949cf8c6b5b557f/sqlx-core-0.5.7/src/postgres/connection/stream.rs:64:45
[INFO] [stdout]    |
[INFO] [stdout] 38 | impl PgStream {
[INFO] [stdout] ...
[INFO] [stdout] 64 |     pub(crate) async fn recv_expect<'de, T: Decode<'de>>(
[INFO] [stdout]    |                                             ^^^^^^^^^^^ required by this bound in `PgStream::recv_expect`
[INFO] [stdout] 
[INFO] [stdout] 
[INFO] [stdout] error[E0277]: the trait bound `!: io::decode::Decode<'_>` is not satisfied
[INFO] [stdout]   --> /opt/rustwide/cargo-home/registry/src/index.crates.io-1949cf8c6b5b557f/sqlx-core-0.5.7/src/postgres/connection/executor.rs:65:13
[INFO] [stdout]    |
[INFO] [stdout] 65 |       let _ = conn
[INFO] [stdout]    |  _____________^
[INFO] [stdout] 66 | |         .stream
[INFO] [stdout] 67 | |         .recv_expect(MessageFormat::ParseComplete)
[INFO] [stdout]    | |__________________________________________________^ the trait `io::decode::Decode<'_>` is not implemented for `!`
[INFO] [stdout]    |
[INFO] [stdout]    = help: the following other types implement trait `io::decode::Decode<'de, Context>`:
[INFO] [stdout]              ()
[INFO] [stdout]              Authentication
[INFO] [stdout]              AuthenticationSaslContinue
[INFO] [stdout]              AuthenticationSaslFinal
[INFO] [stdout]              BackendKeyData
[INFO] [stdout]              CommandComplete
[INFO] [stdout]              DataRow
[INFO] [stdout]              Notice
[INFO] [stdout]            and 6 others
[INFO] [stdout]    = note: this error might have been caused by changes to Rust's type-inference algorithm (see issue #148922 <https://github.com/rust-lang/rust/issues/148922> for more information)
[INFO] [stdout]    = help: you might have intended to use the type `()` here instead
[INFO] [stdout] note: required by a bound in `PgStream::recv_expect`
[INFO] [stdout]   --> /opt/rustwide/cargo-home/registry/src/index.crates.io-1949cf8c6b5b557f/sqlx-core-0.5.7/src/postgres/connection/stream.rs:64:45
[INFO] [stdout]    |
[INFO] [stdout] 38 | impl PgStream {
[INFO] [stdout] ...
[INFO] [stdout] 64 |     pub(crate) async fn recv_expect<'de, T: Decode<'de>>(
[INFO] [stdout]    |                                             ^^^^^^^^^^^ required by this bound in `PgStream::recv_expect`
[INFO] [stdout] 
[INFO] [stdout] 
[INFO] [stdout] error[E0277]: the trait bound `!: io::decode::Decode<'_>` is not satisfied
[INFO] [stdout]   --> /opt/rustwide/cargo-home/registry/src/index.crates.io-1949cf8c6b5b557f/sqlx-core-0.5.7/src/postgres/connection/executor.rs:68:10
[INFO] [stdout]    |
[INFO] [stdout] 68 |         .await?;
[INFO] [stdout]    |          ^^^^^ the trait `io::decode::Decode<'_>` is not implemented for `!`
[INFO] [stdout]    |
[INFO] [stdout]    = help: the following other types implement trait `io::decode::Decode<'de, Context>`:
[INFO] [stdout]              ()
[INFO] [stdout]              Authentication
[INFO] [stdout]              AuthenticationSaslContinue
[INFO] [stdout]              AuthenticationSaslFinal
[INFO] [stdout]              BackendKeyData
[INFO] [stdout]              CommandComplete
[INFO] [stdout]              DataRow
[INFO] [stdout]              Notice
[INFO] [stdout]            and 6 others
[INFO] [stdout]    = note: this error might have been caused by changes to Rust's type-inference algorithm (see issue #148922 <https://github.com/rust-lang/rust/issues/148922> for more information)
[INFO] [stdout]    = help: you might have intended to use the type `()` here instead
[INFO] [stdout] note: required by a bound in `PgStream::recv_expect`
[INFO] [stdout]   --> /opt/rustwide/cargo-home/registry/src/index.crates.io-1949cf8c6b5b557f/sqlx-core-0.5.7/src/postgres/connection/stream.rs:64:45
[INFO] [stdout]    |
[INFO] [stdout] 38 | impl PgStream {
[INFO] [stdout] ...
[INFO] [stdout] 64 |     pub(crate) async fn recv_expect<'de, T: Decode<'de>>(
[INFO] [stdout]    |                                             ^^^^^^^^^^^ required by this bound in `PgStream::recv_expect`
[INFO] [stdout] 
[INFO] [stdout] 
[INFO] [stdout] For more information about this error, try `rustc --explain E0277`.
[INFO] [stdout] 
[INFO] [stderr] error: could not compile `sqlx-core` (lib) due to 3 previous errors
[INFO] [stdout] For more information about this error, try `rustc --explain E0277`.
[INFO] [stdout] 
[INFO] [stderr] error: could not compile `sqlx-core` (lib) due to 3 previous errors
[INFO] running `Command { std: "docker" "inspect" "8166a6f16a876ab12e7a5f6c503c2439e647ec87553ed2d127413b7da07356dd", kill_on_drop: false }`
[INFO] running `Command { std: "docker" "rm" "-f" "8166a6f16a876ab12e7a5f6c503c2439e647ec87553ed2d127413b7da07356dd", kill_on_drop: false }`
[INFO] [stdout] 8166a6f16a876ab12e7a5f6c503c2439e647ec87553ed2d127413b7da07356dd
