[INFO] cloning repository https://github.com/wangjun861205/with-baby-friendship [INFO] running `Command { std: "git" "-c" "credential.helper=" "-c" "credential.helper=/workspace/cargo-home/bin/git-credential-null" "clone" "--bare" "https://github.com/wangjun861205/with-baby-friendship" "/workspace/cache/git-repos/https%3A%2F%2Fgithub.com%2Fwangjun861205%2Fwith-baby-friendship", kill_on_drop: false }` [INFO] [stderr] Cloning into bare repository '/workspace/cache/git-repos/https%3A%2F%2Fgithub.com%2Fwangjun861205%2Fwith-baby-friendship'... [INFO] running `Command { std: "git" "rev-parse" "HEAD", kill_on_drop: false }` [INFO] [stdout] 2118b0333dda81c4377046cfea3b83f5201d7640 [INFO] testing wangjun861205/with-baby-friendship against 1.99.0-beta.8+cargoflags=--release for beta-release-1.100-3 [INFO] running `Command { std: "git" "clone" "/workspace/cache/git-repos/https%3A%2F%2Fgithub.com%2Fwangjun861205%2Fwith-baby-friendship" "/workspace/builds/worker-7-tc1/source", kill_on_drop: false }` [INFO] [stderr] Cloning into '/workspace/builds/worker-7-tc1/source'... [INFO] [stderr] done. [INFO] started tweaking git repo https://github.com/wangjun861205/with-baby-friendship [INFO] finished tweaking git repo https://github.com/wangjun861205/with-baby-friendship [INFO] tweaked toml for git repo https://github.com/wangjun861205/with-baby-friendship written to /workspace/builds/worker-7-tc1/source/Cargo.toml [INFO] validating manifest of git repo https://github.com/wangjun861205/with-baby-friendship on toolchain 1.99.0-beta.8 [INFO] running `Command { std: CARGO_HOME="/workspace/cargo-home" RUSTUP_HOME="/workspace/rustup-home" "/workspace/cargo-home/bin/cargo" "+1.99.0-beta.8" "metadata" "--manifest-path" "Cargo.toml" "--no-deps", kill_on_drop: false }` [INFO] crate git repo https://github.com/wangjun861205/with-baby-friendship already has a lockfile, it will not be regenerated [INFO] running `Command { std: CARGO_HOME="/workspace/cargo-home" RUSTUP_HOME="/workspace/rustup-home" "/workspace/cargo-home/bin/cargo" "+1.99.0-beta.8" "fetch" "--manifest-path" "Cargo.toml", kill_on_drop: false }` [INFO] [stderr] Updating crates.io index [INFO] [stderr] Downloading crates ... [INFO] [stderr] Downloaded quote v1.0.20 [INFO] [stderr] Downloaded futures-core v0.3.21 [INFO] [stderr] Downloaded itoa v1.0.2 [INFO] [stderr] Downloaded futures-macro v0.3.21 [INFO] [stderr] Downloaded sha1 v0.6.1 [INFO] [stderr] Downloaded futures-sink v0.3.21 [INFO] [stderr] Downloaded num_enum v0.5.7 [INFO] [stderr] Downloaded futures-task v0.3.21 [INFO] [stderr] Downloaded futures-io v0.3.21 [INFO] [stderr] Downloaded smallvec v1.9.0 [INFO] [stderr] Downloaded once_cell v1.13.0 [INFO] [stderr] Downloaded local-waker v0.1.3 [INFO] [stderr] Downloaded proc-macro-crate v1.1.3 [INFO] [stderr] Downloaded thiserror-impl v1.0.31 [INFO] [stderr] Downloaded atty v0.2.14 [INFO] [stderr] Downloaded num_enum_derive v0.5.7 [INFO] [stderr] Downloaded bytestring v1.2.0 [INFO] [stderr] Downloaded dtoa v0.4.8 [INFO] [stderr] Downloaded actix-codec v0.5.0 [INFO] [stderr] Downloaded neo4rs-macros v0.2.1 [INFO] [stderr] Downloaded crossbeam-queue v0.3.6 [INFO] [stderr] Downloaded ref_slice v1.2.1 [INFO] [stderr] Downloaded actix-web-codegen v4.1.0 [INFO] [stderr] Downloaded lock_api v0.4.7 [INFO] [stderr] Downloaded futures-channel v0.3.21 [INFO] [stderr] Downloaded local-channel v0.1.3 [INFO] [stderr] Downloaded actix-macros v0.2.3 [INFO] [stderr] Downloaded proc-macro2 v1.0.40 [INFO] [stderr] Downloaded scheduled-thread-pool v0.2.6 [INFO] [stderr] Downloaded humantime v2.1.0 [INFO] [stderr] Downloaded tracing-attributes v0.1.22 [INFO] [stderr] Downloaded thiserror v1.0.31 [INFO] [stderr] Downloaded deadpool v0.7.0 [INFO] [stderr] Downloaded pkg-config v0.3.25 [INFO] [stderr] Downloaded jobserver v0.1.25 [INFO] [stderr] Downloaded getrandom v0.2.7 [INFO] [stderr] Downloaded time-macros v0.2.6 [INFO] [stderr] Downloaded actix-router v0.5.1 [INFO] [stderr] Downloaded actix-rt v2.7.0 [INFO] [stderr] Downloaded zstd v0.11.2+zstd.1.5.2 [INFO] [stderr] Downloaded zstd-safe v5.0.2+zstd.1.5.2 [INFO] [stderr] Downloaded digest v0.10.6 [INFO] [stderr] Downloaded unicode-ident v1.0.2 [INFO] [stderr] Downloaded parking_lot_core v0.9.3 [INFO] [stderr] Downloaded redox_syscall v0.2.15 [INFO] [stderr] Downloaded futures-executor v0.3.21 [INFO] [stderr] Downloaded r2d2 v0.8.10 [INFO] [stderr] Downloaded twox-hash v1.6.3 [INFO] [stderr] Downloaded neo4rs v0.5.9 [INFO] [stderr] Downloaded ryu v1.0.10 [INFO] [stderr] Downloaded async-trait v0.1.56 [INFO] [stderr] Downloaded snap v1.0.5 [INFO] [stderr] Downloaded crc32fast v1.3.2 [INFO] [stderr] Downloaded env_logger v0.9.3 [INFO] [stderr] Downloaded anyhow v1.0.58 [INFO] [stderr] Downloaded semver v1.0.14 [INFO] [stderr] Downloaded cookie v0.16.1 [INFO] [stderr] Downloaded paste v1.0.9 [INFO] [stderr] Downloaded config v0.10.1 [INFO] [stderr] Downloaded crossbeam-utils v0.8.11 [INFO] [stderr] Downloaded bytes v1.2.0 [INFO] [stderr] Downloaded serde_derive v1.0.140 [INFO] [stderr] Downloaded toml v0.5.9 [INFO] [stderr] Downloaded openssl-sys v0.9.75 [INFO] [stderr] Downloaded miniz_oxide v0.5.3 [INFO] [stderr] Downloaded derive_more v0.99.17 [INFO] [stderr] Downloaded actix-server v2.1.1 [INFO] [stderr] Downloaded indexmap v1.9.2 [INFO] [stderr] Downloaded socket2 v0.4.4 [INFO] [stderr] Downloaded serde v1.0.140 [INFO] [stderr] Downloaded tracing v0.1.35 [INFO] [stderr] Downloaded futures v0.3.21 [INFO] [stderr] Downloaded flate2 v1.0.24 [INFO] [stderr] Downloaded tokio-util v0.6.10 [INFO] [stderr] Downloaded tracing-core v0.1.28 [INFO] [stderr] Downloaded time v0.3.17 [INFO] [stderr] Downloaded mio v0.8.4 [INFO] [stderr] Downloaded tokio-util v0.7.3 [INFO] [stderr] Downloaded syn v1.0.98 [INFO] [stderr] Downloaded rdkafka v0.28.0 [INFO] [stderr] Downloaded redis v0.21.5 [INFO] [stderr] Downloaded unicode-normalization v0.1.21 [INFO] [stderr] Downloaded futures-util v0.3.21 [INFO] [stderr] Downloaded combine v4.6.4 [INFO] [stderr] Downloaded nom v5.1.2 [INFO] [stderr] Downloaded kafka v0.9.0 [INFO] [stderr] Downloaded actix-http v3.2.2 [INFO] [stderr] Downloaded serde_json v1.0.82 [INFO] [stderr] Downloaded chrono v0.4.19 [INFO] [stderr] Downloaded brotli-decompressor v2.3.2 [INFO] [stderr] Downloaded openssl v0.10.41 [INFO] [stderr] Downloaded actix-web v4.2.1 [INFO] [stderr] Downloaded regex-syntax v0.6.28 [INFO] [stderr] Downloaded tokio v1.20.0 [INFO] [stderr] Downloaded libc v0.2.126 [INFO] [stderr] Downloaded zstd-sys v2.0.1+zstd.1.5.2 [INFO] [stderr] Downloaded brotli v3.3.4 [INFO] [stderr] Downloaded libz-sys v1.1.8 [INFO] [stderr] Downloaded rdkafka-sys v4.2.0+1.8.2 [INFO] running `Command { std: "docker" "create" "-v" "/var/lib/crater-agent-workspace/builds/worker-7-tc1/source:/opt/rustwide/workdir:ro,Z" "-v" "/var/lib/crater-agent-workspace/builds/worker-7-tc1/target:/opt/rustwide/target:rw,Z" "-v" "/var/lib/crater-agent-workspace/cargo-home:/opt/rustwide/cargo-home:ro,Z" "-v" "/var/lib/crater-agent-workspace/rustup-home:/opt/rustwide/rustup-home:ro,Z" "-m" "1610612736" "--network" "none" "ghcr.io/rust-lang/crates-build-env/linux@sha256:77db811e55d90add9212f6832c23229e3de5f1c1f9905e8cb07319ea15df73ac" "sleep" "infinity", kill_on_drop: false }` [INFO] [stdout] f4bf004b672de8389be5dd46291ca570bad450be950d415d415537a9454e8815 [INFO] running `Command { std: "docker" "start" "f4bf004b672de8389be5dd46291ca570bad450be950d415d415537a9454e8815", kill_on_drop: false }` [INFO] running `Command { std: "docker" "inspect" "f4bf004b672de8389be5dd46291ca570bad450be950d415d415537a9454e8815", kill_on_drop: false }` [INFO] running `Command { std: "docker" "exec" "-e" "SOURCE_DIR=/opt/rustwide/workdir" "-e" "CARGO_HOME=/opt/rustwide/cargo-home" "-e" "RUSTUP_HOME=/opt/rustwide/rustup-home" "-e" "CARGO_TARGET_DIR=/opt/rustwide/target" "-w" "/opt/rustwide/workdir" "--user" "0:0" "f4bf004b672de8389be5dd46291ca570bad450be950d415d415537a9454e8815" "/opt/rustwide/cargo-home/bin/cargo" "+1.99.0-beta.8" "metadata" "--no-deps" "--format-version=1", kill_on_drop: false }` [INFO] running `Command { std: "docker" "inspect" "f4bf004b672de8389be5dd46291ca570bad450be950d415d415537a9454e8815", kill_on_drop: false }` [INFO] running `Command { std: "docker" "exec" "-e" "SOURCE_DIR=/opt/rustwide/workdir" "-e" "CARGO_HOME=/opt/rustwide/cargo-home" "-e" "RUSTUP_HOME=/opt/rustwide/rustup-home" "-e" "CARGO_TARGET_DIR=/opt/rustwide/target" "-e" "CARGO_INCREMENTAL=0" "-e" "RUST_BACKTRACE=full" "-e" "RUSTFLAGS=--cap-lints=warn" "-e" "RUSTDOCFLAGS=--cap-lints=warn" "-w" "/opt/rustwide/workdir" "--user" "0:0" "f4bf004b672de8389be5dd46291ca570bad450be950d415d415537a9454e8815" "/opt/rustwide/cargo-home/bin/cargo" "+1.99.0-beta.8" "build" "--frozen" "--message-format=json" "--release", kill_on_drop: false }` [INFO] [stderr] Compiling libc v0.2.126 [INFO] [stderr] Compiling proc-macro2 v1.0.40 [INFO] [stderr] Compiling quote v1.0.20 [INFO] [stderr] Compiling unicode-ident v1.0.2 [INFO] [stderr] Compiling syn v1.0.98 [INFO] [stderr] Compiling memchr v2.5.0 [INFO] [stderr] Compiling log v0.4.17 [INFO] [stderr] Compiling once_cell v1.13.0 [INFO] [stderr] Compiling futures-core v0.3.21 [INFO] [stderr] Compiling parking_lot_core v0.9.3 [INFO] [stderr] Compiling smallvec v1.9.0 [INFO] [stderr] Compiling lock_api v0.4.7 [INFO] [stderr] Compiling bytes v1.2.0 [INFO] [stderr] Compiling futures-sink v0.3.21 [INFO] [stderr] Compiling tokio v1.20.0 [INFO] [stderr] Compiling pkg-config v0.3.25 [INFO] [stderr] Compiling futures-task v0.3.21 [INFO] [stderr] Compiling futures-channel v0.3.21 [INFO] [stderr] Compiling futures-util v0.3.21 [INFO] [stderr] Compiling tracing-core v0.1.28 [INFO] [stderr] Compiling futures-io v0.3.21 [INFO] [stderr] Compiling serde_derive v1.0.140 [INFO] [stderr] Compiling serde v1.0.140 [INFO] [stderr] Compiling itoa v1.0.2 [INFO] [stderr] Compiling ryu v1.0.10 [INFO] [stderr] Compiling percent-encoding v2.1.0 [INFO] [stderr] Compiling static_assertions v1.1.0 [INFO] [stderr] Compiling lexical-core v0.7.6 [INFO] [stderr] Compiling crc32fast v1.3.2 [INFO] [stderr] Compiling indexmap v1.9.2 [INFO] [stderr] Compiling num-traits v0.2.15 [INFO] [stderr] Compiling nom v5.1.2 [INFO] [stderr] Compiling local-waker v0.1.3 [INFO] [stderr] Compiling crossbeam-utils v0.8.11 [INFO] [stderr] Compiling arrayvec v0.5.2 [INFO] [stderr] Compiling adler v1.0.2 [INFO] [stderr] Compiling zstd-safe v5.0.2+zstd.1.5.2 [INFO] [stderr] Compiling jobserver v0.1.25 [INFO] [stderr] Compiling async-trait v0.1.56 [INFO] [stderr] Compiling mio v0.8.4 [INFO] [stderr] Compiling signal-hook-registry v1.4.0 [INFO] [stderr] Compiling num_cpus v1.13.1 [INFO] [stderr] Compiling socket2 v0.4.4 [INFO] [stderr] Compiling getrandom v0.2.7 [INFO] [stderr] Compiling cfg-if v1.0.0 [INFO] [stderr] Compiling alloc-no-stdlib v2.0.4 [INFO] [stderr] Compiling cc v1.0.73 [INFO] [stderr] Compiling parking_lot v0.12.1 [INFO] [stderr] Compiling rand_core v0.6.3 [INFO] [stderr] Compiling alloc-stdlib v0.2.2 [INFO] [stderr] Compiling aho-corasick v0.7.19 [INFO] [stderr] Compiling miniz_oxide v0.5.3 [INFO] [stderr] Compiling rand_chacha v0.3.1 [INFO] [stderr] Compiling form_urlencoded v1.0.1 [INFO] [stderr] Compiling http v0.2.8 [INFO] [stderr] Compiling unicode-normalization v0.1.21 [INFO] [stderr] Compiling rand v0.8.5 [INFO] [stderr] Compiling num-integer v0.1.45 [INFO] [stderr] Compiling regex-syntax v0.6.28 [INFO] [stderr] Compiling crossbeam-queue v0.3.6 [INFO] [stderr] Compiling zstd-sys v2.0.1+zstd.1.5.2 [INFO] [stderr] Compiling openssl-sys v0.9.75 [INFO] [stderr] Compiling libz-sys v1.1.8 [INFO] [stderr] Compiling paste v1.0.9 [INFO] [stderr] Compiling serde_json v1.0.82 [INFO] [stderr] Compiling pin-project-lite v0.2.9 [INFO] [stderr] Compiling idna v0.2.3 [INFO] [stderr] Compiling flate2 v1.0.24 [INFO] [stderr] Compiling time-macros v0.2.6 [INFO] [stderr] Compiling actix-service v2.0.2 [INFO] [stderr] Compiling tracing v0.1.35 [INFO] [stderr] Compiling digest v0.10.6 [INFO] [stderr] Compiling brotli-decompressor v2.3.2 [INFO] [stderr] Compiling bytestring v1.2.0 [INFO] [stderr] Compiling actix-utils v3.0.1 [INFO] [stderr] Compiling rdkafka-sys v4.2.0+1.8.2 [INFO] [stderr] Compiling cookie v0.16.1 [INFO] [stderr] Compiling convert_case v0.4.0 [INFO] [stderr] Compiling openssl v0.10.41 [INFO] [stderr] Compiling snap v1.0.5 [INFO] [stderr] Compiling time v0.3.17 [INFO] [stderr] Compiling sha1 v0.10.5 [INFO] [stderr] Compiling url v2.2.2 [INFO] [stderr] Compiling ahash v0.7.6 [INFO] [stderr] Compiling time v0.1.44 [INFO] [stderr] Compiling regex v1.7.0 [INFO] [stderr] Compiling crc-catalog v1.1.1 [INFO] [stderr] Compiling language-tags v0.3.2 [INFO] [stderr] Compiling anyhow v1.0.58 [INFO] [stderr] Compiling kafka v0.9.0 [INFO] [stderr] Compiling brotli v3.3.4 [INFO] [stderr] Compiling sha1 v0.6.1 [INFO] [stderr] Compiling chrono v0.4.19 [INFO] [stderr] Compiling crc v2.1.0 [INFO] [stderr] Compiling toml v0.5.9 [INFO] [stderr] Compiling twox-hash v1.6.3 [INFO] [stderr] Compiling scheduled-thread-pool v0.2.6 [INFO] [stderr] Compiling atty v0.2.14 [INFO] [stderr] Compiling termcolor v1.1.3 [INFO] [stderr] Compiling actix-router v0.5.1 [INFO] [stderr] Compiling humantime v2.1.0 [INFO] [stderr] Compiling dtoa v0.4.8 [INFO] [stderr] Compiling byteorder v1.4.3 [INFO] [stderr] Compiling ref_slice v1.2.1 [INFO] [stderr] Compiling itoa v0.4.8 [INFO] [stderr] Compiling env_logger v0.9.3 [INFO] [stderr] Compiling r2d2 v0.8.10 [INFO] [stderr] Compiling tokio-macros v1.8.0 [INFO] [stderr] Compiling futures-macro v0.3.21 [INFO] [stderr] Compiling tracing-attributes v0.1.22 [INFO] [stderr] Compiling thiserror-impl v1.0.31 [INFO] [stderr] Compiling openssl-macros v0.1.0 [INFO] [stderr] Compiling derive_more v0.99.17 [INFO] [stderr] Compiling actix-web-codegen v4.1.0 [INFO] [stderr] Compiling thiserror v1.0.31 [INFO] [stderr] Compiling proc-macro-crate v1.1.3 [INFO] [stderr] Compiling actix-macros v0.2.3 [INFO] [stderr] Compiling neo4rs-macros v0.2.1 [INFO] [stderr] Compiling num_enum_derive v0.5.7 [INFO] [stderr] Compiling num_enum v0.5.7 [INFO] [stderr] Compiling futures-executor v0.3.21 [INFO] [stderr] Compiling futures v0.3.21 [INFO] [stderr] Compiling local-channel v0.1.3 [INFO] [stderr] Compiling tokio-util v0.7.3 [INFO] [stderr] Compiling actix-rt v2.7.0 [INFO] [stderr] Compiling tokio-util v0.6.10 [INFO] [stderr] Compiling actix-codec v0.5.0 [INFO] [stderr] Compiling h2 v0.3.15 [INFO] [stderr] Compiling actix-server v2.1.1 [INFO] [stderr] Compiling combine v4.6.4 [INFO] [stderr] Compiling config v0.10.1 [INFO] [stderr] Compiling serde_urlencoded v0.7.1 [INFO] [stderr] Compiling deadpool v0.7.0 [INFO] [stderr] Compiling neo4rs v0.5.9 [INFO] [stderr] Compiling redis v0.21.5 [INFO] [stderr] Compiling zstd v0.11.2+zstd.1.5.2 [INFO] [stderr] Compiling actix-http v3.2.2 [INFO] [stderr] Compiling actix-web v4.2.1 [INFO] [stderr] Compiling rdkafka v0.28.0 [INFO] [stderr] Compiling with-baby-friendship v0.1.0 (/opt/rustwide/workdir) [INFO] [stdout] warning: unused import: `future_producer::FutureProducerContext` [INFO] [stdout] --> src/client.rs:7:9 [INFO] [stdout] | [INFO] [stdout] 7 | future_producer::FutureProducerContext, FutureProducer as KafkaProducer, FutureRecord, [INFO] [stdout] | ^^^^^^^^^^^^^^^^^^^^^^^^^^^^^^^^^^^^^^ [INFO] [stdout] | [INFO] [stdout] = note: `#[warn(unused_imports)]` (part of `#[warn(unused)]`) on by default [INFO] [stdout] [INFO] [stdout] [INFO] [stdout] warning: unused import: `tokio` [INFO] [stdout] --> src/client.rs:13:5 [INFO] [stdout] | [INFO] [stdout] 13 | use tokio; [INFO] [stdout] | ^^^^^ [INFO] [stdout] [INFO] [stdout] [INFO] [stdout] warning: this function depends on never type fallback being `()` [INFO] [stdout] --> src/cachers.rs:17:5 [INFO] [stdout] | [INFO] [stdout] 17 | fn delete(&self, uid: Self::UID) -> std::pin::Pin>>> { [INFO] [stdout] | ^^^^^^^^^^^^^^^^^^^^^^^^^^^^^^^^^^^^^^^^^^^^^^^^^^^^^^^^^^^^^^^^^^^^^^^^^^^^^^^^^^^^^^^^^^^^^^^^^^^^^^^^^^^ [INFO] [stdout] | [INFO] [stdout] = help: specify the types explicitly [INFO] [stdout] note: in edition 2024, the requirement `!: FromRedisValue` will fail [INFO] [stdout] --> src/cachers.rs:21:18 [INFO] [stdout] | [INFO] [stdout] 21 | conn.del(format!("uid_{}", uid)).await?; [INFO] [stdout] | ^^^ [INFO] [stdout] = warning: this was previously accepted by the compiler but is being phased out; it will become a hard error in Rust 2024 and in a future release in all editions! [INFO] [stdout] = note: for more information, see [INFO] [stdout] = note: `#[warn(dependency_on_unit_never_type_fallback)]` (part of `#[warn(rust_2024_compatibility)]`) on by default [INFO] [stdout] help: use `()` annotations to avoid fallback changes [INFO] [stdout] | [INFO] [stdout] 21 | conn.del::<_, ()>(format!("uid_{}", uid)).await?; [INFO] [stdout] | +++++++++ [INFO] [stdout] [INFO] [stdout] [INFO] [stdout] warning: this function depends on never type fallback being `()` [INFO] [stdout] --> src/cachers.rs:26:5 [INFO] [stdout] | [INFO] [stdout] 26 | fn insert(&self, uid: Self::UID, friends: Vec) -> std::pin::Pin>>> { [INFO] [stdout] | ^^^^^^^^^^^^^^^^^^^^^^^^^^^^^^^^^^^^^^^^^^^^^^^^^^^^^^^^^^^^^^^^^^^^^^^^^^^^^^^^^^^^^^^^^^^^^^^^^^^^^^^^^^^^^^^^^^^^^^^^^^^^^^^^^^^^ [INFO] [stdout] | [INFO] [stdout] = help: specify the types explicitly [INFO] [stdout] note: in edition 2024, the requirement `!: FromRedisValue` will fail [INFO] [stdout] --> src/cachers.rs:30:18 [INFO] [stdout] | [INFO] [stdout] 30 | conn.set( [INFO] [stdout] | ^^^ [INFO] [stdout] = warning: this was previously accepted by the compiler but is being phased out; it will become a hard error in Rust 2024 and in a future release in all editions! [INFO] [stdout] = note: for more information, see [INFO] [stdout] help: use `()` annotations to avoid fallback changes [INFO] [stdout] | [INFO] [stdout] 30 | conn.set::<_, _, ()>( [INFO] [stdout] | ++++++++++++ [INFO] [stdout] [INFO] [stdout] [INFO] [stdout] warning: this function depends on never type fallback being `()` [INFO] [stdout] --> src/outputers.rs:30:5 [INFO] [stdout] | [INFO] [stdout] 30 | fn error(&self, key: K, err: E) -> Result<(), anyhow::Error> { [INFO] [stdout] | ^^^^^^^^^^^^^^^^^^^^^^^^^^^^^^^^^^^^^^^^^^^^^^^^^^^^^^^^^^^^ [INFO] [stdout] | [INFO] [stdout] = help: specify the types explicitly [INFO] [stdout] note: in edition 2024, the requirement `!: FromRedisValue` will fail [INFO] [stdout] --> src/outputers.rs:35:21 [INFO] [stdout] | [INFO] [stdout] 35 | self.get()?.rpush(key, res)?; [INFO] [stdout] | ^^^^^ [INFO] [stdout] = warning: this was previously accepted by the compiler but is being phased out; it will become a hard error in Rust 2024 and in a future release in all editions! [INFO] [stdout] = note: for more information, see [INFO] [stdout] help: use `()` annotations to avoid fallback changes [INFO] [stdout] | [INFO] [stdout] 35 | self.get()?.rpush::<_, _, ()>(key, res)?; [INFO] [stdout] | ++++++++++++ [INFO] [stdout] [INFO] [stdout] [INFO] [stdout] warning: this function depends on never type fallback being `()` [INFO] [stdout] --> src/outputers.rs:39:5 [INFO] [stdout] | [INFO] [stdout] 39 | fn ok(&self, key: K, data: T) -> Result<(), anyhow::Error> { [INFO] [stdout] | ^^^^^^^^^^^^^^^^^^^^^^^^^^^^^^^^^^^^^^^^^^^^^^^^^^^^^^^^^^^^^^^^^^^^^^^^ [INFO] [stdout] | [INFO] [stdout] = help: specify the types explicitly [INFO] [stdout] note: in edition 2024, the requirement `!: FromRedisValue` will fail [INFO] [stdout] --> src/outputers.rs:41:21 [INFO] [stdout] | [INFO] [stdout] 41 | self.get()?.rpush(key, res)?; [INFO] [stdout] | ^^^^^ [INFO] [stdout] = warning: this was previously accepted by the compiler but is being phased out; it will become a hard error in Rust 2024 and in a future release in all editions! [INFO] [stdout] = note: for more information, see [INFO] [stdout] help: use `()` annotations to avoid fallback changes [INFO] [stdout] | [INFO] [stdout] 41 | self.get()?.rpush::<_, _, ()>(key, res)?; [INFO] [stdout] | ++++++++++++ [INFO] [stdout] [INFO] [stdout] [INFO] [stdout] warning: unused variable: `cacher` [INFO] [stdout] --> src/handlers.rs:30:102 [INFO] [stdout] | [INFO] [stdout] 30 | ...ing>>(persister: Data

, cacher: Data, uid: Path<(String,)>) -> Result>, Error> { [INFO] [stdout] | ^^^^^^ help: if this is intentional, prefix it with an underscore: `_cacher` [INFO] [stdout] | [INFO] [stdout] = note: `#[warn(unused_variables)]` (part of `#[warn(unused)]`) on by default [INFO] [stdout] [INFO] [stdout] [INFO] [stdout] warning: unused variable: `cacher` [INFO] [stdout] --> src/handlers.rs:34:96 [INFO] [stdout] | [INFO] [stdout] 34 | ...ing>>(persister: Data

, cacher: Data, uid: Path<(String,)>) -> Result { [INFO] [stdout] | ^^^^^^ help: if this is intentional, prefix it with an underscore: `_cacher` [INFO] [stdout] [INFO] [stdout] [INFO] [stdout] warning: unused variable: `cacher` [INFO] [stdout] --> src/handlers.rs:39:99 [INFO] [stdout] | [INFO] [stdout] 39 | ...ing>>(persister: Data

, cacher: Data, uid: Path<(String,)>) -> Result { [INFO] [stdout] | ^^^^^^ help: if this is intentional, prefix it with an underscore: `_cacher` [INFO] [stdout] [INFO] [stdout] [INFO] [stdout] warning: unused variable: `cacher` [INFO] [stdout] --> src/handlers.rs:44:97 [INFO] [stdout] | [INFO] [stdout] 44 | ...ing>>(persister: Data

, cacher: Data, uids: Path<(String, String)>) -> Result { [INFO] [stdout] | ^^^^^^ help: if this is intentional, prefix it with an underscore: `_cacher` [INFO] [stdout] [INFO] [stdout] [INFO] [stdout] warning: unused variable: `conn` [INFO] [stdout] --> src/r2d2.rs:23:26 [INFO] [stdout] | [INFO] [stdout] 23 | fn has_broken(&self, conn: &mut Self::Connection) -> bool { [INFO] [stdout] | ^^^^ help: if this is intentional, prefix it with an underscore: `_conn` [INFO] [stdout] [INFO] [stdout] [INFO] [stdout] warning: function `gen_key` is never used [INFO] [stdout] --> src/client.rs:15:10 [INFO] [stdout] | [INFO] [stdout] 15 | async fn gen_key(redis: &mut RedisConnection, uid: i64) -> Result { [INFO] [stdout] | ^^^^^^^ [INFO] [stdout] | [INFO] [stdout] = note: `#[warn(dead_code)]` (part of `#[warn(unused)]`) on by default [INFO] [stdout] [INFO] [stdout] [INFO] [stdout] warning: function `request` is never used [INFO] [stdout] --> src/client.rs:20:14 [INFO] [stdout] | [INFO] [stdout] 20 | pub async fn request( [INFO] [stdout] | ^^^^^^^ [INFO] [stdout] [INFO] [stdout] [INFO] [stdout] warning: function `add_node` is never used [INFO] [stdout] --> src/client.rs:50:14 [INFO] [stdout] | [INFO] [stdout] 50 | pub async fn add_node( [INFO] [stdout] | ^^^^^^^^ [INFO] [stdout] [INFO] [stdout] [INFO] [stdout] warning: methods `delete_node`, `exist_node`, and `recommendations` are never used [INFO] [stdout] --> src/core.rs:8:8 [INFO] [stdout] | [INFO] [stdout] 5 | pub trait Persister { [INFO] [stdout] | --------- methods in this trait [INFO] [stdout] ... [INFO] [stdout] 8 | fn delete_node(&self, uid: Self::UID) -> Pin>>>; [INFO] [stdout] | ^^^^^^^^^^^ [INFO] [stdout] 9 | fn exist_node(&self, uid: Self::UID) -> Pin>>>; [INFO] [stdout] | ^^^^^^^^^^ [INFO] [stdout] ... [INFO] [stdout] 14 | fn recommendations(&self, uid: Self::UID, level: i32, threshold: i32) -> Pin, Erro... [INFO] [stdout] | ^^^^^^^^^^^^^^^ [INFO] [stdout] [INFO] [stdout] [INFO] [stdout] warning: method `delete` is never used [INFO] [stdout] --> src/core.rs:20:8 [INFO] [stdout] | [INFO] [stdout] 17 | pub trait Cacher { [INFO] [stdout] | ------ method in this trait [INFO] [stdout] ... [INFO] [stdout] 20 | fn delete(&self, uid: Self::UID) -> Pin>>>; [INFO] [stdout] | ^^^^^^ [INFO] [stdout] [INFO] [stdout] [INFO] [stdout] warning: associated functions `new` and `new_404` are never used [INFO] [stdout] --> src/error.rs:12:12 [INFO] [stdout] | [INFO] [stdout] 11 | impl Error { [INFO] [stdout] | ---------- associated functions in this implementation [INFO] [stdout] 12 | pub fn new(msg: String, code: StatusCode) -> Self { [INFO] [stdout] | ^^^ [INFO] [stdout] ... [INFO] [stdout] 16 | pub fn new_404(msg: String) -> Self { [INFO] [stdout] | ^^^^^^^ [INFO] [stdout] [INFO] [stdout] [INFO] [stdout] warning: function `recommendation` is never used [INFO] [stdout] --> src/handlers.rs:30:14 [INFO] [stdout] | [INFO] [stdout] 30 | pub async fn recommendation, C: Cacher>(persister: Data

, cacher: Data, uid: Path<(Str... [INFO] [stdout] | ^^^^^^^^^^^^^^ [INFO] [stdout] [INFO] [stdout] [INFO] [stdout] warning: function `delete_user` is never used [INFO] [stdout] --> src/handlers.rs:39:14 [INFO] [stdout] | [INFO] [stdout] 39 | pub async fn delete_user, C: Cacher>(persister: Data

, cacher: Data, uid: Path<(String... [INFO] [stdout] | ^^^^^^^^^^^ [INFO] [stdout] [INFO] [stdout] [INFO] [stdout] warning: struct `RedisOutput` is never constructed [INFO] [stdout] --> src/outputers.rs:8:12 [INFO] [stdout] | [INFO] [stdout] 8 | pub struct RedisOutput(Pool); [INFO] [stdout] | ^^^^^^^^^^^ [INFO] [stdout] [INFO] [stdout] [INFO] [stdout] warning: associated function `new` is never used [INFO] [stdout] --> src/outputers.rs:11:12 [INFO] [stdout] | [INFO] [stdout] 10 | impl RedisOutput { [INFO] [stdout] | ---------------- associated function in this implementation [INFO] [stdout] 11 | pub fn new(uri: &str) -> Result { [INFO] [stdout] | ^^^ [INFO] [stdout] [INFO] [stdout] [INFO] [stdout] warning: enum `Response` is never used [INFO] [stdout] --> src/outputers.rs:24:10 [INFO] [stdout] | [INFO] [stdout] 24 | pub enum Response { [INFO] [stdout] | ^^^^^^^^ [INFO] [stdout] [INFO] [stdout] [INFO] [stdout] warning: struct `KafkaManager` is never constructed [INFO] [stdout] --> src/r2d2.rs:5:12 [INFO] [stdout] | [INFO] [stdout] 5 | pub struct KafkaManager { [INFO] [stdout] | ^^^^^^^^^^^^ [INFO] [stdout] [INFO] [stdout] [INFO] [stdout] warning: associated function `new` is never used [INFO] [stdout] --> src/r2d2.rs:10:12 [INFO] [stdout] | [INFO] [stdout] 9 | impl KafkaManager { [INFO] [stdout] | ----------------- associated function in this implementation [INFO] [stdout] 10 | pub fn new(hosts: Vec) -> Self { [INFO] [stdout] | ^^^ [INFO] [stdout] [INFO] [stdout] [INFO] [stdout] warning: struct `RedisManager` is never constructed [INFO] [stdout] --> src/r2d2.rs:32:12 [INFO] [stdout] | [INFO] [stdout] 32 | pub struct RedisManager { [INFO] [stdout] | ^^^^^^^^^^^^ [INFO] [stdout] [INFO] [stdout] [INFO] [stdout] warning: associated function `new` is never used [INFO] [stdout] --> src/r2d2.rs:37:12 [INFO] [stdout] | [INFO] [stdout] 36 | impl RedisManager { [INFO] [stdout] | ----------------- associated function in this implementation [INFO] [stdout] 37 | pub fn new(uri: &str) -> Result { [INFO] [stdout] | ^^^ [INFO] [stdout] [INFO] [stdout] [INFO] [stderr] Finished `release` profile [optimized] target(s) in 2m 42s [INFO] [stderr] warning: the following packages contain code that will be rejected by a future version of Rust: nom v5.1.2, openssl v0.10.41, redis v0.21.5, with-baby-friendship v0.1.0 (/opt/rustwide/workdir) [INFO] [stderr] note: to see what the problems were, use the option `--future-incompat-report`, or run `cargo report future-incompatibilities --id 2` [INFO] running `Command { std: "docker" "inspect" "f4bf004b672de8389be5dd46291ca570bad450be950d415d415537a9454e8815", kill_on_drop: false }` [INFO] running `Command { std: "docker" "exec" "-e" "SOURCE_DIR=/opt/rustwide/workdir" "-e" "CARGO_HOME=/opt/rustwide/cargo-home" "-e" "RUSTUP_HOME=/opt/rustwide/rustup-home" "-e" "CARGO_TARGET_DIR=/opt/rustwide/target" "-e" "CARGO_INCREMENTAL=0" "-e" "RUST_BACKTRACE=full" "-e" "RUSTFLAGS=--cap-lints=warn" "-e" "RUSTDOCFLAGS=--cap-lints=warn" "-w" "/opt/rustwide/workdir" "--user" "0:0" "f4bf004b672de8389be5dd46291ca570bad450be950d415d415537a9454e8815" "/opt/rustwide/cargo-home/bin/cargo" "+1.99.0-beta.8" "test" "--frozen" "--no-run" "--message-format=json" "--release", kill_on_drop: false }` [INFO] [stderr] Compiling with-baby-friendship v0.1.0 (/opt/rustwide/workdir) [INFO] [stdout] warning: unused import: `future_producer::FutureProducerContext` [INFO] [stdout] --> src/client.rs:7:9 [INFO] [stdout] | [INFO] [stdout] 7 | future_producer::FutureProducerContext, FutureProducer as KafkaProducer, FutureRecord, [INFO] [stdout] | ^^^^^^^^^^^^^^^^^^^^^^^^^^^^^^^^^^^^^^ [INFO] [stdout] | [INFO] [stdout] = note: `#[warn(unused_imports)]` (part of `#[warn(unused)]`) on by default [INFO] [stdout] [INFO] [stdout] [INFO] [stdout] warning: unused import: `tokio` [INFO] [stdout] --> src/client.rs:13:5 [INFO] [stdout] | [INFO] [stdout] 13 | use tokio; [INFO] [stdout] | ^^^^^ [INFO] [stdout] [INFO] [stdout] [INFO] [stdout] warning: this function depends on never type fallback being `()` [INFO] [stdout] --> src/cachers.rs:17:5 [INFO] [stdout] | [INFO] [stdout] 17 | fn delete(&self, uid: Self::UID) -> std::pin::Pin>>> { [INFO] [stdout] | ^^^^^^^^^^^^^^^^^^^^^^^^^^^^^^^^^^^^^^^^^^^^^^^^^^^^^^^^^^^^^^^^^^^^^^^^^^^^^^^^^^^^^^^^^^^^^^^^^^^^^^^^^^^ [INFO] [stdout] | [INFO] [stdout] = help: specify the types explicitly [INFO] [stdout] note: in edition 2024, the requirement `!: FromRedisValue` will fail [INFO] [stdout] --> src/cachers.rs:21:18 [INFO] [stdout] | [INFO] [stdout] 21 | conn.del(format!("uid_{}", uid)).await?; [INFO] [stdout] | ^^^ [INFO] [stdout] = warning: this was previously accepted by the compiler but is being phased out; it will become a hard error in Rust 2024 and in a future release in all editions! [INFO] [stdout] = note: for more information, see [INFO] [stdout] = note: `#[warn(dependency_on_unit_never_type_fallback)]` (part of `#[warn(rust_2024_compatibility)]`) on by default [INFO] [stdout] help: use `()` annotations to avoid fallback changes [INFO] [stdout] | [INFO] [stdout] 21 | conn.del::<_, ()>(format!("uid_{}", uid)).await?; [INFO] [stdout] | +++++++++ [INFO] [stdout] [INFO] [stdout] [INFO] [stdout] warning: this function depends on never type fallback being `()` [INFO] [stdout] --> src/cachers.rs:26:5 [INFO] [stdout] | [INFO] [stdout] 26 | fn insert(&self, uid: Self::UID, friends: Vec) -> std::pin::Pin>>> { [INFO] [stdout] | ^^^^^^^^^^^^^^^^^^^^^^^^^^^^^^^^^^^^^^^^^^^^^^^^^^^^^^^^^^^^^^^^^^^^^^^^^^^^^^^^^^^^^^^^^^^^^^^^^^^^^^^^^^^^^^^^^^^^^^^^^^^^^^^^^^^^ [INFO] [stdout] | [INFO] [stdout] = help: specify the types explicitly [INFO] [stdout] note: in edition 2024, the requirement `!: FromRedisValue` will fail [INFO] [stdout] --> src/cachers.rs:30:18 [INFO] [stdout] | [INFO] [stdout] 30 | conn.set( [INFO] [stdout] | ^^^ [INFO] [stdout] = warning: this was previously accepted by the compiler but is being phased out; it will become a hard error in Rust 2024 and in a future release in all editions! [INFO] [stdout] = note: for more information, see [INFO] [stdout] help: use `()` annotations to avoid fallback changes [INFO] [stdout] | [INFO] [stdout] 30 | conn.set::<_, _, ()>( [INFO] [stdout] | ++++++++++++ [INFO] [stdout] [INFO] [stdout] [INFO] [stdout] warning: this function depends on never type fallback being `()` [INFO] [stdout] --> src/outputers.rs:30:5 [INFO] [stdout] | [INFO] [stdout] 30 | fn error(&self, key: K, err: E) -> Result<(), anyhow::Error> { [INFO] [stdout] | ^^^^^^^^^^^^^^^^^^^^^^^^^^^^^^^^^^^^^^^^^^^^^^^^^^^^^^^^^^^^ [INFO] [stdout] | [INFO] [stdout] = help: specify the types explicitly [INFO] [stdout] note: in edition 2024, the requirement `!: FromRedisValue` will fail [INFO] [stdout] --> src/outputers.rs:35:21 [INFO] [stdout] | [INFO] [stdout] 35 | self.get()?.rpush(key, res)?; [INFO] [stdout] | ^^^^^ [INFO] [stdout] = warning: this was previously accepted by the compiler but is being phased out; it will become a hard error in Rust 2024 and in a future release in all editions! [INFO] [stdout] = note: for more information, see [INFO] [stdout] help: use `()` annotations to avoid fallback changes [INFO] [stdout] | [INFO] [stdout] 35 | self.get()?.rpush::<_, _, ()>(key, res)?; [INFO] [stdout] | ++++++++++++ [INFO] [stdout] [INFO] [stdout] [INFO] [stdout] warning: this function depends on never type fallback being `()` [INFO] [stdout] --> src/outputers.rs:39:5 [INFO] [stdout] | [INFO] [stdout] 39 | fn ok(&self, key: K, data: T) -> Result<(), anyhow::Error> { [INFO] [stdout] | ^^^^^^^^^^^^^^^^^^^^^^^^^^^^^^^^^^^^^^^^^^^^^^^^^^^^^^^^^^^^^^^^^^^^^^^^ [INFO] [stdout] | [INFO] [stdout] = help: specify the types explicitly [INFO] [stdout] note: in edition 2024, the requirement `!: FromRedisValue` will fail [INFO] [stdout] --> src/outputers.rs:41:21 [INFO] [stdout] | [INFO] [stdout] 41 | self.get()?.rpush(key, res)?; [INFO] [stdout] | ^^^^^ [INFO] [stdout] = warning: this was previously accepted by the compiler but is being phased out; it will become a hard error in Rust 2024 and in a future release in all editions! [INFO] [stdout] = note: for more information, see [INFO] [stdout] help: use `()` annotations to avoid fallback changes [INFO] [stdout] | [INFO] [stdout] 41 | self.get()?.rpush::<_, _, ()>(key, res)?; [INFO] [stdout] | ++++++++++++ [INFO] [stdout] [INFO] [stdout] [INFO] [stdout] warning: unused variable: `cacher` [INFO] [stdout] --> src/handlers.rs:30:102 [INFO] [stdout] | [INFO] [stdout] 30 | ...ing>>(persister: Data

, cacher: Data, uid: Path<(String,)>) -> Result>, Error> { [INFO] [stdout] | ^^^^^^ help: if this is intentional, prefix it with an underscore: `_cacher` [INFO] [stdout] | [INFO] [stdout] = note: `#[warn(unused_variables)]` (part of `#[warn(unused)]`) on by default [INFO] [stdout] [INFO] [stdout] [INFO] [stdout] warning: unused variable: `cacher` [INFO] [stdout] --> src/handlers.rs:34:96 [INFO] [stdout] | [INFO] [stdout] 34 | ...ing>>(persister: Data

, cacher: Data, uid: Path<(String,)>) -> Result { [INFO] [stdout] | ^^^^^^ help: if this is intentional, prefix it with an underscore: `_cacher` [INFO] [stdout] [INFO] [stdout] [INFO] [stdout] warning: unused variable: `cacher` [INFO] [stdout] --> src/handlers.rs:39:99 [INFO] [stdout] | [INFO] [stdout] 39 | ...ing>>(persister: Data

, cacher: Data, uid: Path<(String,)>) -> Result { [INFO] [stdout] | ^^^^^^ help: if this is intentional, prefix it with an underscore: `_cacher` [INFO] [stdout] [INFO] [stdout] [INFO] [stdout] warning: unused variable: `cacher` [INFO] [stdout] --> src/handlers.rs:44:97 [INFO] [stdout] | [INFO] [stdout] 44 | ...ing>>(persister: Data

, cacher: Data, uids: Path<(String, String)>) -> Result { [INFO] [stdout] | ^^^^^^ help: if this is intentional, prefix it with an underscore: `_cacher` [INFO] [stdout] [INFO] [stdout] [INFO] [stdout] warning: unused variable: `conn` [INFO] [stdout] --> src/r2d2.rs:23:26 [INFO] [stdout] | [INFO] [stdout] 23 | fn has_broken(&self, conn: &mut Self::Connection) -> bool { [INFO] [stdout] | ^^^^ help: if this is intentional, prefix it with an underscore: `_conn` [INFO] [stdout] [INFO] [stdout] [INFO] [stdout] warning: function `add_node` is never used [INFO] [stdout] --> src/client.rs:50:14 [INFO] [stdout] | [INFO] [stdout] 50 | pub async fn add_node( [INFO] [stdout] | ^^^^^^^^ [INFO] [stdout] | [INFO] [stdout] = note: `#[warn(dead_code)]` (part of `#[warn(unused)]`) on by default [INFO] [stdout] [INFO] [stdout] [INFO] [stdout] warning: associated functions `new` and `new_404` are never used [INFO] [stdout] --> src/error.rs:12:12 [INFO] [stdout] | [INFO] [stdout] 11 | impl Error { [INFO] [stdout] | ---------- associated functions in this implementation [INFO] [stdout] 12 | pub fn new(msg: String, code: StatusCode) -> Self { [INFO] [stdout] | ^^^ [INFO] [stdout] ... [INFO] [stdout] 16 | pub fn new_404(msg: String) -> Self { [INFO] [stdout] | ^^^^^^^ [INFO] [stdout] [INFO] [stdout] [INFO] [stdout] warning: function `recommendation` is never used [INFO] [stdout] --> src/handlers.rs:30:14 [INFO] [stdout] | [INFO] [stdout] 30 | pub async fn recommendation, C: Cacher>(persister: Data

, cacher: Data, uid: Path<(Str... [INFO] [stdout] | ^^^^^^^^^^^^^^ [INFO] [stdout] [INFO] [stdout] [INFO] [stdout] warning: function `delete_user` is never used [INFO] [stdout] --> src/handlers.rs:39:14 [INFO] [stdout] | [INFO] [stdout] 39 | pub async fn delete_user, C: Cacher>(persister: Data

, cacher: Data, uid: Path<(String... [INFO] [stdout] | ^^^^^^^^^^^ [INFO] [stdout] [INFO] [stdout] [INFO] [stdout] warning: struct `RedisOutput` is never constructed [INFO] [stdout] --> src/outputers.rs:8:12 [INFO] [stdout] | [INFO] [stdout] 8 | pub struct RedisOutput(Pool); [INFO] [stdout] | ^^^^^^^^^^^ [INFO] [stdout] [INFO] [stdout] [INFO] [stdout] warning: associated function `new` is never used [INFO] [stdout] --> src/outputers.rs:11:12 [INFO] [stdout] | [INFO] [stdout] 10 | impl RedisOutput { [INFO] [stdout] | ---------------- associated function in this implementation [INFO] [stdout] 11 | pub fn new(uri: &str) -> Result { [INFO] [stdout] | ^^^ [INFO] [stdout] [INFO] [stdout] [INFO] [stdout] warning: enum `Response` is never used [INFO] [stdout] --> src/outputers.rs:24:10 [INFO] [stdout] | [INFO] [stdout] 24 | pub enum Response { [INFO] [stdout] | ^^^^^^^^ [INFO] [stdout] [INFO] [stdout] [INFO] [stdout] warning: struct `KafkaManager` is never constructed [INFO] [stdout] --> src/r2d2.rs:5:12 [INFO] [stdout] | [INFO] [stdout] 5 | pub struct KafkaManager { [INFO] [stdout] | ^^^^^^^^^^^^ [INFO] [stdout] [INFO] [stdout] [INFO] [stdout] warning: associated function `new` is never used [INFO] [stdout] --> src/r2d2.rs:10:12 [INFO] [stdout] | [INFO] [stdout] 9 | impl KafkaManager { [INFO] [stdout] | ----------------- associated function in this implementation [INFO] [stdout] 10 | pub fn new(hosts: Vec) -> Self { [INFO] [stdout] | ^^^ [INFO] [stdout] [INFO] [stdout] [INFO] [stdout] warning: struct `RedisManager` is never constructed [INFO] [stdout] --> src/r2d2.rs:32:12 [INFO] [stdout] | [INFO] [stdout] 32 | pub struct RedisManager { [INFO] [stdout] | ^^^^^^^^^^^^ [INFO] [stdout] [INFO] [stdout] [INFO] [stdout] warning: associated function `new` is never used [INFO] [stdout] --> src/r2d2.rs:37:12 [INFO] [stdout] | [INFO] [stdout] 36 | impl RedisManager { [INFO] [stdout] | ----------------- associated function in this implementation [INFO] [stdout] 37 | pub fn new(uri: &str) -> Result { [INFO] [stdout] | ^^^ [INFO] [stdout] [INFO] [stdout] [INFO] [stderr] Finished `release` profile [optimized] target(s) in 9.29s [INFO] [stderr] warning: the following packages contain code that will be rejected by a future version of Rust: nom v5.1.2, openssl v0.10.41, redis v0.21.5, with-baby-friendship v0.1.0 (/opt/rustwide/workdir) [INFO] [stderr] note: to see what the problems were, use the option `--future-incompat-report`, or run `cargo report future-incompatibilities --id 2` [INFO] running `Command { std: "docker" "inspect" "f4bf004b672de8389be5dd46291ca570bad450be950d415d415537a9454e8815", kill_on_drop: false }` [INFO] running `Command { std: "docker" "exec" "-e" "SOURCE_DIR=/opt/rustwide/workdir" "-e" "CARGO_HOME=/opt/rustwide/cargo-home" "-e" "RUSTUP_HOME=/opt/rustwide/rustup-home" "-e" "CARGO_TARGET_DIR=/opt/rustwide/target" "-e" "CARGO_INCREMENTAL=0" "-e" "RUST_BACKTRACE=full" "-e" "RUSTFLAGS=--cap-lints=warn" "-e" "RUSTDOCFLAGS=--cap-lints=warn" "-w" "/opt/rustwide/workdir" "--user" "0:0" "f4bf004b672de8389be5dd46291ca570bad450be950d415d415537a9454e8815" "/opt/rustwide/cargo-home/bin/cargo" "+1.99.0-beta.8" "test" "--frozen" "--release", kill_on_drop: false }` [INFO] [stderr] warning: unused import: `future_producer::FutureProducerContext` [INFO] [stderr] --> src/client.rs:7:9 [INFO] [stderr] | [INFO] [stderr] 7 | future_producer::FutureProducerContext, FutureProducer as KafkaProducer, FutureRecord, [INFO] [stderr] | ^^^^^^^^^^^^^^^^^^^^^^^^^^^^^^^^^^^^^^ [INFO] [stderr] | [INFO] [stderr] = note: `#[warn(unused_imports)]` (part of `#[warn(unused)]`) on by default [INFO] [stderr] [INFO] [stderr] warning: unused import: `tokio` [INFO] [stderr] --> src/client.rs:13:5 [INFO] [stderr] | [INFO] [stderr] 13 | use tokio; [INFO] [stderr] | ^^^^^ [INFO] [stderr] [INFO] [stderr] warning: this function depends on never type fallback being `()` [INFO] [stderr] --> src/cachers.rs:17:5 [INFO] [stderr] | [INFO] [stderr] 17 | fn delete(&self, uid: Self::UID) -> std::pin::Pin>>> { [INFO] [stderr] | ^^^^^^^^^^^^^^^^^^^^^^^^^^^^^^^^^^^^^^^^^^^^^^^^^^^^^^^^^^^^^^^^^^^^^^^^^^^^^^^^^^^^^^^^^^^^^^^^^^^^^^^^^^^ [INFO] [stderr] | [INFO] [stderr] = help: specify the types explicitly [INFO] [stderr] note: in edition 2024, the requirement `!: FromRedisValue` will fail [INFO] [stderr] --> src/cachers.rs:21:18 [INFO] [stderr] | [INFO] [stderr] 21 | conn.del(format!("uid_{}", uid)).await?; [INFO] [stderr] | ^^^ [INFO] [stderr] = warning: this was previously accepted by the compiler but is being phased out; it will become a hard error in Rust 2024 and in a future release in all editions! [INFO] [stderr] = note: for more information, see [INFO] [stderr] = note: `#[warn(dependency_on_unit_never_type_fallback)]` (part of `#[warn(rust_2024_compatibility)]`) on by default [INFO] [stderr] help: use `()` annotations to avoid fallback changes [INFO] [stderr] | [INFO] [stderr] 21 | conn.del::<_, ()>(format!("uid_{}", uid)).await?; [INFO] [stderr] | +++++++++ [INFO] [stderr] [INFO] [stderr] warning: this function depends on never type fallback being `()` [INFO] [stderr] --> src/cachers.rs:26:5 [INFO] [stderr] | [INFO] [stderr] 26 | fn insert(&self, uid: Self::UID, friends: Vec) -> std::pin::Pin>>> { [INFO] [stderr] | ^^^^^^^^^^^^^^^^^^^^^^^^^^^^^^^^^^^^^^^^^^^^^^^^^^^^^^^^^^^^^^^^^^^^^^^^^^^^^^^^^^^^^^^^^^^^^^^^^^^^^^^^^^^^^^^^^^^^^^^^^^^^^^^^^^^^ [INFO] [stderr] | [INFO] [stderr] = help: specify the types explicitly [INFO] [stderr] note: in edition 2024, the requirement `!: FromRedisValue` will fail [INFO] [stderr] --> src/cachers.rs:30:18 [INFO] [stderr] | [INFO] [stderr] 30 | conn.set( [INFO] [stderr] | ^^^ [INFO] [stderr] = warning: this was previously accepted by the compiler but is being phased out; it will become a hard error in Rust 2024 and in a future release in all editions! [INFO] [stderr] = note: for more information, see [INFO] [stderr] help: use `()` annotations to avoid fallback changes [INFO] [stderr] | [INFO] [stderr] 30 | conn.set::<_, _, ()>( [INFO] [stderr] | ++++++++++++ [INFO] [stderr] [INFO] [stderr] warning: this function depends on never type fallback being `()` [INFO] [stderr] --> src/outputers.rs:30:5 [INFO] [stderr] | [INFO] [stderr] 30 | fn error(&self, key: K, err: E) -> Result<(), anyhow::Error> { [INFO] [stderr] | ^^^^^^^^^^^^^^^^^^^^^^^^^^^^^^^^^^^^^^^^^^^^^^^^^^^^^^^^^^^^ [INFO] [stderr] | [INFO] [stderr] = help: specify the types explicitly [INFO] [stderr] note: in edition 2024, the requirement `!: FromRedisValue` will fail [INFO] [stderr] --> src/outputers.rs:35:21 [INFO] [stderr] | [INFO] [stderr] 35 | self.get()?.rpush(key, res)?; [INFO] [stderr] | ^^^^^ [INFO] [stderr] = warning: this was previously accepted by the compiler but is being phased out; it will become a hard error in Rust 2024 and in a future release in all editions! [INFO] [stderr] = note: for more information, see [INFO] [stderr] help: use `()` annotations to avoid fallback changes [INFO] [stderr] | [INFO] [stderr] 35 | self.get()?.rpush::<_, _, ()>(key, res)?; [INFO] [stderr] | ++++++++++++ [INFO] [stderr] [INFO] [stderr] warning: this function depends on never type fallback being `()` [INFO] [stderr] --> src/outputers.rs:39:5 [INFO] [stderr] | [INFO] [stderr] 39 | fn ok(&self, key: K, data: T) -> Result<(), anyhow::Error> { [INFO] [stderr] | ^^^^^^^^^^^^^^^^^^^^^^^^^^^^^^^^^^^^^^^^^^^^^^^^^^^^^^^^^^^^^^^^^^^^^^^^ [INFO] [stderr] | [INFO] [stderr] = help: specify the types explicitly [INFO] [stderr] note: in edition 2024, the requirement `!: FromRedisValue` will fail [INFO] [stderr] --> src/outputers.rs:41:21 [INFO] [stderr] | [INFO] [stderr] 41 | self.get()?.rpush(key, res)?; [INFO] [stderr] | ^^^^^ [INFO] [stderr] = warning: this was previously accepted by the compiler but is being phased out; it will become a hard error in Rust 2024 and in a future release in all editions! [INFO] [stderr] = note: for more information, see [INFO] [stderr] help: use `()` annotations to avoid fallback changes [INFO] [stderr] | [INFO] [stderr] 41 | self.get()?.rpush::<_, _, ()>(key, res)?; [INFO] [stderr] | ++++++++++++ [INFO] [stderr] [INFO] [stderr] warning: unused variable: `cacher` [INFO] [stderr] --> src/handlers.rs:30:102 [INFO] [stderr] | [INFO] [stderr] 30 | ...ing>>(persister: Data

, cacher: Data, uid: Path<(String,)>) -> Result>, Error> { [INFO] [stderr] | ^^^^^^ help: if this is intentional, prefix it with an underscore: `_cacher` [INFO] [stderr] | [INFO] [stderr] = note: `#[warn(unused_variables)]` (part of `#[warn(unused)]`) on by default [INFO] [stderr] [INFO] [stderr] warning: unused variable: `cacher` [INFO] [stderr] --> src/handlers.rs:34:96 [INFO] [stderr] | [INFO] [stderr] 34 | ...ing>>(persister: Data

, cacher: Data, uid: Path<(String,)>) -> Result { [INFO] [stderr] | ^^^^^^ help: if this is intentional, prefix it with an underscore: `_cacher` [INFO] [stderr] [INFO] [stderr] warning: unused variable: `cacher` [INFO] [stderr] --> src/handlers.rs:39:99 [INFO] [stderr] | [INFO] [stderr] 39 | ...ing>>(persister: Data

, cacher: Data, uid: Path<(String,)>) -> Result { [INFO] [stderr] | ^^^^^^ help: if this is intentional, prefix it with an underscore: `_cacher` [INFO] [stderr] [INFO] [stderr] warning: unused variable: `cacher` [INFO] [stderr] --> src/handlers.rs:44:97 [INFO] [stderr] | [INFO] [stderr] 44 | ...ing>>(persister: Data

, cacher: Data, uids: Path<(String, String)>) -> Result { [INFO] [stderr] | ^^^^^^ help: if this is intentional, prefix it with an underscore: `_cacher` [INFO] [stderr] [INFO] [stderr] warning: unused variable: `conn` [INFO] [stderr] --> src/r2d2.rs:23:26 [INFO] [stderr] | [INFO] [stderr] 23 | fn has_broken(&self, conn: &mut Self::Connection) -> bool { [INFO] [stderr] | ^^^^ help: if this is intentional, prefix it with an underscore: `_conn` [INFO] [stderr] [INFO] [stderr] warning: function `add_node` is never used [INFO] [stderr] --> src/client.rs:50:14 [INFO] [stderr] | [INFO] [stderr] 50 | pub async fn add_node( [INFO] [stderr] | ^^^^^^^^ [INFO] [stderr] | [INFO] [stderr] = note: `#[warn(dead_code)]` (part of `#[warn(unused)]`) on by default [INFO] [stderr] [INFO] [stderr] warning: associated functions `new` and `new_404` are never used [INFO] [stderr] --> src/error.rs:12:12 [INFO] [stderr] | [INFO] [stderr] 11 | impl Error { [INFO] [stderr] | ---------- associated functions in this implementation [INFO] [stderr] 12 | pub fn new(msg: String, code: StatusCode) -> Self { [INFO] [stderr] | ^^^ [INFO] [stderr] ... [INFO] [stderr] 16 | pub fn new_404(msg: String) -> Self { [INFO] [stderr] | ^^^^^^^ [INFO] [stderr] [INFO] [stderr] warning: function `recommendation` is never used [INFO] [stderr] --> src/handlers.rs:30:14 [INFO] [stderr] | [INFO] [stderr] 30 | pub async fn recommendation, C: Cacher>(persister: Data

, cacher: Data, uid: Path<(Str... [INFO] [stderr] | ^^^^^^^^^^^^^^ [INFO] [stderr] [INFO] [stderr] warning: function `delete_user` is never used [INFO] [stderr] --> src/handlers.rs:39:14 [INFO] [stderr] | [INFO] [stderr] 39 | pub async fn delete_user, C: Cacher>(persister: Data

, cacher: Data, uid: Path<(String... [INFO] [stderr] | ^^^^^^^^^^^ [INFO] [stderr] [INFO] [stderr] warning: struct `RedisOutput` is never constructed [INFO] [stderr] --> src/outputers.rs:8:12 [INFO] [stderr] | [INFO] [stderr] 8 | pub struct RedisOutput(Pool); [INFO] [stderr] | ^^^^^^^^^^^ [INFO] [stderr] [INFO] [stderr] warning: associated function `new` is never used [INFO] [stderr] --> src/outputers.rs:11:12 [INFO] [stderr] | [INFO] [stderr] 10 | impl RedisOutput { [INFO] [stderr] | ---------------- associated function in this implementation [INFO] [stderr] 11 | pub fn new(uri: &str) -> Result { [INFO] [stderr] | ^^^ [INFO] [stderr] [INFO] [stderr] warning: enum `Response` is never used [INFO] [stderr] --> src/outputers.rs:24:10 [INFO] [stderr] | [INFO] [stderr] 24 | pub enum Response { [INFO] [stderr] | ^^^^^^^^ [INFO] [stderr] [INFO] [stderr] warning: struct `KafkaManager` is never constructed [INFO] [stderr] --> src/r2d2.rs:5:12 [INFO] [stderr] | [INFO] [stderr] 5 | pub struct KafkaManager { [INFO] [stderr] | ^^^^^^^^^^^^ [INFO] [stderr] [INFO] [stderr] warning: associated function `new` is never used [INFO] [stderr] --> src/r2d2.rs:10:12 [INFO] [stderr] | [INFO] [stderr] 9 | impl KafkaManager { [INFO] [stderr] | ----------------- associated function in this implementation [INFO] [stderr] 10 | pub fn new(hosts: Vec) -> Self { [INFO] [stderr] | ^^^ [INFO] [stderr] [INFO] [stderr] warning: struct `RedisManager` is never constructed [INFO] [stderr] --> src/r2d2.rs:32:12 [INFO] [stderr] | [INFO] [stderr] 32 | pub struct RedisManager { [INFO] [stderr] | ^^^^^^^^^^^^ [INFO] [stderr] [INFO] [stderr] warning: associated function `new` is never used [INFO] [stderr] --> src/r2d2.rs:37:12 [INFO] [stderr] | [INFO] [stderr] 36 | impl RedisManager { [INFO] [stderr] | ----------------- associated function in this implementation [INFO] [stderr] 37 | pub fn new(uri: &str) -> Result { [INFO] [stderr] | ^^^ [INFO] [stderr] [INFO] [stderr] warning: `with-baby-friendship` (bin "with-baby-friendship" test) generated 22 warnings (run `cargo fix --bin "with-baby-friendship" -p with-baby-friendship --tests` to apply 11 suggestions) [INFO] [stderr] Finished `release` profile [optimized] target(s) in 0.20s [INFO] [stderr] warning: the following packages contain code that will be rejected by a future version of Rust: nom v5.1.2, openssl v0.10.41, redis v0.21.5, with-baby-friendship v0.1.0 (/opt/rustwide/workdir) [INFO] [stderr] note: to see what the problems were, use the option `--future-incompat-report`, or run `cargo report future-incompatibilities --id 2` [INFO] [stderr] Running unittests src/main.rs (/opt/rustwide/target/release/deps/with_baby_friendship-8f6d70001298fd72) [INFO] [stdout] [INFO] [stdout] running 7 tests [INFO] [stdout] test persisters::test::test_recommendation ... FAILED [INFO] [stdout] test persisters::test::test_insert_relation ... FAILED [INFO] [stdout] test persisters::test::test_friends ... FAILED [INFO] [stdout] test persisters::test::test_insert_node ... FAILED [INFO] [stdout] test cachers::test::test_insert_cache ... FAILED [INFO] [stdout] test cachers::test::test_delete_cache ... FAILED [INFO] [stdout] test client::test::test_request ... FAILED [INFO] [stdout] [INFO] [stdout] failures: [INFO] [stdout] [INFO] [stdout] ---- persisters::test::test_recommendation stdout ---- [INFO] [stdout] [INFO] [stdout] thread 'persisters::test::test_recommendation' (5301) panicked at src/persisters.rs:202:26: [INFO] [stdout] failed to load environment variables: Io(Custom { kind: NotFound, error: "path not found" }) [INFO] [stdout] stack backtrace: [INFO] [stdout] 0: 0x5b600504bad1 - <::print::DisplayBacktrace as core[df12db4294e9bfd3]::fmt::Display>::fmt [INFO] [stdout] 1: 0x5b600506263a - core[df12db4294e9bfd3]::fmt::write [INFO] [stdout] 2: 0x5b60050508ac - as core[df12db4294e9bfd3]::io::write::Write>::write_fmt [INFO] [stdout] 3: 0x5b6005027066 - std[70759c8f55707aa4]::panicking::default_hook::{closure#0} [INFO] [stdout] 4: 0x5b6005043a09 - std[70759c8f55707aa4]::panicking::default_hook [INFO] [stdout] 5: 0x5b6004e23510 - test[9d35eded1c95d3be]::test_main_inner::::{closure#0} [INFO] [stdout] 6: 0x5b6005043d32 - std[70759c8f55707aa4]::panicking::panic_with_hook [INFO] [stdout] 7: 0x5b6005027112 - std[70759c8f55707aa4]::panicking::panic_handler::{closure#0} [INFO] [stdout] 8: 0x5b600501fb79 - std[70759c8f55707aa4]::sys::backtrace::__rust_end_short_backtrace:: [INFO] [stdout] 9: 0x5b6005027f9d - __rustc[8fa7c3cbc660c2b3]::rust_begin_unwind [INFO] [stdout] 10: 0x5b6005062d9c - core[df12db4294e9bfd3]::panicking::panic_fmt [INFO] [stdout] 11: 0x5b6005062b72 - core[df12db4294e9bfd3]::result::unwrap_failed [INFO] [stdout] 12: 0x5b6004dcc89d - as core[df12db4294e9bfd3]::future::future::Future>::poll [INFO] [stdout] 13: 0x5b6004e113b9 - ::block_on:: [INFO] [stdout] 14: 0x5b6004dee09c - with_baby_friendship[435a089cd1e24158]::persisters::test::test_recommendation [INFO] [stdout] 15: 0x5b6004de77b9 - >::call_once [INFO] [stdout] 16: 0x5b6004e167fb - test[9d35eded1c95d3be]::__rust_begin_short_backtrace::, fn() -> core[df12db4294e9bfd3]::result::Result<(), alloc[2182bb758b4b3781]::string::String>> [INFO] [stdout] 17: 0x5b6004e23e65 - test[9d35eded1c95d3be]::run_test::{closure#0} [INFO] [stdout] 18: 0x5b6004e1d724 - std[70759c8f55707aa4]::sys::backtrace::__rust_begin_short_backtrace:: [INFO] [stdout] 19: 0x5b6004e26fc2 - ::{closure#1} as core[df12db4294e9bfd3]::ops::function::FnOnce<()>>::call_once::{shim:vtable#0} [INFO] [stdout] 20: 0x5b600504aff9 - ::new::thread_start [INFO] [stdout] 21: 0x76360fbf5dfa - [INFO] [stdout] 22: 0x76360fc893d4 - clone [INFO] [stdout] 23: 0x0 - [INFO] [stdout] [INFO] [stdout] ---- persisters::test::test_insert_relation stdout ---- [INFO] [stdout] [INFO] [stdout] thread 'persisters::test::test_insert_relation' (5300) panicked at src/persisters.rs:165:26: [INFO] [stdout] failed to load environment variables: Io(Custom { kind: NotFound, error: "path not found" }) [INFO] [stdout] stack backtrace: [INFO] [stdout] 0: 0x5b600504bad1 - <::print::DisplayBacktrace as core[df12db4294e9bfd3]::fmt::Display>::fmt [INFO] [stdout] 1: 0x5b600506263a - core[df12db4294e9bfd3]::fmt::write [INFO] [stdout] 2: 0x5b60050508ac - as core[df12db4294e9bfd3]::io::write::Write>::write_fmt [INFO] [stdout] 3: 0x5b6005027066 - std[70759c8f55707aa4]::panicking::default_hook::{closure#0} [INFO] [stdout] 4: 0x5b6005043a09 - std[70759c8f55707aa4]::panicking::default_hook [INFO] [stdout] 5: 0x5b6004e23510 - test[9d35eded1c95d3be]::test_main_inner::::{closure#0} [INFO] [stdout] 6: 0x5b6005043d32 - std[70759c8f55707aa4]::panicking::panic_with_hook [INFO] [stdout] 7: 0x5b6005027112 - std[70759c8f55707aa4]::panicking::panic_handler::{closure#0} [INFO] [stdout] 8: 0x5b600501fb79 - std[70759c8f55707aa4]::sys::backtrace::__rust_end_short_backtrace:: [INFO] [stdout] 9: 0x5b6005027f9d - __rustc[8fa7c3cbc660c2b3]::rust_begin_unwind [INFO] [stdout] 10: 0x5b6005062d9c - core[df12db4294e9bfd3]::panicking::panic_fmt [INFO] [stdout] 11: 0x5b6005062b72 - core[df12db4294e9bfd3]::result::unwrap_failed [INFO] [stdout] 12: 0x5b6004dce3f2 - as core[df12db4294e9bfd3]::future::future::Future>::poll [INFO] [stdout] 13: 0x5b6004e11cc9 - ::block_on:: [INFO] [stdout] 14: 0x5b6004dee38c - with_baby_friendship[435a089cd1e24158]::persisters::test::test_insert_relation [INFO] [stdout] 15: 0x5b6004de77d9 - >::call_once [INFO] [stdout] 16: 0x5b6004e167fb - test[9d35eded1c95d3be]::__rust_begin_short_backtrace::, fn() -> core[df12db4294e9bfd3]::result::Result<(), alloc[2182bb758b4b3781]::string::String>> [INFO] [stdout] 17: 0x5b6004e23e65 - test[9d35eded1c95d3be]::run_test::{closure#0} [INFO] [stdout] 18: 0x5b6004e1d724 - std[70759c8f55707aa4]::sys::backtrace::__rust_begin_short_backtrace:: [INFO] [stdout] 19: 0x5b6004e26fc2 - ::{closure#1} as core[df12db4294e9bfd3]::ops::function::FnOnce<()>>::call_once::{shim:vtable#0} [INFO] [stdout] 20: 0x5b600504aff9 - ::new::thread_start [INFO] [stdout] 21: 0x76360fbf5dfa - [INFO] [stdout] 22: 0x76360fc893d4 - clone [INFO] [stdout] 23: 0x0 - [INFO] [stdout] [INFO] [stdout] ---- persisters::test::test_friends stdout ---- [INFO] [stdout] [INFO] [stdout] thread 'persisters::test::test_friends' (5298) panicked at src/persisters.rs:181:26: [INFO] [stdout] failed to load environment variables: Io(Custom { kind: NotFound, error: "path not found" }) [INFO] [stdout] stack backtrace: [INFO] [stdout] 0: 0x5b600504bad1 - <::print::DisplayBacktrace as core[df12db4294e9bfd3]::fmt::Display>::fmt [INFO] [stdout] 1: 0x5b600506263a - core[df12db4294e9bfd3]::fmt::write [INFO] [stdout] 2: 0x5b60050508ac - as core[df12db4294e9bfd3]::io::write::Write>::write_fmt [INFO] [stdout] 3: 0x5b6005027066 - std[70759c8f55707aa4]::panicking::default_hook::{closure#0} [INFO] [stdout] 4: 0x5b6005043a09 - std[70759c8f55707aa4]::panicking::default_hook [INFO] [stdout] 5: 0x5b6004e23510 - test[9d35eded1c95d3be]::test_main_inner::::{closure#0} [INFO] [stdout] 6: 0x5b6005043d32 - std[70759c8f55707aa4]::panicking::panic_with_hook [INFO] [stdout] 7: 0x5b6005027112 - std[70759c8f55707aa4]::panicking::panic_handler::{closure#0} [INFO] [stdout] 8: 0x5b600501fb79 - std[70759c8f55707aa4]::sys::backtrace::__rust_end_short_backtrace:: [INFO] [stdout] 9: 0x5b6005027f9d - __rustc[8fa7c3cbc660c2b3]::rust_begin_unwind [INFO] [stdout] 10: 0x5b6005062d9c - core[df12db4294e9bfd3]::panicking::panic_fmt [INFO] [stdout] 11: 0x5b6005062b72 - core[df12db4294e9bfd3]::result::unwrap_failed [INFO] [stdout] 12: 0x5b6004dc97a6 - as core[df12db4294e9bfd3]::future::future::Future>::poll [INFO] [stdout] 13: 0x5b6004e10199 - ::block_on:: [INFO] [stdout] 14: 0x5b6004dedabc - with_baby_friendship[435a089cd1e24158]::persisters::test::test_friends [INFO] [stdout] 15: 0x5b6004de7779 - >::call_once [INFO] [stdout] 16: 0x5b6004e167fb - test[9d35eded1c95d3be]::__rust_begin_short_backtrace::, fn() -> core[df12db4294e9bfd3]::result::Result<(), alloc[2182bb758b4b3781]::string::String>> [INFO] [stdout] 17: 0x5b6004e23e65 - test[9d35eded1c95d3be]::run_test::{closure#0} [INFO] [stdout] 18: 0x5b6004e1d724 - std[70759c8f55707aa4]::sys::backtrace::__rust_begin_short_backtrace:: [INFO] [stdout] 19: 0x5b6004e26fc2 - ::{closure#1} as core[df12db4294e9bfd3]::ops::function::FnOnce<()>>::call_once::{shim:vtable#0} [INFO] [stdout] 20: 0x5b600504aff9 - ::new::thread_start [INFO] [stdout] 21: 0x76360fbf5dfa - [INFO] [stdout] 22: 0x76360fc893d4 - clone [INFO] [stdout] 23: 0x0 - [INFO] [stdout] [INFO] [stdout] ---- persisters::test::test_insert_node stdout ---- [INFO] [stdout] [INFO] [stdout] thread 'persisters::test::test_insert_node' (5299) panicked at src/persisters.rs:153:26: [INFO] [stdout] failed to load environment variables: Io(Custom { kind: NotFound, error: "path not found" }) [INFO] [stdout] stack backtrace: [INFO] [stdout] 0: 0x5b600504bad1 - <::print::DisplayBacktrace as core[df12db4294e9bfd3]::fmt::Display>::fmt [INFO] [stdout] 1: 0x5b600506263a - core[df12db4294e9bfd3]::fmt::write [INFO] [stdout] 2: 0x5b60050508ac - as core[df12db4294e9bfd3]::io::write::Write>::write_fmt [INFO] [stdout] 3: 0x5b6005027066 - std[70759c8f55707aa4]::panicking::default_hook::{closure#0} [INFO] [stdout] 4: 0x5b6005043a09 - std[70759c8f55707aa4]::panicking::default_hook [INFO] [stdout] 5: 0x5b6004e23510 - test[9d35eded1c95d3be]::test_main_inner::::{closure#0} [INFO] [stdout] 6: 0x5b6005043d32 - std[70759c8f55707aa4]::panicking::panic_with_hook [INFO] [stdout] 7: 0x5b6005027112 - std[70759c8f55707aa4]::panicking::panic_handler::{closure#0} [INFO] [stdout] 8: 0x5b600501fb79 - std[70759c8f55707aa4]::sys::backtrace::__rust_end_short_backtrace:: [INFO] [stdout] 9: 0x5b6005027f9d - __rustc[8fa7c3cbc660c2b3]::rust_begin_unwind [INFO] [stdout] 10: 0x5b6005062d9c - core[df12db4294e9bfd3]::panicking::panic_fmt [INFO] [stdout] 11: 0x5b6005062b72 - core[df12db4294e9bfd3]::result::unwrap_failed [INFO] [stdout] 12: 0x5b6004dcaa61 - as core[df12db4294e9bfd3]::future::future::Future>::poll [INFO] [stdout] 13: 0x5b6004e10aa9 - ::block_on:: [INFO] [stdout] 14: 0x5b6004deddac - with_baby_friendship[435a089cd1e24158]::persisters::test::test_insert_node [INFO] [stdout] 15: 0x5b6004de7799 - >::call_once [INFO] [stdout] 16: 0x5b6004e167fb - test[9d35eded1c95d3be]::__rust_begin_short_backtrace::, fn() -> core[df12db4294e9bfd3]::result::Result<(), alloc[2182bb758b4b3781]::string::String>> [INFO] [stdout] 17: 0x5b6004e23e65 - test[9d35eded1c95d3be]::run_test::{closure#0} [INFO] [stdout] 18: 0x5b6004e1d724 - std[70759c8f55707aa4]::sys::backtrace::__rust_begin_short_backtrace:: [INFO] [stdout] 19: 0x5b6004e26fc2 - ::{closure#1} as core[df12db4294e9bfd3]::ops::function::FnOnce<()>>::call_once::{shim:vtable#0} [INFO] [stdout] 20: 0x5b600504aff9 - ::new::thread_start [INFO] [stdout] 21: 0x76360fbf5dfa - [INFO] [stdout] 22: 0x76360fc893d4 - clone [INFO] [stdout] 23: 0x0 - [INFO] [stdout] [INFO] [stdout] ---- cachers::test::test_insert_cache stdout ---- [INFO] [stdout] [INFO] [stdout] thread 'cachers::test::test_insert_cache' (5296) panicked at src/cachers.rs:61:75: [INFO] [stdout] called `Result::unwrap()` on an `Err` value: Error { msg: "Connection refused (os error 111)", code: 500 } [INFO] [stdout] stack backtrace: [INFO] [stdout] 0: 0x5b600504bad1 - <::print::DisplayBacktrace as core[df12db4294e9bfd3]::fmt::Display>::fmt [INFO] [stdout] 1: 0x5b600506263a - core[df12db4294e9bfd3]::fmt::write [INFO] [stdout] 2: 0x5b60050508ac - as core[df12db4294e9bfd3]::io::write::Write>::write_fmt [INFO] [stdout] 3: 0x5b6005027066 - std[70759c8f55707aa4]::panicking::default_hook::{closure#0} [INFO] [stdout] 4: 0x5b6005043a09 - std[70759c8f55707aa4]::panicking::default_hook [INFO] [stdout] 5: 0x5b6004e23510 - test[9d35eded1c95d3be]::test_main_inner::::{closure#0} [INFO] [stdout] 6: 0x5b6005043d32 - std[70759c8f55707aa4]::panicking::panic_with_hook [INFO] [stdout] 7: 0x5b6005027112 - std[70759c8f55707aa4]::panicking::panic_handler::{closure#0} [INFO] [stdout] 8: 0x5b600501fb79 - std[70759c8f55707aa4]::sys::backtrace::__rust_end_short_backtrace:: [INFO] [stdout] 9: 0x5b6005027f9d - __rustc[8fa7c3cbc660c2b3]::rust_begin_unwind [INFO] [stdout] 10: 0x5b6005062d9c - core[df12db4294e9bfd3]::panicking::panic_fmt [INFO] [stdout] 11: 0x5b6005062b72 - core[df12db4294e9bfd3]::result::unwrap_failed [INFO] [stdout] 12: 0x5b6004dcfb7c - as core[df12db4294e9bfd3]::future::future::Future>::poll [INFO] [stdout] 13: 0x5b6004e138ae - ::block_on:: [INFO] [stdout] 14: 0x5b6004deecbf - with_baby_friendship[435a089cd1e24158]::cachers::test::test_insert_cache [INFO] [stdout] 15: 0x5b6004de7839 - >::call_once [INFO] [stdout] 16: 0x5b6004e167fb - test[9d35eded1c95d3be]::__rust_begin_short_backtrace::, fn() -> core[df12db4294e9bfd3]::result::Result<(), alloc[2182bb758b4b3781]::string::String>> [INFO] [stdout] 17: 0x5b6004e23e65 - test[9d35eded1c95d3be]::run_test::{closure#0} [INFO] [stdout] 18: 0x5b6004e1d724 - std[70759c8f55707aa4]::sys::backtrace::__rust_begin_short_backtrace:: [INFO] [stdout] 19: 0x5b6004e26fc2 - ::{closure#1} as core[df12db4294e9bfd3]::ops::function::FnOnce<()>>::call_once::{shim:vtable#0} [INFO] [stdout] 20: 0x5b600504aff9 - ::new::thread_start [INFO] [stdout] 21: 0x76360fbf5dfa - [INFO] [stdout] 22: 0x76360fc893d4 - clone [INFO] [stdout] 23: 0x0 - [INFO] [stdout] [INFO] [stdout] ---- cachers::test::test_delete_cache stdout ---- [INFO] [stdout] [INFO] [stdout] thread 'cachers::test::test_delete_cache' (5295) panicked at src/cachers.rs:69:75: [INFO] [stdout] called `Result::unwrap()` on an `Err` value: Error { msg: "Connection refused (os error 111)", code: 500 } [INFO] [stdout] stack backtrace: [INFO] [stdout] 0: 0x5b600504bad1 - <::print::DisplayBacktrace as core[df12db4294e9bfd3]::fmt::Display>::fmt [INFO] [stdout] 1: 0x5b600506263a - core[df12db4294e9bfd3]::fmt::write [INFO] [stdout] 2: 0x5b60050508ac - as core[df12db4294e9bfd3]::io::write::Write>::write_fmt [INFO] [stdout] 3: 0x5b6005027066 - std[70759c8f55707aa4]::panicking::default_hook::{closure#0} [INFO] [stdout] 4: 0x5b6005043a09 - std[70759c8f55707aa4]::panicking::default_hook [INFO] [stdout] 5: 0x5b6004e23510 - test[9d35eded1c95d3be]::test_main_inner::::{closure#0} [INFO] [stdout] 6: 0x5b6005043d32 - std[70759c8f55707aa4]::panicking::panic_with_hook [INFO] [stdout] 7: 0x5b6005027112 - std[70759c8f55707aa4]::panicking::panic_handler::{closure#0} [INFO] [stdout] 8: 0x5b600501fb79 - std[70759c8f55707aa4]::sys::backtrace::__rust_end_short_backtrace:: [INFO] [stdout] 9: 0x5b6005027f9d - __rustc[8fa7c3cbc660c2b3]::rust_begin_unwind [INFO] [stdout] 10: 0x5b6005062d9c - core[df12db4294e9bfd3]::panicking::panic_fmt [INFO] [stdout] 11: 0x5b6005062b72 - core[df12db4294e9bfd3]::result::unwrap_failed [INFO] [stdout] 12: 0x5b6004dcf292 - as core[df12db4294e9bfd3]::future::future::Future>::poll [INFO] [stdout] 13: 0x5b6004e12f5e - ::block_on:: [INFO] [stdout] 14: 0x5b6004dee9bf - with_baby_friendship[435a089cd1e24158]::cachers::test::test_delete_cache [INFO] [stdout] 15: 0x5b6004de7819 - >::call_once [INFO] [stdout] 16: 0x5b6004e167fb - test[9d35eded1c95d3be]::__rust_begin_short_backtrace::, fn() -> core[df12db4294e9bfd3]::result::Result<(), alloc[2182bb758b4b3781]::string::String>> [INFO] [stdout] 17: 0x5b6004e23e65 - test[9d35eded1c95d3be]::run_test::{closure#0} [INFO] [stdout] 18: 0x5b6004e1d724 - std[70759c8f55707aa4]::sys::backtrace::__rust_begin_short_backtrace:: [INFO] [stdout] 19: 0x5b6004e26fc2 - ::{closure#1} as core[df12db4294e9bfd3]::ops::function::FnOnce<()>>::call_once::{shim:vtable#0} [INFO] [stdout] 20: 0x5b600504aff9 - ::new::thread_start [INFO] [stdout] 21: 0x76360fbf5dfa - [INFO] [stdout] 22: 0x76360fc893d4 - clone [INFO] [stdout] 23: 0x0 - [INFO] [stdout] [INFO] [stdout] ---- client::test::test_request stdout ---- [INFO] [stdout] [INFO] [stdout] thread 'client::test::test_request' (5297) panicked at src/client.rs:106:53: [INFO] [stdout] called `Result::unwrap()` on an `Err` value: Connection refused (os error 111) [INFO] [stdout] stack backtrace: [INFO] [stdout] 0: 0x5b600504bad1 - <::print::DisplayBacktrace as core[df12db4294e9bfd3]::fmt::Display>::fmt [INFO] [stdout] 1: 0x5b600506263a - core[df12db4294e9bfd3]::fmt::write [INFO] [stdout] 2: 0x5b60050508ac - as core[df12db4294e9bfd3]::io::write::Write>::write_fmt [INFO] [stdout] 3: 0x5b6005027066 - std[70759c8f55707aa4]::panicking::default_hook::{closure#0} [INFO] [stdout] 4: 0x5b6005043a09 - std[70759c8f55707aa4]::panicking::default_hook [INFO] [stdout] 5: 0x5b6004e23510 - test[9d35eded1c95d3be]::test_main_inner::::{closure#0} [INFO] [stdout] 6: 0x5b6005043d32 - std[70759c8f55707aa4]::panicking::panic_with_hook [INFO] [stdout] 7: 0x5b6005027112 - std[70759c8f55707aa4]::panicking::panic_handler::{closure#0} [INFO] [stdout] 8: 0x5b600501fb79 - std[70759c8f55707aa4]::sys::backtrace::__rust_end_short_backtrace:: [INFO] [stdout] 9: 0x5b6005027f9d - __rustc[8fa7c3cbc660c2b3]::rust_begin_unwind [INFO] [stdout] 10: 0x5b6005062d9c - core[df12db4294e9bfd3]::panicking::panic_fmt [INFO] [stdout] 11: 0x5b6005062b72 - core[df12db4294e9bfd3]::result::unwrap_failed [INFO] [stdout] 12: 0x5b6004dc63ca - with_baby_friendship[435a089cd1e24158]::client::test::test_request::{closure#0} [INFO] [stdout] 13: 0x5b6004e12608 - ::block_on:: [INFO] [stdout] 14: 0x5b6004dee6af - with_baby_friendship[435a089cd1e24158]::client::test::test_request [INFO] [stdout] 15: 0x5b6004de77f9 - >::call_once [INFO] [stdout] 16: 0x5b6004e167fb - test[9d35eded1c95d3be]::__rust_begin_short_backtrace::, fn() -> core[df12db4294e9bfd3]::result::Result<(), alloc[2182bb758b4b3781]::string::String>> [INFO] [stdout] 17: 0x5b6004e23e65 - test[9d35eded1c95d3be]::run_test::{closure#0} [INFO] [stdout] 18: 0x5b6004e1d724 - std[70759c8f55707aa4]::sys::backtrace::__rust_begin_short_backtrace:: [INFO] [stdout] 19: 0x5b6004e26fc2 - ::{closure#1} as core[df12db4294e9bfd3]::ops::function::FnOnce<()>>::call_once::{shim:vtable#0} [INFO] [stdout] 20: 0x5b600504aff9 - ::new::thread_start [INFO] [stdout] 21: 0x76360fbf5dfa - [INFO] [stdout] 22: 0x76360fc893d4 - clone [INFO] [stdout] 23: 0x0 - [INFO] [stdout] [INFO] [stdout] [INFO] [stdout] failures: [INFO] [stdout] cachers::test::test_delete_cache [INFO] [stdout] cachers::test::test_insert_cache [INFO] [stdout] client::test::test_request [INFO] [stdout] persisters::test::test_friends [INFO] [stdout] persisters::test::test_insert_node [INFO] [stdout] persisters::test::test_insert_relation [INFO] [stdout] persisters::test::test_recommendation [INFO] [stdout] [INFO] [stdout] test result: FAILED. 0 passed; 7 failed; 0 ignored; 0 measured; 0 filtered out; finished in 0.12s [INFO] [stdout] [INFO] [stderr] error: test failed, to rerun pass `--bin with-baby-friendship` [INFO] running `Command { std: "docker" "inspect" "f4bf004b672de8389be5dd46291ca570bad450be950d415d415537a9454e8815", kill_on_drop: false }` [INFO] running `Command { std: "docker" "rm" "-f" "f4bf004b672de8389be5dd46291ca570bad450be950d415d415537a9454e8815", kill_on_drop: false }` [INFO] [stdout] f4bf004b672de8389be5dd46291ca570bad450be950d415d415537a9454e8815