[INFO] fetching crate dfraw_json_parser 0.17.5...
[INFO] testing dfraw_json_parser-0.17.5 against 1.100.0-beta.1+cargoflags=--release for beta-release-1.100-2
[INFO] extracting crate dfraw_json_parser 0.17.5 into /workspace/builds/worker-5-tc2/source
[INFO] started tweaking crates.io crate dfraw_json_parser 0.17.5
[INFO] finished tweaking crates.io crate dfraw_json_parser 0.17.5
[INFO] tweaked toml for crates.io crate dfraw_json_parser 0.17.5 written to /workspace/builds/worker-5-tc2/source/Cargo.toml
[INFO] validating manifest of crates.io crate dfraw_json_parser 0.17.5 on toolchain 1.100.0-beta.1
[INFO] running `Command { std: CARGO_HOME="/workspace/cargo-home" RUSTUP_HOME="/workspace/rustup-home" "/workspace/cargo-home/bin/cargo" "+1.100.0-beta.1" "metadata" "--manifest-path" "Cargo.toml" "--no-deps", kill_on_drop: false }`
[INFO] running `Command { std: CARGO_HOME="/workspace/cargo-home" RUSTUP_HOME="/workspace/rustup-home" "/workspace/cargo-home/bin/cargo" "+1.100.0-beta.1" "generate-lockfile" "--manifest-path" "Cargo.toml", kill_on_drop: false }`
[INFO] [stderr]     Blocking waiting for file lock on package cache
[ERROR] error running command: no output for 300 seconds
[INFO] testing dfraw_json_parser-0.17.5 against 1.100.0-beta.1+cargoflags=--release for beta-release-1.100-2
[INFO] extracting crate dfraw_json_parser 0.17.5 into /workspace/builds/worker-5-tc2/source
[INFO] started tweaking crates.io crate dfraw_json_parser 0.17.5
[INFO] finished tweaking crates.io crate dfraw_json_parser 0.17.5
[INFO] tweaked toml for crates.io crate dfraw_json_parser 0.17.5 written to /workspace/builds/worker-5-tc2/source/Cargo.toml
[INFO] validating manifest of crates.io crate dfraw_json_parser 0.17.5 on toolchain 1.100.0-beta.1
[INFO] running `Command { std: CARGO_HOME="/workspace/cargo-home" RUSTUP_HOME="/workspace/rustup-home" "/workspace/cargo-home/bin/cargo" "+1.100.0-beta.1" "metadata" "--manifest-path" "Cargo.toml" "--no-deps", kill_on_drop: false }`
[INFO] running `Command { std: CARGO_HOME="/workspace/cargo-home" RUSTUP_HOME="/workspace/rustup-home" "/workspace/cargo-home/bin/cargo" "+1.100.0-beta.1" "generate-lockfile" "--manifest-path" "Cargo.toml", kill_on_drop: false }`
[INFO] [stderr]     Blocking waiting for file lock on package cache
[INFO] [stderr]     Updating crates.io index
[INFO] [stderr]     Blocking waiting for file lock on package cache
[INFO] [stderr]      Locking 439 packages to highest compatible versions
[INFO] [stderr]       Adding brotli-decompressor v6.0.1 (available: v6.1.0)
[INFO] [stderr]       Adding generic-array v0.14.7 (available: v0.14.9)
[INFO] [stderr]       Adding itertools v0.12.1 (available: v0.15.0)
[INFO] [stderr]       Adding phf v0.11.3 (available: v0.14.0)
[INFO] [stderr]       Adding quick-xml v0.31.0 (available: v0.42.0)
[INFO] [stderr]       Adding thiserror v1.0.69 (available: v2.0.21)
[INFO] [stderr]       Adding toml v0.8.2 (available: v0.8.23)
[INFO] [stderr]       Adding toml_datetime v0.6.3 (available: v0.6.11)
[INFO] [stderr]       Adding toml_edit v0.20.2 (available: v0.20.7)
[INFO] running `Command { std: CARGO_HOME="/workspace/cargo-home" RUSTUP_HOME="/workspace/rustup-home" "/workspace/cargo-home/bin/cargo" "+1.100.0-beta.1" "fetch" "--manifest-path" "Cargo.toml", kill_on_drop: false }`
[INFO] [stderr]     Blocking waiting for file lock on package cache
[ERROR] error running command: no output for 300 seconds
[INFO] testing dfraw_json_parser-0.17.5 against 1.100.0-beta.1+cargoflags=--release for beta-release-1.100-2
[INFO] extracting crate dfraw_json_parser 0.17.5 into /workspace/builds/worker-5-tc2/source
[INFO] started tweaking crates.io crate dfraw_json_parser 0.17.5
[INFO] finished tweaking crates.io crate dfraw_json_parser 0.17.5
[INFO] tweaked toml for crates.io crate dfraw_json_parser 0.17.5 written to /workspace/builds/worker-5-tc2/source/Cargo.toml
[INFO] validating manifest of crates.io crate dfraw_json_parser 0.17.5 on toolchain 1.100.0-beta.1
[INFO] running `Command { std: CARGO_HOME="/workspace/cargo-home" RUSTUP_HOME="/workspace/rustup-home" "/workspace/cargo-home/bin/cargo" "+1.100.0-beta.1" "metadata" "--manifest-path" "Cargo.toml" "--no-deps", kill_on_drop: false }`
[INFO] running `Command { std: CARGO_HOME="/workspace/cargo-home" RUSTUP_HOME="/workspace/rustup-home" "/workspace/cargo-home/bin/cargo" "+1.100.0-beta.1" "generate-lockfile" "--manifest-path" "Cargo.toml", kill_on_drop: false }`
[INFO] [stderr]     Blocking waiting for file lock on package cache
[ERROR] error running command: no output for 300 seconds
[INFO] testing dfraw_json_parser-0.17.5 against 1.100.0-beta.1+cargoflags=--release for beta-release-1.100-2
[INFO] extracting crate dfraw_json_parser 0.17.5 into /workspace/builds/worker-5-tc2/source
[INFO] started tweaking crates.io crate dfraw_json_parser 0.17.5
[INFO] finished tweaking crates.io crate dfraw_json_parser 0.17.5
[INFO] tweaked toml for crates.io crate dfraw_json_parser 0.17.5 written to /workspace/builds/worker-5-tc2/source/Cargo.toml
[INFO] validating manifest of crates.io crate dfraw_json_parser 0.17.5 on toolchain 1.100.0-beta.1
[INFO] running `Command { std: CARGO_HOME="/workspace/cargo-home" RUSTUP_HOME="/workspace/rustup-home" "/workspace/cargo-home/bin/cargo" "+1.100.0-beta.1" "metadata" "--manifest-path" "Cargo.toml" "--no-deps", kill_on_drop: false }`
[INFO] running `Command { std: CARGO_HOME="/workspace/cargo-home" RUSTUP_HOME="/workspace/rustup-home" "/workspace/cargo-home/bin/cargo" "+1.100.0-beta.1" "generate-lockfile" "--manifest-path" "Cargo.toml", kill_on_drop: false }`
[INFO] [stderr]     Blocking waiting for file lock on package cache
[INFO] [stderr]     Updating crates.io index
[INFO] [stderr]     Blocking waiting for file lock on package cache
[INFO] [stderr]      Locking 439 packages to highest compatible versions
[INFO] [stderr]       Adding brotli-decompressor v6.0.1 (available: v6.1.0)
[INFO] [stderr]       Adding generic-array v0.14.7 (available: v0.14.9)
[INFO] [stderr]       Adding itertools v0.12.1 (available: v0.15.0)
[INFO] [stderr]       Adding phf v0.11.3 (available: v0.14.0)
[INFO] [stderr]       Adding quick-xml v0.31.0 (available: v0.42.0)
[INFO] [stderr]       Adding thiserror v1.0.69 (available: v2.0.21)
[INFO] [stderr]       Adding toml v0.8.2 (available: v0.8.23)
[INFO] [stderr]       Adding toml_datetime v0.6.3 (available: v0.6.11)
[INFO] [stderr]       Adding toml_edit v0.20.2 (available: v0.20.7)
[INFO] running `Command { std: CARGO_HOME="/workspace/cargo-home" RUSTUP_HOME="/workspace/rustup-home" "/workspace/cargo-home/bin/cargo" "+1.100.0-beta.1" "fetch" "--manifest-path" "Cargo.toml", kill_on_drop: false }`
[INFO] [stderr]     Blocking waiting for file lock on package cache
[INFO] [stderr]  Downloading crates ...
[INFO] [stderr]   Downloaded webview2-com v0.39.1
[INFO] [stderr]   Downloaded tauri v2.12.4
[INFO] [stderr]   Downloaded window-vibrancy v0.8.1
[INFO] [stderr]   Downloaded webview2-com-sys v0.39.1
[INFO] [stderr]   Downloaded tray-icon v0.25.1
[INFO] [stderr]   Downloaded muda v0.20.0
[INFO] [stderr]   Downloaded urlpattern v0.6.0
[INFO] [stderr]   Downloaded tauri-utils v2.10.2
[INFO] [stderr]   Downloaded swift-rs v1.0.9
[INFO] [stderr]   Downloaded cfb v0.14.0
[INFO] [stderr]   Downloaded infer v0.22.0
[INFO] [stderr]   Downloaded tauri-runtime-wry v2.12.2
[INFO] [stderr]   Downloaded tao-macros v0.1.4
[INFO] [stderr]   Downloaded wry v0.57.0
[INFO] [stderr]   Downloaded tauri-runtime v2.12.2
[INFO] [stderr]   Downloaded tao v0.37.1
[INFO] [stderr]   Downloaded dbus v0.9.12
[INFO] [stderr]   Downloaded tauri-codegen v2.7.3
[INFO] [stderr]   Downloaded tauri-macros v2.7.3
[INFO] [stderr]   Downloaded tauri-build v2.7.3
[INFO] [stderr]   Downloaded embed-resource v3.0.12
[INFO] [stderr]   Downloaded static_vcruntime v3.0.0
[INFO] [stderr]   Downloaded cargo_toml v1.0.1
[INFO] [stderr]   Downloaded specta v1.0.5
[INFO] [stderr]   Downloaded specta-macros v1.0.5
[INFO] [stderr]   Downloaded litrs v1.0.1
[INFO] running `Command { std: "docker" "create" "-v" "/var/lib/crater-agent-workspace/builds/worker-5-tc2/source:/opt/rustwide/workdir:ro,Z" "-v" "/var/lib/crater-agent-workspace/builds/worker-5-tc2/target:/opt/rustwide/target:rw,Z" "-v" "/var/lib/crater-agent-workspace/cargo-home:/opt/rustwide/cargo-home:ro,Z" "-v" "/var/lib/crater-agent-workspace/rustup-home:/opt/rustwide/rustup-home:ro,Z" "-m" "1610612736" "--network" "none" "ghcr.io/rust-lang/crates-build-env/linux@sha256:77db811e55d90add9212f6832c23229e3de5f1c1f9905e8cb07319ea15df73ac" "sleep" "infinity", kill_on_drop: false }`
[INFO] [stdout] 5c6f93243e19dec25148215a58ef9ce201822a66d03ac277191b939b0d5d65de
[INFO] running `Command { std: "docker" "start" "5c6f93243e19dec25148215a58ef9ce201822a66d03ac277191b939b0d5d65de", kill_on_drop: false }`
[INFO] running `Command { std: "docker" "inspect" "5c6f93243e19dec25148215a58ef9ce201822a66d03ac277191b939b0d5d65de", kill_on_drop: false }`
[INFO] running `Command { std: "docker" "exec" "-e" "SOURCE_DIR=/opt/rustwide/workdir" "-e" "CARGO_HOME=/opt/rustwide/cargo-home" "-e" "RUSTUP_HOME=/opt/rustwide/rustup-home" "-e" "CARGO_TARGET_DIR=/opt/rustwide/target" "-w" "/opt/rustwide/workdir" "--user" "0:0" "5c6f93243e19dec25148215a58ef9ce201822a66d03ac277191b939b0d5d65de" "/opt/rustwide/cargo-home/bin/cargo" "+1.100.0-beta.1" "metadata" "--no-deps" "--format-version=1", kill_on_drop: false }`
[INFO] running `Command { std: "docker" "inspect" "5c6f93243e19dec25148215a58ef9ce201822a66d03ac277191b939b0d5d65de", kill_on_drop: false }`
[INFO] running `Command { std: "docker" "exec" "-e" "SOURCE_DIR=/opt/rustwide/workdir" "-e" "CARGO_HOME=/opt/rustwide/cargo-home" "-e" "RUSTUP_HOME=/opt/rustwide/rustup-home" "-e" "CARGO_TARGET_DIR=/opt/rustwide/target" "-e" "CARGO_INCREMENTAL=0" "-e" "RUST_BACKTRACE=full" "-e" "RUSTFLAGS=--cap-lints=warn" "-e" "RUSTDOCFLAGS=--cap-lints=warn" "-w" "/opt/rustwide/workdir" "--user" "0:0" "5c6f93243e19dec25148215a58ef9ce201822a66d03ac277191b939b0d5d65de" "/opt/rustwide/cargo-home/bin/cargo" "+1.100.0-beta.1" "build" "--frozen" "--message-format=json" "--release", kill_on_drop: false }`
[INFO] [stderr]    Compiling typeid v1.0.3
[INFO] [stderr]    Compiling rand_core v0.6.4
[INFO] [stderr]    Compiling siphasher v1.0.4
[INFO] [stderr]    Compiling serde v1.0.229
[INFO] [stderr]    Compiling either v1.19.0
[INFO] [stderr]    Compiling erased-serde v0.4.10
[INFO] [stderr]    Compiling termcolor v1.4.1
[INFO] [stderr]    Compiling simdutf8 v0.1.5
[INFO] [stderr]    Compiling litrs v1.0.1
[INFO] [stderr]    Compiling multiversion_no_op v1.0.0
[INFO] [stderr]    Compiling syn v2.0.119
[INFO] [stderr]    Compiling syn v3.0.9
[INFO] [stderr]    Compiling syn v1.0.109
[INFO] [stderr]    Compiling encoding_rs v0.8.42
[INFO] [stderr]    Compiling typetag v0.2.23
[INFO] [stderr]    Compiling core_detect v1.0.0
[INFO] [stderr]    Compiling Inflector v0.11.4
[INFO] [stderr]    Compiling serde_json v1.0.154
[INFO] [stderr]    Compiling deunicode v1.6.2
[INFO] [stderr]    Compiling phf_shared v0.11.3
[INFO] [stderr]    Compiling rand v0.8.8
[INFO] [stderr]    Compiling indoc v1.0.9
[INFO] [stderr]    Compiling inventory v0.3.25
[INFO] [stderr]    Compiling itertools v0.10.5
[INFO] [stderr]    Compiling slug v0.1.6
[INFO] [stderr]    Compiling quick-xml v0.31.0
[INFO] [stderr]    Compiling lazy_static v1.5.1
[INFO] [stderr]    Compiling itertools v0.12.1
[INFO] [stderr]    Compiling document-features v0.2.12
[INFO] [stderr]    Compiling phf_generator v0.11.3
[INFO] [stderr]    Compiling encoding_rs_io v0.1.8
[INFO] [stderr]    Compiling specta-macros v1.0.5
[INFO] [stderr]    Compiling ctor v0.1.26
[INFO] [stderr]    Compiling serde_derive v1.0.229
[INFO] [stderr]    Compiling typetag-impl v0.2.23
[INFO] [stderr]    Compiling thiserror-impl v1.0.69
[INFO] [stderr]    Compiling phf_macros v0.11.3
[INFO] [stderr]    Compiling tracing-attributes v0.1.31
[INFO] [stderr]    Compiling phf v0.11.3
[INFO] [stderr]    Compiling thiserror v1.0.69
[INFO] [stderr]    Compiling tracing v0.1.44
[INFO] [stderr]    Compiling specta v1.0.5
[INFO] [stderr]    Compiling dfraw_json_parser v0.17.5 (/opt/rustwide/workdir)
[INFO] [stderr] warning: unused dependency `xmlparser`
[INFO] [stderr]   --> Cargo.toml:55:15
[INFO] [stderr]    |
[INFO] [stderr] 55 | [dependencies.xmlparser]
[INFO] [stderr]    |               ^^^^^^^^^^
[INFO] [stderr]    |
[INFO] [stderr]    = note: `cargo::unused_dependencies` is set to `warn` by default
[INFO] [stderr] help: consider removing the dependency on `xmlparser`
[INFO] [stderr] warning: `dfraw_json_parser` (manifest) generated 1 warning
[INFO] [stderr]     Finished `release` profile [optimized] target(s) in 2m 03s
[INFO] running `Command { std: "docker" "inspect" "5c6f93243e19dec25148215a58ef9ce201822a66d03ac277191b939b0d5d65de", kill_on_drop: false }`
[INFO] running `Command { std: "docker" "exec" "-e" "SOURCE_DIR=/opt/rustwide/workdir" "-e" "CARGO_HOME=/opt/rustwide/cargo-home" "-e" "RUSTUP_HOME=/opt/rustwide/rustup-home" "-e" "CARGO_TARGET_DIR=/opt/rustwide/target" "-e" "CARGO_INCREMENTAL=0" "-e" "RUST_BACKTRACE=full" "-e" "RUSTFLAGS=--cap-lints=warn" "-e" "RUSTDOCFLAGS=--cap-lints=warn" "-w" "/opt/rustwide/workdir" "--user" "0:0" "5c6f93243e19dec25148215a58ef9ce201822a66d03ac277191b939b0d5d65de" "/opt/rustwide/cargo-home/bin/cargo" "+1.100.0-beta.1" "test" "--frozen" "--no-run" "--message-format=json" "--release", kill_on_drop: false }`
[INFO] [stderr]    Compiling dfraw_json_parser v0.17.5 (/opt/rustwide/workdir)
[INFO] [stderr] warning: unused dependency `xmlparser`
[INFO] [stderr]   --> Cargo.toml:55:15
[INFO] [stderr]    |
[INFO] [stderr] 55 | [dependencies.xmlparser]
[INFO] [stderr]    |               ^^^^^^^^^^
[INFO] [stderr]    |
[INFO] [stderr]    = note: `cargo::unused_dependencies` is set to `warn` by default
[INFO] [stderr] help: consider removing the dependency on `xmlparser`
[INFO] [stderr] warning: `dfraw_json_parser` (manifest) generated 1 warning
[INFO] [stderr]     Finished `release` profile [optimized] target(s) in 1m 30s
[INFO] running `Command { std: "docker" "inspect" "5c6f93243e19dec25148215a58ef9ce201822a66d03ac277191b939b0d5d65de", kill_on_drop: false }`
[INFO] running `Command { std: "docker" "exec" "-e" "SOURCE_DIR=/opt/rustwide/workdir" "-e" "CARGO_HOME=/opt/rustwide/cargo-home" "-e" "RUSTUP_HOME=/opt/rustwide/rustup-home" "-e" "CARGO_TARGET_DIR=/opt/rustwide/target" "-e" "CARGO_INCREMENTAL=0" "-e" "RUST_BACKTRACE=full" "-e" "RUSTFLAGS=--cap-lints=warn" "-e" "RUSTDOCFLAGS=--cap-lints=warn" "-w" "/opt/rustwide/workdir" "--user" "0:0" "5c6f93243e19dec25148215a58ef9ce201822a66d03ac277191b939b0d5d65de" "/opt/rustwide/cargo-home/bin/cargo" "+1.100.0-beta.1" "test" "--frozen" "--release", kill_on_drop: false }`
[INFO] [stderr] warning: unused dependency `xmlparser`
[INFO] [stderr]   --> Cargo.toml:55:15
[INFO] [stderr]    |
[INFO] [stderr] 55 | [dependencies.xmlparser]
[INFO] [stderr]    |               ^^^^^^^^^^
[INFO] [stderr]    |
[INFO] [stderr]    = note: `cargo::unused_dependencies` is set to `warn` by default
[INFO] [stderr] help: consider removing the dependency on `xmlparser`
[INFO] [stderr] warning: `dfraw_json_parser` (manifest) generated 1 warning
[INFO] [stderr]     Finished `release` profile [optimized] target(s) in 0.18s
[INFO] [stderr]      Running unittests src/lib.rs (/opt/rustwide/target/release/build/dfraw_json_parser/2aaced3eeb092f00/out/dfraw_json_parser-2aaced3eeb092f00)
[INFO] [stdout] 
[INFO] [stdout] running 0 tests
[INFO] [stdout] 
[INFO] [stdout] test result: ok. 0 passed; 0 failed; 0 ignored; 0 measured; 0 filtered out; finished in 0.00s
[INFO] [stdout] 
[INFO] [stderr]      Running tests/bindings.rs (/opt/rustwide/target/release/build/dfraw_json_parser/2826df6cafad8a43/out/bindings-2826df6cafad8a43)
[INFO] [stdout] 
[INFO] [stdout] running 1 test
[INFO] [stdout] test generate_ts_bindings ... ok
[INFO] [stdout] 
[INFO] [stdout] test result: ok. 1 passed; 0 failed; 0 ignored; 0 measured; 0 filtered out; finished in 0.00s
[INFO] [stdout] 
[INFO] [stderr]    Doc-tests dfraw_json_parser
[INFO] [stdout] 
[INFO] [stdout] running 5 tests
[INFO] [stdout] test src/parser/module_info_file/info_file.rs - parser::module_info_file::info_file::InfoFile::get_parent_directory (line 428) ... ok
[INFO] [stdout] test src/parser/module_info_file/info_file.rs - parser::module_info_file::info_file::InfoFile::set_module_name (line 447) ... ok
[INFO] [stdout] test src/parser/simple_structs/tile.rs - parser::simple_structs::tile::Tile::with_character (line 134) ... ok
[INFO] [stdout] test src/options.rs - options::ParserOptions (line 23) ... ok
[INFO] [stdout] test src/options.rs - options::ParserOptions::include_graphics (line 225) ... ok
[INFO] [stdout] 
[INFO] [stdout] test result: ok. 5 passed; 0 failed; 0 ignored; 0 measured; 0 filtered out; finished in 0.85s
[INFO] [stdout] 
[INFO] running `Command { std: "docker" "inspect" "5c6f93243e19dec25148215a58ef9ce201822a66d03ac277191b939b0d5d65de", kill_on_drop: false }`
[INFO] running `Command { std: "docker" "rm" "-f" "5c6f93243e19dec25148215a58ef9ce201822a66d03ac277191b939b0d5d65de", kill_on_drop: false }`
[INFO] [stdout] 5c6f93243e19dec25148215a58ef9ce201822a66d03ac277191b939b0d5d65de
