[INFO] fetching crate control-scheme 0.6.0...
[INFO] testing control-scheme-0.6.0 against 1.100.0-beta.1+cargoflags=--release for beta-release-1.100-2
[INFO] extracting crate control-scheme 0.6.0 into /workspace/builds/worker-0-tc2/source
[INFO] started tweaking crates.io crate control-scheme 0.6.0
[INFO] removed 0 missing tests
[INFO] finished tweaking crates.io crate control-scheme 0.6.0
[INFO] tweaked toml for crates.io crate control-scheme 0.6.0 written to /workspace/builds/worker-0-tc2/source/Cargo.toml
[INFO] validating manifest of crates.io crate control-scheme 0.6.0 on toolchain 1.100.0-beta.1
[INFO] running `Command { std: CARGO_HOME="/workspace/cargo-home" RUSTUP_HOME="/workspace/rustup-home" "/workspace/cargo-home/bin/cargo" "+1.100.0-beta.1" "metadata" "--manifest-path" "Cargo.toml" "--no-deps", kill_on_drop: false }`
[INFO] crate crates.io crate control-scheme 0.6.0 already has a lockfile, it will not be regenerated
[INFO] running `Command { std: CARGO_HOME="/workspace/cargo-home" RUSTUP_HOME="/workspace/rustup-home" "/workspace/cargo-home/bin/cargo" "+1.100.0-beta.1" "fetch" "--manifest-path" "Cargo.toml", kill_on_drop: false }`
[INFO] [stderr]     Blocking waiting for file lock on package cache
[ERROR] error running command: no output for 300 seconds
[INFO] testing control-scheme-0.6.0 against 1.100.0-beta.1+cargoflags=--release for beta-release-1.100-2
[INFO] extracting crate control-scheme 0.6.0 into /workspace/builds/worker-0-tc2/source
[INFO] started tweaking crates.io crate control-scheme 0.6.0
[INFO] removed 0 missing tests
[INFO] finished tweaking crates.io crate control-scheme 0.6.0
[INFO] tweaked toml for crates.io crate control-scheme 0.6.0 written to /workspace/builds/worker-0-tc2/source/Cargo.toml
[INFO] validating manifest of crates.io crate control-scheme 0.6.0 on toolchain 1.100.0-beta.1
[INFO] running `Command { std: CARGO_HOME="/workspace/cargo-home" RUSTUP_HOME="/workspace/rustup-home" "/workspace/cargo-home/bin/cargo" "+1.100.0-beta.1" "metadata" "--manifest-path" "Cargo.toml" "--no-deps", kill_on_drop: false }`
[INFO] crate crates.io crate control-scheme 0.6.0 already has a lockfile, it will not be regenerated
[INFO] running `Command { std: CARGO_HOME="/workspace/cargo-home" RUSTUP_HOME="/workspace/rustup-home" "/workspace/cargo-home/bin/cargo" "+1.100.0-beta.1" "fetch" "--manifest-path" "Cargo.toml", kill_on_drop: false }`
[INFO] [stderr]     Blocking waiting for file lock on package cache
[ERROR] error running command: no output for 300 seconds
[INFO] testing control-scheme-0.6.0 against 1.100.0-beta.1+cargoflags=--release for beta-release-1.100-2
[INFO] extracting crate control-scheme 0.6.0 into /workspace/builds/worker-0-tc2/source
[INFO] started tweaking crates.io crate control-scheme 0.6.0
[INFO] removed 0 missing tests
[INFO] finished tweaking crates.io crate control-scheme 0.6.0
[INFO] tweaked toml for crates.io crate control-scheme 0.6.0 written to /workspace/builds/worker-0-tc2/source/Cargo.toml
[INFO] validating manifest of crates.io crate control-scheme 0.6.0 on toolchain 1.100.0-beta.1
[INFO] running `Command { std: CARGO_HOME="/workspace/cargo-home" RUSTUP_HOME="/workspace/rustup-home" "/workspace/cargo-home/bin/cargo" "+1.100.0-beta.1" "metadata" "--manifest-path" "Cargo.toml" "--no-deps", kill_on_drop: false }`
[INFO] crate crates.io crate control-scheme 0.6.0 already has a lockfile, it will not be regenerated
[INFO] running `Command { std: CARGO_HOME="/workspace/cargo-home" RUSTUP_HOME="/workspace/rustup-home" "/workspace/cargo-home/bin/cargo" "+1.100.0-beta.1" "fetch" "--manifest-path" "Cargo.toml", kill_on_drop: false }`
[INFO] [stderr]     Blocking waiting for file lock on package cache
[INFO] [stderr]     Blocking waiting for file lock on package cache
[ERROR] error running command: no output for 300 seconds
[INFO] testing control-scheme-0.6.0 against 1.100.0-beta.1+cargoflags=--release for beta-release-1.100-2
[INFO] extracting crate control-scheme 0.6.0 into /workspace/builds/worker-0-tc2/source
[INFO] started tweaking crates.io crate control-scheme 0.6.0
[INFO] removed 0 missing tests
[INFO] finished tweaking crates.io crate control-scheme 0.6.0
[INFO] tweaked toml for crates.io crate control-scheme 0.6.0 written to /workspace/builds/worker-0-tc2/source/Cargo.toml
[INFO] validating manifest of crates.io crate control-scheme 0.6.0 on toolchain 1.100.0-beta.1
[INFO] running `Command { std: CARGO_HOME="/workspace/cargo-home" RUSTUP_HOME="/workspace/rustup-home" "/workspace/cargo-home/bin/cargo" "+1.100.0-beta.1" "metadata" "--manifest-path" "Cargo.toml" "--no-deps", kill_on_drop: false }`
[INFO] crate crates.io crate control-scheme 0.6.0 already has a lockfile, it will not be regenerated
[INFO] running `Command { std: CARGO_HOME="/workspace/cargo-home" RUSTUP_HOME="/workspace/rustup-home" "/workspace/cargo-home/bin/cargo" "+1.100.0-beta.1" "fetch" "--manifest-path" "Cargo.toml", kill_on_drop: false }`
[INFO] [stderr]     Blocking waiting for file lock on package cache
[ERROR] error running command: no output for 300 seconds
[INFO] testing control-scheme-0.6.0 against 1.100.0-beta.1+cargoflags=--release for beta-release-1.100-2
[INFO] extracting crate control-scheme 0.6.0 into /workspace/builds/worker-0-tc2/source
[INFO] started tweaking crates.io crate control-scheme 0.6.0
[INFO] removed 0 missing tests
[INFO] finished tweaking crates.io crate control-scheme 0.6.0
[INFO] tweaked toml for crates.io crate control-scheme 0.6.0 written to /workspace/builds/worker-0-tc2/source/Cargo.toml
[INFO] validating manifest of crates.io crate control-scheme 0.6.0 on toolchain 1.100.0-beta.1
[INFO] running `Command { std: CARGO_HOME="/workspace/cargo-home" RUSTUP_HOME="/workspace/rustup-home" "/workspace/cargo-home/bin/cargo" "+1.100.0-beta.1" "metadata" "--manifest-path" "Cargo.toml" "--no-deps", kill_on_drop: false }`
[INFO] crate crates.io crate control-scheme 0.6.0 already has a lockfile, it will not be regenerated
[INFO] running `Command { std: CARGO_HOME="/workspace/cargo-home" RUSTUP_HOME="/workspace/rustup-home" "/workspace/cargo-home/bin/cargo" "+1.100.0-beta.1" "fetch" "--manifest-path" "Cargo.toml", kill_on_drop: false }`
[INFO] [stderr]     Blocking waiting for file lock on package cache
[INFO] [stderr]     Blocking waiting for file lock on package cache
[INFO] running `Command { std: "docker" "create" "-v" "/var/lib/crater-agent-workspace/builds/worker-0-tc2/source:/opt/rustwide/workdir:ro,Z" "-v" "/var/lib/crater-agent-workspace/builds/worker-0-tc2/target:/opt/rustwide/target:rw,Z" "-v" "/var/lib/crater-agent-workspace/cargo-home:/opt/rustwide/cargo-home:ro,Z" "-v" "/var/lib/crater-agent-workspace/rustup-home:/opt/rustwide/rustup-home:ro,Z" "-m" "1610612736" "--network" "none" "ghcr.io/rust-lang/crates-build-env/linux@sha256:77db811e55d90add9212f6832c23229e3de5f1c1f9905e8cb07319ea15df73ac" "sleep" "infinity", kill_on_drop: false }`
[INFO] [stdout] 51aef0667e5f563c3603f6c53f6bbfabd742d4662ddeef78df732a4625e1ec1b
[INFO] running `Command { std: "docker" "start" "51aef0667e5f563c3603f6c53f6bbfabd742d4662ddeef78df732a4625e1ec1b", kill_on_drop: false }`
[INFO] running `Command { std: "docker" "inspect" "51aef0667e5f563c3603f6c53f6bbfabd742d4662ddeef78df732a4625e1ec1b", kill_on_drop: false }`
[INFO] running `Command { std: "docker" "exec" "-e" "SOURCE_DIR=/opt/rustwide/workdir" "-e" "CARGO_HOME=/opt/rustwide/cargo-home" "-e" "RUSTUP_HOME=/opt/rustwide/rustup-home" "-e" "CARGO_TARGET_DIR=/opt/rustwide/target" "-w" "/opt/rustwide/workdir" "--user" "0:0" "51aef0667e5f563c3603f6c53f6bbfabd742d4662ddeef78df732a4625e1ec1b" "/opt/rustwide/cargo-home/bin/cargo" "+1.100.0-beta.1" "metadata" "--no-deps" "--format-version=1", kill_on_drop: false }`
[INFO] running `Command { std: "docker" "inspect" "51aef0667e5f563c3603f6c53f6bbfabd742d4662ddeef78df732a4625e1ec1b", kill_on_drop: false }`
[INFO] running `Command { std: "docker" "exec" "-e" "SOURCE_DIR=/opt/rustwide/workdir" "-e" "CARGO_HOME=/opt/rustwide/cargo-home" "-e" "RUSTUP_HOME=/opt/rustwide/rustup-home" "-e" "CARGO_TARGET_DIR=/opt/rustwide/target" "-e" "CARGO_INCREMENTAL=0" "-e" "RUST_BACKTRACE=full" "-e" "RUSTFLAGS=--cap-lints=warn" "-e" "RUSTDOCFLAGS=--cap-lints=warn" "-w" "/opt/rustwide/workdir" "--user" "0:0" "51aef0667e5f563c3603f6c53f6bbfabd742d4662ddeef78df732a4625e1ec1b" "/opt/rustwide/cargo-home/bin/cargo" "+1.100.0-beta.1" "build" "--frozen" "--message-format=json" "--release", kill_on_drop: false }`
[INFO] [stderr]    Compiling bitflags v2.13.0
[INFO] [stderr]    Compiling log v0.4.32
[INFO] [stderr]    Compiling rustix v1.1.4
[INFO] [stderr]    Compiling libc v0.2.186
[INFO] [stderr]    Compiling linux-raw-sys v0.12.1
[INFO] [stderr]    Compiling libloading v0.8.9
[INFO] [stderr]    Compiling cc v1.2.64
[INFO] [stderr]    Compiling wayland-sys v0.31.11
[INFO] [stderr]    Compiling smallvec v1.15.2
[INFO] [stderr]    Compiling memchr v2.8.2
[INFO] [stderr]    Compiling dlib v0.5.3
[INFO] [stderr]    Compiling wayland-client v0.31.14
[INFO] [stderr]    Compiling syn v2.0.117
[INFO] [stderr]    Compiling rustix v0.38.44
[INFO] [stderr]    Compiling linux-raw-sys v0.4.15
[INFO] [stderr]    Compiling quick-xml v0.39.4
[INFO] [stderr]    Compiling nix v0.31.3
[INFO] [stderr]    Compiling libudev-sys v0.1.4
[INFO] [stderr]    Compiling zerocopy v0.8.52
[INFO] [stderr]    Compiling bytemuck v1.25.0
[INFO] [stderr]    Compiling cursor-icon v1.2.0
[INFO] [stderr]    Compiling getrandom v0.3.4
[INFO] [stderr]    Compiling ttf-parser v0.25.1
[INFO] [stderr]    Compiling wayland-backend v0.3.15
[INFO] [stderr]    Compiling xcursor v0.3.10
[INFO] [stderr]    Compiling wayland-scanner v0.31.10
[INFO] [stderr]    Compiling smithay-client-toolkit v0.19.2
[INFO] [stderr]    Compiling xkeysym v0.2.1
[INFO] [stderr]    Compiling inotify-sys v0.1.5
[INFO] [stderr]    Compiling memmap2 v0.9.10
[INFO] [stderr]    Compiling tiny-skia-path v0.11.4
[INFO] [stderr]    Compiling thiserror-impl v1.0.69
[INFO] [stderr]    Compiling ahash v0.8.12
[INFO] [stderr]    Compiling x11-dl v2.21.0
[INFO] [stderr]    Compiling ab_glyph_rasterizer v0.1.10
[INFO] [stderr]    Compiling owned_ttf_parser v0.25.1
[INFO] [stderr]    Compiling arrayvec v0.7.6
[INFO] [stderr]    Compiling thiserror v1.0.69
[INFO] [stderr]    Compiling tiny-skia v0.11.4
[INFO] [stderr]    Compiling ab_glyph v0.2.32
[INFO] [stderr]    Compiling inotify v0.11.2
[INFO] [stderr]    Compiling winit v0.30.13
[INFO] [stderr]    Compiling uuid v1.23.3
[INFO] [stderr]    Compiling x11rb-protocol v0.13.2
[INFO] [stderr]    Compiling tracing-core v0.1.36
[INFO] [stderr]    Compiling gilrs v0.11.2
[INFO] [stderr]    Compiling tracing v0.1.44
[INFO] [stderr]    Compiling gilrs-core v0.6.8
[INFO] [stderr]    Compiling polling v3.11.0
[INFO] [stderr]    Compiling calloop v0.13.0
[INFO] [stderr]    Compiling gethostname v1.1.0
[INFO] [stderr]    Compiling xkbcommon-dl v0.4.2
[INFO] [stderr]    Compiling wayland-csd-frame v0.3.0
[INFO] [stderr]    Compiling dpi v0.1.2
[INFO] [stderr]    Compiling wayland-protocols v0.32.12
[INFO] [stderr]    Compiling calloop-wayland-source v0.3.0
[INFO] [stderr]    Compiling wayland-cursor v0.31.14
[INFO] [stderr]    Compiling wayland-protocols-wlr v0.3.12
[INFO] [stderr]    Compiling wayland-protocols-plasma v0.3.12
[INFO] [stderr]    Compiling x11rb v0.13.2
[INFO] [stderr]    Compiling sctk-adwaita v0.10.1
[INFO] [stderr]    Compiling control-scheme v0.6.0 (/opt/rustwide/workdir)
[INFO] [stderr]     Finished `release` profile [optimized] target(s) in 1m 01s
[INFO] [stderr] warning: the following packages contain code that will be rejected by a future version of Rust: nix v0.31.3, winit v0.30.13
[INFO] [stderr] note: to see what the problems were, use the option `--future-incompat-report`, or run `cargo report future-incompatibilities --id 4`
[INFO] running `Command { std: "docker" "inspect" "51aef0667e5f563c3603f6c53f6bbfabd742d4662ddeef78df732a4625e1ec1b", kill_on_drop: false }`
[INFO] running `Command { std: "docker" "exec" "-e" "SOURCE_DIR=/opt/rustwide/workdir" "-e" "CARGO_HOME=/opt/rustwide/cargo-home" "-e" "RUSTUP_HOME=/opt/rustwide/rustup-home" "-e" "CARGO_TARGET_DIR=/opt/rustwide/target" "-e" "CARGO_INCREMENTAL=0" "-e" "RUST_BACKTRACE=full" "-e" "RUSTFLAGS=--cap-lints=warn" "-e" "RUSTDOCFLAGS=--cap-lints=warn" "-w" "/opt/rustwide/workdir" "--user" "0:0" "51aef0667e5f563c3603f6c53f6bbfabd742d4662ddeef78df732a4625e1ec1b" "/opt/rustwide/cargo-home/bin/cargo" "+1.100.0-beta.1" "test" "--frozen" "--no-run" "--message-format=json" "--release", kill_on_drop: false }`
[INFO] [stderr]    Compiling control-scheme v0.6.0 (/opt/rustwide/workdir)
[INFO] [stderr]     Finished `release` profile [optimized] target(s) in 2.00s
[INFO] [stderr] warning: the following packages contain code that will be rejected by a future version of Rust: nix v0.31.3, winit v0.30.13
[INFO] [stderr] note: to see what the problems were, use the option `--future-incompat-report`, or run `cargo report future-incompatibilities --id 4`
[INFO] running `Command { std: "docker" "inspect" "51aef0667e5f563c3603f6c53f6bbfabd742d4662ddeef78df732a4625e1ec1b", kill_on_drop: false }`
[INFO] running `Command { std: "docker" "exec" "-e" "SOURCE_DIR=/opt/rustwide/workdir" "-e" "CARGO_HOME=/opt/rustwide/cargo-home" "-e" "RUSTUP_HOME=/opt/rustwide/rustup-home" "-e" "CARGO_TARGET_DIR=/opt/rustwide/target" "-e" "CARGO_INCREMENTAL=0" "-e" "RUST_BACKTRACE=full" "-e" "RUSTFLAGS=--cap-lints=warn" "-e" "RUSTDOCFLAGS=--cap-lints=warn" "-w" "/opt/rustwide/workdir" "--user" "0:0" "51aef0667e5f563c3603f6c53f6bbfabd742d4662ddeef78df732a4625e1ec1b" "/opt/rustwide/cargo-home/bin/cargo" "+1.100.0-beta.1" "test" "--frozen" "--release", kill_on_drop: false }`
[INFO] [stderr]     Finished `release` profile [optimized] target(s) in 0.13s
[INFO] [stderr] warning: the following packages contain code that will be rejected by a future version of Rust: nix v0.31.3, winit v0.30.13
[INFO] [stderr] note: to see what the problems were, use the option `--future-incompat-report`, or run `cargo report future-incompatibilities --id 4`
[INFO] [stderr]      Running unittests src/lib.rs (/opt/rustwide/target/release/build/control-scheme/40824c90030a6989/out/control_scheme-40824c90030a6989)
[INFO] [stdout] 
[INFO] [stdout] running 23 tests
[INFO] [stdout] test tests::button_pair_axis_reads_positive_minus_negative ... ok
[INFO] [stdout] test tests::controls_without_a_gamepad_backend_report_no_gamepads ... ok
[INFO] [stdout] test tests::first_button_is_none_when_unbound ... ok
[INFO] [stdout] test tests::every_gamepad_button_round_trips_through_gilrs ... ok
[INFO] [stdout] test tests::first_button_labels_the_bound_key ... ok
[INFO] [stdout] test tests::every_key_round_trips_through_winit_key_code ... ok
[INFO] [stdout] test tests::each_keyboard_preset_answers_to_its_own_keys ... ok
[INFO] [stdout] test tests::gamepad_button_pressed_ors_hat_and_device ... ok
[INFO] [stdout] test tests::hat_axis_maps_to_discrete_dpad_presses ... ok
[INFO] [stdout] test tests::gilrs_stick_flips_y_into_screen_space ... ok
[INFO] [stdout] test tests::diagonal_is_clamped_to_unit_length ... ok
[INFO] [stdout] test tests::the_axis_deadzone_rescales_and_keeps_the_sign ... ok
[INFO] [stdout] test tests::detect_pressed_captures_keyboard ... ok
[INFO] [stdout] test tests::action_edge_clears_after_frame ... ok
[INFO] [stdout] test tests::multiple_sources_combine_on_one_action ... ok
[INFO] [stdout] test tests::secondary_axis_signs ... ok
[INFO] [stdout] test tests::profiles_are_independent ... ok
[INFO] [stdout] test tests::the_hat_axis_separates_its_two_halves_and_repeats_no_edges ... ok
[INFO] [stdout] test tests::the_radial_deadzone_rescales_the_range_that_is_left ... ok
[INFO] [stdout] test tests::winit_key_codes_convert ... ok
[INFO] [stdout] test tests::custom_bindings_rebind_in_place ... ok
[INFO] [stdout] test tests::keyboard_movement_resolves ... ok
[INFO] [stdout] test tests::unbound_action_resolves_to_default ... ok
[INFO] [stdout] 
[INFO] [stdout] test result: ok. 23 passed; 0 failed; 0 ignored; 0 measured; 0 filtered out; finished in 0.02s
[INFO] [stdout] 
[INFO] [stderr]      Running tests/api.rs (/opt/rustwide/target/release/build/control-scheme/de1a46c12a7f6312/out/api-de1a46c12a7f6312)
[INFO] [stdout] 
[INFO] [stdout] running 17 tests
[INFO] [stdout] test a_chord_is_capturable_but_never_by_accident ... ok
[INFO] [stdout] test a_chord_releases_once_when_the_first_half_goes_up ... ok
[INFO] [stdout] test a_chord_needs_both_halves ... ok
[INFO] [stdout] test every_key_round_trips_through_text ... ok
[INFO] [stdout] test a_split_pad_gives_each_half_its_own_side ... ok
[INFO] [stdout] test a_pointer_reads_back_in_the_space_it_was_given ... ok
[INFO] [stdout] test a_profile_can_be_walked_back_out ... ok
[INFO] [stdout] test axis_and_stick_profiles_can_be_walked_back_out ... ok
[INFO] [stdout] test every_mouse_button_round_trips_through_winit_mouse_button ... ok
[INFO] [stdout] test every_mouse_button_round_trips_through_text ... ok
[INFO] [stdout] test every_source_shape_round_trips_through_text ... ok
[INFO] [stdout] test mouse_motion_accumulates_scales_and_clears ... ok
[INFO] [stdout] test mouse_buttons_carry_edges_and_clear ... ok
[INFO] [stdout] test pointers_appear_move_and_vanish ... ok
[INFO] [stdout] test the_mouse_sensitivity_accessors_round_trip ... ok
[INFO] [stdout] test text_that_names_nothing_is_rejected ... ok
[INFO] [stdout] test the_deadzone_accessors_round_trip ... ok
[INFO] [stdout] 
[INFO] [stdout] test result: ok. 17 passed; 0 failed; 0 ignored; 0 measured; 0 filtered out; finished in 0.01s
[INFO] [stdout] 
[INFO] [stderr]    Doc-tests control_scheme
[INFO] [stdout] 
[INFO] [stdout] running 2 tests
[INFO] [stdout] test src/lib.rs - (line 52) - compile ... ok
[INFO] [stdout] test src/bindings.rs - bindings::Bindings (line 13) ... ok
[INFO] [stdout] 
[INFO] [stdout] test result: ok. 2 passed; 0 failed; 0 ignored; 0 measured; 0 filtered out; finished in 0.00s
[INFO] [stdout] 
[INFO] [stdout] all doctests ran in 0.42s; merged doctests compilation took 0.42s
[INFO] running `Command { std: "docker" "inspect" "51aef0667e5f563c3603f6c53f6bbfabd742d4662ddeef78df732a4625e1ec1b", kill_on_drop: false }`
[INFO] running `Command { std: "docker" "rm" "-f" "51aef0667e5f563c3603f6c53f6bbfabd742d4662ddeef78df732a4625e1ec1b", kill_on_drop: false }`
[INFO] [stdout] 51aef0667e5f563c3603f6c53f6bbfabd742d4662ddeef78df732a4625e1ec1b
