[INFO] fetching crate conditional_commands 0.7.0...
[INFO] testing conditional_commands-0.7.0 against 1.100.0-beta.1+cargoflags=--release for beta-release-1.100-2
[INFO] extracting crate conditional_commands 0.7.0 into /workspace/builds/worker-5-tc2/source
[INFO] started tweaking crates.io crate conditional_commands 0.7.0
[INFO] finished tweaking crates.io crate conditional_commands 0.7.0
[INFO] tweaked toml for crates.io crate conditional_commands 0.7.0 written to /workspace/builds/worker-5-tc2/source/Cargo.toml
[INFO] validating manifest of crates.io crate conditional_commands 0.7.0 on toolchain 1.100.0-beta.1
[INFO] running `Command { std: CARGO_HOME="/workspace/cargo-home" RUSTUP_HOME="/workspace/rustup-home" "/workspace/cargo-home/bin/cargo" "+1.100.0-beta.1" "metadata" "--manifest-path" "Cargo.toml" "--no-deps", kill_on_drop: false }`
[INFO] crate crates.io crate conditional_commands 0.7.0 already has a lockfile, it will not be regenerated
[INFO] running `Command { std: CARGO_HOME="/workspace/cargo-home" RUSTUP_HOME="/workspace/rustup-home" "/workspace/cargo-home/bin/cargo" "+1.100.0-beta.1" "fetch" "--manifest-path" "Cargo.toml", kill_on_drop: false }`
[INFO] [stderr]     Blocking waiting for file lock on package cache
[INFO] [stderr]     Blocking waiting for file lock on package cache
[ERROR] error running command: no output for 300 seconds
[INFO] testing conditional_commands-0.7.0 against 1.100.0-beta.1+cargoflags=--release for beta-release-1.100-2
[INFO] extracting crate conditional_commands 0.7.0 into /workspace/builds/worker-5-tc2/source
[INFO] started tweaking crates.io crate conditional_commands 0.7.0
[INFO] finished tweaking crates.io crate conditional_commands 0.7.0
[INFO] tweaked toml for crates.io crate conditional_commands 0.7.0 written to /workspace/builds/worker-5-tc2/source/Cargo.toml
[INFO] validating manifest of crates.io crate conditional_commands 0.7.0 on toolchain 1.100.0-beta.1
[INFO] running `Command { std: CARGO_HOME="/workspace/cargo-home" RUSTUP_HOME="/workspace/rustup-home" "/workspace/cargo-home/bin/cargo" "+1.100.0-beta.1" "metadata" "--manifest-path" "Cargo.toml" "--no-deps", kill_on_drop: false }`
[INFO] crate crates.io crate conditional_commands 0.7.0 already has a lockfile, it will not be regenerated
[INFO] running `Command { std: CARGO_HOME="/workspace/cargo-home" RUSTUP_HOME="/workspace/rustup-home" "/workspace/cargo-home/bin/cargo" "+1.100.0-beta.1" "fetch" "--manifest-path" "Cargo.toml", kill_on_drop: false }`
[INFO] [stderr]     Blocking waiting for file lock on package cache
[INFO] [stderr]     Blocking waiting for file lock on package cache
[ERROR] error running command: no output for 300 seconds
[INFO] testing conditional_commands-0.7.0 against 1.100.0-beta.1+cargoflags=--release for beta-release-1.100-2
[INFO] extracting crate conditional_commands 0.7.0 into /workspace/builds/worker-5-tc2/source
[INFO] started tweaking crates.io crate conditional_commands 0.7.0
[INFO] finished tweaking crates.io crate conditional_commands 0.7.0
[INFO] tweaked toml for crates.io crate conditional_commands 0.7.0 written to /workspace/builds/worker-5-tc2/source/Cargo.toml
[INFO] validating manifest of crates.io crate conditional_commands 0.7.0 on toolchain 1.100.0-beta.1
[INFO] running `Command { std: CARGO_HOME="/workspace/cargo-home" RUSTUP_HOME="/workspace/rustup-home" "/workspace/cargo-home/bin/cargo" "+1.100.0-beta.1" "metadata" "--manifest-path" "Cargo.toml" "--no-deps", kill_on_drop: false }`
[INFO] crate crates.io crate conditional_commands 0.7.0 already has a lockfile, it will not be regenerated
[INFO] running `Command { std: CARGO_HOME="/workspace/cargo-home" RUSTUP_HOME="/workspace/rustup-home" "/workspace/cargo-home/bin/cargo" "+1.100.0-beta.1" "fetch" "--manifest-path" "Cargo.toml", kill_on_drop: false }`
[INFO] [stderr]     Blocking waiting for file lock on package cache
[INFO] [stderr]     Blocking waiting for file lock on package cache
[ERROR] error running command: no output for 300 seconds
[INFO] testing conditional_commands-0.7.0 against 1.100.0-beta.1+cargoflags=--release for beta-release-1.100-2
[INFO] extracting crate conditional_commands 0.7.0 into /workspace/builds/worker-5-tc2/source
[INFO] started tweaking crates.io crate conditional_commands 0.7.0
[INFO] finished tweaking crates.io crate conditional_commands 0.7.0
[INFO] tweaked toml for crates.io crate conditional_commands 0.7.0 written to /workspace/builds/worker-5-tc2/source/Cargo.toml
[INFO] validating manifest of crates.io crate conditional_commands 0.7.0 on toolchain 1.100.0-beta.1
[INFO] running `Command { std: CARGO_HOME="/workspace/cargo-home" RUSTUP_HOME="/workspace/rustup-home" "/workspace/cargo-home/bin/cargo" "+1.100.0-beta.1" "metadata" "--manifest-path" "Cargo.toml" "--no-deps", kill_on_drop: false }`
[INFO] crate crates.io crate conditional_commands 0.7.0 already has a lockfile, it will not be regenerated
[INFO] running `Command { std: CARGO_HOME="/workspace/cargo-home" RUSTUP_HOME="/workspace/rustup-home" "/workspace/cargo-home/bin/cargo" "+1.100.0-beta.1" "fetch" "--manifest-path" "Cargo.toml", kill_on_drop: false }`
[INFO] [stderr]     Blocking waiting for file lock on package cache
[INFO] [stderr]     Blocking waiting for file lock on package cache
[ERROR] error running command: no output for 300 seconds
[INFO] testing conditional_commands-0.7.0 against 1.100.0-beta.1+cargoflags=--release for beta-release-1.100-2
[INFO] extracting crate conditional_commands 0.7.0 into /workspace/builds/worker-5-tc2/source
[INFO] started tweaking crates.io crate conditional_commands 0.7.0
[INFO] finished tweaking crates.io crate conditional_commands 0.7.0
[INFO] tweaked toml for crates.io crate conditional_commands 0.7.0 written to /workspace/builds/worker-5-tc2/source/Cargo.toml
[INFO] validating manifest of crates.io crate conditional_commands 0.7.0 on toolchain 1.100.0-beta.1
[INFO] running `Command { std: CARGO_HOME="/workspace/cargo-home" RUSTUP_HOME="/workspace/rustup-home" "/workspace/cargo-home/bin/cargo" "+1.100.0-beta.1" "metadata" "--manifest-path" "Cargo.toml" "--no-deps", kill_on_drop: false }`
[INFO] crate crates.io crate conditional_commands 0.7.0 already has a lockfile, it will not be regenerated
[INFO] running `Command { std: CARGO_HOME="/workspace/cargo-home" RUSTUP_HOME="/workspace/rustup-home" "/workspace/cargo-home/bin/cargo" "+1.100.0-beta.1" "fetch" "--manifest-path" "Cargo.toml", kill_on_drop: false }`
[INFO] [stderr]     Blocking waiting for file lock on package cache
[INFO] [stderr]     Blocking waiting for file lock on package cache
[INFO] [stderr]  Downloading crates ...
[INFO] [stderr]   Downloaded bevy_window v0.9.0
[INFO] [stderr]   Downloaded bevy_internal v0.9.0
[INFO] [stderr]   Downloaded bevy_utils v0.9.0
[INFO] [stderr]   Downloaded android_logger v0.11.1
[INFO] [stderr]   Downloaded bit-set v0.5.2
[INFO] [stderr]   Downloaded bevy_math v0.9.0
[INFO] [stderr]   Downloaded fixedbitset v0.4.1
[INFO] [stderr]   Downloaded bevy_macro_utils v0.9.0
[INFO] [stderr]   Downloaded bevy_ptr v0.9.0
[INFO] [stderr]   Downloaded bytemuck_derive v1.1.0
[INFO] [stderr]   Downloaded bevy_time v0.9.0
[INFO] [stderr]   Downloaded bevy_ecs_macros v0.9.0
[INFO] [stderr]   Downloaded bevy_derive v0.9.0
[INFO] [stderr]   Downloaded bevy_hierarchy v0.9.0
[INFO] [stderr]   Downloaded bevy_transform v0.9.0
[INFO] [stderr]   Downloaded bevy_log v0.9.0
[INFO] [stderr]   Downloaded bevy_reflect_derive v0.9.0
[INFO] [stderr]   Downloaded bevy_tasks v0.9.0
[INFO] [stderr]   Downloaded erased-serde v0.3.20
[INFO] [stderr]   Downloaded bevy_input v0.9.0
[INFO] [stderr]   Downloaded range-alloc v0.1.2
[INFO] [stderr]   Downloaded gpu-descriptor v0.2.2
[INFO] [stderr]   Downloaded bytemuck v1.9.1
[INFO] [stderr]   Downloaded bevy_app v0.9.0
[INFO] [stderr]   Downloaded bevy_core v0.9.0
[INFO] [stderr]   Downloaded wgpu-types v0.14.1
[INFO] [stderr]   Downloaded bevy_reflect v0.9.0
[INFO] [stderr]   Downloaded android_system_properties v0.1.4
[INFO] [stderr]   Downloaded encase_derive v0.4.0
[INFO] [stderr]   Downloaded encase_derive_impl v0.4.0
[INFO] [stderr]   Downloaded indexmap v1.8.2
[INFO] [stderr]   Downloaded d3d12 v0.5.0
[INFO] [stderr]   Downloaded encase v0.4.0
[INFO] [stderr]   Downloaded bevy_render_macros v0.9.0
[INFO] [stderr]   Downloaded bevy_encase_derive v0.9.0
[INFO] [stderr]   Downloaded bevy_diagnostic v0.9.0
[INFO] [stderr]   Downloaded hexasphere v8.0.0
[INFO] [stderr]   Downloaded bevy_mikktspace v0.9.0
[INFO] [stderr]   Downloaded bevy_core_pipeline v0.9.0
[INFO] [stderr]   Downloaded bevy_asset v0.9.0
[INFO] [stderr]   Downloaded bevy v0.9.0
[INFO] [stderr]   Downloaded const_panic v0.2.4
[INFO] [stderr]   Downloaded anyhow v1.0.57
[INFO] [stderr]   Downloaded bevy_pbr v0.9.0
[INFO] [stderr]   Downloaded bevy_render v0.9.0
[INFO] [stderr]   Downloaded wgpu v0.14.0
[INFO] [stderr]   Downloaded bevy_ecs v0.9.0
[INFO] [stderr]   Downloaded glam v0.22.0
[INFO] [stderr]   Downloaded wgpu-hal v0.14.1
[INFO] [stderr]   Downloaded wgpu-core v0.14.0
[INFO] [stderr]   Downloaded image v0.24.3
[INFO] [stderr]   Downloaded naga v0.10.0
[INFO] [stderr]   Downloaded ash v0.37.0+1.3.209
[INFO] [stderr]   Downloaded profiling v1.0.6
[INFO] running `Command { std: "docker" "create" "-v" "/var/lib/crater-agent-workspace/builds/worker-5-tc2/source:/opt/rustwide/workdir:ro,Z" "-v" "/var/lib/crater-agent-workspace/builds/worker-5-tc2/target:/opt/rustwide/target:rw,Z" "-v" "/var/lib/crater-agent-workspace/cargo-home:/opt/rustwide/cargo-home:ro,Z" "-v" "/var/lib/crater-agent-workspace/rustup-home:/opt/rustwide/rustup-home:ro,Z" "-m" "1610612736" "--network" "none" "ghcr.io/rust-lang/crates-build-env/linux@sha256:77db811e55d90add9212f6832c23229e3de5f1c1f9905e8cb07319ea15df73ac" "sleep" "infinity", kill_on_drop: false }`
[INFO] [stdout] a2a8b3c114d73488478d4da87bb009630124f13eec89443ece47967a3504750b
[INFO] running `Command { std: "docker" "start" "a2a8b3c114d73488478d4da87bb009630124f13eec89443ece47967a3504750b", kill_on_drop: false }`
[INFO] running `Command { std: "docker" "inspect" "a2a8b3c114d73488478d4da87bb009630124f13eec89443ece47967a3504750b", kill_on_drop: false }`
[INFO] running `Command { std: "docker" "exec" "-e" "SOURCE_DIR=/opt/rustwide/workdir" "-e" "CARGO_HOME=/opt/rustwide/cargo-home" "-e" "RUSTUP_HOME=/opt/rustwide/rustup-home" "-e" "CARGO_TARGET_DIR=/opt/rustwide/target" "-w" "/opt/rustwide/workdir" "--user" "0:0" "a2a8b3c114d73488478d4da87bb009630124f13eec89443ece47967a3504750b" "/opt/rustwide/cargo-home/bin/cargo" "+1.100.0-beta.1" "metadata" "--no-deps" "--format-version=1", kill_on_drop: false }`
[INFO] running `Command { std: "docker" "inspect" "a2a8b3c114d73488478d4da87bb009630124f13eec89443ece47967a3504750b", kill_on_drop: false }`
[INFO] running `Command { std: "docker" "exec" "-e" "SOURCE_DIR=/opt/rustwide/workdir" "-e" "CARGO_HOME=/opt/rustwide/cargo-home" "-e" "RUSTUP_HOME=/opt/rustwide/rustup-home" "-e" "CARGO_TARGET_DIR=/opt/rustwide/target" "-e" "CARGO_INCREMENTAL=0" "-e" "RUST_BACKTRACE=full" "-e" "RUSTFLAGS=--cap-lints=warn" "-e" "RUSTDOCFLAGS=--cap-lints=warn" "-w" "/opt/rustwide/workdir" "--user" "0:0" "a2a8b3c114d73488478d4da87bb009630124f13eec89443ece47967a3504750b" "/opt/rustwide/cargo-home/bin/cargo" "+1.100.0-beta.1" "build" "--frozen" "--message-format=json" "--release", kill_on_drop: false }`
[INFO] [stderr]    Compiling proc-macro2 v1.0.39
[INFO] [stderr]    Compiling unicode-ident v1.0.0
[INFO] [stderr]    Compiling syn v1.0.95
[INFO] [stderr]    Compiling serde_derive v1.0.137
[INFO] [stderr]    Compiling serde v1.0.137
[INFO] [stderr]    Compiling tracing-core v0.1.26
[INFO] [stderr]    Compiling cache-padded v1.2.0
[INFO] [stderr]    Compiling getrandom v0.2.6
[INFO] [stderr]    Compiling bytemuck v1.9.1
[INFO] [stderr]    Compiling fastrand v1.7.0
[INFO] [stderr]    Compiling futures-io v0.3.21
[INFO] [stderr]    Compiling erased-serde v0.3.20
[INFO] [stderr]    Compiling bit-set v0.5.2
[INFO] [stderr]    Compiling event-listener v2.5.2
[INFO] [stderr]    Compiling concurrent-queue v1.2.2
[INFO] [stderr]    Compiling slab v0.4.6
[INFO] [stderr]    Compiling ahash v0.7.6
[INFO] [stderr]    Compiling uuid v1.1.2
[INFO] [stderr]    Compiling async-task v4.2.0
[INFO] [stderr]    Compiling futures-lite v1.12.0
[INFO] [stderr]    Compiling thread_local v1.1.4
[INFO] [stderr]    Compiling bevy_ptr v0.9.0
[INFO] [stderr]    Compiling async-channel v1.6.1
[INFO] [stderr]    Compiling fixedbitset v0.4.1
[INFO] [stderr]    Compiling regex-syntax v0.6.26
[INFO] [stderr]    Compiling crossbeam-utils v0.8.8
[INFO] [stderr]    Compiling raw-window-handle v0.5.0
[INFO] [stderr]    Compiling tracing v0.1.34
[INFO] [stderr]    Compiling tracing-log v0.1.3
[INFO] [stderr]    Compiling quote v1.0.18
[INFO] [stderr]    Compiling crossbeam-channel v0.5.4
[INFO] [stderr]    Compiling async-executor v1.4.1
[INFO] [stderr]    Compiling bevy_tasks v0.9.0
[INFO] [stderr]    Compiling regex-automata v0.1.10
[INFO] [stderr]    Compiling regex v1.5.6
[INFO] [stderr]    Compiling matchers v0.1.0
[INFO] [stderr]    Compiling toml v0.5.9
[INFO] [stderr]    Compiling thiserror-impl v1.0.31
[INFO] [stderr]    Compiling bevy_macro_utils v0.9.0
[INFO] [stderr]    Compiling bevy_reflect_derive v0.9.0
[INFO] [stderr]    Compiling bevy_ecs_macros v0.9.0
[INFO] [stderr]    Compiling bevy_derive v0.9.0
[INFO] [stderr]    Compiling thiserror v1.0.31
[INFO] [stderr]    Compiling smallvec v1.8.0
[INFO] [stderr]    Compiling glam v0.22.0
[INFO] [stderr]    Compiling hashbrown v0.12.3
[INFO] [stderr]    Compiling parking_lot_core v0.9.3
[INFO] [stderr]    Compiling tracing-subscriber v0.3.11
[INFO] [stderr]    Compiling parking_lot v0.12.1
[INFO] [stderr]    Compiling bevy_utils v0.9.0
[INFO] [stderr]    Compiling bevy_math v0.9.0
[INFO] [stderr]    Compiling bevy_reflect v0.9.0
[INFO] [stderr]    Compiling bevy_ecs v0.9.0
[INFO] [stderr]    Compiling bevy_app v0.9.0
[INFO] [stderr]    Compiling bevy_log v0.9.0
[INFO] [stderr]    Compiling bevy_core v0.9.0
[INFO] [stderr]    Compiling bevy_input v0.9.0
[INFO] [stderr]    Compiling bevy_time v0.9.0
[INFO] [stderr]    Compiling bevy_hierarchy v0.9.0
[INFO] [stderr]    Compiling bevy_diagnostic v0.9.0
[INFO] [stderr]    Compiling bevy_transform v0.9.0
[INFO] [stderr]    Compiling bevy_window v0.9.0
[INFO] [stderr]    Compiling bevy_internal v0.9.0
[INFO] [stderr]    Compiling bevy v0.9.0
[INFO] [stderr]    Compiling conditional_commands v0.7.0 (/opt/rustwide/workdir)
[INFO] [stderr]     Finished `release` profile [optimized] target(s) in 59.38s
[INFO] running `Command { std: "docker" "inspect" "a2a8b3c114d73488478d4da87bb009630124f13eec89443ece47967a3504750b", kill_on_drop: false }`
[INFO] running `Command { std: "docker" "exec" "-e" "SOURCE_DIR=/opt/rustwide/workdir" "-e" "CARGO_HOME=/opt/rustwide/cargo-home" "-e" "RUSTUP_HOME=/opt/rustwide/rustup-home" "-e" "CARGO_TARGET_DIR=/opt/rustwide/target" "-e" "CARGO_INCREMENTAL=0" "-e" "RUST_BACKTRACE=full" "-e" "RUSTFLAGS=--cap-lints=warn" "-e" "RUSTDOCFLAGS=--cap-lints=warn" "-w" "/opt/rustwide/workdir" "--user" "0:0" "a2a8b3c114d73488478d4da87bb009630124f13eec89443ece47967a3504750b" "/opt/rustwide/cargo-home/bin/cargo" "+1.100.0-beta.1" "test" "--frozen" "--no-run" "--message-format=json" "--release", kill_on_drop: false }`
[INFO] [stderr]    Compiling conditional_commands v0.7.0 (/opt/rustwide/workdir)
[INFO] [stdout] warning: field `0` is never read
[INFO] [stdout]  --> examples/fizz_buzz.rs:8:15
[INFO] [stdout]   |
[INFO] [stdout] 8 | struct Number(usize);
[INFO] [stdout]   |        ------ ^^^^^
[INFO] [stdout]   |        |
[INFO] [stdout]   |        field in this struct
[INFO] [stdout]   |
[INFO] [stdout]   = help: consider removing this field
[INFO] [stdout]   = note: `#[warn(dead_code)]` (part of `#[warn(unused)]`) on by default
[INFO] [stdout] 
[INFO] [stdout] 
[INFO] [stdout] warning: field `0` is never read
[INFO] [stdout]  --> examples/insert_if_2.rs:5:13
[INFO] [stdout]   |
[INFO] [stdout] 5 | struct Name(String);
[INFO] [stdout]   |        ---- ^^^^^^
[INFO] [stdout]   |        |
[INFO] [stdout]   |        field in this struct
[INFO] [stdout]   |
[INFO] [stdout]   = help: consider removing this field
[INFO] [stdout]   = note: `#[warn(dead_code)]` (part of `#[warn(unused)]`) on by default
[INFO] [stdout] 
[INFO] [stdout] 
[INFO] [stderr]     Finished `release` profile [optimized] target(s) in 4.06s
[INFO] running `Command { std: "docker" "inspect" "a2a8b3c114d73488478d4da87bb009630124f13eec89443ece47967a3504750b", kill_on_drop: false }`
[INFO] running `Command { std: "docker" "exec" "-e" "SOURCE_DIR=/opt/rustwide/workdir" "-e" "CARGO_HOME=/opt/rustwide/cargo-home" "-e" "RUSTUP_HOME=/opt/rustwide/rustup-home" "-e" "CARGO_TARGET_DIR=/opt/rustwide/target" "-e" "CARGO_INCREMENTAL=0" "-e" "RUST_BACKTRACE=full" "-e" "RUSTFLAGS=--cap-lints=warn" "-e" "RUSTDOCFLAGS=--cap-lints=warn" "-w" "/opt/rustwide/workdir" "--user" "0:0" "a2a8b3c114d73488478d4da87bb009630124f13eec89443ece47967a3504750b" "/opt/rustwide/cargo-home/bin/cargo" "+1.100.0-beta.1" "test" "--frozen" "--release", kill_on_drop: false }`
[INFO] [stderr] warning: field `0` is never read
[INFO] [stderr]  --> examples/fizz_buzz.rs:8:15
[INFO] [stderr]   |
[INFO] [stderr] 8 | struct Number(usize);
[INFO] [stderr]   |        ------ ^^^^^
[INFO] [stderr]   |        |
[INFO] [stderr]   |        field in this struct
[INFO] [stderr]   |
[INFO] [stderr]   = help: consider removing this field
[INFO] [stderr]   = note: `#[warn(dead_code)]` (part of `#[warn(unused)]`) on by default
[INFO] [stderr] 
[INFO] [stderr] warning: field `0` is never read
[INFO] [stderr]  --> examples/insert_if_2.rs:5:13
[INFO] [stderr]   |
[INFO] [stderr] 5 | struct Name(String);
[INFO] [stderr]   |        ---- ^^^^^^
[INFO] [stderr]   |        |
[INFO] [stderr]   |        field in this struct
[INFO] [stderr]   |
[INFO] [stderr]   = help: consider removing this field
[INFO] [stderr]   = note: `#[warn(dead_code)]` (part of `#[warn(unused)]`) on by default
[INFO] [stderr] 
[INFO] [stderr] warning: `conditional_commands` (example "fizz_buzz") generated 1 warning
[INFO] [stderr] warning: `conditional_commands` (example "insert_if_2") generated 1 warning
[INFO] [stderr]     Finished `release` profile [optimized] target(s) in 0.17s
[INFO] [stderr]      Running unittests src/lib.rs (/opt/rustwide/target/release/build/conditional_commands/c9bf55974db3a462/out/conditional_commands-c9bf55974db3a462)
[INFO] [stdout] 
[INFO] [stdout] running 1 test
[INFO] [stdout] test tests::some ... ok
[INFO] [stdout] 
[INFO] [stdout] test result: ok. 1 passed; 0 failed; 0 ignored; 0 measured; 0 filtered out; finished in 0.00s
[INFO] [stdout] 
[INFO] [stderr]    Doc-tests conditional_commands
[INFO] [stdout] 
[INFO] [stdout] running 0 tests
[INFO] [stdout] 
[INFO] [stdout] test result: ok. 0 passed; 0 failed; 0 ignored; 0 measured; 0 filtered out; finished in 0.00s
[INFO] [stdout] 
[INFO] running `Command { std: "docker" "inspect" "a2a8b3c114d73488478d4da87bb009630124f13eec89443ece47967a3504750b", kill_on_drop: false }`
[INFO] running `Command { std: "docker" "rm" "-f" "a2a8b3c114d73488478d4da87bb009630124f13eec89443ece47967a3504750b", kill_on_drop: false }`
[INFO] [stdout] a2a8b3c114d73488478d4da87bb009630124f13eec89443ece47967a3504750b
