[INFO] fetching crate camel-component-container 0.57.0...
[INFO] testing camel-component-container-0.57.0 against 1.100.0-beta.1+cargoflags=--release for beta-release-1.100-2
[INFO] extracting crate camel-component-container 0.57.0 into /workspace/builds/worker-7-tc2/source
[INFO] started tweaking crates.io crate camel-component-container 0.57.0
[INFO] finished tweaking crates.io crate camel-component-container 0.57.0
[INFO] tweaked toml for crates.io crate camel-component-container 0.57.0 written to /workspace/builds/worker-7-tc2/source/Cargo.toml
[INFO] validating manifest of crates.io crate camel-component-container 0.57.0 on toolchain 1.100.0-beta.1
[INFO] running `Command { std: CARGO_HOME="/workspace/cargo-home" RUSTUP_HOME="/workspace/rustup-home" "/workspace/cargo-home/bin/cargo" "+1.100.0-beta.1" "metadata" "--manifest-path" "Cargo.toml" "--no-deps", kill_on_drop: false }`
[INFO] crate crates.io crate camel-component-container 0.57.0 already has a lockfile, it will not be regenerated
[INFO] running `Command { std: CARGO_HOME="/workspace/cargo-home" RUSTUP_HOME="/workspace/rustup-home" "/workspace/cargo-home/bin/cargo" "+1.100.0-beta.1" "fetch" "--manifest-path" "Cargo.toml", kill_on_drop: false }`
[INFO] [stderr] warning: `package.homepage` is redundant with `package.repository`
[INFO] [stderr]   --> Cargo.toml:71:12
[INFO] [stderr]    |
[INFO] [stderr] 71 | homepage = "https://github.com/kennycallado/rust-camel"
[INFO] [stderr]    |            ^^^^^^^^^^^^^^^^^^^^^^^^^^^^^^^^^^^^^^^^^^^^
[INFO] [stderr] ...
[INFO] [stderr] 76 | repository = "https://github.com/kennycallado/rust-camel"
[INFO] [stderr]    |              --------------------------------------------
[INFO] [stderr]    |
[INFO] [stderr]    = note: `cargo::redundant_homepage` is set to `warn` by default
[INFO] [stderr] help: consider removing `package.homepage`
[INFO] [stderr] warning: `camel-component-container` (manifest) generated 1 warning
[INFO] [stderr]     Blocking waiting for file lock on package cache
[ERROR] error running command: no output for 300 seconds
[INFO] testing camel-component-container-0.57.0 against 1.100.0-beta.1+cargoflags=--release for beta-release-1.100-2
[INFO] extracting crate camel-component-container 0.57.0 into /workspace/builds/worker-7-tc2/source
[INFO] started tweaking crates.io crate camel-component-container 0.57.0
[INFO] finished tweaking crates.io crate camel-component-container 0.57.0
[INFO] tweaked toml for crates.io crate camel-component-container 0.57.0 written to /workspace/builds/worker-7-tc2/source/Cargo.toml
[INFO] validating manifest of crates.io crate camel-component-container 0.57.0 on toolchain 1.100.0-beta.1
[INFO] running `Command { std: CARGO_HOME="/workspace/cargo-home" RUSTUP_HOME="/workspace/rustup-home" "/workspace/cargo-home/bin/cargo" "+1.100.0-beta.1" "metadata" "--manifest-path" "Cargo.toml" "--no-deps", kill_on_drop: false }`
[INFO] crate crates.io crate camel-component-container 0.57.0 already has a lockfile, it will not be regenerated
[INFO] running `Command { std: CARGO_HOME="/workspace/cargo-home" RUSTUP_HOME="/workspace/rustup-home" "/workspace/cargo-home/bin/cargo" "+1.100.0-beta.1" "fetch" "--manifest-path" "Cargo.toml", kill_on_drop: false }`
[INFO] [stderr] warning: `package.homepage` is redundant with `package.repository`
[INFO] [stderr]   --> Cargo.toml:71:12
[INFO] [stderr]    |
[INFO] [stderr] 71 | homepage = "https://github.com/kennycallado/rust-camel"
[INFO] [stderr]    |            ^^^^^^^^^^^^^^^^^^^^^^^^^^^^^^^^^^^^^^^^^^^^
[INFO] [stderr] ...
[INFO] [stderr] 76 | repository = "https://github.com/kennycallado/rust-camel"
[INFO] [stderr]    |              --------------------------------------------
[INFO] [stderr]    |
[INFO] [stderr]    = note: `cargo::redundant_homepage` is set to `warn` by default
[INFO] [stderr] help: consider removing `package.homepage`
[INFO] [stderr] warning: `camel-component-container` (manifest) generated 1 warning
[INFO] [stderr]     Blocking waiting for file lock on package cache
[INFO] [stderr]     Updating crates.io index
[INFO] [stderr]     Blocking waiting for file lock on package cache
[ERROR] error running command: no output for 300 seconds
[INFO] testing camel-component-container-0.57.0 against 1.100.0-beta.1+cargoflags=--release for beta-release-1.100-2
[INFO] extracting crate camel-component-container 0.57.0 into /workspace/builds/worker-7-tc2/source
[INFO] started tweaking crates.io crate camel-component-container 0.57.0
[INFO] finished tweaking crates.io crate camel-component-container 0.57.0
[INFO] tweaked toml for crates.io crate camel-component-container 0.57.0 written to /workspace/builds/worker-7-tc2/source/Cargo.toml
[INFO] validating manifest of crates.io crate camel-component-container 0.57.0 on toolchain 1.100.0-beta.1
[INFO] running `Command { std: CARGO_HOME="/workspace/cargo-home" RUSTUP_HOME="/workspace/rustup-home" "/workspace/cargo-home/bin/cargo" "+1.100.0-beta.1" "metadata" "--manifest-path" "Cargo.toml" "--no-deps", kill_on_drop: false }`
[INFO] crate crates.io crate camel-component-container 0.57.0 already has a lockfile, it will not be regenerated
[INFO] running `Command { std: CARGO_HOME="/workspace/cargo-home" RUSTUP_HOME="/workspace/rustup-home" "/workspace/cargo-home/bin/cargo" "+1.100.0-beta.1" "fetch" "--manifest-path" "Cargo.toml", kill_on_drop: false }`
[INFO] [stderr] warning: `package.homepage` is redundant with `package.repository`
[INFO] [stderr]   --> Cargo.toml:71:12
[INFO] [stderr]    |
[INFO] [stderr] 71 | homepage = "https://github.com/kennycallado/rust-camel"
[INFO] [stderr]    |            ^^^^^^^^^^^^^^^^^^^^^^^^^^^^^^^^^^^^^^^^^^^^
[INFO] [stderr] ...
[INFO] [stderr] 76 | repository = "https://github.com/kennycallado/rust-camel"
[INFO] [stderr]    |              --------------------------------------------
[INFO] [stderr]    |
[INFO] [stderr]    = note: `cargo::redundant_homepage` is set to `warn` by default
[INFO] [stderr] help: consider removing `package.homepage`
[INFO] [stderr] warning: `camel-component-container` (manifest) generated 1 warning
[INFO] [stderr]     Blocking waiting for file lock on package cache
[ERROR] error running command: no output for 300 seconds
[INFO] testing camel-component-container-0.57.0 against 1.100.0-beta.1+cargoflags=--release for beta-release-1.100-2
[INFO] extracting crate camel-component-container 0.57.0 into /workspace/builds/worker-7-tc2/source
[INFO] started tweaking crates.io crate camel-component-container 0.57.0
[INFO] finished tweaking crates.io crate camel-component-container 0.57.0
[INFO] tweaked toml for crates.io crate camel-component-container 0.57.0 written to /workspace/builds/worker-7-tc2/source/Cargo.toml
[INFO] validating manifest of crates.io crate camel-component-container 0.57.0 on toolchain 1.100.0-beta.1
[INFO] running `Command { std: CARGO_HOME="/workspace/cargo-home" RUSTUP_HOME="/workspace/rustup-home" "/workspace/cargo-home/bin/cargo" "+1.100.0-beta.1" "metadata" "--manifest-path" "Cargo.toml" "--no-deps", kill_on_drop: false }`
[INFO] crate crates.io crate camel-component-container 0.57.0 already has a lockfile, it will not be regenerated
[INFO] running `Command { std: CARGO_HOME="/workspace/cargo-home" RUSTUP_HOME="/workspace/rustup-home" "/workspace/cargo-home/bin/cargo" "+1.100.0-beta.1" "fetch" "--manifest-path" "Cargo.toml", kill_on_drop: false }`
[INFO] [stderr] warning: `package.homepage` is redundant with `package.repository`
[INFO] [stderr]   --> Cargo.toml:71:12
[INFO] [stderr]    |
[INFO] [stderr] 71 | homepage = "https://github.com/kennycallado/rust-camel"
[INFO] [stderr]    |            ^^^^^^^^^^^^^^^^^^^^^^^^^^^^^^^^^^^^^^^^^^^^
[INFO] [stderr] ...
[INFO] [stderr] 76 | repository = "https://github.com/kennycallado/rust-camel"
[INFO] [stderr]    |              --------------------------------------------
[INFO] [stderr]    |
[INFO] [stderr]    = note: `cargo::redundant_homepage` is set to `warn` by default
[INFO] [stderr] help: consider removing `package.homepage`
[INFO] [stderr] warning: `camel-component-container` (manifest) generated 1 warning
[INFO] [stderr]     Blocking waiting for file lock on package cache
[INFO] [stderr]     Blocking waiting for file lock on package cache
[INFO] [stderr]  Downloading crates ...
[INFO] [stderr]   Downloaded camel-language-api v0.57.0
[INFO] [stderr]   Downloaded ts-rs-macros v12.0.1
[INFO] [stderr]   Downloaded camel-endpoint v0.57.0
[INFO] [stderr]   Downloaded tokio-rustls v0.26.6
[INFO] [stderr]   Downloaded camel-endpoint-macros v0.57.0
[INFO] [stderr]   Downloaded ts-rs v12.0.1
[INFO] [stderr]   Downloaded camel-component-api v0.57.0
[INFO] [stderr]   Downloaded aws-lc-rs v1.18.1
[INFO] [stderr]   Downloaded jsonwebtoken v11.1.0
[INFO] [stderr]   Downloaded opentelemetry v0.33.0
[INFO] [stderr]   Downloaded camel-auth v0.57.0
[INFO] [stderr]   Downloaded hyper-util v0.1.21
[INFO] [stderr]   Downloaded reqwest v0.13.5
[INFO] [stderr]   Downloaded camel-api v0.57.0
[INFO] [stderr]   Downloaded quick-xml v0.42.0
[INFO] [stderr]   Downloaded blake3 v1.8.7
[INFO] [stderr]   Downloaded aws-lc-sys v0.45.0
[INFO] running `Command { std: "docker" "create" "-v" "/var/lib/crater-agent-workspace/builds/worker-7-tc2/source:/opt/rustwide/workdir:ro,Z" "-v" "/var/lib/crater-agent-workspace/builds/worker-7-tc2/target:/opt/rustwide/target:rw,Z" "-v" "/var/lib/crater-agent-workspace/cargo-home:/opt/rustwide/cargo-home:ro,Z" "-v" "/var/lib/crater-agent-workspace/rustup-home:/opt/rustwide/rustup-home:ro,Z" "-m" "1610612736" "--network" "none" "ghcr.io/rust-lang/crates-build-env/linux@sha256:77db811e55d90add9212f6832c23229e3de5f1c1f9905e8cb07319ea15df73ac" "sleep" "infinity", kill_on_drop: false }`
[INFO] [stdout] b77be1d4b3b6f567658e58668fe61db91f2b2d9abbb73ec4721e34ae14e39c6a
[INFO] running `Command { std: "docker" "start" "b77be1d4b3b6f567658e58668fe61db91f2b2d9abbb73ec4721e34ae14e39c6a", kill_on_drop: false }`
[INFO] running `Command { std: "docker" "inspect" "b77be1d4b3b6f567658e58668fe61db91f2b2d9abbb73ec4721e34ae14e39c6a", kill_on_drop: false }`
[INFO] running `Command { std: "docker" "exec" "-e" "SOURCE_DIR=/opt/rustwide/workdir" "-e" "CARGO_HOME=/opt/rustwide/cargo-home" "-e" "RUSTUP_HOME=/opt/rustwide/rustup-home" "-e" "CARGO_TARGET_DIR=/opt/rustwide/target" "-w" "/opt/rustwide/workdir" "--user" "0:0" "b77be1d4b3b6f567658e58668fe61db91f2b2d9abbb73ec4721e34ae14e39c6a" "/opt/rustwide/cargo-home/bin/cargo" "+1.100.0-beta.1" "metadata" "--no-deps" "--format-version=1", kill_on_drop: false }`
[INFO] running `Command { std: "docker" "inspect" "b77be1d4b3b6f567658e58668fe61db91f2b2d9abbb73ec4721e34ae14e39c6a", kill_on_drop: false }`
[INFO] running `Command { std: "docker" "exec" "-e" "SOURCE_DIR=/opt/rustwide/workdir" "-e" "CARGO_HOME=/opt/rustwide/cargo-home" "-e" "RUSTUP_HOME=/opt/rustwide/rustup-home" "-e" "CARGO_TARGET_DIR=/opt/rustwide/target" "-e" "CARGO_INCREMENTAL=0" "-e" "RUST_BACKTRACE=full" "-e" "RUSTFLAGS=--cap-lints=warn" "-e" "RUSTDOCFLAGS=--cap-lints=warn" "-w" "/opt/rustwide/workdir" "--user" "0:0" "b77be1d4b3b6f567658e58668fe61db91f2b2d9abbb73ec4721e34ae14e39c6a" "/opt/rustwide/cargo-home/bin/cargo" "+1.100.0-beta.1" "build" "--frozen" "--message-format=json" "--release", kill_on_drop: false }`
[INFO] [stderr] warning: `package.homepage` is redundant with `package.repository`
[INFO] [stderr]   --> Cargo.toml:71:12
[INFO] [stderr]    |
[INFO] [stderr] 71 | homepage = "https://github.com/kennycallado/rust-camel"
[INFO] [stderr]    |            ^^^^^^^^^^^^^^^^^^^^^^^^^^^^^^^^^^^^^^^^^^^^
[INFO] [stderr] ...
[INFO] [stderr] 76 | repository = "https://github.com/kennycallado/rust-camel"
[INFO] [stderr]    |              --------------------------------------------
[INFO] [stderr]    |
[INFO] [stderr]    = note: `cargo::redundant_homepage` is set to `warn` by default
[INFO] [stderr] help: consider removing `package.homepage`
[INFO] [stderr] warning: `camel-component-container` (manifest) generated 1 warning
[INFO] [stderr]    Compiling find-msvc-tools v0.1.11
[INFO] [stderr]    Compiling smallvec v1.15.2
[INFO] [stderr]    Compiling libc v0.2.189
[INFO] [stderr]    Compiling serde_core v1.0.229
[INFO] [stderr]    Compiling syn v3.0.6
[INFO] [stderr]    Compiling syn v2.0.119
[INFO] [stderr]    Compiling futures-channel v0.3.34
[INFO] [stderr]    Compiling futures-io v0.3.34
[INFO] [stderr]    Compiling dunce v1.0.5
[INFO] [stderr]    Compiling parking_lot_core v0.9.12
[INFO] [stderr]    Compiling fs_extra v1.3.0
[INFO] [stderr]    Compiling serde v1.0.229
[INFO] [stderr]    Compiling num-traits v0.2.19
[INFO] [stderr]    Compiling serde_json v1.0.151
[INFO] [stderr]    Compiling parking_lot v0.12.5
[INFO] [stderr]    Compiling thiserror v2.0.21
[INFO] [stderr]    Compiling aws-lc-rs v1.18.1
[INFO] [stderr]    Compiling icu_properties_data v2.3.0
[INFO] [stderr]    Compiling icu_normalizer_data v2.3.0
[INFO] [stderr]    Compiling getrandom v0.2.17
[INFO] [stderr]    Compiling cpufeatures v0.3.1
[INFO] [stderr]    Compiling getrandom v0.4.3
[INFO] [stderr]    Compiling ref-cast v1.0.27
[INFO] [stderr]    Compiling jobserver v0.1.35
[INFO] [stderr]    Compiling rustls v0.23.45
[INFO] [stderr]    Compiling log v0.4.34
[INFO] [stderr]    Compiling cc v1.4.4
[INFO] [stderr]    Compiling winnow v1.0.4
[INFO] [stderr]    Compiling base64 v0.23.1
[INFO] [stderr]    Compiling ipnet v2.12.1
[INFO] [stderr]    Compiling termcolor v1.4.1
[INFO] [stderr]    Compiling typenum v1.20.1
[INFO] [stderr]    Compiling toml_parser v1.1.3+spec-1.1.0
[INFO] [stderr]    Compiling chacha20 v0.10.2
[INFO] [stderr]    Compiling cmake v0.1.58
[INFO] [stderr]    Compiling hybrid-array v0.4.14
[INFO] [stderr]    Compiling constant_time_eq v0.4.2
[INFO] [stderr]    Compiling arrayvec v0.7.8
[INFO] [stderr]    Compiling aws-lc-sys v0.45.0
[INFO] [stderr]    Compiling ring v0.17.14
[INFO] [stderr]    Compiling blake3 v1.8.7
[INFO] [stderr]    Compiling serde_derive_internals v0.30.0
[INFO] [stderr]    Compiling toml_datetime v1.1.1+spec-1.1.0
[INFO] [stderr]    Compiling synstructure v0.13.2
[INFO] [stderr]    Compiling serde_spanned v1.1.1
[INFO] [stderr]    Compiling toml_writer v1.1.2+spec-1.1.0
[INFO] [stderr]    Compiling time-core v0.1.9
[INFO] [stderr]    Compiling toml v1.1.6+spec-1.1.0
[INFO] [stderr]    Compiling time-macros v0.2.32
[INFO] [stderr]    Compiling futures-macro v0.3.34
[INFO] [stderr]    Compiling zerofrom-derive v0.1.7
[INFO] [stderr]    Compiling yoke-derive v0.8.2
[INFO] [stderr]    Compiling zerovec-derive v0.11.6
[INFO] [stderr]    Compiling tokio-macros v2.7.2
[INFO] [stderr]    Compiling futures-util v0.3.34
[INFO] [stderr]    Compiling displaydoc v0.2.7
[INFO] [stderr]    Compiling zerofrom v0.1.8
[INFO] [stderr]    Compiling yoke v0.8.3
[INFO] [stderr]    Compiling zeroize_derive v1.5.0
[INFO] [stderr]    Compiling tokio v1.53.1
[INFO] [stderr]    Compiling zerovec v0.11.8
[INFO] [stderr]    Compiling serde_derive v1.0.229
[INFO] [stderr]    Compiling zeroize v1.9.0
[INFO] [stderr]    Compiling tracing-attributes v0.1.31
[INFO] [stderr]    Compiling tinystr v0.8.4
[INFO] [stderr]    Compiling icu_locale_core v2.3.0
[INFO] [stderr]    Compiling tracing v0.1.44
[INFO] [stderr]    Compiling potential_utf v0.1.6
[INFO] [stderr]    Compiling zerotrie v0.2.5
[INFO] [stderr]    Compiling thiserror-impl v2.0.21
[INFO] [stderr]    Compiling icu_provider v2.3.1
[INFO] [stderr]    Compiling icu_collections v2.3.0
[INFO] [stderr]    Compiling rustls-pki-types v1.15.1
[INFO] [stderr]    Compiling icu_normalizer v2.3.0
[INFO] [stderr]    Compiling icu_properties v2.3.0
[INFO] [stderr]    Compiling ref-cast-impl v1.0.27
[INFO] [stderr]    Compiling chrono v0.4.45
[INFO] [stderr]    Compiling futures-executor v0.3.34
[INFO] [stderr]    Compiling ts-rs-macros v12.0.1
[INFO] [stderr]    Compiling schemars_derive v1.2.2
[INFO] [stderr]    Compiling idna_adapter v1.2.2
[INFO] [stderr]    Compiling idna v1.1.0
[INFO] [stderr]    Compiling hyper v1.11.1
[INFO] [stderr]    Compiling tokio-util v0.7.19
[INFO] [stderr]    Compiling tower v0.5.3
[INFO] [stderr]    Compiling schemars v1.2.2
[INFO] [stderr]    Compiling hyper-util v0.1.21
[INFO] [stderr]    Compiling ts-rs v12.0.1
[INFO] [stderr]    Compiling url v2.5.8
[INFO] [stderr]    Compiling futures v0.3.34
[INFO] [stderr]    Compiling opentelemetry v0.33.0
[INFO] [stderr]    Compiling async-trait v0.1.92
[INFO] [stderr]    Compiling uuid v1.26.1
[INFO] [stderr]    Compiling rand v0.10.3
[INFO] [stderr]    Compiling num-integer v0.1.47
[INFO] [stderr]    Compiling quick-xml v0.42.0
[INFO] [stderr]    Compiling num-conv v0.2.2
[INFO] [stderr]    Compiling crossbeam-utils v0.8.22
[INFO] [stderr]    Compiling deranged v0.5.8
[INFO] [stderr]    Compiling serde_urlencoded v0.7.1
[INFO] [stderr]    Compiling rustls-native-certs v0.8.4
[INFO] [stderr]    Compiling camel-api v0.57.0
[INFO] [stderr]    Compiling num-bigint v0.4.8
[INFO] [stderr]    Compiling block-buffer v0.12.1
[INFO] [stderr]    Compiling crypto-common v0.2.2
[INFO] [stderr]    Compiling time v0.3.55
[INFO] [stderr]    Compiling siphasher v1.0.3
[INFO] [stderr]    Compiling bitflags v2.13.1
[INFO] [stderr]    Compiling tower-http v0.6.11
[INFO] [stderr]    Compiling phf_shared v0.12.1
[INFO] [stderr]    Compiling digest v0.11.3
[INFO] [stderr]    Compiling pem v3.0.6
[INFO] [stderr]    Compiling hashbrown v0.14.5
[INFO] [stderr]    Compiling signature v2.2.0
[INFO] [stderr]    Compiling chrono-tz v0.10.4
[INFO] [stderr]    Compiling sha2 v0.11.0
[INFO] [stderr]    Compiling phf v0.12.1
[INFO] [stderr]    Compiling serde_repr v0.1.21
[INFO] [stderr]    Compiling camel-endpoint-macros v0.57.0
[INFO] [stderr]    Compiling dashmap v6.2.1
[INFO] [stderr]    Compiling bollard-stubs v1.52.1-rc.29.1.3
[INFO] [stderr]    Compiling hyperlocal v0.9.1
[INFO] [stderr]    Compiling simple_asn1 v0.6.4
[INFO] [stderr]    Compiling camel-language-api v0.57.0
[INFO] [stderr]    Compiling camel-endpoint v0.57.0
[INFO] [stderr]    Compiling rustls-pemfile v2.2.0
[INFO] [stderr]    Compiling bollard v0.20.2
[INFO] [stderr]    Compiling rustls-webpki v0.103.15
[INFO] [stderr]    Compiling jsonwebtoken v11.1.0
[INFO] [stderr]    Compiling tokio-rustls v0.26.6
[INFO] [stderr]    Compiling rustls-platform-verifier v0.7.0
[INFO] [stderr]    Compiling hyper-rustls v0.27.9
[INFO] [stderr]    Compiling reqwest v0.13.5
[INFO] [stderr]    Compiling camel-auth v0.57.0
[INFO] [stderr]    Compiling camel-component-api v0.57.0
[INFO] [stderr]    Compiling camel-component-container v0.57.0 (/opt/rustwide/workdir)
[INFO] [stderr]     Finished `release` profile [optimized] target(s) in 1m 33s
[INFO] running `Command { std: "docker" "inspect" "b77be1d4b3b6f567658e58668fe61db91f2b2d9abbb73ec4721e34ae14e39c6a", kill_on_drop: false }`
[INFO] running `Command { std: "docker" "exec" "-e" "SOURCE_DIR=/opt/rustwide/workdir" "-e" "CARGO_HOME=/opt/rustwide/cargo-home" "-e" "RUSTUP_HOME=/opt/rustwide/rustup-home" "-e" "CARGO_TARGET_DIR=/opt/rustwide/target" "-e" "CARGO_INCREMENTAL=0" "-e" "RUST_BACKTRACE=full" "-e" "RUSTFLAGS=--cap-lints=warn" "-e" "RUSTDOCFLAGS=--cap-lints=warn" "-w" "/opt/rustwide/workdir" "--user" "0:0" "b77be1d4b3b6f567658e58668fe61db91f2b2d9abbb73ec4721e34ae14e39c6a" "/opt/rustwide/cargo-home/bin/cargo" "+1.100.0-beta.1" "test" "--frozen" "--no-run" "--message-format=json" "--release", kill_on_drop: false }`
[INFO] [stderr] warning: `package.homepage` is redundant with `package.repository`
[INFO] [stderr]   --> Cargo.toml:71:12
[INFO] [stderr]    |
[INFO] [stderr] 71 | homepage = "https://github.com/kennycallado/rust-camel"
[INFO] [stderr]    |            ^^^^^^^^^^^^^^^^^^^^^^^^^^^^^^^^^^^^^^^^^^^^
[INFO] [stderr] ...
[INFO] [stderr] 76 | repository = "https://github.com/kennycallado/rust-camel"
[INFO] [stderr]    |              --------------------------------------------
[INFO] [stderr]    |
[INFO] [stderr]    = note: `cargo::redundant_homepage` is set to `warn` by default
[INFO] [stderr] help: consider removing `package.homepage`
[INFO] [stderr] warning: `camel-component-container` (manifest) generated 1 warning
[INFO] [stderr]    Compiling yasna v0.6.0
[INFO] [stderr]    Compiling pem v4.0.0
[INFO] [stderr]    Compiling rcgen v0.14.10
[INFO] [stderr]    Compiling camel-component-api v0.57.0
[INFO] [stderr]    Compiling camel-component-container v0.57.0 (/opt/rustwide/workdir)
[INFO] [stderr]     Finished `release` profile [optimized] target(s) in 8.27s
[INFO] running `Command { std: "docker" "inspect" "b77be1d4b3b6f567658e58668fe61db91f2b2d9abbb73ec4721e34ae14e39c6a", kill_on_drop: false }`
[INFO] running `Command { std: "docker" "exec" "-e" "SOURCE_DIR=/opt/rustwide/workdir" "-e" "CARGO_HOME=/opt/rustwide/cargo-home" "-e" "RUSTUP_HOME=/opt/rustwide/rustup-home" "-e" "CARGO_TARGET_DIR=/opt/rustwide/target" "-e" "CARGO_INCREMENTAL=0" "-e" "RUST_BACKTRACE=full" "-e" "RUSTFLAGS=--cap-lints=warn" "-e" "RUSTDOCFLAGS=--cap-lints=warn" "-w" "/opt/rustwide/workdir" "--user" "0:0" "b77be1d4b3b6f567658e58668fe61db91f2b2d9abbb73ec4721e34ae14e39c6a" "/opt/rustwide/cargo-home/bin/cargo" "+1.100.0-beta.1" "test" "--frozen" "--release", kill_on_drop: false }`
[INFO] [stderr] warning: `package.homepage` is redundant with `package.repository`
[INFO] [stderr]   --> Cargo.toml:71:12
[INFO] [stderr]    |
[INFO] [stderr] 71 | homepage = "https://github.com/kennycallado/rust-camel"
[INFO] [stderr]    |            ^^^^^^^^^^^^^^^^^^^^^^^^^^^^^^^^^^^^^^^^^^^^
[INFO] [stderr] ...
[INFO] [stderr] 76 | repository = "https://github.com/kennycallado/rust-camel"
[INFO] [stderr]    |              --------------------------------------------
[INFO] [stderr]    |
[INFO] [stderr]    = note: `cargo::redundant_homepage` is set to `warn` by default
[INFO] [stderr] help: consider removing `package.homepage`
[INFO] [stderr] warning: `camel-component-container` (manifest) generated 1 warning
[INFO] [stderr]     Finished `release` profile [optimized] target(s) in 0.12s
[INFO] [stderr]      Running unittests src/lib.rs (/opt/rustwide/target/release/build/camel-component-container/bb5e64f4058506fb/out/camel_component_container-bb5e64f4058506fb)
[INFO] [stdout] 
[INFO] [stdout] running 64 tests
[INFO] [stdout] test bundle::tests::container_bundle_from_toml_empty_uses_defaults ... ok
[INFO] [stdout] test bundle::tests::container_bundle_from_toml_returns_error_on_invalid_config ... ok
[INFO] [stdout] test bundle::tests::container_bundle_registers_expected_schemes ... ok
[INFO] [stdout] test tests::container_global_config_has_reconnect_policy ... ok
[INFO] [stdout] test health::tests::container_health_check_unhealthy_on_error ... ok
[INFO] [stdout] test health::tests::container_health_check_healthy_on_ping_ok ... ok
[INFO] [stdout] test tests::events_connect_error_increments_metrics ... ok
[INFO] [stdout] test tests::test_cleanup_none_uses_defaults ... ok
[INFO] [stdout] test tests::test_connect_docker_from_host_accepts_unix_scheme ... ok
[INFO] [stdout] test tests::test_connect_docker_from_host_rejects_bad_scheme ... ok
[INFO] [stdout] test tests::test_container_config ... ok
[INFO] [stdout] test tests::test_connect_docker_from_host_accepts_schemeless_path ... ok
[INFO] [stdout] test tests::test_container_config_defaults_new_fields ... ok
[INFO] [stdout] test tests::test_cleanup_respects_custom_docker_host ... ok
[INFO] [stdout] test tests::test_container_component_creates_endpoint ... ok
[INFO] [stdout] test tests::test_container_config_from_uri_parses_false_flags ... ok
[INFO] [stdout] test tests::test_container_config_parses_env ... ok
[INFO] [stdout] test tests::test_container_config_logs_defaults ... ok
[INFO] [stdout] test tests::test_container_config_parses_logs_options ... ok
[INFO] [stdout] test tests::test_container_config_parses_name ... ok
[INFO] [stdout] test tests::test_container_config_parses_network_create_params ... ok
[INFO] [stdout] test tests::test_container_config_parses_exec_params ... ok
[INFO] [stdout] test tests::test_container_config_parses_ports ... ok
[INFO] [stdout] test tests::test_container_config_parses_volumes ... ok
[INFO] [stdout] test tests::test_container_config_rejects_tcp_host ... ok
[INFO] [stdout] test tests::test_container_consumer_concurrency_model_is_concurrent ... ok
[INFO] [stdout] test tests::test_container_consumer_unsupported_operation ... ok
[INFO] [stdout] test tests::test_container_producer_connection_error_on_invalid_host ... ok
[INFO] [stdout] test tests::test_docker_socket_path_validation ... ok
[INFO] [stdout] test tests::test_events_consumer_stops_immediately_when_cancelled ... ok
[INFO] [stdout] test tests::test_format_docker_event_variants_and_timestamp_extraction ... ok
[INFO] [stdout] test tests::test_global_config_applied_to_endpoint ... ok
[INFO] [stdout] test tests::test_global_config_constructors_and_endpoint_docker_host ... ok
[INFO] [stdout] test tests::test_logs_consumer_requires_container_id ... ok
[INFO] [stdout] test tests::test_parse_env_none ... ok
[INFO] [stdout] test tests::test_parse_env_multiple ... ok
[INFO] [stdout] test tests::test_parse_env_single ... ok
[INFO] [stdout] test tests::test_parse_ports_fail_fast_on_malformed ... ok
[INFO] [stdout] test tests::test_parse_env_trims_and_filters_empty_items ... ok
[INFO] [stdout] test tests::test_parse_ports_invalid_and_whitespace_entries ... ok
[INFO] [stdout] test tests::test_parse_producer_operation_known ... ok
[INFO] [stdout] test tests::test_parse_ports_none ... ok
[INFO] [stdout] test tests::test_parse_ports_with_protocol ... ok
[INFO] [stdout] test tests::test_parse_ports_single ... ok
[INFO] [stdout] test tests::test_parse_ports_multiple ... ok
[INFO] [stdout] test tests::test_parse_producer_operation_new_variants ... ok
[INFO] [stdout] test tests::test_parse_producer_operation_unknown ... ok
[INFO] [stdout] test tests::test_parse_volume_str_rejects_invalid_mode_and_accepts_mixed ... ok
[INFO] [stdout] test tests::test_parse_volumes_anonymous ... ok
[INFO] [stdout] test tests::test_parse_volumes_empty_entry_skipped ... ok
[INFO] [stdout] test tests::test_parse_volumes_anonymous_with_mode ... ok
[INFO] [stdout] test tests::test_parse_volumes_bind_mount ... ok
[INFO] [stdout] test tests::test_parse_volumes_mixed ... ok
[INFO] [stdout] test tests::test_parse_volumes_multiple ... ok
[INFO] [stdout] test tests::test_parse_volumes_none ... ok
[INFO] [stdout] test tests::test_parse_volumes_named_volume ... ok
[INFO] [stdout] test tests::test_parse_volumes_rw_mode ... ok
[INFO] [stdout] test tests::test_resolve_container_name_header_overrides_config ... ok
[INFO] [stdout] test tests::test_run_container_with_cleanup_removes_on_start_failure ... ok
[INFO] [stdout] test tests::test_uri_param_wins_over_global_config ... ok
[INFO] [stdout] test tests::test_run_container_with_cleanup_error_paths ... ok
[INFO] [stdout] test tests::uri_options_count_parity ... ok
[INFO] [stdout] test tests::retry_loop_invokes_operation_exactly_max_attempts_times ... ok
[INFO] [stdout] test health::tests::container_health_check_unhealthy_on_timeout ... ok
[INFO] [stdout] 
[INFO] [stdout] test result: ok. 64 passed; 0 failed; 0 ignored; 0 measured; 0 filtered out; finished in 0.01s
[INFO] [stdout] 
[INFO] [stderr]    Doc-tests camel_component_container
[INFO] [stdout] 
[INFO] [stdout] running 0 tests
[INFO] [stdout] 
[INFO] [stdout] test result: ok. 0 passed; 0 failed; 0 ignored; 0 measured; 0 filtered out; finished in 0.00s
[INFO] [stdout] 
[INFO] running `Command { std: "docker" "inspect" "b77be1d4b3b6f567658e58668fe61db91f2b2d9abbb73ec4721e34ae14e39c6a", kill_on_drop: false }`
[INFO] running `Command { std: "docker" "rm" "-f" "b77be1d4b3b6f567658e58668fe61db91f2b2d9abbb73ec4721e34ae14e39c6a", kill_on_drop: false }`
[INFO] [stdout] b77be1d4b3b6f567658e58668fe61db91f2b2d9abbb73ec4721e34ae14e39c6a
