[INFO] cloning repository https://github.com/YounggLee/vouch-rust
[INFO] running `Command { std: "git" "-c" "credential.helper=" "-c" "credential.helper=/workspace/cargo-home/bin/git-credential-null" "clone" "--bare" "https://github.com/YounggLee/vouch-rust" "/workspace/cache/git-repos/https%3A%2F%2Fgithub.com%2FYounggLee%2Fvouch-rust", kill_on_drop: false }`
[INFO] [stderr] Cloning into bare repository '/workspace/cache/git-repos/https%3A%2F%2Fgithub.com%2FYounggLee%2Fvouch-rust'...
[INFO] running `Command { std: "git" "rev-parse" "HEAD", kill_on_drop: false }`
[INFO] [stdout] 9438a96be4676a6c0b810e1ed2ff97d4dc66a9d7
[INFO] testing YounggLee/vouch-rust against 1.100.0-beta.1+cargoflags=--release for beta-release-1.100-2
[INFO] running `Command { std: "git" "clone" "/workspace/cache/git-repos/https%3A%2F%2Fgithub.com%2FYounggLee%2Fvouch-rust" "/workspace/builds/worker-5-tc2/source", kill_on_drop: false }`
[INFO] [stderr] Cloning into '/workspace/builds/worker-5-tc2/source'...
[INFO] [stderr] done.
[INFO] started tweaking git repo https://github.com/YounggLee/vouch-rust
[INFO] finished tweaking git repo https://github.com/YounggLee/vouch-rust
[INFO] tweaked toml for git repo https://github.com/YounggLee/vouch-rust written to /workspace/builds/worker-5-tc2/source/Cargo.toml
[INFO] validating manifest of git repo https://github.com/YounggLee/vouch-rust on toolchain 1.100.0-beta.1
[INFO] running `Command { std: CARGO_HOME="/workspace/cargo-home" RUSTUP_HOME="/workspace/rustup-home" "/workspace/cargo-home/bin/cargo" "+1.100.0-beta.1" "metadata" "--manifest-path" "Cargo.toml" "--no-deps", kill_on_drop: false }`
[INFO] crate git repo https://github.com/YounggLee/vouch-rust already has a lockfile, it will not be regenerated
[INFO] running `Command { std: CARGO_HOME="/workspace/cargo-home" RUSTUP_HOME="/workspace/rustup-home" "/workspace/cargo-home/bin/cargo" "+1.100.0-beta.1" "fetch" "--manifest-path" "Cargo.toml", kill_on_drop: false }`
[INFO] [stderr]     Blocking waiting for file lock on package cache
[INFO] [stderr]     Blocking waiting for file lock on package cache
[ERROR] error running command: no output for 300 seconds
[INFO] testing YounggLee/vouch-rust against 1.100.0-beta.1+cargoflags=--release for beta-release-1.100-2
[INFO] running `Command { std: "git" "clone" "/workspace/cache/git-repos/https%3A%2F%2Fgithub.com%2FYounggLee%2Fvouch-rust" "/workspace/builds/worker-5-tc2/source", kill_on_drop: false }`
[INFO] [stderr] Cloning into '/workspace/builds/worker-5-tc2/source'...
[INFO] [stderr] done.
[INFO] started tweaking git repo https://github.com/YounggLee/vouch-rust
[INFO] finished tweaking git repo https://github.com/YounggLee/vouch-rust
[INFO] tweaked toml for git repo https://github.com/YounggLee/vouch-rust written to /workspace/builds/worker-5-tc2/source/Cargo.toml
[INFO] validating manifest of git repo https://github.com/YounggLee/vouch-rust on toolchain 1.100.0-beta.1
[INFO] running `Command { std: CARGO_HOME="/workspace/cargo-home" RUSTUP_HOME="/workspace/rustup-home" "/workspace/cargo-home/bin/cargo" "+1.100.0-beta.1" "metadata" "--manifest-path" "Cargo.toml" "--no-deps", kill_on_drop: false }`
[INFO] crate git repo https://github.com/YounggLee/vouch-rust already has a lockfile, it will not be regenerated
[INFO] running `Command { std: CARGO_HOME="/workspace/cargo-home" RUSTUP_HOME="/workspace/rustup-home" "/workspace/cargo-home/bin/cargo" "+1.100.0-beta.1" "fetch" "--manifest-path" "Cargo.toml", kill_on_drop: false }`
[INFO] [stderr]     Blocking waiting for file lock on package cache
[INFO] [stderr]     Blocking waiting for file lock on package cache
[ERROR] error running command: no output for 300 seconds
[INFO] testing YounggLee/vouch-rust against 1.100.0-beta.1+cargoflags=--release for beta-release-1.100-2
[INFO] running `Command { std: "git" "clone" "/workspace/cache/git-repos/https%3A%2F%2Fgithub.com%2FYounggLee%2Fvouch-rust" "/workspace/builds/worker-5-tc2/source", kill_on_drop: false }`
[INFO] [stderr] Cloning into '/workspace/builds/worker-5-tc2/source'...
[INFO] [stderr] done.
[INFO] started tweaking git repo https://github.com/YounggLee/vouch-rust
[INFO] finished tweaking git repo https://github.com/YounggLee/vouch-rust
[INFO] tweaked toml for git repo https://github.com/YounggLee/vouch-rust written to /workspace/builds/worker-5-tc2/source/Cargo.toml
[INFO] validating manifest of git repo https://github.com/YounggLee/vouch-rust on toolchain 1.100.0-beta.1
[INFO] running `Command { std: CARGO_HOME="/workspace/cargo-home" RUSTUP_HOME="/workspace/rustup-home" "/workspace/cargo-home/bin/cargo" "+1.100.0-beta.1" "metadata" "--manifest-path" "Cargo.toml" "--no-deps", kill_on_drop: false }`
[INFO] crate git repo https://github.com/YounggLee/vouch-rust already has a lockfile, it will not be regenerated
[INFO] running `Command { std: CARGO_HOME="/workspace/cargo-home" RUSTUP_HOME="/workspace/rustup-home" "/workspace/cargo-home/bin/cargo" "+1.100.0-beta.1" "fetch" "--manifest-path" "Cargo.toml", kill_on_drop: false }`
[INFO] [stderr]     Blocking waiting for file lock on package cache
[INFO] [stderr]     Blocking waiting for file lock on package cache
[ERROR] error running command: no output for 300 seconds
[INFO] testing YounggLee/vouch-rust against 1.100.0-beta.1+cargoflags=--release for beta-release-1.100-2
[INFO] running `Command { std: "git" "clone" "/workspace/cache/git-repos/https%3A%2F%2Fgithub.com%2FYounggLee%2Fvouch-rust" "/workspace/builds/worker-5-tc2/source", kill_on_drop: false }`
[INFO] [stderr] Cloning into '/workspace/builds/worker-5-tc2/source'...
[INFO] [stderr] done.
[INFO] started tweaking git repo https://github.com/YounggLee/vouch-rust
[INFO] finished tweaking git repo https://github.com/YounggLee/vouch-rust
[INFO] tweaked toml for git repo https://github.com/YounggLee/vouch-rust written to /workspace/builds/worker-5-tc2/source/Cargo.toml
[INFO] validating manifest of git repo https://github.com/YounggLee/vouch-rust on toolchain 1.100.0-beta.1
[INFO] running `Command { std: CARGO_HOME="/workspace/cargo-home" RUSTUP_HOME="/workspace/rustup-home" "/workspace/cargo-home/bin/cargo" "+1.100.0-beta.1" "metadata" "--manifest-path" "Cargo.toml" "--no-deps", kill_on_drop: false }`
[INFO] crate git repo https://github.com/YounggLee/vouch-rust already has a lockfile, it will not be regenerated
[INFO] running `Command { std: CARGO_HOME="/workspace/cargo-home" RUSTUP_HOME="/workspace/rustup-home" "/workspace/cargo-home/bin/cargo" "+1.100.0-beta.1" "fetch" "--manifest-path" "Cargo.toml", kill_on_drop: false }`
[INFO] [stderr]     Blocking waiting for file lock on package cache
[INFO] [stderr]     Blocking waiting for file lock on package cache
[INFO] [stderr]  Downloading crates ...
[INFO] [stderr]   Downloaded tui-input v0.11.1
[INFO] [stderr]   Downloaded plist v1.9.0
[INFO] [stderr]   Downloaded quick-xml v0.39.2
[INFO] [stderr]   Downloaded wasm-bindgen-shared v0.2.120
[INFO] [stderr]   Downloaded js-sys v0.3.97
[INFO] [stderr]   Downloaded wasm-bindgen-macro v0.2.120
[INFO] [stderr]   Downloaded wasm-bindgen v0.2.120
[INFO] [stderr]   Downloaded wasm-bindgen-macro-support v0.2.120
[INFO] running `Command { std: "docker" "create" "-v" "/var/lib/crater-agent-workspace/builds/worker-5-tc2/source:/opt/rustwide/workdir:ro,Z" "-v" "/var/lib/crater-agent-workspace/builds/worker-5-tc2/target:/opt/rustwide/target:rw,Z" "-v" "/var/lib/crater-agent-workspace/cargo-home:/opt/rustwide/cargo-home:ro,Z" "-v" "/var/lib/crater-agent-workspace/rustup-home:/opt/rustwide/rustup-home:ro,Z" "-m" "1610612736" "--network" "none" "ghcr.io/rust-lang/crates-build-env/linux@sha256:77db811e55d90add9212f6832c23229e3de5f1c1f9905e8cb07319ea15df73ac" "sleep" "infinity", kill_on_drop: false }`
[INFO] [stdout] 6f7cfdbaac4f02e81006e0dc21d3111197e6e8240517a77a87cf577ef71454ec
[INFO] running `Command { std: "docker" "start" "6f7cfdbaac4f02e81006e0dc21d3111197e6e8240517a77a87cf577ef71454ec", kill_on_drop: false }`
[INFO] running `Command { std: "docker" "inspect" "6f7cfdbaac4f02e81006e0dc21d3111197e6e8240517a77a87cf577ef71454ec", kill_on_drop: false }`
[INFO] running `Command { std: "docker" "exec" "-e" "SOURCE_DIR=/opt/rustwide/workdir" "-e" "CARGO_HOME=/opt/rustwide/cargo-home" "-e" "RUSTUP_HOME=/opt/rustwide/rustup-home" "-e" "CARGO_TARGET_DIR=/opt/rustwide/target" "-w" "/opt/rustwide/workdir" "--user" "0:0" "6f7cfdbaac4f02e81006e0dc21d3111197e6e8240517a77a87cf577ef71454ec" "/opt/rustwide/cargo-home/bin/cargo" "+1.100.0-beta.1" "metadata" "--no-deps" "--format-version=1", kill_on_drop: false }`
[INFO] running `Command { std: "docker" "inspect" "6f7cfdbaac4f02e81006e0dc21d3111197e6e8240517a77a87cf577ef71454ec", kill_on_drop: false }`
[INFO] running `Command { std: "docker" "exec" "-e" "SOURCE_DIR=/opt/rustwide/workdir" "-e" "CARGO_HOME=/opt/rustwide/cargo-home" "-e" "RUSTUP_HOME=/opt/rustwide/rustup-home" "-e" "CARGO_TARGET_DIR=/opt/rustwide/target" "-e" "CARGO_INCREMENTAL=0" "-e" "RUST_BACKTRACE=full" "-e" "RUSTFLAGS=--cap-lints=warn" "-e" "RUSTDOCFLAGS=--cap-lints=warn" "-w" "/opt/rustwide/workdir" "--user" "0:0" "6f7cfdbaac4f02e81006e0dc21d3111197e6e8240517a77a87cf577ef71454ec" "/opt/rustwide/cargo-home/bin/cargo" "+1.100.0-beta.1" "build" "--frozen" "--message-format=json" "--release", kill_on_drop: false }`
[INFO] [stderr]    Compiling smallvec v1.15.1
[INFO] [stderr]    Compiling either v1.15.0
[INFO] [stderr]    Compiling aho-corasick v1.1.4
[INFO] [stderr]    Compiling syn v2.0.117
[INFO] [stderr]    Compiling mio v1.2.0
[INFO] [stderr]    Compiling regex-syntax v0.8.10
[INFO] [stderr]    Compiling rustix v0.38.44
[INFO] [stderr]    Compiling bit-vec v0.8.0
[INFO] [stderr]    Compiling num-conv v0.2.1
[INFO] [stderr]    Compiling rustix v1.1.4
[INFO] [stderr]    Compiling compact_str v0.8.1
[INFO] [stderr]    Compiling portable-atomic v1.13.1
[INFO] [stderr]    Compiling block-buffer v0.10.4
[INFO] [stderr]    Compiling crypto-common v0.1.7
[INFO] [stderr]    Compiling quick-xml v0.39.2
[INFO] [stderr]    Compiling clap_lex v1.1.0
[INFO] [stderr]    Compiling linked-hash-map v0.5.6
[INFO] [stderr]    Compiling time v0.3.47
[INFO] [stderr]    Compiling digest v0.10.7
[INFO] [stderr]    Compiling clap_builder v4.6.0
[INFO] [stderr]    Compiling itertools v0.13.0
[INFO] [stderr]    Compiling parking_lot_core v0.9.12
[INFO] [stderr]    Compiling bit-set v0.8.0
[INFO] [stderr]    Compiling yaml-rust v0.4.5
[INFO] [stderr]    Compiling serde_json v1.0.149
[INFO] [stderr]    Compiling console v0.15.11
[INFO] [stderr]    Compiling parking_lot v0.12.5
[INFO] [stderr]    Compiling signal-hook-mio v0.2.5
[INFO] [stderr]    Compiling crossterm v0.28.1
[INFO] [stderr]    Compiling number_prefix v0.4.0
[INFO] [stderr]    Compiling sha2 v0.10.9
[INFO] [stderr]    Compiling indicatif v0.17.11
[INFO] [stderr]    Compiling regex-automata v0.4.14
[INFO] [stderr]    Compiling which v7.0.3
[INFO] [stderr]    Compiling unicode-truncate v1.1.0
[INFO] [stderr]    Compiling darling_core v0.23.0
[INFO] [stderr]    Compiling serde_derive v1.0.228
[INFO] [stderr]    Compiling strum_macros v0.26.4
[INFO] [stderr]    Compiling thiserror-impl v2.0.18
[INFO] [stderr]    Compiling clap_derive v4.6.1
[INFO] [stderr]    Compiling thiserror v2.0.18
[INFO] [stderr]    Compiling strum v0.26.3
[INFO] [stderr]    Compiling darling_macro v0.23.0
[INFO] [stderr]    Compiling darling v0.23.0
[INFO] [stderr]    Compiling instability v0.3.12
[INFO] [stderr]    Compiling clap v4.6.1
[INFO] [stderr]    Compiling ratatui v0.29.0
[INFO] [stderr]    Compiling serde v1.0.228
[INFO] [stderr]    Compiling fancy-regex v0.16.2
[INFO] [stderr]    Compiling regex v1.12.3
[INFO] [stderr]    Compiling plist v1.9.0
[INFO] [stderr]    Compiling bincode v1.3.3
[INFO] [stderr]    Compiling syntect v5.3.0
[INFO] [stderr]    Compiling tui-input v0.11.1
[INFO] [stderr]    Compiling vouch v0.1.0 (/opt/rustwide/workdir)
[INFO] [stderr] warning: unused dependency `syntect`
[INFO] [stderr]   --> Cargo.toml:22:15
[INFO] [stderr]    |
[INFO] [stderr] 22 | [dependencies.syntect]
[INFO] [stderr]    |               ^^^^^^^^
[INFO] [stderr]    |
[INFO] [stderr]    = note: `cargo::unused_dependencies` is set to `warn` by default
[INFO] [stderr] help: consider removing the dependency on `syntect`
[INFO] [stderr] warning: `vouch` (manifest) generated 1 warning
[INFO] [stderr]     Finished `release` profile [optimized] target(s) in 45.61s
[INFO] running `Command { std: "docker" "inspect" "6f7cfdbaac4f02e81006e0dc21d3111197e6e8240517a77a87cf577ef71454ec", kill_on_drop: false }`
[INFO] running `Command { std: "docker" "exec" "-e" "SOURCE_DIR=/opt/rustwide/workdir" "-e" "CARGO_HOME=/opt/rustwide/cargo-home" "-e" "RUSTUP_HOME=/opt/rustwide/rustup-home" "-e" "CARGO_TARGET_DIR=/opt/rustwide/target" "-e" "CARGO_INCREMENTAL=0" "-e" "RUST_BACKTRACE=full" "-e" "RUSTFLAGS=--cap-lints=warn" "-e" "RUSTDOCFLAGS=--cap-lints=warn" "-w" "/opt/rustwide/workdir" "--user" "0:0" "6f7cfdbaac4f02e81006e0dc21d3111197e6e8240517a77a87cf577ef71454ec" "/opt/rustwide/cargo-home/bin/cargo" "+1.100.0-beta.1" "test" "--frozen" "--no-run" "--message-format=json" "--release", kill_on_drop: false }`
[INFO] [stderr]    Compiling rustix v1.1.4
[INFO] [stderr]    Compiling getrandom v0.4.2
[INFO] [stderr]    Compiling which v7.0.3
[INFO] [stderr]    Compiling tempfile v3.27.0
[INFO] [stderr]    Compiling vouch v0.1.0 (/opt/rustwide/workdir)
[INFO] [stderr] warning: unused dependency `syntect`
[INFO] [stderr]   --> Cargo.toml:22:15
[INFO] [stderr]    |
[INFO] [stderr] 22 | [dependencies.syntect]
[INFO] [stderr]    |               ^^^^^^^^
[INFO] [stderr]    |
[INFO] [stderr]    = note: `cargo::unused_dependencies` is set to `warn` by default
[INFO] [stderr] help: consider removing the dependency on `syntect`
[INFO] [stderr] warning: `vouch` (manifest) generated 1 warning
[INFO] [stderr]     Finished `release` profile [optimized] target(s) in 5.93s
[INFO] running `Command { std: "docker" "inspect" "6f7cfdbaac4f02e81006e0dc21d3111197e6e8240517a77a87cf577ef71454ec", kill_on_drop: false }`
[INFO] running `Command { std: "docker" "exec" "-e" "SOURCE_DIR=/opt/rustwide/workdir" "-e" "CARGO_HOME=/opt/rustwide/cargo-home" "-e" "RUSTUP_HOME=/opt/rustwide/rustup-home" "-e" "CARGO_TARGET_DIR=/opt/rustwide/target" "-e" "CARGO_INCREMENTAL=0" "-e" "RUST_BACKTRACE=full" "-e" "RUSTFLAGS=--cap-lints=warn" "-e" "RUSTDOCFLAGS=--cap-lints=warn" "-w" "/opt/rustwide/workdir" "--user" "0:0" "6f7cfdbaac4f02e81006e0dc21d3111197e6e8240517a77a87cf577ef71454ec" "/opt/rustwide/cargo-home/bin/cargo" "+1.100.0-beta.1" "test" "--frozen" "--release", kill_on_drop: false }`
[INFO] [stderr] warning: unused dependency `syntect`
[INFO] [stderr]   --> Cargo.toml:22:15
[INFO] [stderr]    |
[INFO] [stderr] 22 | [dependencies.syntect]
[INFO] [stderr]    |               ^^^^^^^^
[INFO] [stderr]    |
[INFO] [stderr]    = note: `cargo::unused_dependencies` is set to `warn` by default
[INFO] [stderr] help: consider removing the dependency on `syntect`
[INFO] [stderr] warning: `vouch` (manifest) generated 1 warning
[INFO] [stderr]     Finished `release` profile [optimized] target(s) in 0.09s
[INFO] [stderr]      Running unittests src/lib.rs (/opt/rustwide/target/release/build/vouch/d8194e56bc65247b/out/vouch-d8194e56bc65247b)
[INFO] [stdout] 
[INFO] [stdout] running 44 tests
[INFO] [stdout] test cache::tests::fallback_to_stage_json ... ok
[INFO] [stdout] test cache::tests::from_env_respects_override ... ok
[INFO] [stdout] test cache::tests::load_miss_returns_none ... ok
[INFO] [stdout] test cache::tests::hashed_key_takes_precedence_over_fallback ... ok
[INFO] [stdout] test cache::tests::save_then_load_roundtrip ... ok
[INFO] [stdout] test cmux::tests::discover_source_surface_cli_flag ... ok
[INFO] [stdout] test diff_input::tests::no_args_means_uncommitted ... ok
[INFO] [stdout] test diff_input::tests::pr_flag ... ok
[INFO] [stdout] test feedback::tests::build_reject_prompt_empty ... ok
[INFO] [stdout] test cache::tests::from_env_defaults_to_home_cache ... ok
[INFO] [stdout] test feedback::tests::pr_review_body_empty ... ok
[INFO] [stdout] test feedback::tests::build_reject_prompt_lists_items ... ok
[INFO] [stdout] test feedback::tests::pr_review_body_strips_agent_framing ... ok
[INFO] [stdout] test llm::tests::build_semantic_groups_hunks ... ok
[INFO] [stdout] test llm::tests::build_semantic_skips_unknown_hunk_ids ... ok
[INFO] [stdout] test diff_input::tests::single_commit ... ok
[INFO] [stdout] test diff_input::tests::range ... ok
[INFO] [stdout] test llm::tests::envelope_extracts_result_text ... ok
[INFO] [stdout] test llm::tests::analysis_schema_is_object_with_items_array ... ok
[INFO] [stdout] test llm::tests::envelope_handles_invalid_json ... ok
[INFO] [stdout] test llm::tests::envelope_extracts_structured_output ... ok
[INFO] [stdout] test llm::tests::envelope_surfaces_errors ... ok
[INFO] [stdout] test llm::tests::extract_json_from_markdown_fences ... ok
[INFO] [stdout] test diff_input::tests::pr_url ... ok
[INFO] [stdout] test llm::tests::extract_json_plain ... ok
[INFO] [stdout] test models::tests::confidence_serde_roundtrip ... ok
[INFO] [stdout] test models::tests::raw_hunk_construction ... ok
[INFO] [stdout] test models::tests::review_item_combines_semantic_and_analysis ... ok
[INFO] [stdout] test models::tests::risk_serde_roundtrip ... ok
[INFO] [stdout] test models::tests::semantic_hunk_groups_raw ... ok
[INFO] [stdout] test parser::tests::empty_diff ... ok
[INFO] [stdout] test parser::tests::whitespace_only_diff ... ok
[INFO] [stdout] test tui::tests::accept_sets_decision ... ok
[INFO] [stdout] test tui::tests::accept_all_low_only_affects_low_risk ... ok
[INFO] [stdout] test tui::tests::progress_calculation ... ok
[INFO] [stdout] test parser::tests::parses_single_line_hunk_without_comma ... ok
[INFO] [stdout] test parser::tests::parses_sample_diff ... ok
[INFO] [stdout] test cmux::tests::deliver_reject_falls_back_when_nothing_routes ... ok
[INFO] [stdout] test llm::tests::call_claude_text_propagates_is_error ... ok
[INFO] [stdout] test llm::tests::call_claude_structured_returns_items_array ... ok
[INFO] [stdout] test llm::tests::call_claude_text_returns_result_field ... ok
[INFO] [stdout] test llm::tests::call_claude_structured_errors_when_items_missing ... ok
[INFO] [stdout] test llm::tests::run_claude_errors_on_nonzero_exit ... ok
[INFO] [stdout] test llm::tests::run_claude_errors_on_spawn_failure ... ok
[INFO] [stdout] 
[INFO] [stdout] test result: ok. 44 passed; 0 failed; 0 ignored; 0 measured; 0 filtered out; finished in 0.02s
[INFO] [stdout] 
[INFO] [stderr]      Running unittests src/main.rs (/opt/rustwide/target/release/build/vouch/7c655df4c2268884/out/vouch-7c655df4c2268884)
[INFO] [stdout] 
[INFO] [stdout] running 0 tests
[INFO] [stdout] 
[INFO] [stdout] test result: ok. 0 passed; 0 failed; 0 ignored; 0 measured; 0 filtered out; finished in 0.00s
[INFO] [stdout] 
[INFO] [stderr]      Running tests/integration.rs (/opt/rustwide/target/release/build/vouch/f554ec07f7bec1f6/out/integration-f554ec07f7bec1f6)
[INFO] [stdout] 
[INFO] [stdout] running 3 tests
[INFO] [stdout] test feedback_roundtrip ... ok
[INFO] [stdout] test full_pipeline_sample_diff ... ok
[INFO] [stdout] test diff_input_resolve_modes ... ok
[INFO] [stdout] 
[INFO] [stdout] test result: ok. 3 passed; 0 failed; 0 ignored; 0 measured; 0 filtered out; finished in 0.00s
[INFO] [stdout] 
[INFO] [stderr]    Doc-tests vouch
[INFO] [stdout] 
[INFO] [stdout] running 0 tests
[INFO] [stdout] 
[INFO] [stdout] test result: ok. 0 passed; 0 failed; 0 ignored; 0 measured; 0 filtered out; finished in 0.00s
[INFO] [stdout] 
[INFO] running `Command { std: "docker" "inspect" "6f7cfdbaac4f02e81006e0dc21d3111197e6e8240517a77a87cf577ef71454ec", kill_on_drop: false }`
[INFO] running `Command { std: "docker" "rm" "-f" "6f7cfdbaac4f02e81006e0dc21d3111197e6e8240517a77a87cf577ef71454ec", kill_on_drop: false }`
[INFO] [stdout] 6f7cfdbaac4f02e81006e0dc21d3111197e6e8240517a77a87cf577ef71454ec
