[INFO] cloning repository https://github.com/Merovex/argraver
[INFO] running `Command { std: "git" "-c" "credential.helper=" "-c" "credential.helper=/workspace/cargo-home/bin/git-credential-null" "clone" "--bare" "https://github.com/Merovex/argraver" "/workspace/cache/git-repos/https%3A%2F%2Fgithub.com%2FMerovex%2Fargraver", kill_on_drop: false }`
[INFO] [stderr] Cloning into bare repository '/workspace/cache/git-repos/https%3A%2F%2Fgithub.com%2FMerovex%2Fargraver'...
[INFO] running `Command { std: "git" "rev-parse" "HEAD", kill_on_drop: false }`
[INFO] [stdout] 3cd8638ef475d588b9c466e974698d643783fbf0
[INFO] testing Merovex/argraver against 1.100.0-beta.1+cargoflags=--release for beta-release-1.100-2
[INFO] running `Command { std: "git" "clone" "/workspace/cache/git-repos/https%3A%2F%2Fgithub.com%2FMerovex%2Fargraver" "/workspace/builds/worker-5-tc2/source", kill_on_drop: false }`
[INFO] [stderr] Cloning into '/workspace/builds/worker-5-tc2/source'...
[INFO] [stderr] done.
[INFO] started tweaking git repo https://github.com/Merovex/argraver
[INFO] finished tweaking git repo https://github.com/Merovex/argraver
[INFO] tweaked toml for git repo https://github.com/Merovex/argraver written to /workspace/builds/worker-5-tc2/source/Cargo.toml
[INFO] validating manifest of git repo https://github.com/Merovex/argraver on toolchain 1.100.0-beta.1
[INFO] running `Command { std: CARGO_HOME="/workspace/cargo-home" RUSTUP_HOME="/workspace/rustup-home" "/workspace/cargo-home/bin/cargo" "+1.100.0-beta.1" "metadata" "--manifest-path" "Cargo.toml" "--no-deps", kill_on_drop: false }`
[INFO] crate git repo https://github.com/Merovex/argraver already has a lockfile, it will not be regenerated
[INFO] running `Command { std: CARGO_HOME="/workspace/cargo-home" RUSTUP_HOME="/workspace/rustup-home" "/workspace/cargo-home/bin/cargo" "+1.100.0-beta.1" "fetch" "--manifest-path" "Cargo.toml", kill_on_drop: false }`
[INFO] [stderr]     Blocking waiting for file lock on package cache
[INFO] [stderr]     Blocking waiting for file lock on package cache
[ERROR] error running command: no output for 300 seconds
[INFO] testing Merovex/argraver against 1.100.0-beta.1+cargoflags=--release for beta-release-1.100-2
[INFO] running `Command { std: "git" "clone" "/workspace/cache/git-repos/https%3A%2F%2Fgithub.com%2FMerovex%2Fargraver" "/workspace/builds/worker-5-tc2/source", kill_on_drop: false }`
[INFO] [stderr] Cloning into '/workspace/builds/worker-5-tc2/source'...
[INFO] [stderr] done.
[INFO] started tweaking git repo https://github.com/Merovex/argraver
[INFO] finished tweaking git repo https://github.com/Merovex/argraver
[INFO] tweaked toml for git repo https://github.com/Merovex/argraver written to /workspace/builds/worker-5-tc2/source/Cargo.toml
[INFO] validating manifest of git repo https://github.com/Merovex/argraver on toolchain 1.100.0-beta.1
[INFO] running `Command { std: CARGO_HOME="/workspace/cargo-home" RUSTUP_HOME="/workspace/rustup-home" "/workspace/cargo-home/bin/cargo" "+1.100.0-beta.1" "metadata" "--manifest-path" "Cargo.toml" "--no-deps", kill_on_drop: false }`
[INFO] crate git repo https://github.com/Merovex/argraver already has a lockfile, it will not be regenerated
[INFO] running `Command { std: CARGO_HOME="/workspace/cargo-home" RUSTUP_HOME="/workspace/rustup-home" "/workspace/cargo-home/bin/cargo" "+1.100.0-beta.1" "fetch" "--manifest-path" "Cargo.toml", kill_on_drop: false }`
[INFO] [stderr]     Blocking waiting for file lock on package cache
[INFO] [stderr]     Blocking waiting for file lock on package cache
[ERROR] error running command: no output for 300 seconds
[INFO] testing Merovex/argraver against 1.100.0-beta.1+cargoflags=--release for beta-release-1.100-2
[INFO] running `Command { std: "git" "clone" "/workspace/cache/git-repos/https%3A%2F%2Fgithub.com%2FMerovex%2Fargraver" "/workspace/builds/worker-5-tc2/source", kill_on_drop: false }`
[INFO] [stderr] Cloning into '/workspace/builds/worker-5-tc2/source'...
[INFO] [stderr] done.
[INFO] started tweaking git repo https://github.com/Merovex/argraver
[INFO] finished tweaking git repo https://github.com/Merovex/argraver
[INFO] tweaked toml for git repo https://github.com/Merovex/argraver written to /workspace/builds/worker-5-tc2/source/Cargo.toml
[INFO] validating manifest of git repo https://github.com/Merovex/argraver on toolchain 1.100.0-beta.1
[INFO] running `Command { std: CARGO_HOME="/workspace/cargo-home" RUSTUP_HOME="/workspace/rustup-home" "/workspace/cargo-home/bin/cargo" "+1.100.0-beta.1" "metadata" "--manifest-path" "Cargo.toml" "--no-deps", kill_on_drop: false }`
[INFO] crate git repo https://github.com/Merovex/argraver already has a lockfile, it will not be regenerated
[INFO] running `Command { std: CARGO_HOME="/workspace/cargo-home" RUSTUP_HOME="/workspace/rustup-home" "/workspace/cargo-home/bin/cargo" "+1.100.0-beta.1" "fetch" "--manifest-path" "Cargo.toml", kill_on_drop: false }`
[INFO] [stderr]     Blocking waiting for file lock on package cache
[INFO] [stderr]     Blocking waiting for file lock on package cache
[ERROR] error running command: no output for 300 seconds
[INFO] testing Merovex/argraver against 1.100.0-beta.1+cargoflags=--release for beta-release-1.100-2
[INFO] running `Command { std: "git" "clone" "/workspace/cache/git-repos/https%3A%2F%2Fgithub.com%2FMerovex%2Fargraver" "/workspace/builds/worker-5-tc2/source", kill_on_drop: false }`
[INFO] [stderr] Cloning into '/workspace/builds/worker-5-tc2/source'...
[INFO] [stderr] done.
[INFO] started tweaking git repo https://github.com/Merovex/argraver
[INFO] finished tweaking git repo https://github.com/Merovex/argraver
[INFO] tweaked toml for git repo https://github.com/Merovex/argraver written to /workspace/builds/worker-5-tc2/source/Cargo.toml
[INFO] validating manifest of git repo https://github.com/Merovex/argraver on toolchain 1.100.0-beta.1
[INFO] running `Command { std: CARGO_HOME="/workspace/cargo-home" RUSTUP_HOME="/workspace/rustup-home" "/workspace/cargo-home/bin/cargo" "+1.100.0-beta.1" "metadata" "--manifest-path" "Cargo.toml" "--no-deps", kill_on_drop: false }`
[INFO] crate git repo https://github.com/Merovex/argraver already has a lockfile, it will not be regenerated
[INFO] running `Command { std: CARGO_HOME="/workspace/cargo-home" RUSTUP_HOME="/workspace/rustup-home" "/workspace/cargo-home/bin/cargo" "+1.100.0-beta.1" "fetch" "--manifest-path" "Cargo.toml", kill_on_drop: false }`
[INFO] [stderr]     Blocking waiting for file lock on package cache
[INFO] [stderr]     Blocking waiting for file lock on package cache
[ERROR] error running command: no output for 300 seconds
[INFO] testing Merovex/argraver against 1.100.0-beta.1+cargoflags=--release for beta-release-1.100-2
[INFO] running `Command { std: "git" "clone" "/workspace/cache/git-repos/https%3A%2F%2Fgithub.com%2FMerovex%2Fargraver" "/workspace/builds/worker-5-tc2/source", kill_on_drop: false }`
[INFO] [stderr] Cloning into '/workspace/builds/worker-5-tc2/source'...
[INFO] [stderr] done.
[INFO] started tweaking git repo https://github.com/Merovex/argraver
[INFO] finished tweaking git repo https://github.com/Merovex/argraver
[INFO] tweaked toml for git repo https://github.com/Merovex/argraver written to /workspace/builds/worker-5-tc2/source/Cargo.toml
[INFO] validating manifest of git repo https://github.com/Merovex/argraver on toolchain 1.100.0-beta.1
[INFO] running `Command { std: CARGO_HOME="/workspace/cargo-home" RUSTUP_HOME="/workspace/rustup-home" "/workspace/cargo-home/bin/cargo" "+1.100.0-beta.1" "metadata" "--manifest-path" "Cargo.toml" "--no-deps", kill_on_drop: false }`
[INFO] crate git repo https://github.com/Merovex/argraver already has a lockfile, it will not be regenerated
[INFO] running `Command { std: CARGO_HOME="/workspace/cargo-home" RUSTUP_HOME="/workspace/rustup-home" "/workspace/cargo-home/bin/cargo" "+1.100.0-beta.1" "fetch" "--manifest-path" "Cargo.toml", kill_on_drop: false }`
[INFO] [stderr]     Blocking waiting for file lock on package cache
[INFO] [stderr]     Blocking waiting for file lock on package cache
[INFO] [stderr]  Downloading crates ...
[INFO] [stderr]   Downloaded utf8-width v0.1.8
[INFO] [stderr]   Downloaded html-escape v0.2.13
[INFO] [stderr]   Downloaded fmt2io v1.0.0
[INFO] [stderr]   Downloaded zlib-rs v0.6.4
[INFO] [stderr]   Downloaded upon v0.10.0
[INFO] [stderr]   Downloaded finl_unicode v1.4.0
[INFO] [stderr]   Downloaded xdg v3.0.0
[INFO] [stderr]   Downloaded caseless v0.2.2
[INFO] [stderr]   Downloaded jetscii v0.5.3
[INFO] [stderr]   Downloaded plist v1.9.0
[INFO] [stderr]   Downloaded zip v6.0.0
[INFO] [stderr]   Downloaded epub-builder v0.8.3
[INFO] [stderr]   Downloaded bon-macros v3.9.3
[INFO] [stderr]   Downloaded fancy-regex v0.16.2
[INFO] [stderr]   Downloaded bon v3.9.3
[INFO] [stderr]   Downloaded emojis v0.8.2
[INFO] [stderr]   Downloaded quick-xml v0.39.4
[INFO] [stderr]   Downloaded comrak v0.52.0
[INFO] [stderr]   Downloaded syntect v5.3.0
[INFO] running `Command { std: "docker" "create" "-v" "/var/lib/crater-agent-workspace/builds/worker-5-tc2/source:/opt/rustwide/workdir:ro,Z" "-v" "/var/lib/crater-agent-workspace/builds/worker-5-tc2/target:/opt/rustwide/target:rw,Z" "-v" "/var/lib/crater-agent-workspace/cargo-home:/opt/rustwide/cargo-home:ro,Z" "-v" "/var/lib/crater-agent-workspace/rustup-home:/opt/rustwide/rustup-home:ro,Z" "-m" "1610612736" "--network" "none" "ghcr.io/rust-lang/crates-build-env/linux@sha256:77db811e55d90add9212f6832c23229e3de5f1c1f9905e8cb07319ea15df73ac" "sleep" "infinity", kill_on_drop: false }`
[INFO] [stdout] 4652dc882cce3ff74e1f04bbfaeed3b4c7c96e9a11ed5e7e25cc5ac1c5a35c19
[INFO] running `Command { std: "docker" "start" "4652dc882cce3ff74e1f04bbfaeed3b4c7c96e9a11ed5e7e25cc5ac1c5a35c19", kill_on_drop: false }`
[INFO] running `Command { std: "docker" "inspect" "4652dc882cce3ff74e1f04bbfaeed3b4c7c96e9a11ed5e7e25cc5ac1c5a35c19", kill_on_drop: false }`
[INFO] running `Command { std: "docker" "exec" "-e" "SOURCE_DIR=/opt/rustwide/workdir" "-e" "CARGO_HOME=/opt/rustwide/cargo-home" "-e" "RUSTUP_HOME=/opt/rustwide/rustup-home" "-e" "CARGO_TARGET_DIR=/opt/rustwide/target" "-w" "/opt/rustwide/workdir" "--user" "0:0" "4652dc882cce3ff74e1f04bbfaeed3b4c7c96e9a11ed5e7e25cc5ac1c5a35c19" "/opt/rustwide/cargo-home/bin/cargo" "+1.100.0-beta.1" "metadata" "--no-deps" "--format-version=1", kill_on_drop: false }`
[INFO] running `Command { std: "docker" "inspect" "4652dc882cce3ff74e1f04bbfaeed3b4c7c96e9a11ed5e7e25cc5ac1c5a35c19", kill_on_drop: false }`
[INFO] running `Command { std: "docker" "exec" "-e" "SOURCE_DIR=/opt/rustwide/workdir" "-e" "CARGO_HOME=/opt/rustwide/cargo-home" "-e" "RUSTUP_HOME=/opt/rustwide/rustup-home" "-e" "CARGO_TARGET_DIR=/opt/rustwide/target" "-e" "CARGO_INCREMENTAL=0" "-e" "RUST_BACKTRACE=full" "-e" "RUSTFLAGS=--cap-lints=warn" "-e" "RUSTDOCFLAGS=--cap-lints=warn" "-w" "/opt/rustwide/workdir" "--user" "0:0" "4652dc882cce3ff74e1f04bbfaeed3b4c7c96e9a11ed5e7e25cc5ac1c5a35c19" "/opt/rustwide/cargo-home/bin/cargo" "+1.100.0-beta.1" "build" "--frozen" "--message-format=json" "--release", kill_on_drop: false }`
[INFO] [stderr]    Compiling quote v1.0.46
[INFO] [stderr]    Compiling simd-adler32 v0.3.9
[INFO] [stderr]    Compiling crossbeam-utils v0.8.21
[INFO] [stderr]    Compiling crc32fast v1.5.0
[INFO] [stderr]    Compiling proc-macro2 v1.0.106
[INFO] [stderr]    Compiling num-traits v0.2.19
[INFO] [stderr]    Compiling bitflags v2.13.0
[INFO] [stderr]    Compiling rayon-core v1.13.0
[INFO] [stderr]    Compiling libc v0.2.186
[INFO] [stderr]    Compiling miniz_oxide v0.8.9
[INFO] [stderr]    Compiling memchr v2.8.2
[INFO] [stderr]    Compiling thiserror v2.0.18
[INFO] [stderr]    Compiling zlib-rs v0.6.4
[INFO] [stderr]    Compiling syn v2.0.118
[INFO] [stderr]    Compiling log v0.4.33
[INFO] [stderr]    Compiling rustix v1.1.4
[INFO] [stderr]    Compiling crossbeam-epoch v0.9.18
[INFO] [stderr]    Compiling num-integer v0.1.46
[INFO] [stderr]    Compiling crossbeam-deque v0.8.6
[INFO] [stderr]    Compiling either v1.16.0
[INFO] [stderr]    Compiling anyhow v1.0.103
[INFO] [stderr]    Compiling linux-raw-sys v0.12.1
[INFO] [stderr]    Compiling cc v1.2.65
[INFO] [stderr]    Compiling num-bigint v0.4.6
[INFO] [stderr]    Compiling strsim v0.11.1
[INFO] [stderr]    Compiling siphasher v1.0.3
[INFO] [stderr]    Compiling zerocopy v0.8.52
[INFO] [stderr]    Compiling arrayvec v0.7.7
[INFO] [stderr]    Compiling pkg-config v0.3.33
[INFO] [stderr]    Compiling phf_shared v0.13.1
[INFO] [stderr]    Compiling as-slice v0.2.1
[INFO] [stderr]    Compiling rayon v1.12.0
[INFO] [stderr]    Compiling onig_sys v69.9.3
[INFO] [stderr]    Compiling built v0.8.1
[INFO] [stderr]    Compiling av-scenechange v0.14.1
[INFO] [stderr]    Compiling getrandom v0.4.3
[INFO] [stderr]    Compiling num-rational v0.4.2
[INFO] [stderr]    Compiling fastrand v2.4.1
[INFO] [stderr]    Compiling rav1e v0.8.1
[INFO] [stderr]    Compiling phf_generator v0.13.1
[INFO] [stderr]    Compiling flate2 v1.1.9
[INFO] [stderr]    Compiling aligned v0.4.3
[INFO] [stderr]    Compiling nom v8.0.0
[INFO] [stderr]    Compiling darling_core v0.23.0
[INFO] [stderr]    Compiling no_std_io2 v0.9.4
[INFO] [stderr]    Compiling pastey v0.1.1
[INFO] [stderr]    Compiling quick-error v2.0.1
[INFO] [stderr]    Compiling equivalent v1.0.2
[INFO] [stderr]    Compiling hashbrown v0.17.1
[INFO] [stderr]    Compiling y4m v0.8.0
[INFO] [stderr]    Compiling tinyvec v1.11.0
[INFO] [stderr]    Compiling equator-macro v0.4.2
[INFO] [stderr]    Compiling thiserror-impl v2.0.18
[INFO] [stderr]    Compiling serde_derive v1.0.228
[INFO] [stderr]    Compiling zerocopy-derive v0.8.52
[INFO] [stderr]    Compiling equator v0.4.2
[INFO] [stderr]    Compiling aligned-vec v0.6.4
[INFO] [stderr]    Compiling arg_enum_proc_macro v0.3.4
[INFO] [stderr]    Compiling v_frame v0.3.9
[INFO] [stderr]    Compiling profiling-procmacros v1.0.18
[INFO] [stderr]    Compiling indexmap v2.14.0
[INFO] [stderr]    Compiling profiling v1.0.18
[INFO] [stderr]    Compiling num-derive v0.4.2
[INFO] [stderr]    Compiling darling_macro v0.23.0
[INFO] [stderr]    Compiling darling v0.23.0
[INFO] [stderr]    Compiling bitstream-io v4.10.0
[INFO] [stderr]    Compiling maybe-rayon v0.1.1
[INFO] [stderr]    Compiling prettyplease v0.2.37
[INFO] [stderr]    Compiling av1-grain v0.2.5
[INFO] [stderr]    Compiling terminal_size v0.4.4
[INFO] [stderr]    Compiling phf_codegen v0.13.1
[INFO] [stderr]    Compiling itertools v0.14.0
[INFO] [stderr]    Compiling simd_helpers v0.1.0
[INFO] [stderr]    Compiling bumpalo v3.20.3
[INFO] [stderr]    Compiling num-conv v0.2.2
[INFO] [stderr]    Compiling noop_proc_macro v0.3.0
[INFO] [stderr]    Compiling new_debug_unreachable v1.0.6
[INFO] [stderr]    Compiling entities v1.0.1
[INFO] [stderr]    Compiling zune-core v0.5.1
[INFO] [stderr]    Compiling powerfmt v0.2.0
[INFO] [stderr]    Compiling deranged v0.5.8
[INFO] [stderr]    Compiling time-core v0.1.9
[INFO] [stderr]    Compiling weezl v0.1.12
[INFO] [stderr]    Compiling jetscii v0.5.3
[INFO] [stderr]    Compiling imgref v1.12.2
[INFO] [stderr]    Compiling smallvec v1.15.2
[INFO] [stderr]    Compiling clap_derive v4.6.1
[INFO] [stderr]    Compiling serde v1.0.228
[INFO] [stderr]    Compiling time v0.3.51
[INFO] [stderr]    Compiling loop9 v0.1.5
[INFO] [stderr]    Compiling clap_builder v4.6.0
[INFO] [stderr]    Compiling bincode v1.3.3
[INFO] [stderr]    Compiling walkdir v2.5.0
[INFO] [stderr]    Compiling zune-jpeg v0.5.15
[INFO] [stderr]    Compiling zopfli v0.8.3
[INFO] [stderr]    Compiling comrak v0.52.0
[INFO] [stderr]    Compiling bon-macros v3.9.3
[INFO] [stderr]    Compiling unicode-normalization v0.1.25
[INFO] [stderr]    Compiling phf v0.13.1
[INFO] [stderr]    Compiling half v2.7.1
[INFO] [stderr]    Compiling avif-serialize v0.8.9
[INFO] [stderr]    Compiling zune-inflate v0.2.54
[INFO] [stderr]    Compiling fdeflate v0.3.7
[INFO] [stderr]    Compiling byteorder-lite v0.1.0
[INFO] [stderr]    Compiling utf8-width v0.1.8
[INFO] [stderr]    Compiling bytemuck v1.25.0
[INFO] [stderr]    Compiling bit_field v0.10.3
[INFO] [stderr]    Compiling fax v0.2.7
[INFO] [stderr]    Compiling unicode-width v0.2.2
[INFO] [stderr]    Compiling rgb v0.8.53
[INFO] [stderr]    Compiling iana-time-zone v0.1.65
[INFO] [stderr]    Compiling unicode-ident v1.0.24
[INFO] [stderr]    Compiling pxfm v0.1.29
[INFO] [stderr]    Compiling regex-syntax v0.8.11
[INFO] [stderr]    Compiling lebe v0.5.3
[INFO] [stderr]    Compiling upon v0.10.0
[INFO] [stderr]    Compiling exr v1.74.0
[INFO] [stderr]    Compiling onig v6.5.3
[INFO] [stderr]    Compiling bon v3.9.3
[INFO] [stderr]    Compiling ravif v0.13.0
[INFO] [stderr]    Compiling moxcms v0.8.1
[INFO] [stderr]    Compiling syntect v5.3.0
[INFO] [stderr]    Compiling tempfile v3.27.0
[INFO] [stderr]    Compiling chrono v0.4.45
[INFO] [stderr]    Compiling tiff v0.11.3
[INFO] [stderr]    Compiling qoi v0.4.1
[INFO] [stderr]    Compiling gif v0.14.2
[INFO] [stderr]    Compiling clap v4.6.1
[INFO] [stderr]    Compiling image-webp v0.2.4
[INFO] [stderr]    Compiling html-escape v0.2.13
[INFO] [stderr]    Compiling png v0.18.1
[INFO] [stderr]    Compiling emojis v0.8.2
[INFO] [stderr]    Compiling caseless v0.2.2
[INFO] [stderr]    Compiling zip v6.0.0
[INFO] [stderr]    Compiling uuid v1.23.4
[INFO] [stderr]    Compiling typed-arena v2.0.2
[INFO] [stderr]    Compiling unsafe-libyaml v0.2.11
[INFO] [stderr]    Compiling xdg v3.0.0
[INFO] [stderr]    Compiling finl_unicode v1.4.0
[INFO] [stderr]    Compiling shell-words v1.1.1
[INFO] [stderr]    Compiling rustc-hash v2.1.2
[INFO] [stderr]    Compiling fmt2io v1.0.0
[INFO] [stderr]    Compiling serde_yaml v0.9.34+deprecated
[INFO] [stderr]    Compiling epub-builder v0.8.3
[INFO] [stderr]    Compiling image v0.25.10
[INFO] [stderr]    Compiling argraver v0.1.0 (/opt/rustwide/workdir)
[INFO] [stderr]     Finished `release` profile [optimized] target(s) in 6m 25s
[INFO] running `Command { std: "docker" "inspect" "4652dc882cce3ff74e1f04bbfaeed3b4c7c96e9a11ed5e7e25cc5ac1c5a35c19", kill_on_drop: false }`
[INFO] running `Command { std: "docker" "exec" "-e" "SOURCE_DIR=/opt/rustwide/workdir" "-e" "CARGO_HOME=/opt/rustwide/cargo-home" "-e" "RUSTUP_HOME=/opt/rustwide/rustup-home" "-e" "CARGO_TARGET_DIR=/opt/rustwide/target" "-e" "CARGO_INCREMENTAL=0" "-e" "RUST_BACKTRACE=full" "-e" "RUSTFLAGS=--cap-lints=warn" "-e" "RUSTDOCFLAGS=--cap-lints=warn" "-w" "/opt/rustwide/workdir" "--user" "0:0" "4652dc882cce3ff74e1f04bbfaeed3b4c7c96e9a11ed5e7e25cc5ac1c5a35c19" "/opt/rustwide/cargo-home/bin/cargo" "+1.100.0-beta.1" "test" "--frozen" "--no-run" "--message-format=json" "--release", kill_on_drop: false }`
[INFO] [stderr]    Compiling argraver v0.1.0 (/opt/rustwide/workdir)
[INFO] [stderr]     Finished `release` profile [optimized] target(s) in 5.28s
[INFO] running `Command { std: "docker" "inspect" "4652dc882cce3ff74e1f04bbfaeed3b4c7c96e9a11ed5e7e25cc5ac1c5a35c19", kill_on_drop: false }`
[INFO] running `Command { std: "docker" "exec" "-e" "SOURCE_DIR=/opt/rustwide/workdir" "-e" "CARGO_HOME=/opt/rustwide/cargo-home" "-e" "RUSTUP_HOME=/opt/rustwide/rustup-home" "-e" "CARGO_TARGET_DIR=/opt/rustwide/target" "-e" "CARGO_INCREMENTAL=0" "-e" "RUST_BACKTRACE=full" "-e" "RUSTFLAGS=--cap-lints=warn" "-e" "RUSTDOCFLAGS=--cap-lints=warn" "-w" "/opt/rustwide/workdir" "--user" "0:0" "4652dc882cce3ff74e1f04bbfaeed3b4c7c96e9a11ed5e7e25cc5ac1c5a35c19" "/opt/rustwide/cargo-home/bin/cargo" "+1.100.0-beta.1" "test" "--frozen" "--release", kill_on_drop: false }`
[INFO] [stderr]     Finished `release` profile [optimized] target(s) in 0.26s
[INFO] [stderr]      Running unittests src/lib.rs (/opt/rustwide/target/release/build/argraver/2eb257af081cac64/out/argraver-2eb257af081cac64)
[INFO] [stdout] 
[INFO] [stdout] running 31 tests
[INFO] [stdout] test ingest::tests::strip_fm_handles_terminal_dots_fence ... ok
[INFO] [stdout] test render_html::tests::cover_page_references_the_embedded_image ... ok
[INFO] [stdout] test ingest::tests::project_name_strips_manuscript_suffix ... ok
[INFO] [stdout] test ingest::tests::strip_fm_drops_leading_yaml_block ... ok
[INFO] [stdout] test ingest::tests::init_template_is_valid_metadata ... ok
[INFO] [stdout] test ingest::tests::strip_fm_keeps_block_without_a_key ... ok
[INFO] [stdout] test render_html::tests::footnotes_render_as_a_section ... ok
[INFO] [stdout] test render_html::tests::h4_becomes_runin_merged_into_paragraph ... ok
[INFO] [stdout] test render_html::tests::front_matter_uses_defaults ... ok
[INFO] [stdout] test ingest::tests::strip_fm_keeps_scene_break_rule ... ok
[INFO] [stdout] test render_typst::tests::backslash_escaped_first ... ok
[INFO] [stdout] test render_html::tests::splits_at_h1_and_drops_leading_rule ... ok
[INFO] [stdout] test render_html::tests::scene_break_style_controls_the_rule ... ok
[INFO] [stdout] test render_typst::tests::body_drops_leading_rule_and_marks_drop_cap ... ok
[INFO] [stdout] test render_html::tests::scene_break_before_heading_is_dropped ... ok
[INFO] [stdout] test render_typst::tests::book_parses_scene_break_setting ... ok
[INFO] [stdout] test render_html::tests::scene_break_rule_is_kept ... ok
[INFO] [stdout] test render_html::tests::drop_cap_wraps_first_letter ... ok
[INFO] [stdout] test render_typst::tests::escapes_typst_metacharacters ... ok
[INFO] [stdout] test render_typst::tests::fonts_from_metadata_with_fallback ... ok
[INFO] [stdout] test render_html::tests::h4_standalone_when_no_paragraph_follows ... ok
[INFO] [stdout] test render_typst::tests::gutter_scales_with_page_count ... ok
[INFO] [stdout] test render_typst::tests::chapter_start_directive ... ok
[INFO] [stdout] test render_typst::tests::emphasis_and_footnotes ... ok
[INFO] [stdout] test render_typst::tests::scene_break_def_per_style ... ok
[INFO] [stdout] test render_typst::tests::keeps_typographic_quotes_and_dashes ... ok
[INFO] [stdout] test render_typst::tests::margins_scale_with_trim_and_width ... ok
[INFO] [stdout] test render_typst::tests::scene_break_becomes_scenebreak ... ok
[INFO] [stdout] test render_typst::tests::scene_break_before_heading_is_dropped ... ok
[INFO] [stdout] test render_typst::tests::h4_runs_into_following_paragraph ... ok
[INFO] [stdout] test render_typst::tests::h4_without_following_paragraph_is_standalone ... ok
[INFO] [stdout] 
[INFO] [stdout] test result: ok. 31 passed; 0 failed; 0 ignored; 0 measured; 0 filtered out; finished in 0.01s
[INFO] [stdout] 
[INFO] [stderr]      Running unittests src/main.rs (/opt/rustwide/target/release/build/argraver/b14f759f36a74636/out/argraver-b14f759f36a74636)
[INFO] [stdout] 
[INFO] [stdout] running 0 tests
[INFO] [stdout] 
[INFO] [stdout] test result: ok. 0 passed; 0 failed; 0 ignored; 0 measured; 0 filtered out; finished in 0.00s
[INFO] [stdout] 
[INFO] [stderr]    Doc-tests argraver
[INFO] [stdout] 
[INFO] [stdout] running 1 test
[INFO] [stdout] test src/ingest.rs - ingest::project_of (line 201) ... ok
[INFO] [stdout] 
[INFO] [stdout] test result: ok. 1 passed; 0 failed; 0 ignored; 0 measured; 0 filtered out; finished in 0.43s
[INFO] [stdout] 
[INFO] running `Command { std: "docker" "inspect" "4652dc882cce3ff74e1f04bbfaeed3b4c7c96e9a11ed5e7e25cc5ac1c5a35c19", kill_on_drop: false }`
[INFO] running `Command { std: "docker" "rm" "-f" "4652dc882cce3ff74e1f04bbfaeed3b4c7c96e9a11ed5e7e25cc5ac1c5a35c19", kill_on_drop: false }`
[INFO] [stdout] 4652dc882cce3ff74e1f04bbfaeed3b4c7c96e9a11ed5e7e25cc5ac1c5a35c19
