[INFO] fetching crate zzz-arc 0.4.3...
[INFO] testing zzz-arc-0.4.3 against 1.99.0-beta.8+cargoflags=--release for beta-release-1.100-2
[INFO] extracting crate zzz-arc 0.4.3 into /workspace/builds/worker-4-tc1/source
[INFO] started tweaking crates.io crate zzz-arc 0.4.3
[INFO] removed 0 missing tests
[INFO] finished tweaking crates.io crate zzz-arc 0.4.3
[INFO] tweaked toml for crates.io crate zzz-arc 0.4.3 written to /workspace/builds/worker-4-tc1/source/Cargo.toml
[INFO] validating manifest of crates.io crate zzz-arc 0.4.3 on toolchain 1.99.0-beta.8
[INFO] running `Command { std: CARGO_HOME="/workspace/cargo-home" RUSTUP_HOME="/workspace/rustup-home" "/workspace/cargo-home/bin/cargo" "+1.99.0-beta.8" "metadata" "--manifest-path" "Cargo.toml" "--no-deps", kill_on_drop: false }`
[INFO] crate crates.io crate zzz-arc 0.4.3 already has a lockfile, it will not be regenerated
[INFO] running `Command { std: CARGO_HOME="/workspace/cargo-home" RUSTUP_HOME="/workspace/rustup-home" "/workspace/cargo-home/bin/cargo" "+1.99.0-beta.8" "fetch" "--manifest-path" "Cargo.toml", kill_on_drop: false }`
[INFO] [stderr]     Updating crates.io index
[INFO] [stderr]  Downloading crates ...
[INFO] [stderr]   Downloaded zopfli v0.8.3
[INFO] [stderr]   Downloaded simd-adler32 v0.3.8
[INFO] [stderr]   Downloaded plain v0.2.3
[INFO] [stderr]   Downloaded zip v7.2.0
[INFO] [stderr]   Downloaded zeroize_derive v1.4.3
[INFO] [stderr]   Downloaded libredox v0.1.14
[INFO] [stderr]   Downloaded argon2 v0.5.3
[INFO] [stderr]   Downloaded tree_magic_mini v3.2.2
[INFO] [stderr]   Downloaded typed-path v0.12.3
[INFO] [stderr]   Downloaded time-core v0.1.8
[INFO] [stderr]   Downloaded cbc v0.1.2
[INFO] [stderr]   Downloaded clap_derive v4.5.55
[INFO] [stderr]   Downloaded float-cmp v0.10.0
[INFO] [stderr]   Downloaded colorchoice v1.0.4
[INFO] [stderr]   Downloaded constant_time_eq v0.3.1
[INFO] [stderr]   Downloaded filetime_creation v0.2.0
[INFO] [stderr]   Downloaded crc v3.4.0
[INFO] [stderr]   Downloaded normalize-line-endings v0.3.0
[INFO] [stderr]   Downloaded unit-prefix v0.5.2
[INFO] [stderr]   Downloaded xz2 v0.1.7
[INFO] [stderr]   Downloaded predicates v3.1.4
[INFO] [stderr]   Downloaded ghash v0.5.1
[INFO] [stderr]   Downloaded polyval v0.6.2
[INFO] [stderr]   Downloaded nt-time v0.8.1
[INFO] [stderr]   Downloaded encode_unicode v1.0.0
[INFO] [stderr]   Downloaded bit-vec v0.7.0
[INFO] [stderr]   Downloaded predicates-tree v1.0.13
[INFO] [stderr]   Downloaded bzip2 v0.6.1
[INFO] [stderr]   Downloaded libbz2-rs-sys v0.2.2
[INFO] [stderr]   Downloaded filetime v0.2.27
[INFO] [stderr]   Downloaded lzma-rust v0.1.7
[INFO] [stderr]   Downloaded console v0.16.2
[INFO] [stderr]   Downloaded assert_cmd v2.2.0
[INFO] [stderr]   Downloaded block-padding v0.3.3
[INFO] [stderr]   Downloaded glob v0.3.3
[INFO] [stderr]   Downloaded anstream v0.6.21
[INFO] [stderr]   Downloaded sha1 v0.10.6
[INFO] [stderr]   Downloaded termtree v0.5.1
[INFO] [stderr]   Downloaded anstyle v1.0.13
[INFO] [stderr]   Downloaded nom v8.0.0
[INFO] [stderr]   Downloaded redox_syscall v0.7.3
[INFO] [stderr]   Downloaded difflib v0.4.0
[INFO] [stderr]   Downloaded clap v4.5.60
[INFO] [stderr]   Downloaded anstyle-parse v0.2.7
[INFO] [stderr]   Downloaded regex v1.12.3
[INFO] [stderr]   Downloaded clap_lex v1.0.0
[INFO] [stderr]   Downloaded tar v0.4.44
[INFO] [stderr]   Downloaded time v0.3.47
[INFO] [stderr]   Downloaded num-conv v0.2.0
[INFO] [stderr]   Downloaded unrar_sys v0.5.8
[INFO] [stderr]   Downloaded unrar v0.5.8
[INFO] [stderr]   Downloaded zerocopy v0.8.42
[INFO] [stderr]   Downloaded bstr v1.12.1
[INFO] [stderr]   Downloaded bit-set v0.6.0
[INFO] [stderr]   Downloaded predicates-core v1.0.10
[INFO] [stderr]   Downloaded sevenz-rust v0.6.1
[INFO] [stderr]   Downloaded time-macros v0.2.27
[INFO] [stderr]   Downloaded zerocopy-derive v0.8.42
[INFO] [stderr]   Downloaded indicatif v0.18.4
[INFO] [stderr]   Downloaded zlib-rs v0.6.3
[INFO] [stderr]   Downloaded regex-syntax v0.8.10
[INFO] [stderr]   Downloaded unicode-width v0.2.2
[INFO] [stderr]   Downloaded clap_builder v4.5.60
[INFO] [stderr]   Downloaded regex-automata v0.4.14
[INFO] [stderr]   Downloaded lzma-sys v0.1.20
[INFO] running `Command { std: "docker" "create" "-v" "/var/lib/crater-agent-workspace/builds/worker-4-tc1/source:/opt/rustwide/workdir:ro,Z" "-v" "/var/lib/crater-agent-workspace/builds/worker-4-tc1/target:/opt/rustwide/target:rw,Z" "-v" "/var/lib/crater-agent-workspace/cargo-home:/opt/rustwide/cargo-home:ro,Z" "-v" "/var/lib/crater-agent-workspace/rustup-home:/opt/rustwide/rustup-home:ro,Z" "-m" "1610612736" "--network" "none" "ghcr.io/rust-lang/crates-build-env/linux@sha256:77db811e55d90add9212f6832c23229e3de5f1c1f9905e8cb07319ea15df73ac" "sleep" "infinity", kill_on_drop: false }`
[INFO] [stdout] 77a5adc201cea42edb5925ae9a54b76cb304db5183ec07a03f498f75dede9d47
[INFO] running `Command { std: "docker" "start" "77a5adc201cea42edb5925ae9a54b76cb304db5183ec07a03f498f75dede9d47", kill_on_drop: false }`
[INFO] running `Command { std: "docker" "inspect" "77a5adc201cea42edb5925ae9a54b76cb304db5183ec07a03f498f75dede9d47", kill_on_drop: false }`
[INFO] running `Command { std: "docker" "exec" "-e" "SOURCE_DIR=/opt/rustwide/workdir" "-e" "CARGO_HOME=/opt/rustwide/cargo-home" "-e" "RUSTUP_HOME=/opt/rustwide/rustup-home" "-e" "CARGO_TARGET_DIR=/opt/rustwide/target" "-w" "/opt/rustwide/workdir" "--user" "0:0" "77a5adc201cea42edb5925ae9a54b76cb304db5183ec07a03f498f75dede9d47" "/opt/rustwide/cargo-home/bin/cargo" "+1.99.0-beta.8" "metadata" "--no-deps" "--format-version=1", kill_on_drop: false }`
[INFO] running `Command { std: "docker" "inspect" "77a5adc201cea42edb5925ae9a54b76cb304db5183ec07a03f498f75dede9d47", kill_on_drop: false }`
[INFO] running `Command { std: "docker" "exec" "-e" "SOURCE_DIR=/opt/rustwide/workdir" "-e" "CARGO_HOME=/opt/rustwide/cargo-home" "-e" "RUSTUP_HOME=/opt/rustwide/rustup-home" "-e" "CARGO_TARGET_DIR=/opt/rustwide/target" "-e" "CARGO_INCREMENTAL=0" "-e" "RUST_BACKTRACE=full" "-e" "RUSTFLAGS=--cap-lints=warn" "-e" "RUSTDOCFLAGS=--cap-lints=warn" "-w" "/opt/rustwide/workdir" "--user" "0:0" "77a5adc201cea42edb5925ae9a54b76cb304db5183ec07a03f498f75dede9d47" "/opt/rustwide/cargo-home/bin/cargo" "+1.99.0-beta.8" "build" "--frozen" "--message-format=json" "--release", kill_on_drop: false }`
[INFO] [stderr]    Compiling libc v0.2.183
[INFO] [stderr]    Compiling num-conv v0.2.0
[INFO] [stderr]    Compiling simd-adler32 v0.3.8
[INFO] [stderr]    Compiling rustix v1.1.4
[INFO] [stderr]    Compiling bitflags v2.11.0
[INFO] [stderr]    Compiling opaque-debug v0.3.1
[INFO] [stderr]    Compiling hashbrown v0.15.5
[INFO] [stderr]    Compiling block-padding v0.3.3
[INFO] [stderr]    Compiling syn v2.0.117
[INFO] [stderr]    Compiling anstream v0.6.21
[INFO] [stderr]    Compiling fixedbitset v0.5.7
[INFO] [stderr]    Compiling bumpalo v3.20.2
[INFO] [stderr]    Compiling libbz2-rs-sys v0.2.2
[INFO] [stderr]    Compiling base64ct v1.8.3
[INFO] [stderr]    Compiling clap_lex v1.0.0
[INFO] [stderr]    Compiling zlib-rs v0.6.3
[INFO] [stderr]    Compiling time-macros v0.2.27
[INFO] [stderr]    Compiling bit-vec v0.7.0
[INFO] [stderr]    Compiling inout v0.1.4
[INFO] [stderr]    Compiling lzma-rust v0.1.7
[INFO] [stderr]    Compiling miniz_oxide v0.8.9
[INFO] [stderr]    Compiling bit-set v0.6.0
[INFO] [stderr]    Compiling zopfli v0.8.3
[INFO] [stderr]    Compiling clap_builder v4.5.60
[INFO] [stderr]    Compiling crc v3.4.0
[INFO] [stderr]    Compiling nom v8.0.0
[INFO] [stderr]    Compiling unit-prefix v0.5.2
[INFO] [stderr]    Compiling time v0.3.47
[INFO] [stderr]    Compiling typed-path v0.12.3
[INFO] [stderr]    Compiling constant_time_eq v0.3.1
[INFO] [stderr]    Compiling glob v0.3.3
[INFO] [stderr]    Compiling petgraph v0.8.3
[INFO] [stderr]    Compiling bzip2 v0.6.1
[INFO] [stderr]    Compiling jobserver v0.1.34
[INFO] [stderr]    Compiling nt-time v0.8.1
[INFO] [stderr]    Compiling getrandom v0.2.17
[INFO] [stderr]    Compiling cc v1.2.56
[INFO] [stderr]    Compiling rand_core v0.6.4
[INFO] [stderr]    Compiling filetime v0.2.27
[INFO] [stderr]    Compiling console v0.16.2
[INFO] [stderr]    Compiling getrandom v0.3.4
[INFO] [stderr]    Compiling xattr v1.6.1
[INFO] [stderr]    Compiling crypto-common v0.1.7
[INFO] [stderr]    Compiling rand_chacha v0.3.1
[INFO] [stderr]    Compiling password-hash v0.5.0
[INFO] [stderr]    Compiling digest v0.10.7
[INFO] [stderr]    Compiling cipher v0.4.4
[INFO] [stderr]    Compiling universal-hash v0.5.1
[INFO] [stderr]    Compiling aes v0.8.4
[INFO] [stderr]    Compiling polyval v0.6.2
[INFO] [stderr]    Compiling hmac v0.12.1
[INFO] [stderr]    Compiling pbkdf2 v0.12.2
[INFO] [stderr]    Compiling ghash v0.5.1
[INFO] [stderr]    Compiling rand v0.8.5
[INFO] [stderr]    Compiling cbc v0.1.2
[INFO] [stderr]    Compiling ctr v0.9.2
[INFO] [stderr]    Compiling sha1 v0.10.6
[INFO] [stderr]    Compiling blake2 v0.10.6
[INFO] [stderr]    Compiling sha2 v0.10.9
[INFO] [stderr]    Compiling aead v0.5.2
[INFO] [stderr]    Compiling filetime_creation v0.2.0
[INFO] [stderr]    Compiling flate2 v1.1.9
[INFO] [stderr]    Compiling aes-gcm v0.10.3
[INFO] [stderr]    Compiling argon2 v0.5.3
[INFO] [stderr]    Compiling indicatif v0.18.4
[INFO] [stderr]    Compiling zstd-sys v2.0.16+zstd.1.5.7
[INFO] [stderr]    Compiling lzma-sys v0.1.20
[INFO] [stderr]    Compiling tar v0.4.44
[INFO] [stderr]    Compiling num_cpus v1.17.0
[INFO] [stderr]    Compiling xz2 v0.1.7
[INFO] [stderr]    Compiling tree_magic_mini v3.2.2
[INFO] [stderr]    Compiling sevenz-rust v0.6.1
[INFO] [stderr]    Compiling zeroize_derive v1.4.3
[INFO] [stderr]    Compiling clap_derive v4.5.55
[INFO] [stderr]    Compiling zeroize v1.8.2
[INFO] [stderr]    Compiling clap v4.5.60
[INFO] [stderr]    Compiling zstd-safe v7.2.4
[INFO] [stderr]    Compiling zstd v0.13.3
[INFO] [stderr]    Compiling zip v7.2.0
[INFO] [stderr]    Compiling zzz-arc v0.4.3 (/opt/rustwide/workdir)
[INFO] [stderr]     Finished `release` profile [optimized] target(s) in 21.38s
[INFO] running `Command { std: "docker" "inspect" "77a5adc201cea42edb5925ae9a54b76cb304db5183ec07a03f498f75dede9d47", kill_on_drop: false }`
[INFO] running `Command { std: "docker" "exec" "-e" "SOURCE_DIR=/opt/rustwide/workdir" "-e" "CARGO_HOME=/opt/rustwide/cargo-home" "-e" "RUSTUP_HOME=/opt/rustwide/rustup-home" "-e" "CARGO_TARGET_DIR=/opt/rustwide/target" "-e" "CARGO_INCREMENTAL=0" "-e" "RUST_BACKTRACE=full" "-e" "RUSTFLAGS=--cap-lints=warn" "-e" "RUSTDOCFLAGS=--cap-lints=warn" "-w" "/opt/rustwide/workdir" "--user" "0:0" "77a5adc201cea42edb5925ae9a54b76cb304db5183ec07a03f498f75dede9d47" "/opt/rustwide/cargo-home/bin/cargo" "+1.99.0-beta.8" "test" "--frozen" "--no-run" "--message-format=json" "--release", kill_on_drop: false }`
[INFO] [stderr]    Compiling rustix v1.1.4
[INFO] [stderr]    Compiling aho-corasick v1.1.4
[INFO] [stderr]    Compiling predicates-core v1.0.10
[INFO] [stderr]    Compiling float-cmp v0.10.0
[INFO] [stderr]    Compiling termtree v0.5.1
[INFO] [stderr]    Compiling assert_cmd v2.2.0
[INFO] [stderr]    Compiling getrandom v0.4.2
[INFO] [stderr]    Compiling wait-timeout v0.2.1
[INFO] [stderr]    Compiling predicates-tree v1.0.13
[INFO] [stderr]    Compiling regex-automata v0.4.14
[INFO] [stderr]    Compiling xattr v1.6.1
[INFO] [stderr]    Compiling tempfile v3.27.0
[INFO] [stderr]    Compiling tar v0.4.44
[INFO] [stderr]    Compiling zzz-arc v0.4.3 (/opt/rustwide/workdir)
[INFO] [stderr]    Compiling regex v1.12.3
[INFO] [stderr]    Compiling bstr v1.12.1
[INFO] [stderr]    Compiling predicates v3.1.4
[INFO] [stderr]     Finished `release` profile [optimized] target(s) in 8.23s
[INFO] running `Command { std: "docker" "inspect" "77a5adc201cea42edb5925ae9a54b76cb304db5183ec07a03f498f75dede9d47", kill_on_drop: false }`
[INFO] running `Command { std: "docker" "exec" "-e" "SOURCE_DIR=/opt/rustwide/workdir" "-e" "CARGO_HOME=/opt/rustwide/cargo-home" "-e" "RUSTUP_HOME=/opt/rustwide/rustup-home" "-e" "CARGO_TARGET_DIR=/opt/rustwide/target" "-e" "CARGO_INCREMENTAL=0" "-e" "RUST_BACKTRACE=full" "-e" "RUSTFLAGS=--cap-lints=warn" "-e" "RUSTDOCFLAGS=--cap-lints=warn" "-w" "/opt/rustwide/workdir" "--user" "0:0" "77a5adc201cea42edb5925ae9a54b76cb304db5183ec07a03f498f75dede9d47" "/opt/rustwide/cargo-home/bin/cargo" "+1.99.0-beta.8" "test" "--frozen" "--release", kill_on_drop: false }`
[INFO] [stderr]     Finished `release` profile [optimized] target(s) in 0.09s
[INFO] [stderr]      Running unittests src/lib.rs (/opt/rustwide/target/release/deps/zzz_arc-af95da77f20173fd)
[INFO] [stdout] 
[INFO] [stdout] running 28 tests
[INFO] [stdout] test encryption::tests::test_decrypting_reader_rejects_large_chunk_len ... ok
[INFO] [stdout] test encryption::tests::test_decrypting_reader_wrong_key ... ok
[INFO] [stdout] test encryption::tests::test_decrypting_reader_simple_roundtrip ... ok
[INFO] [stdout] test encryption::tests::test_derive_key_invalid_salt_length ... ok
[INFO] [stdout] test encryption::tests::test_encrypting_writer_simple ... ok
[INFO] [stdout] test filter::tests::test_custom_excludes_override_defaults ... ok
[INFO] [stdout] test filter::tests::test_file_filter_with_defaults ... ok
[INFO] [stdout] test filter::tests::test_invalid_pattern ... ok
[INFO] [stdout] test filter::tests::test_custom_excludes ... ok
[INFO] [stdout] test filter::tests::test_path_vs_filename_matching ... ok
[INFO] [stdout] test filter::tests::test_file_filter_without_defaults ... ok
[INFO] [stdout] test filter::tests::test_path_based_matching ... ok
[INFO] [stdout] test progress::tests::test_progress_disabled ... ok
[INFO] [stdout] test filter::tests::test_sensitive_patterns_match_paths ... ok
[INFO] [stdout] test progress::tests::test_progress_enabled ... ok
[INFO] [stdout] test progress::tests::test_progress_update_beyond_total ... ok
[INFO] [stdout] test progress::tests::test_progress_is_verbose ... ok
[INFO] [stdout] test progress::tests::test_progress_verbose_without_bar ... ok
[INFO] [stdout] test progress::tests::test_progress_zero_total ... ok
[INFO] [stdout] test utils::tests::test_format_bytes ... ok
[INFO] [stdout] test utils::tests::test_calculate_dir_size_single_file ... ok
[INFO] [stdout] test utils::tests::test_normalize_archive_path_non_windows ... ok
[INFO] [stdout] test utils::tests::test_calculate_dir_size_empty_directory ... ok
[INFO] [stdout] test utils::tests::test_prepare_extract_target_rejects_existing_file ... ok
[INFO] [stdout] test utils::tests::test_prepare_extract_target_allows_existing_dir ... ok
[INFO] [stdout] test utils::tests::test_calculate_dir_size_directory ... ok
[INFO] [stdout] test encryption::tests::test_derive_key_new_salt ... ok
[INFO] [stdout] test encryption::tests::test_derive_key_with_provided_salt ... ok
[INFO] [stdout] 
[INFO] [stdout] test result: ok. 28 passed; 0 failed; 0 ignored; 0 measured; 0 filtered out; finished in 0.29s
[INFO] [stdout] 
[INFO] [stderr]      Running unittests src/main.rs (/opt/rustwide/target/release/deps/zzz-0724c045b2420464)
[INFO] [stdout] 
[INFO] [stdout] running 0 tests
[INFO] [stdout] 
[INFO] [stdout] test result: ok. 0 passed; 0 failed; 0 ignored; 0 measured; 0 filtered out; finished in 0.00s
[INFO] [stdout] 
[INFO] [stderr]      Running tests/cli_tests.rs (/opt/rustwide/target/release/deps/cli_tests-4e5ccba887ab4cfe)
[INFO] [stdout] 
[INFO] [stdout] running 24 tests
[INFO] [stdout] test test_cli_help ... ok
[INFO] [stdout] test test_cli_version ... ok
[INFO] [stdout] test test_compress_output_inside_input_rejected ... ok
[INFO] [stdout] test test_compress_help ... ok
[INFO] [stdout] test test_error_missing_input_file ... ok
[INFO] [stdout] test test_extract_help ... ok
[INFO] [stdout] test test_compress_with_custom_level ... ok
[INFO] [stdout] test test_compress_allow_symlink_escape_requires_follow ... ok
[INFO] [stdout] test test_error_invalid_compression_level ... ok
[INFO] [stdout] test test_redact_excludes_sensitive_files ... ok
[INFO] [stdout] test test_compress_auto_output_name ... ok
[INFO] [stdout] test test_compress_follow_symlinks_cli ... ok
[INFO] [stdout] test test_compress_directory ... ok
[INFO] [stdout] test test_extract_archive ... ok
[INFO] [stdout] test test_compress_with_custom_excludes ... ok
[INFO] [stdout] test test_compress_single_file ... ok
[INFO] [stdout] test test_list_archive ... ok
[INFO] [stdout] test test_compress_with_short_alias ... ok
[INFO] [stdout] test test_verbose_output ... ok
[INFO] [stdout] test test_extract_with_alias ... ok
[INFO] [stdout] test test_defaults_do_not_exclude_sensitive_files ... ok
[INFO] [stdout] test test_list_with_alias_and_verbose ... ok
[INFO] [stdout] test test_redact_excludes_sensitive_files_without_defaults ... ok
[INFO] [stdout] test test_compress_single_file_excluded ... ok
[INFO] [stdout] 
[INFO] [stdout] test result: ok. 24 passed; 0 failed; 0 ignored; 0 measured; 0 filtered out; finished in 0.11s
[INFO] [stdout] 
[INFO] [stderr]      Running tests/error_tests.rs (/opt/rustwide/target/release/deps/error_tests-2290f09ce6366e8d)
[INFO] [stdout] 
[INFO] [stdout] running 20 tests
[INFO] [stdout] test test_compress_follow_symlink_escape_rejected ... ok
[INFO] [stdout] test test_invalid_glob_pattern_in_filter ... ok
[INFO] [stdout] test test_compress_invalid_output_directory ... ok
[INFO] [stdout] test test_directory_traversal_protection ... ok
[INFO] [stdout] test test_compress_rejects_symlink ... ok
[INFO] [stdout] test test_compress_nonexistent_file ... ok
[INFO] [stdout] test test_extract_nonexistent_archive ... ok
[INFO] [stdout] test test_list_nonexistent_archive ... ok
[INFO] [stdout] test test_extract_corrupted_archive ... ok
[INFO] [stdout] test test_list_corrupted_archive ... ok
[INFO] [stdout] test test_extract_rejects_unsafe_paths ... ok
[INFO] [stdout] test test_extract_rejects_symlink_ancestor ... ok
[INFO] [stdout] test test_zip_integrity_detects_corruption ... ok
[INFO] [stdout] test test_very_long_filename ... ok
[INFO] [stdout] test test_compress_follow_symlink_escape_allowed ... ok
[INFO] [stdout] test test_compress_follow_symlink ... ok
[INFO] [stdout] test test_overwrite_protection ... ok
[INFO] [stdout] test test_extract_to_readonly_directory ... FAILED
[INFO] [stdout] test test_empty_directory_handling ... ok
[INFO] [stdout] test test_zero_byte_file ... ok
[INFO] [stdout] 
[INFO] [stdout] failures:
[INFO] [stdout] 
[INFO] [stdout] ---- test_extract_to_readonly_directory stdout ----
[INFO] [stdout] 
[INFO] [stdout] thread 'test_extract_to_readonly_directory' (2387) panicked at tests/error_tests.rs:154:5:
[INFO] [stdout] assertion failed: result.is_err()
[INFO] [stdout] stack backtrace:
[INFO] [stdout]    0:     0x6473e0cc6a21 - <<std[70759c8f55707aa4]::sys::backtrace::BacktraceLock>::print::DisplayBacktrace as core[df12db4294e9bfd3]::fmt::Display>::fmt
[INFO] [stdout]    1:     0x6473e0cdcd2a - core[df12db4294e9bfd3]::fmt::write
[INFO] [stdout]    2:     0x6473e0ccbbec - <alloc[2182bb758b4b3781]::vec::Vec<u8> as core[df12db4294e9bfd3]::io::write::Write>::write_fmt
[INFO] [stdout]    3:     0x6473e0c9f3f6 - std[70759c8f55707aa4]::panicking::default_hook::{closure#0}
[INFO] [stdout]    4:     0x6473e0cbd599 - std[70759c8f55707aa4]::panicking::default_hook
[INFO] [stdout]    5:     0x6473e0add2b0 - test[9d35eded1c95d3be]::test_main_inner::<test[9d35eded1c95d3be]::test_main_static::{closure#0}>::{closure#0}
[INFO] [stdout]    6:     0x6473e0cbd752 - std[70759c8f55707aa4]::panicking::panic_with_hook
[INFO] [stdout]    7:     0x6473e0c9f4d4 - std[70759c8f55707aa4]::panicking::panic_handler::{closure#0}
[INFO] [stdout]    8:     0x6473e0c97879 - std[70759c8f55707aa4]::sys::backtrace::__rust_end_short_backtrace::<std[70759c8f55707aa4]::panicking::panic_handler::{closure#0}, !>
[INFO] [stdout]    9:     0x6473e0ca044d - __rustc[8fa7c3cbc660c2b3]::rust_begin_unwind
[INFO] [stdout]   10:     0x6473e0cdd45c - core[df12db4294e9bfd3]::panicking::panic_fmt
[INFO] [stdout]   11:     0x6473e0cdd422 - core[df12db4294e9bfd3]::panicking::panic
[INFO] [stdout]   12:     0x6473e0ab5e31 - <error_tests[d9ce92b5e35033ba]::test_extract_to_readonly_directory::{closure#0} as core[df12db4294e9bfd3]::ops::function::FnOnce<()>>::call_once
[INFO] [stdout]   13:     0x6473e0ad059b - test[9d35eded1c95d3be]::__rust_begin_short_backtrace::<core[df12db4294e9bfd3]::result::Result<(), alloc[2182bb758b4b3781]::string::String>, fn() -> core[df12db4294e9bfd3]::result::Result<(), alloc[2182bb758b4b3781]::string::String>>
[INFO] [stdout]   14:     0x6473e0addc05 - test[9d35eded1c95d3be]::run_test::{closure#0}
[INFO] [stdout]   15:     0x6473e0ad74c4 - std[70759c8f55707aa4]::sys::backtrace::__rust_begin_short_backtrace::<test[9d35eded1c95d3be]::run_test::{closure#1}, ()>
[INFO] [stdout]   16:     0x6473e0ae0d62 - <std[70759c8f55707aa4]::thread::lifecycle::spawn_unchecked<test[9d35eded1c95d3be]::run_test::{closure#1}, ()>::{closure#1} as core[df12db4294e9bfd3]::ops::function::FnOnce<()>>::call_once::{shim:vtable#0}
[INFO] [stdout]   17:     0x6473e0cc5a49 - <std[70759c8f55707aa4]::sys::thread::unix::Thread>::new::thread_start
[INFO] [stdout]   18:     0x742aa67f2dfa - <unknown>
[INFO] [stdout]   19:     0x742aa68863d4 - clone
[INFO] [stdout]   20:                0x0 - <unknown>
[INFO] [stdout] 
[INFO] [stdout] 
[INFO] [stdout] failures:
[INFO] [stdout]     test_extract_to_readonly_directory
[INFO] [stdout] 
[INFO] [stdout] test result: FAILED. 19 passed; 1 failed; 0 ignored; 0 measured; 0 filtered out; finished in 0.10s
[INFO] [stdout] 
[INFO] [stderr] error: test failed, to rerun pass `--test error_tests`
[INFO] running `Command { std: "docker" "inspect" "77a5adc201cea42edb5925ae9a54b76cb304db5183ec07a03f498f75dede9d47", kill_on_drop: false }`
[INFO] running `Command { std: "docker" "rm" "-f" "77a5adc201cea42edb5925ae9a54b76cb304db5183ec07a03f498f75dede9d47", kill_on_drop: false }`
[INFO] [stdout] 77a5adc201cea42edb5925ae9a54b76cb304db5183ec07a03f498f75dede9d47
