[INFO] fetching crate zyst 1.0.3...
[INFO] testing zyst-1.0.3 against 1.100.0-beta.1+cargoflags=--release for beta-release-1.100-2
[INFO] extracting crate zyst 1.0.3 into /workspace/builds/worker-4-tc2/source
[INFO] started tweaking crates.io crate zyst 1.0.3
[INFO] removed 0 missing tests
[INFO] finished tweaking crates.io crate zyst 1.0.3
[INFO] tweaked toml for crates.io crate zyst 1.0.3 written to /workspace/builds/worker-4-tc2/source/Cargo.toml
[INFO] validating manifest of crates.io crate zyst 1.0.3 on toolchain 1.100.0-beta.1
[INFO] running `Command { std: CARGO_HOME="/workspace/cargo-home" RUSTUP_HOME="/workspace/rustup-home" "/workspace/cargo-home/bin/cargo" "+1.100.0-beta.1" "metadata" "--manifest-path" "Cargo.toml" "--no-deps", kill_on_drop: false }`
[INFO] crate crates.io crate zyst 1.0.3 already has a lockfile, it will not be regenerated
[INFO] running `Command { std: CARGO_HOME="/workspace/cargo-home" RUSTUP_HOME="/workspace/rustup-home" "/workspace/cargo-home/bin/cargo" "+1.100.0-beta.1" "fetch" "--manifest-path" "Cargo.toml", kill_on_drop: false }`
[INFO] [stderr] warning: `package.homepage` is redundant with `package.repository`
[INFO] [stderr]   --> Cargo.toml:67:12
[INFO] [stderr]    |
[INFO] [stderr] 67 | homepage = "https://github.com/bourdeau/zyst/"
[INFO] [stderr]    |            ^^^^^^^^^^^^^^^^^^^^^^^^^^^^^^^^^^^
[INFO] [stderr] ...
[INFO] [stderr] 72 | repository = "https://github.com/bourdeau/zyst/"
[INFO] [stderr]    |              -----------------------------------
[INFO] [stderr]    |
[INFO] [stderr]    = note: `cargo::redundant_homepage` is set to `warn` by default
[INFO] [stderr] help: consider removing `package.homepage`
[INFO] [stderr] warning: `zyst` (manifest) generated 1 warning
[INFO] running `Command { std: "docker" "create" "-v" "/var/lib/crater-agent-workspace/builds/worker-4-tc2/source:/opt/rustwide/workdir:ro,Z" "-v" "/var/lib/crater-agent-workspace/builds/worker-4-tc2/target:/opt/rustwide/target:rw,Z" "-v" "/var/lib/crater-agent-workspace/cargo-home:/opt/rustwide/cargo-home:ro,Z" "-v" "/var/lib/crater-agent-workspace/rustup-home:/opt/rustwide/rustup-home:ro,Z" "-m" "1610612736" "--network" "none" "ghcr.io/rust-lang/crates-build-env/linux@sha256:77db811e55d90add9212f6832c23229e3de5f1c1f9905e8cb07319ea15df73ac" "sleep" "infinity", kill_on_drop: false }`
[INFO] [stdout] 8b2d1c858799526e790691f2dcd1c27f5666ae64a82c8dfff6a0e17f1424b7e7
[INFO] running `Command { std: "docker" "start" "8b2d1c858799526e790691f2dcd1c27f5666ae64a82c8dfff6a0e17f1424b7e7", kill_on_drop: false }`
[INFO] running `Command { std: "docker" "inspect" "8b2d1c858799526e790691f2dcd1c27f5666ae64a82c8dfff6a0e17f1424b7e7", kill_on_drop: false }`
[INFO] running `Command { std: "docker" "exec" "-e" "SOURCE_DIR=/opt/rustwide/workdir" "-e" "CARGO_HOME=/opt/rustwide/cargo-home" "-e" "RUSTUP_HOME=/opt/rustwide/rustup-home" "-e" "CARGO_TARGET_DIR=/opt/rustwide/target" "-w" "/opt/rustwide/workdir" "--user" "0:0" "8b2d1c858799526e790691f2dcd1c27f5666ae64a82c8dfff6a0e17f1424b7e7" "/opt/rustwide/cargo-home/bin/cargo" "+1.100.0-beta.1" "metadata" "--no-deps" "--format-version=1", kill_on_drop: false }`
[INFO] running `Command { std: "docker" "inspect" "8b2d1c858799526e790691f2dcd1c27f5666ae64a82c8dfff6a0e17f1424b7e7", kill_on_drop: false }`
[INFO] running `Command { std: "docker" "exec" "-e" "SOURCE_DIR=/opt/rustwide/workdir" "-e" "CARGO_HOME=/opt/rustwide/cargo-home" "-e" "RUSTUP_HOME=/opt/rustwide/rustup-home" "-e" "CARGO_TARGET_DIR=/opt/rustwide/target" "-e" "CARGO_INCREMENTAL=0" "-e" "RUST_BACKTRACE=full" "-e" "RUSTFLAGS=--cap-lints=warn" "-e" "RUSTDOCFLAGS=--cap-lints=warn" "-w" "/opt/rustwide/workdir" "--user" "0:0" "8b2d1c858799526e790691f2dcd1c27f5666ae64a82c8dfff6a0e17f1424b7e7" "/opt/rustwide/cargo-home/bin/cargo" "+1.100.0-beta.1" "build" "--frozen" "--message-format=json" "--release", kill_on_drop: false }`
[INFO] [stderr] warning: `package.homepage` is redundant with `package.repository`
[INFO] [stderr]   --> Cargo.toml:67:12
[INFO] [stderr]    |
[INFO] [stderr] 67 | homepage = "https://github.com/bourdeau/zyst/"
[INFO] [stderr]    |            ^^^^^^^^^^^^^^^^^^^^^^^^^^^^^^^^^^^
[INFO] [stderr] ...
[INFO] [stderr] 72 | repository = "https://github.com/bourdeau/zyst/"
[INFO] [stderr]    |              -----------------------------------
[INFO] [stderr]    |
[INFO] [stderr]    = note: `cargo::redundant_homepage` is set to `warn` by default
[INFO] [stderr] help: consider removing `package.homepage`
[INFO] [stderr] warning: `zyst` (manifest) generated 1 warning
[INFO] [stderr]    Compiling once_cell v1.21.0
[INFO] [stderr]    Compiling libc v0.2.171
[INFO] [stderr]    Compiling crunchy v0.2.3
[INFO] [stderr]    Compiling foldhash v0.1.4
[INFO] [stderr]    Compiling quote v1.0.39
[INFO] [stderr]    Compiling parking_lot_core v0.9.10
[INFO] [stderr]    Compiling winnow v0.7.3
[INFO] [stderr]    Compiling lock_api v0.4.12
[INFO] [stderr]    Compiling encoding_rs v0.8.35
[INFO] [stderr]    Compiling aho-corasick v1.1.3
[INFO] [stderr]    Compiling trim-in-place v0.1.7
[INFO] [stderr]    Compiling log v0.4.26
[INFO] [stderr]    Compiling clap_lex v0.7.4
[INFO] [stderr]    Compiling dirs-sys v0.5.0
[INFO] [stderr]    Compiling socket2 v0.5.8
[INFO] [stderr]    Compiling hashbrown v0.15.2
[INFO] [stderr]    Compiling tracing-core v0.1.33
[INFO] [stderr]    Compiling clap_builder v4.5.32
[INFO] [stderr]    Compiling syn v2.0.100
[INFO] [stderr]    Compiling tiny-keccak v2.0.2
[INFO] [stderr]    Compiling thread_local v1.1.8
[INFO] [stderr]    Compiling parking_lot v0.12.3
[INFO] [stderr]    Compiling mio v1.0.3
[INFO] [stderr]    Compiling signal-hook-registry v1.4.2
[INFO] [stderr]    Compiling pathdiff v0.2.3
[INFO] [stderr]    Compiling dirs v6.0.0
[INFO] [stderr]    Compiling tracing-log v0.2.0
[INFO] [stderr]    Compiling tracing-subscriber v0.3.19
[INFO] [stderr]    Compiling indexmap v2.8.0
[INFO] [stderr]    Compiling hashlink v0.10.0
[INFO] [stderr]    Compiling getrandom v0.2.15
[INFO] [stderr]    Compiling const-random-macro v0.1.16
[INFO] [stderr]    Compiling const-random v0.1.18
[INFO] [stderr]    Compiling dlv-list v0.5.2
[INFO] [stderr]    Compiling yaml-rust2 v0.10.0
[INFO] [stderr]    Compiling ordered-multimap v0.7.3
[INFO] [stderr]    Compiling regex-automata v0.4.9
[INFO] [stderr]    Compiling rust-ini v0.21.1
[INFO] [stderr]    Compiling regex v1.11.1
[INFO] [stderr]    Compiling serde_derive v1.0.219
[INFO] [stderr]    Compiling thiserror-impl v2.0.12
[INFO] [stderr]    Compiling tokio-macros v2.5.0
[INFO] [stderr]    Compiling async-trait v0.1.87
[INFO] [stderr]    Compiling clap_derive v4.5.32
[INFO] [stderr]    Compiling tracing-attributes v0.1.28
[INFO] [stderr]    Compiling tokio v1.44.0
[INFO] [stderr]    Compiling tracing v0.1.41
[INFO] [stderr]    Compiling thiserror v2.0.12
[INFO] [stderr]    Compiling pest v2.7.15
[INFO] [stderr]    Compiling clap v4.5.32
[INFO] [stderr]    Compiling pest_meta v2.7.15
[INFO] [stderr]    Compiling serde v1.0.219
[INFO] [stderr]    Compiling pest_generator v2.7.15
[INFO] [stderr]    Compiling pest_derive v2.7.15
[INFO] [stderr]    Compiling serde_spanned v0.6.8
[INFO] [stderr]    Compiling toml_datetime v0.6.8
[INFO] [stderr]    Compiling bitflags v2.9.0
[INFO] [stderr]    Compiling serde_json v1.0.140
[INFO] [stderr]    Compiling json5 v0.4.1
[INFO] [stderr]    Compiling ron v0.8.1
[INFO] [stderr]    Compiling toml_edit v0.22.24
[INFO] [stderr]    Compiling toml v0.8.20
[INFO] [stderr]    Compiling config v0.15.9
[INFO] [stderr]    Compiling zyst v1.0.3 (/opt/rustwide/workdir)
[INFO] [stderr]     Finished `release` profile [optimized] target(s) in 15.33s
[INFO] running `Command { std: "docker" "inspect" "8b2d1c858799526e790691f2dcd1c27f5666ae64a82c8dfff6a0e17f1424b7e7", kill_on_drop: false }`
[INFO] running `Command { std: "docker" "exec" "-e" "SOURCE_DIR=/opt/rustwide/workdir" "-e" "CARGO_HOME=/opt/rustwide/cargo-home" "-e" "RUSTUP_HOME=/opt/rustwide/rustup-home" "-e" "CARGO_TARGET_DIR=/opt/rustwide/target" "-e" "CARGO_INCREMENTAL=0" "-e" "RUST_BACKTRACE=full" "-e" "RUSTFLAGS=--cap-lints=warn" "-e" "RUSTDOCFLAGS=--cap-lints=warn" "-w" "/opt/rustwide/workdir" "--user" "0:0" "8b2d1c858799526e790691f2dcd1c27f5666ae64a82c8dfff6a0e17f1424b7e7" "/opt/rustwide/cargo-home/bin/cargo" "+1.100.0-beta.1" "test" "--frozen" "--no-run" "--message-format=json" "--release", kill_on_drop: false }`
[INFO] [stderr] warning: `package.homepage` is redundant with `package.repository`
[INFO] [stderr]   --> Cargo.toml:67:12
[INFO] [stderr]    |
[INFO] [stderr] 67 | homepage = "https://github.com/bourdeau/zyst/"
[INFO] [stderr]    |            ^^^^^^^^^^^^^^^^^^^^^^^^^^^^^^^^^^^
[INFO] [stderr] ...
[INFO] [stderr] 72 | repository = "https://github.com/bourdeau/zyst/"
[INFO] [stderr]    |              -----------------------------------
[INFO] [stderr]    |
[INFO] [stderr]    = note: `cargo::redundant_homepage` is set to `warn` by default
[INFO] [stderr] help: consider removing `package.homepage`
[INFO] [stderr] warning: `zyst` (manifest) generated 1 warning
[INFO] [stderr]    Compiling syn v2.0.100
[INFO] [stderr]    Compiling smallvec v1.14.0
[INFO] [stderr]    Compiling writeable v0.5.5
[INFO] [stderr]    Compiling litemap v0.7.5
[INFO] [stderr]    Compiling num-traits v0.2.19
[INFO] [stderr]    Compiling icu_locid_transform_data v1.5.0
[INFO] [stderr]    Compiling icu_properties_data v1.5.0
[INFO] [stderr]    Compiling icu_normalizer_data v1.5.0
[INFO] [stderr]    Compiling utf16_iter v1.0.5
[INFO] [stderr]    Compiling futures-core v0.3.31
[INFO] [stderr]    Compiling write16 v1.0.0
[INFO] [stderr]    Compiling futures-sink v0.3.31
[INFO] [stderr]    Compiling rayon-core v1.12.1
[INFO] [stderr]    Compiling ciborium-ll v0.2.2
[INFO] [stderr]    Compiling combine v4.6.7
[INFO] [stderr]    Compiling is-terminal v0.4.16
[INFO] [stderr]    Compiling sha1_smol v1.0.1
[INFO] [stderr]    Compiling arc-swap v1.7.1
[INFO] [stderr]    Compiling futures-channel v0.3.31
[INFO] [stderr]    Compiling parking_lot_core v0.9.10
[INFO] [stderr]    Compiling tracing-subscriber v0.3.19
[INFO] [stderr]    Compiling futures-util v0.3.31
[INFO] [stderr]    Compiling parking_lot v0.12.3
[INFO] [stderr]    Compiling rayon v1.10.0
[INFO] [stderr]    Compiling num-integer v0.1.46
[INFO] [stderr]    Compiling plotters v0.3.7
[INFO] [stderr]    Compiling num-bigint v0.4.6
[INFO] [stderr]    Compiling futures-executor v0.3.31
[INFO] [stderr]    Compiling futures v0.3.31
[INFO] [stderr]    Compiling synstructure v0.13.1
[INFO] [stderr]    Compiling serde_derive v1.0.219
[INFO] [stderr]    Compiling zerofrom-derive v0.1.6
[INFO] [stderr]    Compiling yoke-derive v0.7.5
[INFO] [stderr]    Compiling zerovec-derive v0.10.3
[INFO] [stderr]    Compiling displaydoc v0.2.5
[INFO] [stderr]    Compiling thiserror-impl v2.0.12
[INFO] [stderr]    Compiling icu_provider_macros v1.5.0
[INFO] [stderr]    Compiling clap_derive v4.5.32
[INFO] [stderr]    Compiling tracing-attributes v0.1.28
[INFO] [stderr]    Compiling async-trait v0.1.87
[INFO] [stderr]    Compiling tokio-macros v2.5.0
[INFO] [stderr]    Compiling zerofrom v0.1.6
[INFO] [stderr]    Compiling tokio v1.44.0
[INFO] [stderr]    Compiling yoke v0.7.5
[INFO] [stderr]    Compiling tracing v0.1.41
[INFO] [stderr]    Compiling zerovec v0.10.4
[INFO] [stderr]    Compiling thiserror v2.0.12
[INFO] [stderr]    Compiling pest v2.7.15
[INFO] [stderr]    Compiling clap v4.5.32
[INFO] [stderr]    Compiling tinystr v0.7.6
[INFO] [stderr]    Compiling icu_collections v1.5.0
[INFO] [stderr]    Compiling icu_locid v1.5.0
[INFO] [stderr]    Compiling serde v1.0.219
[INFO] [stderr]    Compiling pest_meta v2.7.15
[INFO] [stderr]    Compiling icu_provider v1.5.0
[INFO] [stderr]    Compiling pest_generator v2.7.15
[INFO] [stderr]    Compiling icu_locid_transform v1.5.0
[INFO] [stderr]    Compiling pest_derive v2.7.15
[INFO] [stderr]    Compiling icu_properties v1.5.1
[INFO] [stderr]    Compiling serde_spanned v0.6.8
[INFO] [stderr]    Compiling serde_json v1.0.140
[INFO] [stderr]    Compiling toml_datetime v0.6.8
[INFO] [stderr]    Compiling bitflags v2.9.0
[INFO] [stderr]    Compiling json5 v0.4.1
[INFO] [stderr]    Compiling ciborium v0.2.2
[INFO] [stderr]    Compiling ron v0.8.1
[INFO] [stderr]    Compiling toml_edit v0.22.24
[INFO] [stderr]    Compiling icu_normalizer v1.5.0
[INFO] [stderr]    Compiling tinytemplate v1.2.1
[INFO] [stderr]    Compiling idna_adapter v1.2.0
[INFO] [stderr]    Compiling idna v1.0.3
[INFO] [stderr]    Compiling criterion v0.5.1
[INFO] [stderr]    Compiling url v2.5.4
[INFO] [stderr]    Compiling toml v0.8.20
[INFO] [stderr]    Compiling redis v0.29.1
[INFO] [stderr]    Compiling config v0.15.9
[INFO] [stderr]    Compiling zyst v1.0.3 (/opt/rustwide/workdir)
[INFO] [stderr]     Finished `release` profile [optimized] target(s) in 20.21s
[INFO] [stderr] warning: the following packages contain code that will be rejected by a future version of Rust: redis v0.29.1
[INFO] [stderr] note: to see what the problems were, use the option `--future-incompat-report`, or run `cargo report future-incompatibilities --id 8`
[INFO] running `Command { std: "docker" "inspect" "8b2d1c858799526e790691f2dcd1c27f5666ae64a82c8dfff6a0e17f1424b7e7", kill_on_drop: false }`
[INFO] running `Command { std: "docker" "exec" "-e" "SOURCE_DIR=/opt/rustwide/workdir" "-e" "CARGO_HOME=/opt/rustwide/cargo-home" "-e" "RUSTUP_HOME=/opt/rustwide/rustup-home" "-e" "CARGO_TARGET_DIR=/opt/rustwide/target" "-e" "CARGO_INCREMENTAL=0" "-e" "RUST_BACKTRACE=full" "-e" "RUSTFLAGS=--cap-lints=warn" "-e" "RUSTDOCFLAGS=--cap-lints=warn" "-w" "/opt/rustwide/workdir" "--user" "0:0" "8b2d1c858799526e790691f2dcd1c27f5666ae64a82c8dfff6a0e17f1424b7e7" "/opt/rustwide/cargo-home/bin/cargo" "+1.100.0-beta.1" "test" "--frozen" "--release", kill_on_drop: false }`
[INFO] [stderr] warning: `package.homepage` is redundant with `package.repository`
[INFO] [stderr]   --> Cargo.toml:67:12
[INFO] [stderr]    |
[INFO] [stderr] 67 | homepage = "https://github.com/bourdeau/zyst/"
[INFO] [stderr]    |            ^^^^^^^^^^^^^^^^^^^^^^^^^^^^^^^^^^^
[INFO] [stderr] ...
[INFO] [stderr] 72 | repository = "https://github.com/bourdeau/zyst/"
[INFO] [stderr]    |              -----------------------------------
[INFO] [stderr]    |
[INFO] [stderr]    = note: `cargo::redundant_homepage` is set to `warn` by default
[INFO] [stderr] help: consider removing `package.homepage`
[INFO] [stderr] warning: `zyst` (manifest) generated 1 warning
[INFO] [stderr]     Finished `release` profile [optimized] target(s) in 0.11s
[INFO] [stderr] warning: the following packages contain code that will be rejected by a future version of Rust: redis v0.29.1
[INFO] [stderr] note: to see what the problems were, use the option `--future-incompat-report`, or run `cargo report future-incompatibilities --id 8`
[INFO] [stderr]      Running unittests src/lib.rs (/opt/rustwide/target/release/build/zyst/a0506d839278a87e/out/zyst-a0506d839278a87e)
[INFO] [stdout] 
[INFO] [stdout] running 0 tests
[INFO] [stdout] 
[INFO] [stdout] test result: ok. 0 passed; 0 failed; 0 ignored; 0 measured; 0 filtered out; finished in 0.00s
[INFO] [stdout] 
[INFO] [stderr]      Running unittests src/main.rs (/opt/rustwide/target/release/build/zyst/29040b49df0150f2/out/zyst-29040b49df0150f2)
[INFO] [stdout] 
[INFO] [stdout] running 0 tests
[INFO] [stdout] 
[INFO] [stdout] test result: ok. 0 passed; 0 failed; 0 ignored; 0 measured; 0 filtered out; finished in 0.00s
[INFO] [stdout] 
[INFO] [stderr]      Running tests/mod.rs (/opt/rustwide/target/release/build/zyst/69e12c9d042b09df/out/mod-69e12c9d042b09df)
[INFO] [stdout] 
[INFO] [stdout] running 38 tests
[INFO] [stdout] test inte::hsets::test_hget ... FAILED
[INFO] [stdout] test inte::keys::test_exists ... FAILED
[INFO] [stdout] test inte::keys::test_key_regex ... FAILED
[INFO] [stdout] test inte::keys::test_ping ... ok
[INFO] [stdout] test inte::keys::test_set_get ... ok
[INFO] [stdout] test inte::keys::test_expire ... ok
[INFO] [stdout] test inte::hsets::test_hset ... ok
[INFO] [stdout] test inte::keys::test_incr ... ok
[INFO] [stdout] test inte::hsets::test_hgetall ... ok
[INFO] [stdout] test inte::hsets::test_expire ... ok
[INFO] [stdout] test inte::keys::test_decr ... ok
[INFO] [stdout] test inte::keys::test_incrby ... ok
[INFO] [stdout] test inte::keys::test_delete_key ... ok
[INFO] [stdout] test ut::commands::hashsets::tests::test_hset_add_new_fields ... ok
[INFO] [stdout] test ut::commands::hashsets::tests::test_hdel ... ok
[INFO] [stdout] test ut::commands::db::tests::test_flush_db ... ok
[INFO] [stdout] test ut::commands::hashsets::tests::test_hset_new_hash ... ok
[INFO] [stdout] test ut::commands::keys::tests::test_decr_new_key ... ok
[INFO] [stdout] test ut::commands::keys::tests::test_delete_key ... ok
[INFO] [stdout] test ut::commands::keys::tests::test_incr_existing_key ... ok
[INFO] [stdout] test ut::commands::keys::tests::test_exists ... ok
[INFO] [stdout] test ut::commands::keys::tests::test_incr_new_key ... ok
[INFO] [stdout] test inte::hsets::test_hdel ... ok
[INFO] [stdout] test ut::commands::keys::tests::test_incrby ... ok
[INFO] [stdout] test inte::keys::test_delete_multiple_keys ... ok
[INFO] [stdout] test ut::commands::keys::tests::test_set_key ... ok
[INFO] [stdout] test inte::lists::test_rpop ... FAILED
[INFO] [stdout] test inte::lists::test_lrange ... FAILED
[INFO] [stdout] test inte::lists::test_rpush ... FAILED
[INFO] [stdout] test inte::lists::test_lpush ... FAILED
[INFO] [stdout] test inte::sets::test_sadd ... FAILED
[INFO] [stdout] test ut::commands::keys::tests::test_get_keys ... ok
[INFO] [stdout] test inte::lists::test_expire ... ok
[INFO] [stdout] test inte::lists::test_lpop ... ok
[INFO] [stdout] test inte::sets::test_smembers ... ok
[INFO] [stdout] test inte::keys::test_ttl ... ok
[INFO] [stdout] test inte::sets::test_srem ... ok
[INFO] [stdout] test inte::keys::test_background_delete has been running for over 60 seconds
[INFO] [stdout] test inte::keys::test_background_delete ... ok
[INFO] [stdout] 
[INFO] [stdout] failures:
[INFO] [stdout] 
[INFO] [stdout] ---- inte::hsets::test_hget stdout ----
[INFO] [stdout] 
[INFO] [stdout] thread 'inte::hsets::test_hget' (3023) panicked at tests/inte/hsets.rs:32:5:
[INFO] [stdout] assertion failed: response.contains("(integer) 3")
[INFO] [stdout] stack backtrace:
[INFO] [stdout]    0:     0x5c7db9639c91 - <<std[617be2ca0a6fd877]::sys::backtrace::BacktraceLock>::print::DisplayBacktrace as core[a373ad73a504971]::fmt::Display>::fmt
[INFO] [stdout]    1:     0x5c7db965104a - core[a373ad73a504971]::fmt::write
[INFO] [stdout]    2:     0x5c7db963e6cc - <alloc[2e1b2a31b91974c5]::vec::Vec<u8> as core[a373ad73a504971]::io::write::Write>::write_fmt
[INFO] [stdout]    3:     0x5c7db9614516 - std[617be2ca0a6fd877]::panicking::default_hook::{closure#0}
[INFO] [stdout]    4:     0x5c7db9631b09 - std[617be2ca0a6fd877]::panicking::default_hook
[INFO] [stdout]    5:     0x5c7db9495990 - test[aada8e7e76ba119b]::test_main_inner::{closure#0}
[INFO] [stdout]    6:     0x5c7db9631cc2 - std[617be2ca0a6fd877]::panicking::panic_with_hook
[INFO] [stdout]    7:     0x5c7db96145f4 - std[617be2ca0a6fd877]::panicking::panic_handler::{closure#0}
[INFO] [stdout]    8:     0x5c7db960d149 - std[617be2ca0a6fd877]::sys::backtrace::__rust_end_short_backtrace::<std[617be2ca0a6fd877]::panicking::panic_handler::{closure#0}, !>
[INFO] [stdout]    9:     0x5c7db96153bd - __rustc[ea4f61d10b84890b]::rust_begin_unwind
[INFO] [stdout]   10:     0x5c7db965182c - core[a373ad73a504971]::panicking::panic_fmt
[INFO] [stdout]   11:     0x5c7db96517f2 - core[a373ad73a504971]::panicking::panic
[INFO] [stdout]   12:     0x5c7db9480599 - <mod[2d67eac2524a5744]::inte::hsets::test_hget::{closure#0} as core[a373ad73a504971]::ops::function::FnOnce<()>>::call_once
[INFO] [stdout]   13:     0x5c7db9488ddb - test[aada8e7e76ba119b]::__rust_begin_short_backtrace::<core[a373ad73a504971]::result::Result<(), alloc[2e1b2a31b91974c5]::string::String>, fn() -> core[a373ad73a504971]::result::Result<(), alloc[2e1b2a31b91974c5]::string::String>>
[INFO] [stdout]   14:     0x5c7db9495fb5 - test[aada8e7e76ba119b]::run_test::{closure#0}
[INFO] [stdout]   15:     0x5c7db948f8a4 - std[617be2ca0a6fd877]::sys::backtrace::__rust_begin_short_backtrace::<test[aada8e7e76ba119b]::run_test::{closure#1}, ()>
[INFO] [stdout]   16:     0x5c7db9499042 - <std[617be2ca0a6fd877]::thread::lifecycle::spawn_unchecked<test[aada8e7e76ba119b]::run_test::{closure#1}, ()>::{closure#1} as core[a373ad73a504971]::ops::function::FnOnce<()>>::call_once::{shim:vtable#0}
[INFO] [stdout]   17:     0x5c7db9638fcf - <std[617be2ca0a6fd877]::sys::thread::unix::Thread>::new::thread_start
[INFO] [stdout]   18:     0x7593e50e6dfa - <unknown>
[INFO] [stdout]   19:     0x7593e517a3d4 - clone
[INFO] [stdout]   20:                0x0 - <unknown>
[INFO] [stdout] 
[INFO] [stdout] ---- inte::keys::test_exists stdout ----
[INFO] [stdout] 
[INFO] [stdout] thread 'inte::keys::test_exists' (3035) panicked at tests/inte/keys.rs:105:5:
[INFO] [stdout] assertion failed: response.contains("(integer) 2")
[INFO] [stdout] stack backtrace:
[INFO] [stdout]    0:     0x5c7db9639c91 - <<std[617be2ca0a6fd877]::sys::backtrace::BacktraceLock>::print::DisplayBacktrace as core[a373ad73a504971]::fmt::Display>::fmt
[INFO] [stdout]    1:     0x5c7db965104a - core[a373ad73a504971]::fmt::write
[INFO] [stdout]    2:     0x5c7db963e6cc - <alloc[2e1b2a31b91974c5]::vec::Vec<u8> as core[a373ad73a504971]::io::write::Write>::write_fmt
[INFO] [stdout]    3:     0x5c7db9614516 - std[617be2ca0a6fd877]::panicking::default_hook::{closure#0}
[INFO] [stdout]    4:     0x5c7db9631b09 - std[617be2ca0a6fd877]::panicking::default_hook
[INFO] [stdout]    5:     0x5c7db9495990 - test[aada8e7e76ba119b]::test_main_inner::{closure#0}
[INFO] [stdout]    6:     0x5c7db9631cc2 - std[617be2ca0a6fd877]::panicking::panic_with_hook
[INFO] [stdout]    7:     0x5c7db96145f4 - std[617be2ca0a6fd877]::panicking::panic_handler::{closure#0}
[INFO] [stdout]    8:     0x5c7db960d149 - std[617be2ca0a6fd877]::sys::backtrace::__rust_end_short_backtrace::<std[617be2ca0a6fd877]::panicking::panic_handler::{closure#0}, !>
[INFO] [stdout]    9:     0x5c7db96153bd - __rustc[ea4f61d10b84890b]::rust_begin_unwind
[INFO] [stdout]   10:     0x5c7db965182c - core[a373ad73a504971]::panicking::panic_fmt
[INFO] [stdout]   11:     0x5c7db96517f2 - core[a373ad73a504971]::panicking::panic
[INFO] [stdout]   12:     0x5c7db9470451 - <mod[2d67eac2524a5744]::inte::keys::test_exists::{closure#0} as core[a373ad73a504971]::ops::function::FnOnce<()>>::call_once
[INFO] [stdout]   13:     0x5c7db9488ddb - test[aada8e7e76ba119b]::__rust_begin_short_backtrace::<core[a373ad73a504971]::result::Result<(), alloc[2e1b2a31b91974c5]::string::String>, fn() -> core[a373ad73a504971]::result::Result<(), alloc[2e1b2a31b91974c5]::string::String>>
[INFO] [stdout]   14:     0x5c7db9495fb5 - test[aada8e7e76ba119b]::run_test::{closure#0}
[INFO] [stdout]   15:     0x5c7db948f8a4 - std[617be2ca0a6fd877]::sys::backtrace::__rust_begin_short_backtrace::<test[aada8e7e76ba119b]::run_test::{closure#1}, ()>
[INFO] [stdout]   16:     0x5c7db9499042 - <std[617be2ca0a6fd877]::thread::lifecycle::spawn_unchecked<test[aada8e7e76ba119b]::run_test::{closure#1}, ()>::{closure#1} as core[a373ad73a504971]::ops::function::FnOnce<()>>::call_once::{shim:vtable#0}
[INFO] [stdout]   17:     0x5c7db9638fcf - <std[617be2ca0a6fd877]::sys::thread::unix::Thread>::new::thread_start
[INFO] [stdout]   18:     0x7593e50e6dfa - <unknown>
[INFO] [stdout]   19:     0x7593e517a3d4 - clone
[INFO] [stdout]   20:                0x0 - <unknown>
[INFO] [stdout] 
[INFO] [stdout] ---- inte::keys::test_key_regex stdout ----
[INFO] [stdout] 
[INFO] [stdout] thread 'inte::keys::test_key_regex' (3043) panicked at tests/inte/keys.rs:64:5:
[INFO] [stdout] assertion failed: response.contains("\"first_name\"")
[INFO] [stdout] stack backtrace:
[INFO] [stdout]    0:     0x5c7db9639c91 - <<std[617be2ca0a6fd877]::sys::backtrace::BacktraceLock>::print::DisplayBacktrace as core[a373ad73a504971]::fmt::Display>::fmt
[INFO] [stdout]    1:     0x5c7db965104a - core[a373ad73a504971]::fmt::write
[INFO] [stdout]    2:     0x5c7db963e6cc - <alloc[2e1b2a31b91974c5]::vec::Vec<u8> as core[a373ad73a504971]::io::write::Write>::write_fmt
[INFO] [stdout]    3:     0x5c7db9614516 - std[617be2ca0a6fd877]::panicking::default_hook::{closure#0}
[INFO] [stdout]    4:     0x5c7db9631b09 - std[617be2ca0a6fd877]::panicking::default_hook
[INFO] [stdout]    5:     0x5c7db9495990 - test[aada8e7e76ba119b]::test_main_inner::{closure#0}
[INFO] [stdout]    6:     0x5c7db9631cc2 - std[617be2ca0a6fd877]::panicking::panic_with_hook
[INFO] [stdout]    7:     0x5c7db96145f4 - std[617be2ca0a6fd877]::panicking::panic_handler::{closure#0}
[INFO] [stdout]    8:     0x5c7db960d149 - std[617be2ca0a6fd877]::sys::backtrace::__rust_end_short_backtrace::<std[617be2ca0a6fd877]::panicking::panic_handler::{closure#0}, !>
[INFO] [stdout]    9:     0x5c7db96153bd - __rustc[ea4f61d10b84890b]::rust_begin_unwind
[INFO] [stdout]   10:     0x5c7db965182c - core[a373ad73a504971]::panicking::panic_fmt
[INFO] [stdout]   11:     0x5c7db96517f2 - core[a373ad73a504971]::panicking::panic
[INFO] [stdout]   12:     0x5c7db9470e6c - <mod[2d67eac2524a5744]::inte::keys::test_key_regex::{closure#0} as core[a373ad73a504971]::ops::function::FnOnce<()>>::call_once
[INFO] [stdout]   13:     0x5c7db9488ddb - test[aada8e7e76ba119b]::__rust_begin_short_backtrace::<core[a373ad73a504971]::result::Result<(), alloc[2e1b2a31b91974c5]::string::String>, fn() -> core[a373ad73a504971]::result::Result<(), alloc[2e1b2a31b91974c5]::string::String>>
[INFO] [stdout]   14:     0x5c7db9495fb5 - test[aada8e7e76ba119b]::run_test::{closure#0}
[INFO] [stdout]   15:     0x5c7db948f8a4 - std[617be2ca0a6fd877]::sys::backtrace::__rust_begin_short_backtrace::<test[aada8e7e76ba119b]::run_test::{closure#1}, ()>
[INFO] [stdout]   16:     0x5c7db9499042 - <std[617be2ca0a6fd877]::thread::lifecycle::spawn_unchecked<test[aada8e7e76ba119b]::run_test::{closure#1}, ()>::{closure#1} as core[a373ad73a504971]::ops::function::FnOnce<()>>::call_once::{shim:vtable#0}
[INFO] [stdout]   17:     0x5c7db9638fcf - <std[617be2ca0a6fd877]::sys::thread::unix::Thread>::new::thread_start
[INFO] [stdout]   18:     0x7593e50e6dfa - <unknown>
[INFO] [stdout]   19:     0x7593e517a3d4 - clone
[INFO] [stdout]   20:                0x0 - <unknown>
[INFO] [stdout] 
[INFO] [stdout] ---- inte::lists::test_rpop stdout ----
[INFO] [stdout] 
[INFO] [stdout] thread 'inte::lists::test_rpop' (4981) panicked at tests/inte/lists.rs:123:5:
[INFO] [stdout] assertion failed: response.contains("C")
[INFO] [stdout] stack backtrace:
[INFO] [stdout]    0:     0x5c7db9639c91 - <<std[617be2ca0a6fd877]::sys::backtrace::BacktraceLock>::print::DisplayBacktrace as core[a373ad73a504971]::fmt::Display>::fmt
[INFO] [stdout]    1:     0x5c7db965104a - core[a373ad73a504971]::fmt::write
[INFO] [stdout]    2:     0x5c7db963e6cc - <alloc[2e1b2a31b91974c5]::vec::Vec<u8> as core[a373ad73a504971]::io::write::Write>::write_fmt
[INFO] [stdout]    3:     0x5c7db9614516 - std[617be2ca0a6fd877]::panicking::default_hook::{closure#0}
[INFO] [stdout]    4:     0x5c7db9631b09 - std[617be2ca0a6fd877]::panicking::default_hook
[INFO] [stdout]    5:     0x5c7db9495990 - test[aada8e7e76ba119b]::test_main_inner::{closure#0}
[INFO] [stdout]    6:     0x5c7db9631cc2 - std[617be2ca0a6fd877]::panicking::panic_with_hook
[INFO] [stdout]    7:     0x5c7db96145f4 - std[617be2ca0a6fd877]::panicking::panic_handler::{closure#0}
[INFO] [stdout]    8:     0x5c7db960d149 - std[617be2ca0a6fd877]::sys::backtrace::__rust_end_short_backtrace::<std[617be2ca0a6fd877]::panicking::panic_handler::{closure#0}, !>
[INFO] [stdout]    9:     0x5c7db96153bd - __rustc[ea4f61d10b84890b]::rust_begin_unwind
[INFO] [stdout]   10:     0x5c7db965182c - core[a373ad73a504971]::panicking::panic_fmt
[INFO] [stdout]   11:     0x5c7db96517f2 - core[a373ad73a504971]::panicking::panic
[INFO] [stdout]   12:     0x5c7db9473c18 - <mod[2d67eac2524a5744]::inte::lists::test_rpop::{closure#0} as core[a373ad73a504971]::ops::function::FnOnce<()>>::call_once
[INFO] [stdout]   13:     0x5c7db9488ddb - test[aada8e7e76ba119b]::__rust_begin_short_backtrace::<core[a373ad73a504971]::result::Result<(), alloc[2e1b2a31b91974c5]::string::String>, fn() -> core[a373ad73a504971]::result::Result<(), alloc[2e1b2a31b91974c5]::string::String>>
[INFO] [stdout]   14:     0x5c7db9495fb5 - test[aada8e7e76ba119b]::run_test::{closure#0}
[INFO] [stdout]   15:     0x5c7db948f8a4 - std[617be2ca0a6fd877]::sys::backtrace::__rust_begin_short_backtrace::<test[aada8e7e76ba119b]::run_test::{closure#1}, ()>
[INFO] [stdout]   16:     0x5c7db9499042 - <std[617be2ca0a6fd877]::thread::lifecycle::spawn_unchecked<test[aada8e7e76ba119b]::run_test::{closure#1}, ()>::{closure#1} as core[a373ad73a504971]::ops::function::FnOnce<()>>::call_once::{shim:vtable#0}
[INFO] [stdout]   17:     0x5c7db9638fcf - <std[617be2ca0a6fd877]::sys::thread::unix::Thread>::new::thread_start
[INFO] [stdout]   18:     0x7593e50e6dfa - <unknown>
[INFO] [stdout]   19:     0x7593e517a3d4 - clone
[INFO] [stdout]   20:                0x0 - <unknown>
[INFO] [stdout] 
[INFO] [stdout] ---- inte::lists::test_lrange stdout ----
[INFO] [stdout] 
[INFO] [stdout] thread 'inte::lists::test_lrange' (4979) panicked at tests/inte/lists.rs:70:5:
[INFO] [stdout] assertion `left == right` failed
[INFO] [stdout]   left: "(empty array)"
[INFO] [stdout]  right: "[\"A\", \"B\", \"C\"]"
[INFO] [stdout] stack backtrace:
[INFO] [stdout]    0:     0x5c7db9639c91 - <<std[617be2ca0a6fd877]::sys::backtrace::BacktraceLock>::print::DisplayBacktrace as core[a373ad73a504971]::fmt::Display>::fmt
[INFO] [stdout]    1:     0x5c7db965104a - core[a373ad73a504971]::fmt::write
[INFO] [stdout]    2:     0x5c7db963e6cc - <alloc[2e1b2a31b91974c5]::vec::Vec<u8> as core[a373ad73a504971]::io::write::Write>::write_fmt
[INFO] [stdout]    3:     0x5c7db9614516 - std[617be2ca0a6fd877]::panicking::default_hook::{closure#0}
[INFO] [stdout]    4:     0x5c7db9631b09 - std[617be2ca0a6fd877]::panicking::default_hook
[INFO] [stdout]    5:     0x5c7db9495990 - test[aada8e7e76ba119b]::test_main_inner::{closure#0}
[INFO] [stdout]    6:     0x5c7db9631cc2 - std[617be2ca0a6fd877]::panicking::panic_with_hook
[INFO] [stdout]    7:     0x5c7db96145c2 - std[617be2ca0a6fd877]::panicking::panic_handler::{closure#0}
[INFO] [stdout]    8:     0x5c7db960d149 - std[617be2ca0a6fd877]::sys::backtrace::__rust_end_short_backtrace::<std[617be2ca0a6fd877]::panicking::panic_handler::{closure#0}, !>
[INFO] [stdout]    9:     0x5c7db96153bd - __rustc[ea4f61d10b84890b]::rust_begin_unwind
[INFO] [stdout]   10:     0x5c7db965182c - core[a373ad73a504971]::panicking::panic_fmt
[INFO] [stdout]   11:     0x5c7db9651743 - core[a373ad73a504971]::panicking::assert_failed_inner
[INFO] [stdout]   12:     0x5c7db947bb40 - core[a373ad73a504971]::panicking::assert_failed::<alloc[2e1b2a31b91974c5]::string::String, &str>
[INFO] [stdout]   13:     0x5c7db94735cd - <mod[2d67eac2524a5744]::inte::lists::test_lrange::{closure#0} as core[a373ad73a504971]::ops::function::FnOnce<()>>::call_once
[INFO] [stdout]   14:     0x5c7db9488ddb - test[aada8e7e76ba119b]::__rust_begin_short_backtrace::<core[a373ad73a504971]::result::Result<(), alloc[2e1b2a31b91974c5]::string::String>, fn() -> core[a373ad73a504971]::result::Result<(), alloc[2e1b2a31b91974c5]::string::String>>
[INFO] [stdout]   15:     0x5c7db9495fb5 - test[aada8e7e76ba119b]::run_test::{closure#0}
[INFO] [stdout]   16:     0x5c7db948f8a4 - std[617be2ca0a6fd877]::sys::backtrace::__rust_begin_short_backtrace::<test[aada8e7e76ba119b]::run_test::{closure#1}, ()>
[INFO] [stdout]   17:     0x5c7db9499042 - <std[617be2ca0a6fd877]::thread::lifecycle::spawn_unchecked<test[aada8e7e76ba119b]::run_test::{closure#1}, ()>::{closure#1} as core[a373ad73a504971]::ops::function::FnOnce<()>>::call_once::{shim:vtable#0}
[INFO] [stdout]   18:     0x5c7db9638fcf - <std[617be2ca0a6fd877]::sys::thread::unix::Thread>::new::thread_start
[INFO] [stdout]   19:     0x7593e50e6dfa - <unknown>
[INFO] [stdout]   20:     0x7593e517a3d4 - clone
[INFO] [stdout]   21:                0x0 - <unknown>
[INFO] [stdout] 
[INFO] [stdout] ---- inte::lists::test_rpush stdout ----
[INFO] [stdout] 
[INFO] [stdout] thread 'inte::lists::test_rpush' (4983) panicked at tests/inte/lists.rs:46:5:
[INFO] [stdout] assertion failed: response.contains("(integer) 4")
[INFO] [stderr] error: test failed, to rerun pass `--test mod`
[INFO] [stdout] stack backtrace:
[INFO] [stdout]    0:     0x5c7db9639c91 - <<std[617be2ca0a6fd877]::sys::backtrace::BacktraceLock>::print::DisplayBacktrace as core[a373ad73a504971]::fmt::Display>::fmt
[INFO] [stdout]    1:     0x5c7db965104a - core[a373ad73a504971]::fmt::write
[INFO] [stdout]    2:     0x5c7db963e6cc - <alloc[2e1b2a31b91974c5]::vec::Vec<u8> as core[a373ad73a504971]::io::write::Write>::write_fmt
[INFO] [stdout]    3:     0x5c7db9614516 - std[617be2ca0a6fd877]::panicking::default_hook::{closure#0}
[INFO] [stdout]    4:     0x5c7db9631b09 - std[617be2ca0a6fd877]::panicking::default_hook
[INFO] [stdout]    5:     0x5c7db9495990 - test[aada8e7e76ba119b]::test_main_inner::{closure#0}
[INFO] [stdout]    6:     0x5c7db9631cc2 - std[617be2ca0a6fd877]::panicking::panic_with_hook
[INFO] [stdout]    7:     0x5c7db96145f4 - std[617be2ca0a6fd877]::panicking::panic_handler::{closure#0}
[INFO] [stdout]    8:     0x5c7db960d149 - std[617be2ca0a6fd877]::sys::backtrace::__rust_end_short_backtrace::<std[617be2ca0a6fd877]::panicking::panic_handler::{closure#0}, !>
[INFO] [stdout]    9:     0x5c7db96153bd - __rustc[ea4f61d10b84890b]::rust_begin_unwind
[INFO] [stdout]   10:     0x5c7db965182c - core[a373ad73a504971]::panicking::panic_fmt
[INFO] [stdout]   11:     0x5c7db96517f2 - core[a373ad73a504971]::panicking::panic
[INFO] [stdout]   12:     0x5c7db9473004 - <mod[2d67eac2524a5744]::inte::lists::test_rpush::{closure#0} as core[a373ad73a504971]::ops::function::FnOnce<()>>::call_once
[INFO] [stdout]   13:     0x5c7db9488ddb - test[aada8e7e76ba119b]::__rust_begin_short_backtrace::<core[a373ad73a504971]::result::Result<(), alloc[2e1b2a31b91974c5]::string::String>, fn() -> core[a373ad73a504971]::result::Result<(), alloc[2e1b2a31b91974c5]::string::String>>
[INFO] [stdout]   14:     0x5c7db9495fb5 - test[aada8e7e76ba119b]::run_test::{closure#0}
[INFO] [stdout]   15:     0x5c7db948f8a4 - std[617be2ca0a6fd877]::sys::backtrace::__rust_begin_short_backtrace::<test[aada8e7e76ba119b]::run_test::{closure#1}, ()>
[INFO] [stdout]   16:     0x5c7db9499042 - <std[617be2ca0a6fd877]::thread::lifecycle::spawn_unchecked<test[aada8e7e76ba119b]::run_test::{closure#1}, ()>::{closure#1} as core[a373ad73a504971]::ops::function::FnOnce<()>>::call_once::{shim:vtable#0}
[INFO] [stdout]   17:     0x5c7db9638fcf - <std[617be2ca0a6fd877]::sys::thread::unix::Thread>::new::thread_start
[INFO] [stdout]   18:     0x7593e50e6dfa - <unknown>
[INFO] [stdout]   19:     0x7593e517a3d4 - clone
[INFO] [stdout]   20:                0x0 - <unknown>
[INFO] [stdout] 
[INFO] [stdout] ---- inte::lists::test_lpush stdout ----
[INFO] [stdout] 
[INFO] [stdout] thread 'inte::lists::test_lpush' (4977) panicked at tests/inte/lists.rs:14:5:
[INFO] [stdout] assertion failed: response.contains("(integer) 5")
[INFO] [stdout] stack backtrace:
[INFO] [stdout]    0:     0x5c7db9639c91 - <<std[617be2ca0a6fd877]::sys::backtrace::BacktraceLock>::print::DisplayBacktrace as core[a373ad73a504971]::fmt::Display>::fmt
[INFO] [stdout]    1:     0x5c7db965104a - core[a373ad73a504971]::fmt::write
[INFO] [stdout]    2:     0x5c7db963e6cc - <alloc[2e1b2a31b91974c5]::vec::Vec<u8> as core[a373ad73a504971]::io::write::Write>::write_fmt
[INFO] [stdout]    3:     0x5c7db9614516 - std[617be2ca0a6fd877]::panicking::default_hook::{closure#0}
[INFO] [stdout]    4:     0x5c7db9631b09 - std[617be2ca0a6fd877]::panicking::default_hook
[INFO] [stdout]    5:     0x5c7db9495990 - test[aada8e7e76ba119b]::test_main_inner::{closure#0}
[INFO] [stdout]    6:     0x5c7db9631cc2 - std[617be2ca0a6fd877]::panicking::panic_with_hook
[INFO] [stdout]    7:     0x5c7db96145f4 - std[617be2ca0a6fd877]::panicking::panic_handler::{closure#0}
[INFO] [stdout]    8:     0x5c7db960d149 - std[617be2ca0a6fd877]::sys::backtrace::__rust_end_short_backtrace::<std[617be2ca0a6fd877]::panicking::panic_handler::{closure#0}, !>
[INFO] [stdout]    9:     0x5c7db96153bd - __rustc[ea4f61d10b84890b]::rust_begin_unwind
[INFO] [stdout]   10:     0x5c7db965182c - core[a373ad73a504971]::panicking::panic_fmt
[INFO] [stdout]   11:     0x5c7db96517f2 - core[a373ad73a504971]::panicking::panic
[INFO] [stdout]   12:     0x5c7db9472caf - <mod[2d67eac2524a5744]::inte::lists::test_lpush::{closure#0} as core[a373ad73a504971]::ops::function::FnOnce<()>>::call_once
[INFO] [stdout]   13:     0x5c7db9488ddb - test[aada8e7e76ba119b]::__rust_begin_short_backtrace::<core[a373ad73a504971]::result::Result<(), alloc[2e1b2a31b91974c5]::string::String>, fn() -> core[a373ad73a504971]::result::Result<(), alloc[2e1b2a31b91974c5]::string::String>>
[INFO] [stdout]   14:     0x5c7db9495fb5 - test[aada8e7e76ba119b]::run_test::{closure#0}
[INFO] [stdout]   15:     0x5c7db948f8a4 - std[617be2ca0a6fd877]::sys::backtrace::__rust_begin_short_backtrace::<test[aada8e7e76ba119b]::run_test::{closure#1}, ()>
[INFO] [stdout]   16:     0x5c7db9499042 - <std[617be2ca0a6fd877]::thread::lifecycle::spawn_unchecked<test[aada8e7e76ba119b]::run_test::{closure#1}, ()>::{closure#1} as core[a373ad73a504971]::ops::function::FnOnce<()>>::call_once::{shim:vtable#0}
[INFO] [stdout]   17:     0x5c7db9638fcf - <std[617be2ca0a6fd877]::sys::thread::unix::Thread>::new::thread_start
[INFO] [stdout]   18:     0x7593e50e6dfa - <unknown>
[INFO] [stdout]   19:     0x7593e517a3d4 - clone
[INFO] [stdout]   20:                0x0 - <unknown>
[INFO] [stdout] 
[INFO] [stdout] ---- inte::sets::test_sadd stdout ----
[INFO] [stdout] 
[INFO] [stdout] thread 'inte::sets::test_sadd' (4985) panicked at tests/inte/sets.rs:8:5:
[INFO] [stdout] assertion failed: response.contains("(integer) 2")
[INFO] [stdout] stack backtrace:
[INFO] [stdout]    0:     0x5c7db9639c91 - <<std[617be2ca0a6fd877]::sys::backtrace::BacktraceLock>::print::DisplayBacktrace as core[a373ad73a504971]::fmt::Display>::fmt
[INFO] [stdout]    1:     0x5c7db965104a - core[a373ad73a504971]::fmt::write
[INFO] [stdout]    2:     0x5c7db963e6cc - <alloc[2e1b2a31b91974c5]::vec::Vec<u8> as core[a373ad73a504971]::io::write::Write>::write_fmt
[INFO] [stdout]    3:     0x5c7db9614516 - std[617be2ca0a6fd877]::panicking::default_hook::{closure#0}
[INFO] [stdout]    4:     0x5c7db9631b09 - std[617be2ca0a6fd877]::panicking::default_hook
[INFO] [stdout]    5:     0x5c7db9495990 - test[aada8e7e76ba119b]::test_main_inner::{closure#0}
[INFO] [stdout]    6:     0x5c7db9631cc2 - std[617be2ca0a6fd877]::panicking::panic_with_hook
[INFO] [stdout]    7:     0x5c7db96145f4 - std[617be2ca0a6fd877]::panicking::panic_handler::{closure#0}
[INFO] [stdout]    8:     0x5c7db960d149 - std[617be2ca0a6fd877]::sys::backtrace::__rust_end_short_backtrace::<std[617be2ca0a6fd877]::panicking::panic_handler::{closure#0}, !>
[INFO] [stdout]    9:     0x5c7db96153bd - __rustc[ea4f61d10b84890b]::rust_begin_unwind
[INFO] [stdout]   10:     0x5c7db965182c - core[a373ad73a504971]::panicking::panic_fmt
[INFO] [stdout]   11:     0x5c7db96517f2 - core[a373ad73a504971]::panicking::panic
[INFO] [stdout]   12:     0x5c7db94888a9 - <mod[2d67eac2524a5744]::inte::sets::test_sadd::{closure#0} as core[a373ad73a504971]::ops::function::FnOnce<()>>::call_once
[INFO] [stdout]   13:     0x5c7db9488ddb - test[aada8e7e76ba119b]::__rust_begin_short_backtrace::<core[a373ad73a504971]::result::Result<(), alloc[2e1b2a31b91974c5]::string::String>, fn() -> core[a373ad73a504971]::result::Result<(), alloc[2e1b2a31b91974c5]::string::String>>
[INFO] [stdout]   14:     0x5c7db9495fb5 - test[aada8e7e76ba119b]::run_test::{closure#0}
[INFO] [stdout]   15:     0x5c7db948f8a4 - std[617be2ca0a6fd877]::sys::backtrace::__rust_begin_short_backtrace::<test[aada8e7e76ba119b]::run_test::{closure#1}, ()>
[INFO] [stdout]   16:     0x5c7db9499042 - <std[617be2ca0a6fd877]::thread::lifecycle::spawn_unchecked<test[aada8e7e76ba119b]::run_test::{closure#1}, ()>::{closure#1} as core[a373ad73a504971]::ops::function::FnOnce<()>>::call_once::{shim:vtable#0}
[INFO] [stdout]   17:     0x5c7db9638fcf - <std[617be2ca0a6fd877]::sys::thread::unix::Thread>::new::thread_start
[INFO] [stdout]   18:     0x7593e50e6dfa - <unknown>
[INFO] [stdout]   19:     0x7593e517a3d4 - clone
[INFO] [stdout]   20:                0x0 - <unknown>
[INFO] [stdout] 
[INFO] [stdout] 
[INFO] [stdout] failures:
[INFO] [stdout]     inte::hsets::test_hget
[INFO] [stdout]     inte::keys::test_exists
[INFO] [stdout]     inte::keys::test_key_regex
[INFO] [stdout]     inte::lists::test_lpush
[INFO] [stdout]     inte::lists::test_lrange
[INFO] [stdout]     inte::lists::test_rpop
[INFO] [stdout]     inte::lists::test_rpush
[INFO] [stdout]     inte::sets::test_sadd
[INFO] [stdout] 
[INFO] [stdout] test result: FAILED. 30 passed; 8 failed; 0 ignored; 0 measured; 0 filtered out; finished in 83.02s
[INFO] [stdout] 
[INFO] running `Command { std: "docker" "inspect" "8b2d1c858799526e790691f2dcd1c27f5666ae64a82c8dfff6a0e17f1424b7e7", kill_on_drop: false }`
[INFO] running `Command { std: "docker" "rm" "-f" "8b2d1c858799526e790691f2dcd1c27f5666ae64a82c8dfff6a0e17f1424b7e7", kill_on_drop: false }`
[INFO] [stdout] 8b2d1c858799526e790691f2dcd1c27f5666ae64a82c8dfff6a0e17f1424b7e7
