[INFO] fetching crate zyris 0.2.0...
[INFO] testing zyris-0.2.0 against 1.99.0-beta.8+cargoflags=--release for beta-release-1.100-2
[INFO] extracting crate zyris 0.2.0 into /workspace/builds/worker-6-tc1/source
[INFO] started tweaking crates.io crate zyris 0.2.0
[INFO] removed 0 missing examples
[INFO] removed 0 missing tests
[INFO] finished tweaking crates.io crate zyris 0.2.0
[INFO] tweaked toml for crates.io crate zyris 0.2.0 written to /workspace/builds/worker-6-tc1/source/Cargo.toml
[INFO] validating manifest of crates.io crate zyris 0.2.0 on toolchain 1.99.0-beta.8
[INFO] running `Command { std: CARGO_HOME="/workspace/cargo-home" RUSTUP_HOME="/workspace/rustup-home" "/workspace/cargo-home/bin/cargo" "+1.99.0-beta.8" "metadata" "--manifest-path" "Cargo.toml" "--no-deps", kill_on_drop: false }`
[INFO] crate crates.io crate zyris 0.2.0 already has a lockfile, it will not be regenerated
[INFO] running `Command { std: CARGO_HOME="/workspace/cargo-home" RUSTUP_HOME="/workspace/rustup-home" "/workspace/cargo-home/bin/cargo" "+1.99.0-beta.8" "fetch" "--manifest-path" "Cargo.toml", kill_on_drop: false }`
[INFO] [stderr]     Blocking waiting for file lock on package cache
[INFO] [stderr]     Updating crates.io index
[INFO] [stderr]     Blocking waiting for file lock on package cache
[INFO] [stderr]  Downloading crates ...
[INFO] [stderr]   Downloaded zyris-p2p v0.2.0
[INFO] [stderr]   Downloaded portmapper v0.19.1
[INFO] [stderr]   Downloaded iroh v1.0.3
[INFO] [stderr]   Downloaded wmi v0.18.4
[INFO] [stderr]   Downloaded noq-udp v1.1.1
[INFO] [stderr]   Downloaded netdev v0.45.0
[INFO] [stderr]   Downloaded netlink-sys v0.8.8
[INFO] [stderr]   Downloaded netlink-packet-core v0.8.2
[INFO] [stderr]   Downloaded objc2-core-wlan v0.3.2
[INFO] [stderr]   Downloaded plist v1.10.0
[INFO] [stderr]   Downloaded mac-addr v0.3.0
[INFO] [stderr]   Downloaded generator v0.8.9
[INFO] [stderr]   Downloaded n0-future v0.3.2
[INFO] [stderr]   Downloaded n0-error v1.0.0
[INFO] [stderr]   Downloaded cordyceps v0.3.5
[INFO] [stderr]   Downloaded n0-watcher v1.0.0
[INFO] [stderr]   Downloaded send_wrapper v0.6.0
[INFO] [stderr]   Downloaded iroh-metrics-derive v1.0.1
[INFO] [stderr]   Downloaded n0-error-macros v1.0.0
[INFO] [stderr]   Downloaded futures-buffered v0.2.13
[INFO] [stderr]   Downloaded papaya v0.2.4
[INFO] [stderr]   Downloaded noq v1.1.1
[INFO] [stderr]   Downloaded objc2-security-foundation v0.3.2
[INFO] [stderr]   Downloaded igd-next v0.17.1
[INFO] [stderr]   Downloaded attohttpc v0.30.1
[INFO] [stderr]   Downloaded sorted-index-buffer v0.2.1
[INFO] [stderr]   Downloaded iroh-relay v1.0.3
[INFO] [stderr]   Downloaded iroh-dns v1.0.3
[INFO] [stderr]   Downloaded netlink-packet-route v0.31.0
[INFO] [stderr]   Downloaded spez v0.1.2
[INFO] [stderr]   Downloaded xmltree v0.10.3
[INFO] [stderr]   Downloaded enum-assoc v1.3.0
[INFO] [stderr]   Downloaded async_io_stream v0.3.3
[INFO] [stderr]   Downloaded diatomic-waker v0.2.3
[INFO] [stderr]   Downloaded iroh-metrics v1.0.1
[INFO] [stderr]   Downloaded pharos v0.5.3
[INFO] [stderr]   Downloaded postcard-derive v0.2.2
[INFO] [stderr]   Downloaded resolv-conf v0.7.6
[INFO] [stderr]   Downloaded ws_stream_wasm v0.7.5
[INFO] [stderr]   Downloaded ipconfig v0.3.4
[INFO] [stderr]   Downloaded noq-proto v1.1.1
[INFO] [stderr]   Downloaded hickory-resolver v0.26.1
[INFO] [stderr]   Downloaded tokio-websockets v0.13.3
[INFO] [stderr]   Downloaded simple-dns v0.11.3
[INFO] [stderr]   Downloaded prefix-trie v0.8.4
[INFO] [stderr]   Downloaded iroh-base v1.0.3
[INFO] [stderr]   Downloaded hickory-proto v0.26.1
[INFO] [stderr]   Downloaded hickory-net v0.26.1
[INFO] [stderr]   Downloaded netlink-proto v0.12.1
[INFO] [stderr]   Downloaded netwatch v0.19.1
[INFO] [stderr]   Downloaded identity-hash v0.1.0
[INFO] running `Command { std: "docker" "create" "-v" "/var/lib/crater-agent-workspace/builds/worker-6-tc1/source:/opt/rustwide/workdir:ro,Z" "-v" "/var/lib/crater-agent-workspace/builds/worker-6-tc1/target:/opt/rustwide/target:rw,Z" "-v" "/var/lib/crater-agent-workspace/cargo-home:/opt/rustwide/cargo-home:ro,Z" "-v" "/var/lib/crater-agent-workspace/rustup-home:/opt/rustwide/rustup-home:ro,Z" "-m" "1610612736" "--network" "none" "ghcr.io/rust-lang/crates-build-env/linux@sha256:77db811e55d90add9212f6832c23229e3de5f1c1f9905e8cb07319ea15df73ac" "sleep" "infinity", kill_on_drop: false }`
[INFO] [stdout] eb45443dff42c932d1440c2176284390c8eff64f1ab2b113be15937b039e957e
[INFO] running `Command { std: "docker" "start" "eb45443dff42c932d1440c2176284390c8eff64f1ab2b113be15937b039e957e", kill_on_drop: false }`
[INFO] running `Command { std: "docker" "inspect" "eb45443dff42c932d1440c2176284390c8eff64f1ab2b113be15937b039e957e", kill_on_drop: false }`
[INFO] running `Command { std: "docker" "exec" "-e" "SOURCE_DIR=/opt/rustwide/workdir" "-e" "CARGO_HOME=/opt/rustwide/cargo-home" "-e" "RUSTUP_HOME=/opt/rustwide/rustup-home" "-e" "CARGO_TARGET_DIR=/opt/rustwide/target" "-w" "/opt/rustwide/workdir" "--user" "0:0" "eb45443dff42c932d1440c2176284390c8eff64f1ab2b113be15937b039e957e" "/opt/rustwide/cargo-home/bin/cargo" "+1.99.0-beta.8" "metadata" "--no-deps" "--format-version=1", kill_on_drop: false }`
[INFO] running `Command { std: "docker" "inspect" "eb45443dff42c932d1440c2176284390c8eff64f1ab2b113be15937b039e957e", kill_on_drop: false }`
[INFO] running `Command { std: "docker" "exec" "-e" "SOURCE_DIR=/opt/rustwide/workdir" "-e" "CARGO_HOME=/opt/rustwide/cargo-home" "-e" "RUSTUP_HOME=/opt/rustwide/rustup-home" "-e" "CARGO_TARGET_DIR=/opt/rustwide/target" "-e" "CARGO_INCREMENTAL=0" "-e" "RUST_BACKTRACE=full" "-e" "RUSTFLAGS=--cap-lints=warn" "-e" "RUSTDOCFLAGS=--cap-lints=warn" "-w" "/opt/rustwide/workdir" "--user" "0:0" "eb45443dff42c932d1440c2176284390c8eff64f1ab2b113be15937b039e957e" "/opt/rustwide/cargo-home/bin/cargo" "+1.99.0-beta.8" "build" "--frozen" "--message-format=json" "--release", kill_on_drop: false }`
[INFO] [stderr]    Compiling zerocopy v0.8.55
[INFO] [stderr]    Compiling num-traits v0.2.19
[INFO] [stderr]    Compiling syn v3.0.3
[INFO] [stderr]    Compiling getrandom v0.3.4
[INFO] [stderr]    Compiling hybrid-array v0.4.13
[INFO] [stderr]    Compiling smallvec v1.15.2
[INFO] [stderr]    Compiling thiserror v2.0.19
[INFO] [stderr]    Compiling rustls v0.23.42
[INFO] [stderr]    Compiling rustls-webpki v0.103.13
[INFO] [stderr]    Compiling errno v0.3.14
[INFO] [stderr]    Compiling parking_lot_core v0.9.12
[INFO] [stderr]    Compiling rand_core v0.9.5
[INFO] [stderr]    Compiling ref-cast v1.0.26
[INFO] [stderr]    Compiling signal-hook-registry v1.4.8
[INFO] [stderr]    Compiling parking_lot v0.12.5
[INFO] [stderr]    Compiling block-buffer v0.12.1
[INFO] [stderr]    Compiling crypto-common v0.2.2
[INFO] [stderr]    Compiling tokio-macros v2.7.1
[INFO] [stderr]    Compiling mio v1.2.2
[INFO] [stderr]    Compiling rmp v0.8.15
[INFO] [stderr]    Compiling rustix v1.1.4
[INFO] [stderr]    Compiling sha1 v0.10.7
[INFO] [stderr]    Compiling serde_json v1.0.151
[INFO] [stderr]    Compiling digest v0.11.3
[INFO] [stderr]    Compiling tokio v1.53.1
[INFO] [stderr]    Compiling http v1.4.2
[INFO] [stderr]    Compiling futures-macro v0.3.33
[INFO] [stderr]    Compiling serde_bytes v0.11.19
[INFO] [stderr]    Compiling serde_derive_internals v0.30.0
[INFO] [stderr]    Compiling futures-sink v0.3.33
[INFO] [stderr]    Compiling linux-raw-sys v0.12.1
[INFO] [stderr]    Compiling futures-core v0.3.33
[INFO] [stderr]    Compiling log v0.4.33
[INFO] [stderr]    Compiling futures-task v0.3.33
[INFO] [stderr]    Compiling bitflags v2.13.1
[INFO] [stderr]    Compiling futures-util v0.3.33
[INFO] [stderr]    Compiling serde_derive v1.0.229
[INFO] [stderr]    Compiling thiserror-impl v2.0.19
[INFO] [stderr]    Compiling ref-cast-impl v1.0.26
[INFO] [stderr]    Compiling schemars_derive v1.2.2
[INFO] [stderr]    Compiling sha2 v0.11.0
[INFO] [stderr]    Compiling ppv-lite86 v0.2.21
[INFO] [stderr]    Compiling rand_chacha v0.9.0
[INFO] [stderr]    Compiling getrandom v0.4.3
[INFO] [stderr]    Compiling rand v0.9.5
[INFO] [stderr]    Compiling base64 v0.23.0
[INFO] [stderr]    Compiling uuid v1.24.0
[INFO] [stderr]    Compiling tungstenite v0.29.0
[INFO] [stderr]    Compiling gethostname v1.1.0
[INFO] [stderr]    Compiling async-trait v0.1.91
[INFO] [stderr]    Compiling zyris-macros v0.2.0
[INFO] [stderr]    Compiling serde v1.0.229
[INFO] [stderr]    Compiling tokio-rustls v0.26.4
[INFO] [stderr]    Compiling rmpv v1.3.1
[INFO] [stderr]    Compiling rmp-serde v1.3.1
[INFO] [stderr]    Compiling schemars v1.2.2
[INFO] [stderr]    Compiling tokio-tungstenite v0.29.0
[INFO] [stderr]    Compiling zyris-proto v0.2.0
[INFO] [stderr]    Compiling zyris-core v0.2.0
[INFO] [stderr]    Compiling zyris v0.2.0 (/opt/rustwide/workdir)
[INFO] [stderr]     Finished `release` profile [optimized] target(s) in 1m 55s
[INFO] running `Command { std: "docker" "inspect" "eb45443dff42c932d1440c2176284390c8eff64f1ab2b113be15937b039e957e", kill_on_drop: false }`
[INFO] running `Command { std: "docker" "exec" "-e" "SOURCE_DIR=/opt/rustwide/workdir" "-e" "CARGO_HOME=/opt/rustwide/cargo-home" "-e" "RUSTUP_HOME=/opt/rustwide/rustup-home" "-e" "CARGO_TARGET_DIR=/opt/rustwide/target" "-e" "CARGO_INCREMENTAL=0" "-e" "RUST_BACKTRACE=full" "-e" "RUSTFLAGS=--cap-lints=warn" "-e" "RUSTDOCFLAGS=--cap-lints=warn" "-w" "/opt/rustwide/workdir" "--user" "0:0" "eb45443dff42c932d1440c2176284390c8eff64f1ab2b113be15937b039e957e" "/opt/rustwide/cargo-home/bin/cargo" "+1.99.0-beta.8" "test" "--frozen" "--no-run" "--message-format=json" "--release", kill_on_drop: false }`
[INFO] [stderr]    Compiling zyris v0.2.0 (/opt/rustwide/workdir)
[INFO] [stderr]     Finished `release` profile [optimized] target(s) in 2.60s
[INFO] running `Command { std: "docker" "inspect" "eb45443dff42c932d1440c2176284390c8eff64f1ab2b113be15937b039e957e", kill_on_drop: false }`
[INFO] running `Command { std: "docker" "exec" "-e" "SOURCE_DIR=/opt/rustwide/workdir" "-e" "CARGO_HOME=/opt/rustwide/cargo-home" "-e" "RUSTUP_HOME=/opt/rustwide/rustup-home" "-e" "CARGO_TARGET_DIR=/opt/rustwide/target" "-e" "CARGO_INCREMENTAL=0" "-e" "RUST_BACKTRACE=full" "-e" "RUSTFLAGS=--cap-lints=warn" "-e" "RUSTDOCFLAGS=--cap-lints=warn" "-w" "/opt/rustwide/workdir" "--user" "0:0" "eb45443dff42c932d1440c2176284390c8eff64f1ab2b113be15937b039e957e" "/opt/rustwide/cargo-home/bin/cargo" "+1.99.0-beta.8" "test" "--frozen" "--release", kill_on_drop: false }`
[INFO] [stderr]     Finished `release` profile [optimized] target(s) in 0.23s
[INFO] [stderr]      Running unittests src/lib.rs (/opt/rustwide/target/release/deps/zyris-cc7f09eb561efca7)
[INFO] [stderr]      Running tests/crate_boundary.rs (/opt/rustwide/target/release/deps/crate_boundary-f2ea7ebcbe3ba176)
[INFO] [stdout] 
[INFO] [stdout] running 0 tests
[INFO] [stdout] 
[INFO] [stdout] test result: ok. 0 passed; 0 failed; 0 ignored; 0 measured; 0 filtered out; finished in 0.00s
[INFO] [stdout] 
[INFO] [stdout] 
[INFO] [stdout] running 5 tests
[INFO] [stdout] test every_crate_that_says_it_publishes_can ... FAILED
[INFO] [stdout] test the_face_does_not_advertise_a_crates_io_page_that_will_never_exist ... FAILED
[INFO] [stdout] test nothing_the_face_links_comes_from_a_git_checkout ... ok
[INFO] [stdout] test the_face_does_not_name_one_deployments_hub ... ok
[INFO] [stdout] test depending_on_the_face_never_pulls_in_the_reference_implementations ... ok
[INFO] [stderr] error: test failed, to rerun pass `--test crate_boundary`
[INFO] [stdout] 
[INFO] [stdout] failures:
[INFO] [stdout] 
[INFO] [stdout] ---- every_crate_that_says_it_publishes_can stdout ----
[INFO] [stdout] 
[INFO] [stdout] thread 'every_crate_that_says_it_publishes_can' (1267) panicked at tests/crate_boundary.rs:138:5:
[INFO] [stdout] found only 1 members, so this test read almost nothing
[INFO] [stdout] stack backtrace:
[INFO] [stdout]    0:     0x61223c742331 - <<std[70759c8f55707aa4]::sys::backtrace::BacktraceLock>::print::DisplayBacktrace as core[df12db4294e9bfd3]::fmt::Display>::fmt
[INFO] [stdout]    1:     0x61223c756f6a - core[df12db4294e9bfd3]::fmt::write
[INFO] [stdout]    2:     0x61223c746abc - <alloc[2182bb758b4b3781]::vec::Vec<u8> as core[df12db4294e9bfd3]::io::write::Write>::write_fmt
[INFO] [stdout]    3:     0x61223c71dec6 - std[70759c8f55707aa4]::panicking::default_hook::{closure#0}
[INFO] [stdout]    4:     0x61223c73a519 - std[70759c8f55707aa4]::panicking::default_hook
[INFO] [stdout]    5:     0x61223c6d2dc0 - test[9d35eded1c95d3be]::test_main_inner::<test[9d35eded1c95d3be]::test_main_static::{closure#0}>::{closure#0}
[INFO] [stdout]    6:     0x61223c73a6d2 - std[70759c8f55707aa4]::panicking::panic_with_hook
[INFO] [stdout]    7:     0x61223c71df72 - std[70759c8f55707aa4]::panicking::panic_handler::{closure#0}
[INFO] [stdout]    8:     0x61223c716ac9 - std[70759c8f55707aa4]::sys::backtrace::__rust_end_short_backtrace::<std[70759c8f55707aa4]::panicking::panic_handler::{closure#0}, !>
[INFO] [stdout]    9:     0x61223c71eb6d - __rustc[8fa7c3cbc660c2b3]::rust_begin_unwind
[INFO] [stdout]   10:     0x61223c75769c - core[df12db4294e9bfd3]::panicking::panic_fmt
[INFO] [stdout]   11:     0x61223c6b9a57 - <crate_boundary[f94af40af20ea5e6]::every_crate_that_says_it_publishes_can::{closure#0} as core[df12db4294e9bfd3]::ops::function::FnOnce<()>>::call_once
[INFO] [stdout]   12:     0x61223c6c60ab - test[9d35eded1c95d3be]::__rust_begin_short_backtrace::<core[df12db4294e9bfd3]::result::Result<(), alloc[2182bb758b4b3781]::string::String>, fn() -> core[df12db4294e9bfd3]::result::Result<(), alloc[2182bb758b4b3781]::string::String>>
[INFO] [stdout]   13:     0x61223c6d3715 - test[9d35eded1c95d3be]::run_test::{closure#0}
[INFO] [stdout]   14:     0x61223c6ccfd4 - std[70759c8f55707aa4]::sys::backtrace::__rust_begin_short_backtrace::<test[9d35eded1c95d3be]::run_test::{closure#1}, ()>
[INFO] [stdout]   15:     0x61223c6d6872 - <std[70759c8f55707aa4]::thread::lifecycle::spawn_unchecked<test[9d35eded1c95d3be]::run_test::{closure#1}, ()>::{closure#1} as core[df12db4294e9bfd3]::ops::function::FnOnce<()>>::call_once::{shim:vtable#0}
[INFO] [stdout]   16:     0x61223c741899 - <std[70759c8f55707aa4]::sys::thread::unix::Thread>::new::thread_start
[INFO] [stdout]   17:     0x6ffe34bb4dfa - <unknown>
[INFO] [stdout]   18:     0x6ffe34c483d4 - clone
[INFO] [stdout]   19:                0x0 - <unknown>
[INFO] [stdout] 
[INFO] [stdout] ---- the_face_does_not_advertise_a_crates_io_page_that_will_never_exist stdout ----
[INFO] [stdout] 
[INFO] [stdout] thread 'the_face_does_not_advertise_a_crates_io_page_that_will_never_exist' (1269) panicked at tests/crate_boundary.rs:28:50:
[INFO] [stdout] could not read /opt/rustwide/zyris/README.md: No such file or directory (os error 2)
[INFO] [stdout] stack backtrace:
[INFO] [stdout]    0:     0x61223c742331 - <<std[70759c8f55707aa4]::sys::backtrace::BacktraceLock>::print::DisplayBacktrace as core[df12db4294e9bfd3]::fmt::Display>::fmt
[INFO] [stdout]    1:     0x61223c756f6a - core[df12db4294e9bfd3]::fmt::write
[INFO] [stdout]    2:     0x61223c746abc - <alloc[2182bb758b4b3781]::vec::Vec<u8> as core[df12db4294e9bfd3]::io::write::Write>::write_fmt
[INFO] [stdout]    3:     0x61223c71dec6 - std[70759c8f55707aa4]::panicking::default_hook::{closure#0}
[INFO] [stdout]    4:     0x61223c73a519 - std[70759c8f55707aa4]::panicking::default_hook
[INFO] [stdout]    5:     0x61223c6d2dc0 - test[9d35eded1c95d3be]::test_main_inner::<test[9d35eded1c95d3be]::test_main_static::{closure#0}>::{closure#0}
[INFO] [stdout]    6:     0x61223c73a6d2 - std[70759c8f55707aa4]::panicking::panic_with_hook
[INFO] [stdout]    7:     0x61223c71df72 - std[70759c8f55707aa4]::panicking::panic_handler::{closure#0}
[INFO] [stdout]    8:     0x61223c716ac9 - std[70759c8f55707aa4]::sys::backtrace::__rust_end_short_backtrace::<std[70759c8f55707aa4]::panicking::panic_handler::{closure#0}, !>
[INFO] [stdout]    9:     0x61223c71eb6d - __rustc[8fa7c3cbc660c2b3]::rust_begin_unwind
[INFO] [stdout]   10:     0x61223c75769c - core[df12db4294e9bfd3]::panicking::panic_fmt
[INFO] [stdout]   11:     0x61223c6b7399 - crate_boundary[f94af40af20ea5e6]::file::{closure#0}
[INFO] [stdout]   12:     0x61223c6bb33a - <crate_boundary[f94af40af20ea5e6]::the_face_does_not_advertise_a_crates_io_page_that_will_never_exist::{closure#0} as core[df12db4294e9bfd3]::ops::function::FnOnce<()>>::call_once
[INFO] [stdout]   13:     0x61223c6c60ab - test[9d35eded1c95d3be]::__rust_begin_short_backtrace::<core[df12db4294e9bfd3]::result::Result<(), alloc[2182bb758b4b3781]::string::String>, fn() -> core[df12db4294e9bfd3]::result::Result<(), alloc[2182bb758b4b3781]::string::String>>
[INFO] [stdout]   14:     0x61223c6d3715 - test[9d35eded1c95d3be]::run_test::{closure#0}
[INFO] [stdout]   15:     0x61223c6ccfd4 - std[70759c8f55707aa4]::sys::backtrace::__rust_begin_short_backtrace::<test[9d35eded1c95d3be]::run_test::{closure#1}, ()>
[INFO] [stdout]   16:     0x61223c6d6872 - <std[70759c8f55707aa4]::thread::lifecycle::spawn_unchecked<test[9d35eded1c95d3be]::run_test::{closure#1}, ()>::{closure#1} as core[df12db4294e9bfd3]::ops::function::FnOnce<()>>::call_once::{shim:vtable#0}
[INFO] [stdout]   17:     0x61223c741899 - <std[70759c8f55707aa4]::sys::thread::unix::Thread>::new::thread_start
[INFO] [stdout]   18:     0x6ffe34bb4dfa - <unknown>
[INFO] [stdout]   19:     0x6ffe34c483d4 - clone
[INFO] [stdout]   20:                0x0 - <unknown>
[INFO] [stdout] 
[INFO] [stdout] 
[INFO] [stdout] failures:
[INFO] [stdout]     every_crate_that_says_it_publishes_can
[INFO] [stdout]     the_face_does_not_advertise_a_crates_io_page_that_will_never_exist
[INFO] [stdout] 
[INFO] [stdout] test result: FAILED. 3 passed; 2 failed; 0 ignored; 0 measured; 0 filtered out; finished in 0.69s
[INFO] [stdout] 
[INFO] running `Command { std: "docker" "inspect" "eb45443dff42c932d1440c2176284390c8eff64f1ab2b113be15937b039e957e", kill_on_drop: false }`
[INFO] running `Command { std: "docker" "rm" "-f" "eb45443dff42c932d1440c2176284390c8eff64f1ab2b113be15937b039e957e", kill_on_drop: false }`
[INFO] [stdout] eb45443dff42c932d1440c2176284390c8eff64f1ab2b113be15937b039e957e
