[INFO] fetching crate zyris-macros 0.2.0...
[INFO] testing zyris-macros-0.2.0 against 1.100.0-beta.1+cargoflags=--release for beta-release-1.100-2
[INFO] extracting crate zyris-macros 0.2.0 into /workspace/builds/worker-0-tc2/source
[INFO] started tweaking crates.io crate zyris-macros 0.2.0
[INFO] removed 0 missing tests
[INFO] finished tweaking crates.io crate zyris-macros 0.2.0
[INFO] tweaked toml for crates.io crate zyris-macros 0.2.0 written to /workspace/builds/worker-0-tc2/source/Cargo.toml
[INFO] validating manifest of crates.io crate zyris-macros 0.2.0 on toolchain 1.100.0-beta.1
[INFO] running `Command { std: CARGO_HOME="/workspace/cargo-home" RUSTUP_HOME="/workspace/rustup-home" "/workspace/cargo-home/bin/cargo" "+1.100.0-beta.1" "metadata" "--manifest-path" "Cargo.toml" "--no-deps", kill_on_drop: false }`
[INFO] crate crates.io crate zyris-macros 0.2.0 already has a lockfile, it will not be regenerated
[INFO] running `Command { std: CARGO_HOME="/workspace/cargo-home" RUSTUP_HOME="/workspace/rustup-home" "/workspace/cargo-home/bin/cargo" "+1.100.0-beta.1" "fetch" "--manifest-path" "Cargo.toml", kill_on_drop: false }`
[INFO] running `Command { std: "docker" "create" "-v" "/var/lib/crater-agent-workspace/builds/worker-0-tc2/source:/opt/rustwide/workdir:ro,Z" "-v" "/var/lib/crater-agent-workspace/builds/worker-0-tc2/target:/opt/rustwide/target:rw,Z" "-v" "/var/lib/crater-agent-workspace/cargo-home:/opt/rustwide/cargo-home:ro,Z" "-v" "/var/lib/crater-agent-workspace/rustup-home:/opt/rustwide/rustup-home:ro,Z" "-m" "1610612736" "--network" "none" "ghcr.io/rust-lang/crates-build-env/linux@sha256:77db811e55d90add9212f6832c23229e3de5f1c1f9905e8cb07319ea15df73ac" "sleep" "infinity", kill_on_drop: false }`
[INFO] [stdout] 37a92a30703863e181cfe5feec5531e6954033f605a7c521ec128d9d56dd60c7
[INFO] running `Command { std: "docker" "start" "37a92a30703863e181cfe5feec5531e6954033f605a7c521ec128d9d56dd60c7", kill_on_drop: false }`
[INFO] running `Command { std: "docker" "inspect" "37a92a30703863e181cfe5feec5531e6954033f605a7c521ec128d9d56dd60c7", kill_on_drop: false }`
[INFO] running `Command { std: "docker" "exec" "-e" "SOURCE_DIR=/opt/rustwide/workdir" "-e" "CARGO_HOME=/opt/rustwide/cargo-home" "-e" "RUSTUP_HOME=/opt/rustwide/rustup-home" "-e" "CARGO_TARGET_DIR=/opt/rustwide/target" "-w" "/opt/rustwide/workdir" "--user" "0:0" "37a92a30703863e181cfe5feec5531e6954033f605a7c521ec128d9d56dd60c7" "/opt/rustwide/cargo-home/bin/cargo" "+1.100.0-beta.1" "metadata" "--no-deps" "--format-version=1", kill_on_drop: false }`
[INFO] running `Command { std: "docker" "inspect" "37a92a30703863e181cfe5feec5531e6954033f605a7c521ec128d9d56dd60c7", kill_on_drop: false }`
[INFO] running `Command { std: "docker" "exec" "-e" "SOURCE_DIR=/opt/rustwide/workdir" "-e" "CARGO_HOME=/opt/rustwide/cargo-home" "-e" "RUSTUP_HOME=/opt/rustwide/rustup-home" "-e" "CARGO_TARGET_DIR=/opt/rustwide/target" "-e" "CARGO_INCREMENTAL=0" "-e" "RUST_BACKTRACE=full" "-e" "RUSTFLAGS=--cap-lints=warn" "-e" "RUSTDOCFLAGS=--cap-lints=warn" "-w" "/opt/rustwide/workdir" "--user" "0:0" "37a92a30703863e181cfe5feec5531e6954033f605a7c521ec128d9d56dd60c7" "/opt/rustwide/cargo-home/bin/cargo" "+1.100.0-beta.1" "build" "--frozen" "--message-format=json" "--release", kill_on_drop: false }`
[INFO] [stderr]    Compiling zyris-macros v0.2.0 (/opt/rustwide/workdir)
[INFO] [stderr]     Finished `release` profile [optimized] target(s) in 5.86s
[INFO] running `Command { std: "docker" "inspect" "37a92a30703863e181cfe5feec5531e6954033f605a7c521ec128d9d56dd60c7", kill_on_drop: false }`
[INFO] running `Command { std: "docker" "exec" "-e" "SOURCE_DIR=/opt/rustwide/workdir" "-e" "CARGO_HOME=/opt/rustwide/cargo-home" "-e" "RUSTUP_HOME=/opt/rustwide/rustup-home" "-e" "CARGO_TARGET_DIR=/opt/rustwide/target" "-e" "CARGO_INCREMENTAL=0" "-e" "RUST_BACKTRACE=full" "-e" "RUSTFLAGS=--cap-lints=warn" "-e" "RUSTDOCFLAGS=--cap-lints=warn" "-w" "/opt/rustwide/workdir" "--user" "0:0" "37a92a30703863e181cfe5feec5531e6954033f605a7c521ec128d9d56dd60c7" "/opt/rustwide/cargo-home/bin/cargo" "+1.100.0-beta.1" "test" "--frozen" "--no-run" "--message-format=json" "--release", kill_on_drop: false }`
[INFO] [stderr]    Compiling target-triple v1.0.1
[INFO] [stderr]    Compiling serde_json v1.0.151
[INFO] [stderr]    Compiling winnow v1.0.4
[INFO] [stderr]    Compiling toml_datetime v1.1.1+spec-1.1.0
[INFO] [stderr]    Compiling serde_spanned v1.1.1
[INFO] [stderr]    Compiling ref-cast-impl v1.0.26
[INFO] [stderr]    Compiling serde_derive_internals v0.30.0
[INFO] [stderr]    Compiling serde v1.0.229
[INFO] [stderr]    Compiling ref-cast v1.0.26
[INFO] [stderr]    Compiling proc-macro2 v1.0.107
[INFO] [stderr]    Compiling toml_writer v1.1.2+spec-1.1.0
[INFO] [stderr]    Compiling toml_parser v1.1.3+spec-1.1.0
[INFO] [stderr]    Compiling quote v1.0.47
[INFO] [stderr]    Compiling dyn-clone v1.0.20
[INFO] [stderr]    Compiling termcolor v1.4.1
[INFO] [stderr]    Compiling toml v1.1.4+spec-1.1.0
[INFO] [stderr]    Compiling schemars_derive v1.2.2
[INFO] [stderr]    Compiling zyris-macros v0.2.0 (/opt/rustwide/workdir)
[INFO] [stderr]    Compiling glob v0.3.4
[INFO] [stderr]    Compiling syn v3.0.3
[INFO] [stderr]    Compiling trybuild v1.0.118
[INFO] [stderr]    Compiling schemars v1.2.2
[INFO] [stderr]     Finished `release` profile [optimized] target(s) in 55.48s
[INFO] running `Command { std: "docker" "inspect" "37a92a30703863e181cfe5feec5531e6954033f605a7c521ec128d9d56dd60c7", kill_on_drop: false }`
[INFO] running `Command { std: "docker" "exec" "-e" "SOURCE_DIR=/opt/rustwide/workdir" "-e" "CARGO_HOME=/opt/rustwide/cargo-home" "-e" "RUSTUP_HOME=/opt/rustwide/rustup-home" "-e" "CARGO_TARGET_DIR=/opt/rustwide/target" "-e" "CARGO_INCREMENTAL=0" "-e" "RUST_BACKTRACE=full" "-e" "RUSTFLAGS=--cap-lints=warn" "-e" "RUSTDOCFLAGS=--cap-lints=warn" "-w" "/opt/rustwide/workdir" "--user" "0:0" "37a92a30703863e181cfe5feec5531e6954033f605a7c521ec128d9d56dd60c7" "/opt/rustwide/cargo-home/bin/cargo" "+1.100.0-beta.1" "test" "--frozen" "--release", kill_on_drop: false }`
[INFO] [stderr]     Finished `release` profile [optimized] target(s) in 0.12s
[INFO] [stderr]      Running unittests src/lib.rs (/opt/rustwide/target/release/build/zyris-macros/4a665cb1a561a7f4/out/zyris_macros-4a665cb1a561a7f4)
[INFO] [stdout] 
[INFO] [stdout] running 0 tests
[INFO] [stdout] 
[INFO] [stderr]      Running tests/ui.rs (/opt/rustwide/target/release/build/zyris-macros/a645798e2b256dc3/out/ui-a645798e2b256dc3)
[INFO] [stdout] test result: ok. 0 passed; 0 failed; 0 ignored; 0 measured; 0 filtered out; finished in 0.00s
[INFO] [stdout] 
[INFO] [stdout] 
[INFO] [stdout] running 1 test
[INFO] [stderr]    Compiling proc-macro2 v1.0.107
[INFO] [stderr]    Compiling quote v1.0.47
[INFO] [stderr]    Compiling unicode-ident v1.0.24
[INFO] [stderr]    Compiling serde_core v1.0.229
[INFO] [stderr]    Compiling zmij v1.0.23
[INFO] [stderr]    Compiling serde_json v1.0.151
[INFO] [stderr]    Compiling serde v1.0.229
[INFO] [stderr]    Compiling ref-cast v1.0.26
[INFO] [stderr]    Compiling itoa v1.0.18
[INFO] [stderr]    Compiling memchr v2.8.3
[INFO] [stderr]    Compiling dyn-clone v1.0.20
[INFO] [stderr]    Compiling syn v3.0.3
[INFO] [stderr]    Compiling serde_derive_internals v0.30.0
[INFO] [stderr]    Compiling serde_derive v1.0.229
[INFO] [stderr]    Compiling ref-cast-impl v1.0.26
[INFO] [stderr]    Compiling schemars_derive v1.2.2
[INFO] [stderr]    Compiling zyris-macros v0.2.0 (/opt/rustwide/workdir)
[INFO] [stderr]    Compiling schemars v1.2.2
[INFO] [stderr]    Compiling zyris-macros-tests v0.0.0 (/opt/rustwide/target/tests/trybuild/zyris-macros)
[INFO] [stderr]     Finished `dev` profile [unoptimized + debuginfo] target(s) in 24.05s
[INFO] [stderr] 
[INFO] [stderr] 
[INFO] [stderr] test tests/ui/pass_basic.rs [should pass] ... error
[INFO] [stderr] ┈┈┈┈┈┈┈┈┈┈┈┈┈┈┈┈┈┈┈┈┈┈┈┈┈┈┈┈┈┈┈┈┈┈┈┈┈┈┈┈┈┈┈┈┈┈┈┈┈┈┈┈┈┈┈┈┈┈┈┈
[INFO] [stderr] error[E0433]: cannot find module or crate `zyris` in this scope
[INFO] [stderr]  --> tests/ui/pass_basic.rs:9:3
[INFO] [stderr]   |
[INFO] [stderr] 9 | #[zyris::capability(name = "basic", version = 1)]
[INFO] [stderr]   |   ^^^^^ use of unresolved module or unlinked crate `zyris`
[INFO] [stderr] 
[INFO] [stderr] error: cannot find attribute `zyris` in this scope
[INFO] [stderr]   --> tests/ui/pass_basic.rs:15:7
[INFO] [stderr]    |
[INFO] [stderr] 15 |     #[zyris(uni_stream)]
[INFO] [stderr]    |       ^^^^^
[INFO] [stderr] 
[INFO] [stderr] error[E0425]: cannot find function `basic_capability` in this scope
[INFO] [stderr]   --> tests/ui/pass_basic.rs:23:22
[INFO] [stderr]    |
[INFO] [stderr] 23 |     let descriptor = basic_capability();
[INFO] [stderr]    |                      ^^^^^^^^^^^^^^^^ not found in this scope
[INFO] [stderr] 
[INFO] [stderr] error[E0433]: cannot find module or crate `zyris` in this scope
[INFO] [stderr]   --> tests/ui/pass_basic.rs:12:43
[INFO] [stderr]    |
[INFO] [stderr] 12 |     async fn run(&self, input: String) -> zyris::Result<Out>;
[INFO] [stderr]    |                                           ^^^^^ use of unresolved module or unlinked crate `zyris`
[INFO] [stderr]    |
[INFO] [stderr]    = help: if you wanted to use a crate named `zyris`, use `cargo add zyris` to add it to your `Cargo.toml`
[INFO] [stderr] 
[INFO] [stderr] error[E0433]: cannot find module or crate `zyris` in this scope
[INFO] [stderr]   --> tests/ui/pass_basic.rs:16:37
[INFO] [stderr]    |
[INFO] [stderr] 16 |     async fn feed(&self, n: u32) -> zyris::Result<zyris::Streaming<Out, Out>>;
[INFO] [stderr]    |                                     ^^^^^ use of unresolved module or unlinked crate `zyris`
[INFO] [stderr]    |
[INFO] [stderr]    = help: if you wanted to use a crate named `zyris`, use `cargo add zyris` to add it to your `Cargo.toml`
[INFO] [stderr] 
[INFO] [stderr] error[E0433]: cannot find module or crate `zyris` in this scope
[INFO] [stderr]   --> tests/ui/pass_basic.rs:16:51
[INFO] [stderr]    |
[INFO] [stderr] 16 |     async fn feed(&self, n: u32) -> zyris::Result<zyris::Streaming<Out, Out>>;
[INFO] [stderr]    |                                                   ^^^^^ use of unresolved module or unlinked crate `zyris`
[INFO] [stderr]    |
[INFO] [stderr]    = help: if you wanted to use a crate named `zyris`, use `cargo add zyris` to add it to your `Cargo.toml`
[INFO] [stderr] 
[INFO] [stderr] error[E0433]: cannot find module or crate `zyris` in this scope
[INFO] [stderr]   --> tests/ui/pass_basic.rs:19:29
[INFO] [stderr]    |
[INFO] [stderr] 19 |     async fn ping(&self) -> zyris::Result<Out>;
[INFO] [stderr]    |                             ^^^^^ use of unresolved module or unlinked crate `zyris`
[INFO] [stderr]    |
[INFO] [stderr]    = help: if you wanted to use a crate named `zyris`, use `cargo add zyris` to add it to your `Cargo.toml`
[INFO] [stderr] ┈┈┈┈┈┈┈┈┈┈┈┈┈┈┈┈┈┈┈┈┈┈┈┈┈┈┈┈┈┈┈┈┈┈┈┈┈┈┈┈┈┈┈┈┈┈┈┈┈┈┈┈┈┈┈┈┈┈┈┈
[INFO] [stderr] 
[INFO] [stderr] test tests/ui/fail_bi_stream.rs [should fail to compile] ... mismatch
[INFO] [stderr] 
[INFO] [stderr] EXPECTED:
[INFO] [stderr] ┈┈┈┈┈┈┈┈┈┈┈┈┈┈┈┈┈┈┈┈┈┈┈┈┈┈┈┈┈┈┈┈┈┈┈┈┈┈┈┈┈┈┈┈┈┈┈┈┈┈┈┈┈┈┈┈┈┈┈┈
[INFO] [stderr] error: bi_stream is reserved in Zyris protocol v1
[INFO] [stderr]   --> tests/ui/fail_bi_stream.rs:11:13
[INFO] [stderr]    |
[INFO] [stderr] 11 |     #[zyris(bi_stream)]
[INFO] [stderr]    |             ^^^^^^^^^
[INFO] [stderr] ┈┈┈┈┈┈┈┈┈┈┈┈┈┈┈┈┈┈┈┈┈┈┈┈┈┈┈┈┈┈┈┈┈┈┈┈┈┈┈┈┈┈┈┈┈┈┈┈┈┈┈┈┈┈┈┈┈┈┈┈
[INFO] [stderr] 
[INFO] [stderr] ACTUAL OUTPUT:
[INFO] [stderr] ┈┈┈┈┈┈┈┈┈┈┈┈┈┈┈┈┈┈┈┈┈┈┈┈┈┈┈┈┈┈┈┈┈┈┈┈┈┈┈┈┈┈┈┈┈┈┈┈┈┈┈┈┈┈┈┈┈┈┈┈
[INFO] [stderr] error[E0433]: cannot find module or crate `zyris` in this scope
[INFO] [stderr]  --> tests/ui/fail_bi_stream.rs:9:3
[INFO] [stderr]   |
[INFO] [stderr] 9 | #[zyris::capability(name = "bad", version = 1)]
[INFO] [stderr]   |   ^^^^^ use of unresolved module or unlinked crate `zyris`
[INFO] [stderr] 
[INFO] [stderr] error: cannot find attribute `zyris` in this scope
[INFO] [stderr]   --> tests/ui/fail_bi_stream.rs:11:7
[INFO] [stderr]    |
[INFO] [stderr] 11 |     #[zyris(bi_stream)]
[INFO] [stderr]    |       ^^^^^
[INFO] [stderr] 
[INFO] [stderr] error[E0433]: cannot find module or crate `zyris` in this scope
[INFO] [stderr]   --> tests/ui/fail_bi_stream.rs:12:37
[INFO] [stderr]    |
[INFO] [stderr] 12 |     async fn chat(&self, n: u32) -> zyris::Result<Out>;
[INFO] [stderr]    |                                     ^^^^^ use of unresolved module or unlinked crate `zyris`
[INFO] [stderr]    |
[INFO] [stderr]    = help: if you wanted to use a crate named `zyris`, use `cargo add zyris` to add it to your `Cargo.toml`
[INFO] [stderr] ┈┈┈┈┈┈┈┈┈┈┈┈┈┈┈┈┈┈┈┈┈┈┈┈┈┈┈┈┈┈┈┈┈┈┈┈┈┈┈┈┈┈┈┈┈┈┈┈┈┈┈┈┈┈┈┈┈┈┈┈
[INFO] [stderr] note: If the actual output is the correct output you can bless it by rerunning
[INFO] [stderr]       your test with the environment variable TRYBUILD=overwrite
[INFO] [stderr] 
[INFO] [stderr] test tests/ui/fail_not_async.rs [should fail to compile] ... mismatch
[INFO] [stderr] 
[INFO] [stderr] EXPECTED:
[INFO] [stderr] ┈┈┈┈┈┈┈┈┈┈┈┈┈┈┈┈┈┈┈┈┈┈┈┈┈┈┈┈┈┈┈┈┈┈┈┈┈┈┈┈┈┈┈┈┈┈┈┈┈┈┈┈┈┈┈┈┈┈┈┈
[INFO] [stderr] error: capability methods must be async
[INFO] [stderr]   --> tests/ui/fail_not_async.rs:11:5
[INFO] [stderr]    |
[INFO] [stderr] 11 |     fn run(&self, input: String) -> zyris::Result<Out>;
[INFO] [stderr]    |     ^^
[INFO] [stderr] ┈┈┈┈┈┈┈┈┈┈┈┈┈┈┈┈┈┈┈┈┈┈┈┈┈┈┈┈┈┈┈┈┈┈┈┈┈┈┈┈┈┈┈┈┈┈┈┈┈┈┈┈┈┈┈┈┈┈┈┈
[INFO] [stderr] 
[INFO] [stderr] ACTUAL OUTPUT:
[INFO] [stderr] ┈┈┈┈┈┈┈┈┈┈┈┈┈┈┈┈┈┈┈┈┈┈┈┈┈┈┈┈┈┈┈┈┈┈┈┈┈┈┈┈┈┈┈┈┈┈┈┈┈┈┈┈┈┈┈┈┈┈┈┈
[INFO] [stderr] error[E0433]: cannot find module or crate `zyris` in this scope
[INFO] [stderr]  --> tests/ui/fail_not_async.rs:9:3
[INFO] [stderr]   |
[INFO] [stderr] 9 | #[zyris::capability(name = "bad", version = 1)]
[INFO] [stderr]   |   ^^^^^ use of unresolved module or unlinked crate `zyris`
[INFO] [stderr] 
[INFO] [stderr] error[E0433]: cannot find module or crate `zyris` in this scope
[INFO] [stderr]   --> tests/ui/fail_not_async.rs:11:37
[INFO] [stderr]    |
[INFO] [stderr] 11 |     fn run(&self, input: String) -> zyris::Result<Out>;
[INFO] [stderr]    |                                     ^^^^^ use of unresolved module or unlinked crate `zyris`
[INFO] [stderr]    |
[INFO] [stderr]    = help: if you wanted to use a crate named `zyris`, use `cargo add zyris` to add it to your `Cargo.toml`
[INFO] [stderr] ┈┈┈┈┈┈┈┈┈┈┈┈┈┈┈┈┈┈┈┈┈┈┈┈┈┈┈┈┈┈┈┈┈┈┈┈┈┈┈┈┈┈┈┈┈┈┈┈┈┈┈┈┈┈┈┈┈┈┈┈
[INFO] [stderr] note: If the actual output is the correct output you can bless it by rerunning
[INFO] [stderr]       your test with the environment variable TRYBUILD=overwrite
[INFO] [stderr] 
[INFO] [stderr] test tests/ui/fail_generic_method.rs [should fail to compile] ... mismatch
[INFO] [stderr] 
[INFO] [stderr] EXPECTED:
[INFO] [stderr] ┈┈┈┈┈┈┈┈┈┈┈┈┈┈┈┈┈┈┈┈┈┈┈┈┈┈┈┈┈┈┈┈┈┈┈┈┈┈┈┈┈┈┈┈┈┈┈┈┈┈┈┈┈┈┈┈┈┈┈┈
[INFO] [stderr] error: capability methods cannot be generic
[INFO] [stderr]   --> tests/ui/fail_generic_method.rs:11:17
[INFO] [stderr]    |
[INFO] [stderr] 11 |     async fn run<T: Send>(&self, input: T) -> zyris::Result<Out>;
[INFO] [stderr]    |                 ^
[INFO] [stderr] ┈┈┈┈┈┈┈┈┈┈┈┈┈┈┈┈┈┈┈┈┈┈┈┈┈┈┈┈┈┈┈┈┈┈┈┈┈┈┈┈┈┈┈┈┈┈┈┈┈┈┈┈┈┈┈┈┈┈┈┈
[INFO] [stderr] 
[INFO] [stderr] ACTUAL OUTPUT:
[INFO] [stderr] ┈┈┈┈┈┈┈┈┈┈┈┈┈┈┈┈┈┈┈┈┈┈┈┈┈┈┈┈┈┈┈┈┈┈┈┈┈┈┈┈┈┈┈┈┈┈┈┈┈┈┈┈┈┈┈┈┈┈┈┈
[INFO] [stderr] error[E0433]: cannot find module or crate `zyris` in this scope
[INFO] [stderr]  --> tests/ui/fail_generic_method.rs:9:3
[INFO] [stderr]   |
[INFO] [stderr] 9 | #[zyris::capability(name = "bad", version = 1)]
[INFO] [stderr]   |   ^^^^^ use of unresolved module or unlinked crate `zyris`
[INFO] [stderr] 
[INFO] [stderr] error[E0433]: cannot find module or crate `zyris` in this scope
[INFO] [stderr]   --> tests/ui/fail_generic_method.rs:11:47
[INFO] [stderr]    |
[INFO] [stderr] 11 |     async fn run<T: Send>(&self, input: T) -> zyris::Result<Out>;
[INFO] [stderr]    |                                               ^^^^^ use of unresolved module or unlinked crate `zyris`
[INFO] [stderr]    |
[INFO] [stderr]    = help: if you wanted to use a crate named `zyris`, use `cargo add zyris` to add it to your `Cargo.toml`
[INFO] [stderr] ┈┈┈┈┈┈┈┈┈┈┈┈┈┈┈┈┈┈┈┈┈┈┈┈┈┈┈┈┈┈┈┈┈┈┈┈┈┈┈┈┈┈┈┈┈┈┈┈┈┈┈┈┈┈┈┈┈┈┈┈
[INFO] [stderr] note: If the actual output is the correct output you can bless it by rerunning
[INFO] [stderr]       your test with the environment variable TRYBUILD=overwrite
[INFO] [stderr] 
[INFO] [stderr] test tests/ui/fail_bad_return.rs [should fail to compile] ... mismatch
[INFO] [stderr] 
[INFO] [stderr] EXPECTED:
[INFO] [stderr] ┈┈┈┈┈┈┈┈┈┈┈┈┈┈┈┈┈┈┈┈┈┈┈┈┈┈┈┈┈┈┈┈┈┈┈┈┈┈┈┈┈┈┈┈┈┈┈┈┈┈┈┈┈┈┈┈┈┈┈┈
[INFO] [stderr] error: capability methods must return zyris::Result<T>
[INFO] [stderr]   --> tests/ui/fail_bad_return.rs:11:43
[INFO] [stderr]    |
[INFO] [stderr] 11 |     async fn run(&self, input: String) -> Out;
[INFO] [stderr]    |                                           ^^^
[INFO] [stderr] ┈┈┈┈┈┈┈┈┈┈┈┈┈┈┈┈┈┈┈┈┈┈┈┈┈┈┈┈┈┈┈┈┈┈┈┈┈┈┈┈┈┈┈┈┈┈┈┈┈┈┈┈┈┈┈┈┈┈┈┈
[INFO] [stderr] 
[INFO] [stderr] ACTUAL OUTPUT:
[INFO] [stderr] ┈┈┈┈┈┈┈┈┈┈┈┈┈┈┈┈┈┈┈┈┈┈┈┈┈┈┈┈┈┈┈┈┈┈┈┈┈┈┈┈┈┈┈┈┈┈┈┈┈┈┈┈┈┈┈┈┈┈┈┈
[INFO] [stderr] error[E0433]: cannot find module or crate `zyris` in this scope
[INFO] [stderr]  --> tests/ui/fail_bad_return.rs:9:3
[INFO] [stderr]   |
[INFO] [stderr] 9 | #[zyris::capability(name = "bad", version = 1)]
[INFO] [stderr]   |   ^^^^^ use of unresolved module or unlinked crate `zyris`
[INFO] [stderr] ┈┈┈┈┈┈┈┈┈┈┈┈┈┈┈┈┈┈┈┈┈┈┈┈┈┈┈┈┈┈┈┈┈┈┈┈┈┈┈┈┈┈┈┈┈┈┈┈┈┈┈┈┈┈┈┈┈┈┈┈
[INFO] [stderr] note: If the actual output is the correct output you can bless it by rerunning
[INFO] [stderr]       your test with the environment variable TRYBUILD=overwrite
[INFO] [stderr] 
[INFO] [stderr] test tests/ui/fail_default_body.rs [should fail to compile] ... mismatch
[INFO] [stderr] 
[INFO] [stderr] EXPECTED:
[INFO] [stderr] ┈┈┈┈┈┈┈┈┈┈┈┈┈┈┈┈┈┈┈┈┈┈┈┈┈┈┈┈┈┈┈┈┈┈┈┈┈┈┈┈┈┈┈┈┈┈┈┈┈┈┈┈┈┈┈┈┈┈┈┈
[INFO] [stderr] error: capability methods cannot have default bodies
[INFO] [stderr]   --> tests/ui/fail_default_body.rs:11:5
[INFO] [stderr]    |
[INFO] [stderr] 11 |     async fn run(&self, input: String) -> zyris::Result<Out> {
[INFO] [stderr]    |     ^^^^^
[INFO] [stderr] ┈┈┈┈┈┈┈┈┈┈┈┈┈┈┈┈┈┈┈┈┈┈┈┈┈┈┈┈┈┈┈┈┈┈┈┈┈┈┈┈┈┈┈┈┈┈┈┈┈┈┈┈┈┈┈┈┈┈┈┈
[INFO] [stderr] 
[INFO] [stderr] ACTUAL OUTPUT:
[INFO] [stderr] ┈┈┈┈┈┈┈┈┈┈┈┈┈┈┈┈┈┈┈┈┈┈┈┈┈┈┈┈┈┈┈┈┈┈┈┈┈┈┈┈┈┈┈┈┈┈┈┈┈┈┈┈┈┈┈┈┈┈┈┈
[INFO] [stderr] error[E0433]: cannot find module or crate `zyris` in this scope
[INFO] [stderr]  --> tests/ui/fail_default_body.rs:9:3
[INFO] [stderr]   |
[INFO] [stderr] 9 | #[zyris::capability(name = "bad", version = 1)]
[INFO] [stderr]   |   ^^^^^ use of unresolved module or unlinked crate `zyris`
[INFO] [stderr] 
[INFO] [stderr] error[E0433]: cannot find module or crate `zyris` in this scope
[INFO] [stderr]   --> tests/ui/fail_default_body.rs:11:43
[INFO] [stderr]    |
[INFO] [stderr] 11 |     async fn run(&self, input: String) -> zyris::Result<Out> {
[INFO] [stderr]    |                                           ^^^^^ use of unresolved module or unlinked crate `zyris`
[INFO] [stderr]    |
[INFO] [stderr]    = help: if you wanted to use a crate named `zyris`, use `cargo add zyris` to add it to your `Cargo.toml`
[INFO] [stderr] ┈┈┈┈┈┈┈┈┈┈┈┈┈┈┈┈┈┈┈┈┈┈┈┈┈┈┈┈┈┈┈┈┈┈┈┈┈┈┈┈┈┈┈┈┈┈┈┈┈┈┈┈┈┈┈┈┈┈┈┈
[INFO] [stderr] note: If the actual output is the correct output you can bless it by rerunning
[INFO] [stderr]       your test with the environment variable TRYBUILD=overwrite
[INFO] [stderr] 
[INFO] [stderr] 
[INFO] [stderr] 
[INFO] [stdout] test ui ... FAILED
[INFO] [stdout] 
[INFO] [stdout] failures:
[INFO] [stdout] 
[INFO] [stdout] ---- ui stdout ----
[INFO] [stdout] 
[INFO] [stdout] thread 'ui' (658) panicked at /opt/rustwide/cargo-home/registry/src/index.crates.io-1949cf8c6b5b557f/trybuild-1.0.118/src/run.rs:102:13:
[INFO] [stdout] 6 of 6 tests failed
[INFO] [stdout] stack backtrace:
[INFO] [stdout]    0:     0x5b21feebede1 - <<std[617be2ca0a6fd877]::sys::backtrace::BacktraceLock>::print::DisplayBacktrace as core[a373ad73a504971]::fmt::Display>::fmt
[INFO] [stdout]    1:     0x5b21feed50ca - core[a373ad73a504971]::fmt::write
[INFO] [stdout]    2:     0x5b21feec362c - <alloc[2e1b2a31b91974c5]::vec::Vec<u8> as core[a373ad73a504971]::io::write::Write>::write_fmt
[INFO] [stdout]    3:     0x5b21fee98246 - std[617be2ca0a6fd877]::panicking::default_hook::{closure#0}
[INFO] [stdout]    4:     0x5b21feeb6389 - std[617be2ca0a6fd877]::panicking::default_hook
[INFO] [stdout]    5:     0x5b21fee4f990 - test[aada8e7e76ba119b]::test_main_inner::{closure#0}
[INFO] [stdout]    6:     0x5b21feeb6542 - std[617be2ca0a6fd877]::panicking::panic_with_hook
[INFO] [stdout]    7:     0x5b21fee982f2 - std[617be2ca0a6fd877]::panicking::panic_handler::{closure#0}
[INFO] [stdout]    8:     0x5b21fee90b49 - std[617be2ca0a6fd877]::sys::backtrace::__rust_end_short_backtrace::<std[617be2ca0a6fd877]::panicking::panic_handler::{closure#0}, !>
[INFO] [stdout]    9:     0x5b21fee98efd - __rustc[ea4f61d10b84890b]::rust_begin_unwind
[INFO] [stdout]   10:     0x5b21feed583c - core[a373ad73a504971]::panicking::panic_fmt
[INFO] [stdout]   11:     0x5b21feda2a2f - <trybuild[ec388ce6c5327cd7]::Runner>::run
[INFO] [stdout]   12:     0x5b21feda5c60 - <trybuild[ec388ce6c5327cd7]::TestCases as core[a373ad73a504971]::ops::drop::Drop>::drop
[INFO] [stdout]   13:     0x5b21fed9d0cc - ui[a4b142b3419ccf53]::ui
[INFO] [stdout]   14:     0x5b21fed9d2c9 - <ui[a4b142b3419ccf53]::ui::{closure#0} as core[a373ad73a504971]::ops::function::FnOnce<()>>::call_once
[INFO] [stdout]   15:     0x5b21fee42ddb - test[aada8e7e76ba119b]::__rust_begin_short_backtrace::<core[a373ad73a504971]::result::Result<(), alloc[2e1b2a31b91974c5]::string::String>, fn() -> core[a373ad73a504971]::result::Result<(), alloc[2e1b2a31b91974c5]::string::String>>
[INFO] [stdout]   16:     0x5b21fee4ffb5 - test[aada8e7e76ba119b]::run_test::{closure#0}
[INFO] [stdout]   17:     0x5b21fee498a4 - std[617be2ca0a6fd877]::sys::backtrace::__rust_begin_short_backtrace::<test[aada8e7e76ba119b]::run_test::{closure#1}, ()>
[INFO] [stdout]   18:     0x5b21fee53042 - <std[617be2ca0a6fd877]::thread::lifecycle::spawn_unchecked<test[aada8e7e76ba119b]::run_test::{closure#1}, ()>::{closure#1} as core[a373ad73a504971]::ops::function::FnOnce<()>>::call_once::{shim:vtable#0}
[INFO] [stdout]   19:     0x5b21feebe03f - <std[617be2ca0a6fd877]::sys::thread::unix::Thread>::new::thread_start
[INFO] [stdout]   20:     0x7af017d67dfa - <unknown>
[INFO] [stdout]   21:     0x7af017dfb3d4 - clone
[INFO] [stdout]   22:                0x0 - <unknown>
[INFO] [stdout] 
[INFO] [stdout] 
[INFO] [stdout] failures:
[INFO] [stdout]     ui
[INFO] [stdout] 
[INFO] [stdout] test result: FAILED. 0 passed; 1 failed; 0 ignored; 0 measured; 0 filtered out; finished in 34.42s
[INFO] [stdout] 
[INFO] [stderr] error: test failed, to rerun pass `--test ui`
[INFO] running `Command { std: "docker" "inspect" "37a92a30703863e181cfe5feec5531e6954033f605a7c521ec128d9d56dd60c7", kill_on_drop: false }`
[INFO] running `Command { std: "docker" "rm" "-f" "37a92a30703863e181cfe5feec5531e6954033f605a7c521ec128d9d56dd60c7", kill_on_drop: false }`
[INFO] [stdout] 37a92a30703863e181cfe5feec5531e6954033f605a7c521ec128d9d56dd60c7
