[INFO] fetching crate zymic_cli 1.1.0...
[INFO] testing zymic_cli-1.1.0 against 1.99.0-beta.8+cargoflags=--release for beta-release-1.100-2
[INFO] extracting crate zymic_cli 1.1.0 into /workspace/builds/worker-7-tc1/source
[INFO] started tweaking crates.io crate zymic_cli 1.1.0
[INFO] removed 0 missing tests
[INFO] finished tweaking crates.io crate zymic_cli 1.1.0
[INFO] tweaked toml for crates.io crate zymic_cli 1.1.0 written to /workspace/builds/worker-7-tc1/source/Cargo.toml
[INFO] validating manifest of crates.io crate zymic_cli 1.1.0 on toolchain 1.99.0-beta.8
[INFO] running `Command { std: CARGO_HOME="/workspace/cargo-home" RUSTUP_HOME="/workspace/rustup-home" "/workspace/cargo-home/bin/cargo" "+1.99.0-beta.8" "metadata" "--manifest-path" "Cargo.toml" "--no-deps", kill_on_drop: false }`
[INFO] crate crates.io crate zymic_cli 1.1.0 already has a lockfile, it will not be regenerated
[INFO] running `Command { std: CARGO_HOME="/workspace/cargo-home" RUSTUP_HOME="/workspace/rustup-home" "/workspace/cargo-home/bin/cargo" "+1.99.0-beta.8" "fetch" "--manifest-path" "Cargo.toml", kill_on_drop: false }`
[INFO] [stderr]     Updating crates.io index
[INFO] [stderr]  Downloading crates ...
[INFO] [stderr]   Downloaded hybrid-array v0.4.14
[INFO] [stderr]   Downloaded hmac v0.13.0
[INFO] [stderr]   Downloaded rtoolbox v0.0.6
[INFO] [stderr]   Downloaded comma v1.0.0
[INFO] [stderr]   Downloaded libredox v0.1.21
[INFO] [stderr]   Downloaded zymic_core v1.0.1
[INFO] [stderr]   Downloaded rpassword v7.5.4
[INFO] [stderr]   Downloaded rexpect v0.7.1
[INFO] [stderr]   Downloaded bitflags v2.13.1
[INFO] [stderr]   Downloaded clap_derive v4.6.4
[INFO] [stderr]   Downloaded serde_repr v0.1.21
[INFO] [stderr]   Downloaded aes-kw v0.3.1
[INFO] [stderr]   Downloaded clap v4.6.6
[INFO] [stderr]   Downloaded hkdf v0.13.0
[INFO] [stderr]   Downloaded syn v3.0.4
[INFO] [stderr]   Downloaded clap_builder v4.6.6
[INFO] running `Command { std: "docker" "create" "-v" "/var/lib/crater-agent-workspace/builds/worker-7-tc1/source:/opt/rustwide/workdir:ro,Z" "-v" "/var/lib/crater-agent-workspace/builds/worker-7-tc1/target:/opt/rustwide/target:rw,Z" "-v" "/var/lib/crater-agent-workspace/cargo-home:/opt/rustwide/cargo-home:ro,Z" "-v" "/var/lib/crater-agent-workspace/rustup-home:/opt/rustwide/rustup-home:ro,Z" "-m" "1610612736" "--network" "none" "ghcr.io/rust-lang/crates-build-env/linux@sha256:77db811e55d90add9212f6832c23229e3de5f1c1f9905e8cb07319ea15df73ac" "sleep" "infinity", kill_on_drop: false }`
[INFO] [stdout] efda526a994a69f429e32550915753e4e1a177bb0b2dfe731f3ebd333684488b
[INFO] running `Command { std: "docker" "start" "efda526a994a69f429e32550915753e4e1a177bb0b2dfe731f3ebd333684488b", kill_on_drop: false }`
[INFO] running `Command { std: "docker" "inspect" "efda526a994a69f429e32550915753e4e1a177bb0b2dfe731f3ebd333684488b", kill_on_drop: false }`
[INFO] running `Command { std: "docker" "exec" "-e" "SOURCE_DIR=/opt/rustwide/workdir" "-e" "CARGO_HOME=/opt/rustwide/cargo-home" "-e" "RUSTUP_HOME=/opt/rustwide/rustup-home" "-e" "CARGO_TARGET_DIR=/opt/rustwide/target" "-w" "/opt/rustwide/workdir" "--user" "0:0" "efda526a994a69f429e32550915753e4e1a177bb0b2dfe731f3ebd333684488b" "/opt/rustwide/cargo-home/bin/cargo" "+1.99.0-beta.8" "metadata" "--no-deps" "--format-version=1", kill_on_drop: false }`
[INFO] running `Command { std: "docker" "inspect" "efda526a994a69f429e32550915753e4e1a177bb0b2dfe731f3ebd333684488b", kill_on_drop: false }`
[INFO] running `Command { std: "docker" "exec" "-e" "SOURCE_DIR=/opt/rustwide/workdir" "-e" "CARGO_HOME=/opt/rustwide/cargo-home" "-e" "RUSTUP_HOME=/opt/rustwide/rustup-home" "-e" "CARGO_TARGET_DIR=/opt/rustwide/target" "-e" "CARGO_INCREMENTAL=0" "-e" "RUST_BACKTRACE=full" "-e" "RUSTFLAGS=--cap-lints=warn" "-e" "RUSTDOCFLAGS=--cap-lints=warn" "-w" "/opt/rustwide/workdir" "--user" "0:0" "efda526a994a69f429e32550915753e4e1a177bb0b2dfe731f3ebd333684488b" "/opt/rustwide/cargo-home/bin/cargo" "+1.99.0-beta.8" "build" "--frozen" "--message-format=json" "--release", kill_on_drop: false }`
[INFO] [stderr]    Compiling hybrid-array v0.4.14
[INFO] [stderr]    Compiling zeroize v1.9.0
[INFO] [stderr]    Compiling cpubits v0.1.1
[INFO] [stderr]    Compiling serde v1.0.229
[INFO] [stderr]    Compiling generic-array v0.14.7
[INFO] [stderr]    Compiling serde_json v1.0.151
[INFO] [stderr]    Compiling rtoolbox v0.0.6
[INFO] [stderr]    Compiling clap_builder v4.6.6
[INFO] [stderr]    Compiling dirs-sys v0.5.0
[INFO] [stderr]    Compiling zymic_cli v1.1.0 (/opt/rustwide/workdir)
[INFO] [stderr]    Compiling serde_derive v1.0.229
[INFO] [stderr]    Compiling clap_derive v4.6.4
[INFO] [stderr]    Compiling base64ct v1.8.3
[INFO] [stderr]    Compiling serde_repr v0.1.21
[INFO] [stderr]    Compiling chrono v0.4.45
[INFO] [stderr]    Compiling base64 v0.22.1
[INFO] [stderr]    Compiling rpassword v7.5.4
[INFO] [stderr]    Compiling dirs v6.0.0
[INFO] [stderr]    Compiling crypto-common v0.2.2
[INFO] [stderr]    Compiling block-buffer v0.12.1
[INFO] [stderr]    Compiling inout v0.2.2
[INFO] [stderr]    Compiling crypto-common v0.1.7
[INFO] [stderr]    Compiling block-buffer v0.10.4
[INFO] [stderr]    Compiling digest v0.10.7
[INFO] [stderr]    Compiling blake2 v0.10.6
[INFO] [stderr]    Compiling argon2 v0.5.3
[INFO] [stderr]    Compiling cipher v0.5.2
[INFO] [stderr]    Compiling digest v0.11.3
[INFO] [stderr]    Compiling universal-hash v0.6.1
[INFO] [stderr]    Compiling aead v0.6.1
[INFO] [stderr]    Compiling polyval v0.7.3
[INFO] [stderr]    Compiling hmac v0.13.0
[INFO] [stderr]    Compiling sha2 v0.11.0
[INFO] [stderr]    Compiling aes v0.9.3
[INFO] [stderr]    Compiling ctr v0.10.1
[INFO] [stderr]    Compiling ghash v0.6.0
[INFO] [stderr]    Compiling hkdf v0.13.0
[INFO] [stderr]    Compiling aes-gcm v0.11.1
[INFO] [stderr]    Compiling aes-kw v0.3.1
[INFO] [stderr]    Compiling clap v4.6.6
[INFO] [stderr]    Compiling zymic_core v1.0.1
[INFO] [stderr]     Finished `release` profile [optimized] target(s) in 13.79s
[INFO] running `Command { std: "docker" "inspect" "efda526a994a69f429e32550915753e4e1a177bb0b2dfe731f3ebd333684488b", kill_on_drop: false }`
[INFO] running `Command { std: "docker" "exec" "-e" "SOURCE_DIR=/opt/rustwide/workdir" "-e" "CARGO_HOME=/opt/rustwide/cargo-home" "-e" "RUSTUP_HOME=/opt/rustwide/rustup-home" "-e" "CARGO_TARGET_DIR=/opt/rustwide/target" "-e" "CARGO_INCREMENTAL=0" "-e" "RUST_BACKTRACE=full" "-e" "RUSTFLAGS=--cap-lints=warn" "-e" "RUSTDOCFLAGS=--cap-lints=warn" "-w" "/opt/rustwide/workdir" "--user" "0:0" "efda526a994a69f429e32550915753e4e1a177bb0b2dfe731f3ebd333684488b" "/opt/rustwide/cargo-home/bin/cargo" "+1.99.0-beta.8" "test" "--frozen" "--no-run" "--message-format=json" "--release", kill_on_drop: false }`
[INFO] [stderr]    Compiling getrandom v0.4.3
[INFO] [stderr]    Compiling dirs-sys v0.5.0
[INFO] [stderr]    Compiling rtoolbox v0.0.6
[INFO] [stderr]    Compiling nix v0.31.3
[INFO] [stderr]    Compiling thiserror-impl v2.0.20
[INFO] [stderr]    Compiling comma v1.0.0
[INFO] [stderr]    Compiling rpassword v7.5.4
[INFO] [stderr]    Compiling tempfile v3.27.0
[INFO] [stderr]    Compiling dirs v6.0.0
[INFO] [stderr]    Compiling zymic_cli v1.1.0 (/opt/rustwide/workdir)
[INFO] [stderr]    Compiling thiserror v2.0.20
[INFO] [stderr]    Compiling rexpect v0.7.1
[INFO] [stderr]     Finished `release` profile [optimized] target(s) in 10.80s
[INFO] running `Command { std: "docker" "inspect" "efda526a994a69f429e32550915753e4e1a177bb0b2dfe731f3ebd333684488b", kill_on_drop: false }`
[INFO] running `Command { std: "docker" "exec" "-e" "SOURCE_DIR=/opt/rustwide/workdir" "-e" "CARGO_HOME=/opt/rustwide/cargo-home" "-e" "RUSTUP_HOME=/opt/rustwide/rustup-home" "-e" "CARGO_TARGET_DIR=/opt/rustwide/target" "-e" "CARGO_INCREMENTAL=0" "-e" "RUST_BACKTRACE=full" "-e" "RUSTFLAGS=--cap-lints=warn" "-e" "RUSTDOCFLAGS=--cap-lints=warn" "-w" "/opt/rustwide/workdir" "--user" "0:0" "efda526a994a69f429e32550915753e4e1a177bb0b2dfe731f3ebd333684488b" "/opt/rustwide/cargo-home/bin/cargo" "+1.99.0-beta.8" "test" "--frozen" "--release", kill_on_drop: false }`
[INFO] [stderr]     Finished `release` profile [optimized] target(s) in 0.10s
[INFO] [stderr]      Running unittests src/lib.rs (/opt/rustwide/target/release/deps/zymic_cli-163aa0799cdec80c)
[INFO] [stdout] 
[INFO] [stdout] running 18 tests
[INFO] [stdout] test cli::tests::dec_v1_fixture ... ok
[INFO] [stdout] test cli::tests::no_password_argument ... ok
[INFO] [stdout] test cli::tests::atomic_replace_error_preserves_original ... ok
[INFO] [stdout] test key::tests::argon_setting ... ok
[INFO] [stdout] test cli::tests::info_argument ... ok
[INFO] [stdout] test cli::tests::dec_v1_argument ... ok
[INFO] [stdout] test key::tests::unprotected_key_rejects_corruption ... ok
[INFO] [stdout] test key::tests::unprotected_key ... ok
[INFO] [stdout] test cli::tests::info_defaults_to_unauthenticated ... ok
[INFO] [stdout] test cli::tests::atomic_replace_commits_complete_file ... ok
[INFO] [stdout] test key::tests::key_file_accepts_unknown_fields ... ok
[INFO] [stdout] test key::tests::key_file_rejects_missing_material ... ok
[INFO] [stdout] test key::tests::key_bad_date ... ok
[INFO] [stdout] test key::tests::key_bad_id ... ok
[INFO] [stdout] test key::tests::key ... ok
[INFO] [stdout] test key::tests::key_bad_password ... ok
[INFO] [stdout] test key::tests::rewrap_password_protection ... ok
[INFO] [stdout] test key::tests::empty_password_remains_password_protected ... ok
[INFO] [stdout] 
[INFO] [stdout] test result: ok. 18 passed; 0 failed; 0 ignored; 0 measured; 0 filtered out; finished in 2.12s
[INFO] [stdout] 
[INFO] [stderr]      Running unittests src/main.rs (/opt/rustwide/target/release/deps/zymic-c58ccfd96a121038)
[INFO] [stdout] 
[INFO] [stdout] running 0 tests
[INFO] [stdout] 
[INFO] [stdout] test result: ok. 0 passed; 0 failed; 0 ignored; 0 measured; 0 filtered out; finished in 0.00s
[INFO] [stdout] 
[INFO] [stderr]      Running tests/cli_tests.rs (/opt/rustwide/target/release/deps/cli_tests-8234e7f6e064e32b)
[INFO] [stdout] 
[INFO] [stdout] running 31 tests
[INFO] [stdout] test cli_integ_tests::config_dir ... FAILED
[INFO] [stdout] test cli_integ_tests::crypt_stdin_out_dash ... FAILED
[INFO] [stdout] test cli_integ_tests::err_enc_key_file_not_found ... FAILED
[INFO] [stdout] test cli_integ_tests::crypt_stdin_stdout ... FAILED
[INFO] [stdout] test cli_integ_tests::crypt ... FAILED
[INFO] [stdout] test cli_integ_tests::err_dir_not_supported ... FAILED
[INFO] [stdout] test cli_integ_tests::err_dir_output ... FAILED
[INFO] [stdout] test cli_integ_tests::crypt_default_out ... FAILED
[INFO] [stdout] test cli_integ_tests::err_dec_bad_extension ... FAILED
[INFO] [stdout] test cli_integ_tests::err_key_password_not_match ... FAILED
[INFO] [stdout] test cli_integ_tests::err_auth_failure ... FAILED
[INFO] [stdout] test cli_integ_tests::err_key_password_change ... FAILED
[INFO] [stdout] test cli_integ_tests::err_new_key_exists ... FAILED
[INFO] [stdout] test cli_integ_tests::err_dec_key_file_not_found ... FAILED
[INFO] [stdout] test cli_integ_tests::err_dec_no_extension ... FAILED
[INFO] [stdout] test cli_integ_tests::force_file_encrypt ... FAILED
[INFO] [stdout] test cli_integ_tests::key_password_change ... FAILED
[INFO] [stdout] test cli_integ_tests::new_key_argon_cpu ... FAILED
[INFO] [stdout] test cli_integ_tests::new_key_empty_password ... FAILED
[INFO] [stdout] test cli_integ_tests::force_file_decrypt ... FAILED
[INFO] [stdout] test cli_integ_tests::no_force_file_decrypt ... FAILED
[INFO] [stdout] test cli_integ_tests::stream_info_auth ... FAILED
[INFO] [stdout] test cli_integ_tests::new_key ... FAILED
[INFO] [stdout] test cli_integ_tests::new_key_argon_mem ... FAILED
[INFO] [stdout] test cli_integ_tests::no_force_file_encrypt ... FAILED
[INFO] [stdout] test cli_integ_tests::key_password_remove ... FAILED
[INFO] [stdout] test cli_integ_tests::key_info ... FAILED
[INFO] [stdout] test cli_integ_tests::key_password_change_empty ... FAILED
[INFO] [stdout] test cli_integ_tests::stream_info ... FAILED
[INFO] [stdout] test cli_integ_tests::err_show_key_file_not_found ... ok
[INFO] [stdout] test cli_integ_tests::err_check_key_file_not_found ... ok
[INFO] [stdout] 
[INFO] [stdout] failures:
[INFO] [stdout] 
[INFO] [stdout] ---- cli_integ_tests::config_dir stdout ----
[INFO] [stdout] 
[INFO] [stdout] thread 'cli_integ_tests::config_dir' (1172) panicked at tests/cli_tests.rs:27:38:
[INFO] [stdout] called `Result::unwrap()` on an `Err` value: Os { code: 30, kind: ReadOnlyFilesystem, message: "Read-only file system" }
[INFO] [stdout] stack backtrace:
[INFO] [stdout]    0:     0x602d2c383c61 - <<std[70759c8f55707aa4]::sys::backtrace::BacktraceLock>::print::DisplayBacktrace as core[df12db4294e9bfd3]::fmt::Display>::fmt
[INFO] [stdout]    1:     0x602d2c39851a - core[df12db4294e9bfd3]::fmt::write
[INFO] [stdout]    2:     0x602d2c38837c - <alloc[2182bb758b4b3781]::vec::Vec<u8> as core[df12db4294e9bfd3]::io::write::Write>::write_fmt
[INFO] [stdout]    3:     0x602d2c35dd86 - std[70759c8f55707aa4]::panicking::default_hook::{closure#0}
[INFO] [stdout]    4:     0x602d2c37ac99 - std[70759c8f55707aa4]::panicking::default_hook
[INFO] [stdout]    5:     0x602d2c307bd0 - test[9d35eded1c95d3be]::test_main_inner::<test[9d35eded1c95d3be]::test_main_static::{closure#0}>::{closure#0}
[INFO] [stdout]    6:     0x602d2c37ae52 - std[70759c8f55707aa4]::panicking::panic_with_hook
[INFO] [stdout]    7:     0x602d2c35de32 - std[70759c8f55707aa4]::panicking::panic_handler::{closure#0}
[INFO] [stdout]    8:     0x602d2c356a19 - std[70759c8f55707aa4]::sys::backtrace::__rust_end_short_backtrace::<std[70759c8f55707aa4]::panicking::panic_handler::{closure#0}, !>
[INFO] [stdout]    9:     0x602d2c35eaad - __rustc[8fa7c3cbc660c2b3]::rust_begin_unwind
[INFO] [stdout]   10:     0x602d2c398c4c - core[df12db4294e9bfd3]::panicking::panic_fmt
[INFO] [stdout]   11:     0x602d2c398a22 - core[df12db4294e9bfd3]::result::unwrap_failed
[INFO] [stdout]   12:     0x602d2c2e1614 - <cli_tests[275ea8f5e8ab484f]::cli_integ_tests::TmpDir>::new
[INFO] [stdout]   13:     0x602d2c2e45b7 - cli_tests[275ea8f5e8ab484f]::cli_integ_tests::config_dir
[INFO] [stdout]   14:     0x602d2c2f4d49 - <cli_tests[275ea8f5e8ab484f]::cli_integ_tests::config_dir::{closure#0} as core[df12db4294e9bfd3]::ops::function::FnOnce<()>>::call_once
[INFO] [stdout]   15:     0x602d2c2faebb - test[9d35eded1c95d3be]::__rust_begin_short_backtrace::<core[df12db4294e9bfd3]::result::Result<(), alloc[2182bb758b4b3781]::string::String>, fn() -> core[df12db4294e9bfd3]::result::Result<(), alloc[2182bb758b4b3781]::string::String>>
[INFO] [stdout]   16:     0x602d2c308525 - test[9d35eded1c95d3be]::run_test::{closure#0}
[INFO] [stdout]   17:     0x602d2c301de4 - std[70759c8f55707aa4]::sys::backtrace::__rust_begin_short_backtrace::<test[9d35eded1c95d3be]::run_test::{closure#1}, ()>
[INFO] [stdout]   18:     0x602d2c30b682 - <std[70759c8f55707aa4]::thread::lifecycle::spawn_unchecked<test[9d35eded1c95d3be]::run_test::{closure#1}, ()>::{closure#1} as core[df12db4294e9bfd3]::ops::function::FnOnce<()>>::call_once::{shim:vtable#0}
[INFO] [stdout]   19:     0x602d2c3832d9 - <std[70759c8f55707aa4]::sys::thread::unix::Thread>::new::thread_start
[INFO] [stdout]   20:     0x747650448dfa - <unknown>
[INFO] [stdout]   21:     0x7476504dc3d4 - clone
[INFO] [stdout]   22:                0x0 - <unknown>
[INFO] [stdout] 
[INFO] [stdout] ---- cli_integ_tests::crypt_stdin_out_dash stdout ----
[INFO] [stdout] 
[INFO] [stdout] thread 'cli_integ_tests::crypt_stdin_out_dash' (1175) panicked at tests/cli_tests.rs:27:38:
[INFO] [stdout] called `Result::unwrap()` on an `Err` value: Os { code: 30, kind: ReadOnlyFilesystem, message: "Read-only file system" }
[INFO] [stdout] stack backtrace:
[INFO] [stdout]    0:     0x602d2c383c61 - <<std[70759c8f55707aa4]::sys::backtrace::BacktraceLock>::print::DisplayBacktrace as core[df12db4294e9bfd3]::fmt::Display>::fmt
[INFO] [stdout]    1:     0x602d2c39851a - core[df12db4294e9bfd3]::fmt::write
[INFO] [stdout]    2:     0x602d2c38837c - <alloc[2182bb758b4b3781]::vec::Vec<u8> as core[df12db4294e9bfd3]::io::write::Write>::write_fmt
[INFO] [stdout]    3:     0x602d2c35dd86 - std[70759c8f55707aa4]::panicking::default_hook::{closure#0}
[INFO] [stdout]    4:     0x602d2c37ac99 - std[70759c8f55707aa4]::panicking::default_hook
[INFO] [stdout]    5:     0x602d2c307bd0 - test[9d35eded1c95d3be]::test_main_inner::<test[9d35eded1c95d3be]::test_main_static::{closure#0}>::{closure#0}
[INFO] [stdout]    6:     0x602d2c37ae52 - std[70759c8f55707aa4]::panicking::panic_with_hook
[INFO] [stdout]    7:     0x602d2c35de32 - std[70759c8f55707aa4]::panicking::panic_handler::{closure#0}
[INFO] [stdout]    8:     0x602d2c356a19 - std[70759c8f55707aa4]::sys::backtrace::__rust_end_short_backtrace::<std[70759c8f55707aa4]::panicking::panic_handler::{closure#0}, !>
[INFO] [stdout]    9:     0x602d2c35eaad - __rustc[8fa7c3cbc660c2b3]::rust_begin_unwind
[INFO] [stdout]   10:     0x602d2c398c4c - core[df12db4294e9bfd3]::panicking::panic_fmt
[INFO] [stdout]   11:     0x602d2c398a22 - core[df12db4294e9bfd3]::result::unwrap_failed
[INFO] [stdout]   12:     0x602d2c2e1614 - <cli_tests[275ea8f5e8ab484f]::cli_integ_tests::TmpDir>::new
[INFO] [stdout]   13:     0x602d2c2ea5ca - cli_tests[275ea8f5e8ab484f]::cli_integ_tests::crypt_stdin_out_dash
[INFO] [stdout]   14:     0x602d2c2f4f09 - <cli_tests[275ea8f5e8ab484f]::cli_integ_tests::crypt_stdin_out_dash::{closure#0} as core[df12db4294e9bfd3]::ops::function::FnOnce<()>>::call_once
[INFO] [stdout]   15:     0x602d2c2faebb - test[9d35eded1c95d3be]::__rust_begin_short_backtrace::<core[df12db4294e9bfd3]::result::Result<(), alloc[2182bb758b4b3781]::string::String>, fn() -> core[df12db4294e9bfd3]::result::Result<(), alloc[2182bb758b4b3781]::string::String>>
[INFO] [stdout]   16:     0x602d2c308525 - test[9d35eded1c95d3be]::run_test::{closure#0}
[INFO] [stdout]   17:     0x602d2c301de4 - std[70759c8f55707aa4]::sys::backtrace::__rust_begin_short_backtrace::<test[9d35eded1c95d3be]::run_test::{closure#1}, ()>
[INFO] [stdout]   18:     0x602d2c30b682 - <std[70759c8f55707aa4]::thread::lifecycle::spawn_unchecked<test[9d35eded1c95d3be]::run_test::{closure#1}, ()>::{closure#1} as core[df12db4294e9bfd3]::ops::function::FnOnce<()>>::call_once::{shim:vtable#0}
[INFO] [stdout]   19:     0x602d2c3832d9 - <std[70759c8f55707aa4]::sys::thread::unix::Thread>::new::thread_start
[INFO] [stdout]   20:     0x747650448dfa - <unknown>
[INFO] [stdout]   21:     0x7476504dc3d4 - clone
[INFO] [stdout]   22:                0x0 - <unknown>
[INFO] [stdout] 
[INFO] [stdout] ---- cli_integ_tests::err_enc_key_file_not_found stdout ----
[INFO] [stdout] 
[INFO] [stdout] thread 'cli_integ_tests::err_enc_key_file_not_found' (1184) panicked at tests/cli_tests.rs:27:38:
[INFO] [stdout] called `Result::unwrap()` on an `Err` value: Os { code: 30, kind: ReadOnlyFilesystem, message: "Read-only file system" }
[INFO] [stdout] stack backtrace:
[INFO] [stdout]    0:     0x602d2c383c61 - <<std[70759c8f55707aa4]::sys::backtrace::BacktraceLock>::print::DisplayBacktrace as core[df12db4294e9bfd3]::fmt::Display>::fmt
[INFO] [stdout]    1:     0x602d2c39851a - core[df12db4294e9bfd3]::fmt::write
[INFO] [stdout]    2:     0x602d2c38837c - <alloc[2182bb758b4b3781]::vec::Vec<u8> as core[df12db4294e9bfd3]::io::write::Write>::write_fmt
[INFO] [stdout]    3:     0x602d2c35dd86 - std[70759c8f55707aa4]::panicking::default_hook::{closure#0}
[INFO] [stdout]    4:     0x602d2c37ac99 - std[70759c8f55707aa4]::panicking::default_hook
[INFO] [stdout]    5:     0x602d2c307bd0 - test[9d35eded1c95d3be]::test_main_inner::<test[9d35eded1c95d3be]::test_main_static::{closure#0}>::{closure#0}
[INFO] [stdout]    6:     0x602d2c37ae52 - std[70759c8f55707aa4]::panicking::panic_with_hook
[INFO] [stdout]    7:     0x602d2c35de32 - std[70759c8f55707aa4]::panicking::panic_handler::{closure#0}
[INFO] [stdout]    8:     0x602d2c356a19 - std[70759c8f55707aa4]::sys::backtrace::__rust_end_short_backtrace::<std[70759c8f55707aa4]::panicking::panic_handler::{closure#0}, !>
[INFO] [stdout]    9:     0x602d2c35eaad - __rustc[8fa7c3cbc660c2b3]::rust_begin_unwind
[INFO] [stdout]   10:     0x602d2c398c4c - core[df12db4294e9bfd3]::panicking::panic_fmt
[INFO] [stdout]   11:     0x602d2c398a22 - core[df12db4294e9bfd3]::result::unwrap_failed
[INFO] [stdout]   12:     0x602d2c2e1614 - <cli_tests[275ea8f5e8ab484f]::cli_integ_tests::TmpDir>::new
[INFO] [stdout]   13:     0x602d2c2ee6f7 - cli_tests[275ea8f5e8ab484f]::cli_integ_tests::err_enc_key_file_not_found
[INFO] [stdout]   14:     0x602d2c2f5049 - <cli_tests[275ea8f5e8ab484f]::cli_integ_tests::err_enc_key_file_not_found::{closure#0} as core[df12db4294e9bfd3]::ops::function::FnOnce<()>>::call_once
[INFO] [stdout]   15:     0x602d2c2faebb - test[9d35eded1c95d3be]::__rust_begin_short_backtrace::<core[df12db4294e9bfd3]::result::Result<(), alloc[2182bb758b4b3781]::string::String>, fn() -> core[df12db4294e9bfd3]::result::Result<(), alloc[2182bb758b4b3781]::string::String>>
[INFO] [stdout]   16:     0x602d2c308525 - test[9d35eded1c95d3be]::run_test::{closure#0}
[INFO] [stdout]   17:     0x602d2c301de4 - std[70759c8f55707aa4]::sys::backtrace::__rust_begin_short_backtrace::<test[9d35eded1c95d3be]::run_test::{closure#1}, ()>
[INFO] [stdout]   18:     0x602d2c30b682 - <std[70759c8f55707aa4]::thread::lifecycle::spawn_unchecked<test[9d35eded1c95d3be]::run_test::{closure#1}, ()>::{closure#1} as core[df12db4294e9bfd3]::ops::function::FnOnce<()>>::call_once::{shim:vtable#0}
[INFO] [stdout]   19:     0x602d2c3832d9 - <std[70759c8f55707aa4]::sys::thread::unix::Thread>::new::thread_start
[INFO] [stdout]   20:     0x747650448dfa - <unknown>
[INFO] [stdout]   21:     0x7476504dc3d4 - clone
[INFO] [stdout]   22:                0x0 - <unknown>
[INFO] [stdout] 
[INFO] [stdout] ---- cli_integ_tests::crypt_stdin_stdout stdout ----
[INFO] [stdout] 
[INFO] [stdout] thread 'cli_integ_tests::crypt_stdin_stdout' (1176) panicked at tests/cli_tests.rs:27:38:
[INFO] [stdout] called `Result::unwrap()` on an `Err` value: Os { code: 30, kind: ReadOnlyFilesystem, message: "Read-only file system" }
[INFO] [stdout] stack backtrace:
[INFO] [stdout]    0:     0x602d2c383c61 - <<std[70759c8f55707aa4]::sys::backtrace::BacktraceLock>::print::DisplayBacktrace as core[df12db4294e9bfd3]::fmt::Display>::fmt
[INFO] [stdout]    1:     0x602d2c39851a - core[df12db4294e9bfd3]::fmt::write
[INFO] [stdout]    2:     0x602d2c38837c - <alloc[2182bb758b4b3781]::vec::Vec<u8> as core[df12db4294e9bfd3]::io::write::Write>::write_fmt
[INFO] [stdout]    3:     0x602d2c35dd86 - std[70759c8f55707aa4]::panicking::default_hook::{closure#0}
[INFO] [stdout]    4:     0x602d2c37ac99 - std[70759c8f55707aa4]::panicking::default_hook
[INFO] [stdout]    5:     0x602d2c307bd0 - test[9d35eded1c95d3be]::test_main_inner::<test[9d35eded1c95d3be]::test_main_static::{closure#0}>::{closure#0}
[INFO] [stdout]    6:     0x602d2c37ae52 - std[70759c8f55707aa4]::panicking::panic_with_hook
[INFO] [stdout]    7:     0x602d2c35de32 - std[70759c8f55707aa4]::panicking::panic_handler::{closure#0}
[INFO] [stdout]    8:     0x602d2c356a19 - std[70759c8f55707aa4]::sys::backtrace::__rust_end_short_backtrace::<std[70759c8f55707aa4]::panicking::panic_handler::{closure#0}, !>
[INFO] [stdout]    9:     0x602d2c35eaad - __rustc[8fa7c3cbc660c2b3]::rust_begin_unwind
[INFO] [stdout]   10:     0x602d2c398c4c - core[df12db4294e9bfd3]::panicking::panic_fmt
[INFO] [stdout]   11:     0x602d2c398a22 - core[df12db4294e9bfd3]::result::unwrap_failed
[INFO] [stdout]   12:     0x602d2c2e1614 - <cli_tests[275ea8f5e8ab484f]::cli_integ_tests::TmpDir>::new
[INFO] [stdout]   13:     0x602d2c2e7bca - cli_tests[275ea8f5e8ab484f]::cli_integ_tests::crypt_stdin_stdout
[INFO] [stdout]   14:     0x602d2c2f4e49 - <cli_tests[275ea8f5e8ab484f]::cli_integ_tests::crypt_stdin_stdout::{closure#0} as core[df12db4294e9bfd3]::ops::function::FnOnce<()>>::call_once
[INFO] [stdout]   15:     0x602d2c2faebb - test[9d35eded1c95d3be]::__rust_begin_short_backtrace::<core[df12db4294e9bfd3]::result::Result<(), alloc[2182bb758b4b3781]::string::String>, fn() -> core[df12db4294e9bfd3]::result::Result<(), alloc[2182bb758b4b3781]::string::String>>
[INFO] [stdout]   16:     0x602d2c308525 - test[9d35eded1c95d3be]::run_test::{closure#0}
[INFO] [stdout]   17:     0x602d2c301de4 - std[70759c8f55707aa4]::sys::backtrace::__rust_begin_short_backtrace::<test[9d35eded1c95d3be]::run_test::{closure#1}, ()>
[INFO] [stdout]   18:     0x602d2c30b682 - <std[70759c8f55707aa4]::thread::lifecycle::spawn_unchecked<test[9d35eded1c95d3be]::run_test::{closure#1}, ()>::{closure#1} as core[df12db4294e9bfd3]::ops::function::FnOnce<()>>::call_once::{shim:vtable#0}
[INFO] [stdout]   19:     0x602d2c3832d9 - <std[70759c8f55707aa4]::sys::thread::unix::Thread>::new::thread_start
[INFO] [stdout]   20:     0x747650448dfa - <unknown>
[INFO] [stdout]   21:     0x7476504dc3d4 - clone
[INFO] [stdout]   22:                0x0 - <unknown>
[INFO] [stdout] 
[INFO] [stdout] ---- cli_integ_tests::crypt stdout ----
[INFO] [stdout] 
[INFO] [stdout] thread 'cli_integ_tests::crypt' (1173) panicked at tests/cli_tests.rs:27:38:
[INFO] [stdout] called `Result::unwrap()` on an `Err` value: Os { code: 30, kind: ReadOnlyFilesystem, message: "Read-only file system" }
[INFO] [stdout] stack backtrace:
[INFO] [stdout]    0:     0x602d2c383c61 - <<std[70759c8f55707aa4]::sys::backtrace::BacktraceLock>::print::DisplayBacktrace as core[df12db4294e9bfd3]::fmt::Display>::fmt
[INFO] [stdout]    1:     0x602d2c39851a - core[df12db4294e9bfd3]::fmt::write
[INFO] [stdout]    2:     0x602d2c38837c - <alloc[2182bb758b4b3781]::vec::Vec<u8> as core[df12db4294e9bfd3]::io::write::Write>::write_fmt
[INFO] [stdout]    3:     0x602d2c35dd86 - std[70759c8f55707aa4]::panicking::default_hook::{closure#0}
[INFO] [stdout]    4:     0x602d2c37ac99 - std[70759c8f55707aa4]::panicking::default_hook
[INFO] [stdout]    5:     0x602d2c307bd0 - test[9d35eded1c95d3be]::test_main_inner::<test[9d35eded1c95d3be]::test_main_static::{closure#0}>::{closure#0}
[INFO] [stdout]    6:     0x602d2c37ae52 - std[70759c8f55707aa4]::panicking::panic_with_hook
[INFO] [stdout]    7:     0x602d2c35de32 - std[70759c8f55707aa4]::panicking::panic_handler::{closure#0}
[INFO] [stdout]    8:     0x602d2c356a19 - std[70759c8f55707aa4]::sys::backtrace::__rust_end_short_backtrace::<std[70759c8f55707aa4]::panicking::panic_handler::{closure#0}, !>
[INFO] [stdout]    9:     0x602d2c35eaad - __rustc[8fa7c3cbc660c2b3]::rust_begin_unwind
[INFO] [stdout]   10:     0x602d2c398c4c - core[df12db4294e9bfd3]::panicking::panic_fmt
[INFO] [stdout]   11:     0x602d2c398a22 - core[df12db4294e9bfd3]::result::unwrap_failed
[INFO] [stdout]   12:     0x602d2c2e1614 - <cli_tests[275ea8f5e8ab484f]::cli_integ_tests::TmpDir>::new
[INFO] [stdout]   13:     0x602d2c2efe2a - cli_tests[275ea8f5e8ab484f]::cli_integ_tests::crypt
[INFO] [stdout]   14:     0x602d2c2f50c9 - <cli_tests[275ea8f5e8ab484f]::cli_integ_tests::crypt::{closure#0} as core[df12db4294e9bfd3]::ops::function::FnOnce<()>>::call_once
[INFO] [stdout]   15:     0x602d2c2faebb - test[9d35eded1c95d3be]::__rust_begin_short_backtrace::<core[df12db4294e9bfd3]::result::Result<(), alloc[2182bb758b4b3781]::string::String>, fn() -> core[df12db4294e9bfd3]::result::Result<(), alloc[2182bb758b4b3781]::string::String>>
[INFO] [stdout]   16:     0x602d2c308525 - test[9d35eded1c95d3be]::run_test::{closure#0}
[INFO] [stdout]   17:     0x602d2c301de4 - std[70759c8f55707aa4]::sys::backtrace::__rust_begin_short_backtrace::<test[9d35eded1c95d3be]::run_test::{closure#1}, ()>
[INFO] [stdout]   18:     0x602d2c30b682 - <std[70759c8f55707aa4]::thread::lifecycle::spawn_unchecked<test[9d35eded1c95d3be]::run_test::{closure#1}, ()>::{closure#1} as core[df12db4294e9bfd3]::ops::function::FnOnce<()>>::call_once::{shim:vtable#0}
[INFO] [stdout]   19:     0x602d2c3832d9 - <std[70759c8f55707aa4]::sys::thread::unix::Thread>::new::thread_start
[INFO] [stdout]   20:     0x747650448dfa - <unknown>
[INFO] [stdout]   21:     0x7476504dc3d4 - clone
[INFO] [stdout]   22:                0x0 - <unknown>
[INFO] [stdout] 
[INFO] [stdout] ---- cli_integ_tests::err_dir_not_supported stdout ----
[INFO] [stdout] 
[INFO] [stdout] thread 'cli_integ_tests::err_dir_not_supported' (1182) panicked at tests/cli_tests.rs:27:38:
[INFO] [stdout] called `Result::unwrap()` on an `Err` value: Os { code: 30, kind: ReadOnlyFilesystem, message: "Read-only file system" }
[INFO] [stdout] stack backtrace:
[INFO] [stdout]    0:     0x602d2c383c61 - <<std[70759c8f55707aa4]::sys::backtrace::BacktraceLock>::print::DisplayBacktrace as core[df12db4294e9bfd3]::fmt::Display>::fmt
[INFO] [stdout]    1:     0x602d2c39851a - core[df12db4294e9bfd3]::fmt::write
[INFO] [stdout]    2:     0x602d2c38837c - <alloc[2182bb758b4b3781]::vec::Vec<u8> as core[df12db4294e9bfd3]::io::write::Write>::write_fmt
[INFO] [stdout]    3:     0x602d2c35dd86 - std[70759c8f55707aa4]::panicking::default_hook::{closure#0}
[INFO] [stdout]    4:     0x602d2c37ac99 - std[70759c8f55707aa4]::panicking::default_hook
[INFO] [stdout]    5:     0x602d2c307bd0 - test[9d35eded1c95d3be]::test_main_inner::<test[9d35eded1c95d3be]::test_main_static::{closure#0}>::{closure#0}
[INFO] [stdout]    6:     0x602d2c37ae52 - std[70759c8f55707aa4]::panicking::panic_with_hook
[INFO] [stdout]    7:     0x602d2c35de32 - std[70759c8f55707aa4]::panicking::panic_handler::{closure#0}
[INFO] [stdout]    8:     0x602d2c356a19 - std[70759c8f55707aa4]::sys::backtrace::__rust_end_short_backtrace::<std[70759c8f55707aa4]::panicking::panic_handler::{closure#0}, !>
[INFO] [stdout]    9:     0x602d2c35eaad - __rustc[8fa7c3cbc660c2b3]::rust_begin_unwind
[INFO] [stdout]   10:     0x602d2c398c4c - core[df12db4294e9bfd3]::panicking::panic_fmt
[INFO] [stdout]   11:     0x602d2c398a22 - core[df12db4294e9bfd3]::result::unwrap_failed
[INFO] [stdout]   12:     0x602d2c2e1614 - <cli_tests[275ea8f5e8ab484f]::cli_integ_tests::TmpDir>::new
[INFO] [stdout]   13:     0x602d2c2eb7d7 - cli_tests[275ea8f5e8ab484f]::cli_integ_tests::err_dir_not_supported
[INFO] [stdout]   14:     0x602d2c2f4f69 - <cli_tests[275ea8f5e8ab484f]::cli_integ_tests::err_dir_not_supported::{closure#0} as core[df12db4294e9bfd3]::ops::function::FnOnce<()>>::call_once
[INFO] [stdout]   15:     0x602d2c2faebb - test[9d35eded1c95d3be]::__rust_begin_short_backtrace::<core[df12db4294e9bfd3]::result::Result<(), alloc[2182bb758b4b3781]::string::String>, fn() -> core[df12db4294e9bfd3]::result::Result<(), alloc[2182bb758b4b3781]::string::String>>
[INFO] [stdout]   16:     0x602d2c308525 - test[9d35eded1c95d3be]::run_test::{closure#0}
[INFO] [stdout]   17:     0x602d2c301de4 - std[70759c8f55707aa4]::sys::backtrace::__rust_begin_short_backtrace::<test[9d35eded1c95d3be]::run_test::{closure#1}, ()>
[INFO] [stdout]   18:     0x602d2c30b682 - <std[70759c8f55707aa4]::thread::lifecycle::spawn_unchecked<test[9d35eded1c95d3be]::run_test::{closure#1}, ()>::{closure#1} as core[df12db4294e9bfd3]::ops::function::FnOnce<()>>::call_once::{shim:vtable#0}
[INFO] [stdout]   19:     0x602d2c3832d9 - <std[70759c8f55707aa4]::sys::thread::unix::Thread>::new::thread_start
[INFO] [stdout]   20:     0x747650448dfa - <unknown>
[INFO] [stdout]   21:     0x7476504dc3d4 - clone
[INFO] [stdout]   22:                0x0 - <unknown>
[INFO] [stdout] 
[INFO] [stdout] ---- cli_integ_tests::err_dir_output stdout ----
[INFO] [stdout] 
[INFO] [stdout] thread 'cli_integ_tests::err_dir_output' (1183) panicked at tests/cli_tests.rs:27:38:
[INFO] [stdout] called `Result::unwrap()` on an `Err` value: Os { code: 30, kind: ReadOnlyFilesystem, message: "Read-only file system" }
[INFO] [stdout] stack backtrace:
[INFO] [stdout]    0:     0x602d2c383c61 - <<std[70759c8f55707aa4]::sys::backtrace::BacktraceLock>::print::DisplayBacktrace as core[df12db4294e9bfd3]::fmt::Display>::fmt
[INFO] [stdout]    1:     0x602d2c39851a - core[df12db4294e9bfd3]::fmt::write
[INFO] [stdout]    2:     0x602d2c38837c - <alloc[2182bb758b4b3781]::vec::Vec<u8> as core[df12db4294e9bfd3]::io::write::Write>::write_fmt
[INFO] [stdout]    3:     0x602d2c35dd86 - std[70759c8f55707aa4]::panicking::default_hook::{closure#0}
[INFO] [stdout]    4:     0x602d2c37ac99 - std[70759c8f55707aa4]::panicking::default_hook
[INFO] [stdout]    5:     0x602d2c307bd0 - test[9d35eded1c95d3be]::test_main_inner::<test[9d35eded1c95d3be]::test_main_static::{closure#0}>::{closure#0}
[INFO] [stdout]    6:     0x602d2c37ae52 - std[70759c8f55707aa4]::panicking::panic_with_hook
[INFO] [stdout]    7:     0x602d2c35de32 - std[70759c8f55707aa4]::panicking::panic_handler::{closure#0}
[INFO] [stdout]    8:     0x602d2c356a19 - std[70759c8f55707aa4]::sys::backtrace::__rust_end_short_backtrace::<std[70759c8f55707aa4]::panicking::panic_handler::{closure#0}, !>
[INFO] [stdout]    9:     0x602d2c35eaad - __rustc[8fa7c3cbc660c2b3]::rust_begin_unwind
[INFO] [stdout]   10:     0x602d2c398c4c - core[df12db4294e9bfd3]::panicking::panic_fmt
[INFO] [stdout]   11:     0x602d2c398a22 - core[df12db4294e9bfd3]::result::unwrap_failed
[INFO] [stdout]   12:     0x602d2c2e1614 - <cli_tests[275ea8f5e8ab484f]::cli_integ_tests::TmpDir>::new
[INFO] [stdout]   13:     0x602d2c2e5379 - cli_tests[275ea8f5e8ab484f]::cli_integ_tests::err_dir_output
[INFO] [stdout]   14:     0x602d2c2f4d89 - <cli_tests[275ea8f5e8ab484f]::cli_integ_tests::err_dir_output::{closure#0} as core[df12db4294e9bfd3]::ops::function::FnOnce<()>>::call_once
[INFO] [stdout]   15:     0x602d2c2faebb - test[9d35eded1c95d3be]::__rust_begin_short_backtrace::<core[df12db4294e9bfd3]::result::Result<(), alloc[2182bb758b4b3781]::string::String>, fn() -> core[df12db4294e9bfd3]::result::Result<(), alloc[2182bb758b4b3781]::string::String>>
[INFO] [stdout]   16:     0x602d2c308525 - test[9d35eded1c95d3be]::run_test::{closure#0}
[INFO] [stdout]   17:     0x602d2c301de4 - std[70759c8f55707aa4]::sys::backtrace::__rust_begin_short_backtrace::<test[9d35eded1c95d3be]::run_test::{closure#1}, ()>
[INFO] [stdout]   18:     0x602d2c30b682 - <std[70759c8f55707aa4]::thread::lifecycle::spawn_unchecked<test[9d35eded1c95d3be]::run_test::{closure#1}, ()>::{closure#1} as core[df12db4294e9bfd3]::ops::function::FnOnce<()>>::call_once::{shim:vtable#0}
[INFO] [stdout]   19:     0x602d2c3832d9 - <std[70759c8f55707aa4]::sys::thread::unix::Thread>::new::thread_start
[INFO] [stdout]   20:     0x747650448dfa - <unknown>
[INFO] [stdout]   21:     0x7476504dc3d4 - clone
[INFO] [stdout]   22:                0x0 - <unknown>
[INFO] [stdout] 
[INFO] [stdout] ---- cli_integ_tests::crypt_default_out stdout ----
[INFO] [stdout] 
[INFO] [stdout] thread 'cli_integ_tests::crypt_default_out' (1174) panicked at tests/cli_tests.rs:27:38:
[INFO] [stdout] called `Result::unwrap()` on an `Err` value: Os { code: 30, kind: ReadOnlyFilesystem, message: "Read-only file system" }
[INFO] [stdout] stack backtrace:
[INFO] [stdout]    0:     0x602d2c383c61 - <<std[70759c8f55707aa4]::sys::backtrace::BacktraceLock>::print::DisplayBacktrace as core[df12db4294e9bfd3]::fmt::Display>::fmt
[INFO] [stdout]    1:     0x602d2c39851a - core[df12db4294e9bfd3]::fmt::write
[INFO] [stdout]    2:     0x602d2c38837c - <alloc[2182bb758b4b3781]::vec::Vec<u8> as core[df12db4294e9bfd3]::io::write::Write>::write_fmt
[INFO] [stdout]    3:     0x602d2c35dd86 - std[70759c8f55707aa4]::panicking::default_hook::{closure#0}
[INFO] [stdout]    4:     0x602d2c37ac99 - std[70759c8f55707aa4]::panicking::default_hook
[INFO] [stdout]    5:     0x602d2c307bd0 - test[9d35eded1c95d3be]::test_main_inner::<test[9d35eded1c95d3be]::test_main_static::{closure#0}>::{closure#0}
[INFO] [stdout]    6:     0x602d2c37ae52 - std[70759c8f55707aa4]::panicking::panic_with_hook
[INFO] [stdout]    7:     0x602d2c35de32 - std[70759c8f55707aa4]::panicking::panic_handler::{closure#0}
[INFO] [stdout]    8:     0x602d2c356a19 - std[70759c8f55707aa4]::sys::backtrace::__rust_end_short_backtrace::<std[70759c8f55707aa4]::panicking::panic_handler::{closure#0}, !>
[INFO] [stdout]    9:     0x602d2c35eaad - __rustc[8fa7c3cbc660c2b3]::rust_begin_unwind
[INFO] [stdout]   10:     0x602d2c398c4c - core[df12db4294e9bfd3]::panicking::panic_fmt
[INFO] [stdout]   11:     0x602d2c398a22 - core[df12db4294e9bfd3]::result::unwrap_failed
[INFO] [stdout]   12:     0x602d2c2e1614 - <cli_tests[275ea8f5e8ab484f]::cli_integ_tests::TmpDir>::new
[INFO] [stdout]   13:     0x602d2c2e696a - cli_tests[275ea8f5e8ab484f]::cli_integ_tests::crypt_default_out
[INFO] [stdout]   14:     0x602d2c2f4de9 - <cli_tests[275ea8f5e8ab484f]::cli_integ_tests::crypt_default_out::{closure#0} as core[df12db4294e9bfd3]::ops::function::FnOnce<()>>::call_once
[INFO] [stdout]   15:     0x602d2c2faebb - test[9d35eded1c95d3be]::__rust_begin_short_backtrace::<core[df12db4294e9bfd3]::result::Result<(), alloc[2182bb758b4b3781]::string::String>, fn() -> core[df12db4294e9bfd3]::result::Result<(), alloc[2182bb758b4b3781]::string::String>>
[INFO] [stdout]   16:     0x602d2c308525 - test[9d35eded1c95d3be]::run_test::{closure#0}
[INFO] [stdout]   17:     0x602d2c301de4 - std[70759c8f55707aa4]::sys::backtrace::__rust_begin_short_backtrace::<test[9d35eded1c95d3be]::run_test::{closure#1}, ()>
[INFO] [stdout]   18:     0x602d2c30b682 - <std[70759c8f55707aa4]::thread::lifecycle::spawn_unchecked<test[9d35eded1c95d3be]::run_test::{closure#1}, ()>::{closure#1} as core[df12db4294e9bfd3]::ops::function::FnOnce<()>>::call_once::{shim:vtable#0}
[INFO] [stdout]   19:     0x602d2c3832d9 - <std[70759c8f55707aa4]::sys::thread::unix::Thread>::new::thread_start
[INFO] [stdout]   20:     0x747650448dfa - <unknown>
[INFO] [stdout]   21:     0x7476504dc3d4 - clone
[INFO] [stdout]   22:                0x0 - <unknown>
[INFO] [stdout] 
[INFO] [stdout] ---- cli_integ_tests::err_dec_bad_extension stdout ----
[INFO] [stdout] 
[INFO] [stdout] thread 'cli_integ_tests::err_dec_bad_extension' (1179) panicked at tests/cli_tests.rs:27:38:
[INFO] [stdout] called `Result::unwrap()` on an `Err` value: Os { code: 30, kind: ReadOnlyFilesystem, message: "Read-only file system" }
[INFO] [stdout] stack backtrace:
[INFO] [stdout]    0:     0x602d2c383c61 - <<std[70759c8f55707aa4]::sys::backtrace::BacktraceLock>::print::DisplayBacktrace as core[df12db4294e9bfd3]::fmt::Display>::fmt
[INFO] [stdout]    1:     0x602d2c39851a - core[df12db4294e9bfd3]::fmt::write
[INFO] [stdout]    2:     0x602d2c38837c - <alloc[2182bb758b4b3781]::vec::Vec<u8> as core[df12db4294e9bfd3]::io::write::Write>::write_fmt
[INFO] [stdout]    3:     0x602d2c35dd86 - std[70759c8f55707aa4]::panicking::default_hook::{closure#0}
[INFO] [stdout]    4:     0x602d2c37ac99 - std[70759c8f55707aa4]::panicking::default_hook
[INFO] [stdout]    5:     0x602d2c307bd0 - test[9d35eded1c95d3be]::test_main_inner::<test[9d35eded1c95d3be]::test_main_static::{closure#0}>::{closure#0}
[INFO] [stdout]    6:     0x602d2c37ae52 - std[70759c8f55707aa4]::panicking::panic_with_hook
[INFO] [stdout]    7:     0x602d2c35de32 - std[70759c8f55707aa4]::panicking::panic_handler::{closure#0}
[INFO] [stdout]    8:     0x602d2c356a19 - std[70759c8f55707aa4]::sys::backtrace::__rust_end_short_backtrace::<std[70759c8f55707aa4]::panicking::panic_handler::{closure#0}, !>
[INFO] [stdout]    9:     0x602d2c35eaad - __rustc[8fa7c3cbc660c2b3]::rust_begin_unwind
[INFO] [stdout]   10:     0x602d2c398c4c - core[df12db4294e9bfd3]::panicking::panic_fmt
[INFO] [stdout]   11:     0x602d2c398a22 - core[df12db4294e9bfd3]::result::unwrap_failed
[INFO] [stdout]   12:     0x602d2c2e1614 - <cli_tests[275ea8f5e8ab484f]::cli_integ_tests::TmpDir>::new
[INFO] [stdout]   13:     0x602d2c2eb169 - cli_tests[275ea8f5e8ab484f]::cli_integ_tests::err_dec_bad_extension
[INFO] [stdout]   14:     0x602d2c2f4f49 - <cli_tests[275ea8f5e8ab484f]::cli_integ_tests::err_dec_bad_extension::{closure#0} as core[df12db4294e9bfd3]::ops::function::FnOnce<()>>::call_once
[INFO] [stdout]   15:     0x602d2c2faebb - test[9d35eded1c95d3be]::__rust_begin_short_backtrace::<core[df12db4294e9bfd3]::result::Result<(), alloc[2182bb758b4b3781]::string::String>, fn() -> core[df12db4294e9bfd3]::result::Result<(), alloc[2182bb758b4b3781]::string::String>>
[INFO] [stdout]   16:     0x602d2c308525 - test[9d35eded1c95d3be]::run_test::{closure#0}
[INFO] [stdout]   17:     0x602d2c301de4 - std[70759c8f55707aa4]::sys::backtrace::__rust_begin_short_backtrace::<test[9d35eded1c95d3be]::run_test::{closure#1}, ()>
[INFO] [stdout]   18:     0x602d2c30b682 - <std[70759c8f55707aa4]::thread::lifecycle::spawn_unchecked<test[9d35eded1c95d3be]::run_test::{closure#1}, ()>::{closure#1} as core[df12db4294e9bfd3]::ops::function::FnOnce<()>>::call_once::{shim:vtable#0}
[INFO] [stdout]   19:     0x602d2c3832d9 - <std[70759c8f55707aa4]::sys::thread::unix::Thread>::new::thread_start
[INFO] [stdout]   20:     0x747650448dfa - <unknown>
[INFO] [stdout]   21:     0x7476504dc3d4 - clone
[INFO] [stdout]   22:                0x0 - <unknown>
[INFO] [stdout] 
[INFO] [stdout] ---- cli_integ_tests::err_key_password_not_match stdout ----
[INFO] [stdout] 
[INFO] [stdout] thread 'cli_integ_tests::err_key_password_not_match' (1186) panicked at tests/cli_tests.rs:27:38:
[INFO] [stdout] called `Result::unwrap()` on an `Err` value: Os { code: 30, kind: ReadOnlyFilesystem, message: "Read-only file system" }
[INFO] [stdout] stack backtrace:
[INFO] [stdout]    0:     0x602d2c383c61 - <<std[70759c8f55707aa4]::sys::backtrace::BacktraceLock>::print::DisplayBacktrace as core[df12db4294e9bfd3]::fmt::Display>::fmt
[INFO] [stdout]    1:     0x602d2c39851a - core[df12db4294e9bfd3]::fmt::write
[INFO] [stdout]    2:     0x602d2c38837c - <alloc[2182bb758b4b3781]::vec::Vec<u8> as core[df12db4294e9bfd3]::io::write::Write>::write_fmt
[INFO] [stdout]    3:     0x602d2c35dd86 - std[70759c8f55707aa4]::panicking::default_hook::{closure#0}
[INFO] [stdout]    4:     0x602d2c37ac99 - std[70759c8f55707aa4]::panicking::default_hook
[INFO] [stdout]    5:     0x602d2c307bd0 - test[9d35eded1c95d3be]::test_main_inner::<test[9d35eded1c95d3be]::test_main_static::{closure#0}>::{closure#0}
[INFO] [stdout]    6:     0x602d2c37ae52 - std[70759c8f55707aa4]::panicking::panic_with_hook
[INFO] [stdout]    7:     0x602d2c35de32 - std[70759c8f55707aa4]::panicking::panic_handler::{closure#0}
[INFO] [stdout]    8:     0x602d2c356a19 - std[70759c8f55707aa4]::sys::backtrace::__rust_end_short_backtrace::<std[70759c8f55707aa4]::panicking::panic_handler::{closure#0}, !>
[INFO] [stdout]    9:     0x602d2c35eaad - __rustc[8fa7c3cbc660c2b3]::rust_begin_unwind
[INFO] [stdout]   10:     0x602d2c398c4c - core[df12db4294e9bfd3]::panicking::panic_fmt
[INFO] [stdout]   11:     0x602d2c398a22 - core[df12db4294e9bfd3]::result::unwrap_failed
[INFO] [stdout]   12:     0x602d2c2e1614 - <cli_tests[275ea8f5e8ab484f]::cli_integ_tests::TmpDir>::new
[INFO] [stdout]   13:     0x602d2c2eec4a - cli_tests[275ea8f5e8ab484f]::cli_integ_tests::err_key_password_not_match
[INFO] [stdout]   14:     0x602d2c2f5069 - <cli_tests[275ea8f5e8ab484f]::cli_integ_tests::err_key_password_not_match::{closure#0} as core[df12db4294e9bfd3]::ops::function::FnOnce<()>>::call_once
[INFO] [stdout]   15:     0x602d2c2faebb - test[9d35eded1c95d3be]::__rust_begin_short_backtrace::<core[df12db4294e9bfd3]::result::Result<(), alloc[2182bb758b4b3781]::string::String>, fn() -> core[df12db4294e9bfd3]::result::Result<(), alloc[2182bb758b4b3781]::string::String>>
[INFO] [stdout]   16:     0x602d2c308525 - test[9d35eded1c95d3be]::run_test::{closure#0}
[INFO] [stdout]   17:     0x602d2c301de4 - std[70759c8f55707aa4]::sys::backtrace::__rust_begin_short_backtrace::<test[9d35eded1c95d3be]::run_test::{closure#1}, ()>
[INFO] [stdout]   18:     0x602d2c30b682 - <std[70759c8f55707aa4]::thread::lifecycle::spawn_unchecked<test[9d35eded1c95d3be]::run_test::{closure#1}, ()>::{closure#1} as core[df12db4294e9bfd3]::ops::function::FnOnce<()>>::call_once::{shim:vtable#0}
[INFO] [stdout]   19:     0x602d2c3832d9 - <std[70759c8f55707aa4]::sys::thread::unix::Thread>::new::thread_start
[INFO] [stdout]   20:     0x747650448dfa - <unknown>
[INFO] [stdout]   21:     0x7476504dc3d4 - clone
[INFO] [stdout]   22:                0x0 - <unknown>
[INFO] [stdout] 
[INFO] [stdout] ---- cli_integ_tests::err_auth_failure stdout ----
[INFO] [stdout] 
[INFO] [stdout] thread 'cli_integ_tests::err_auth_failure' (1177) panicked at tests/cli_tests.rs:27:38:
[INFO] [stdout] called `Result::unwrap()` on an `Err` value: Os { code: 30, kind: ReadOnlyFilesystem, message: "Read-only file system" }
[INFO] [stdout] stack backtrace:
[INFO] [stdout]    0:     0x602d2c383c61 - <<std[70759c8f55707aa4]::sys::backtrace::BacktraceLock>::print::DisplayBacktrace as core[df12db4294e9bfd3]::fmt::Display>::fmt
[INFO] [stdout]    1:     0x602d2c39851a - core[df12db4294e9bfd3]::fmt::write
[INFO] [stdout]    2:     0x602d2c38837c - <alloc[2182bb758b4b3781]::vec::Vec<u8> as core[df12db4294e9bfd3]::io::write::Write>::write_fmt
[INFO] [stdout]    3:     0x602d2c35dd86 - std[70759c8f55707aa4]::panicking::default_hook::{closure#0}
[INFO] [stdout]    4:     0x602d2c37ac99 - std[70759c8f55707aa4]::panicking::default_hook
[INFO] [stdout]    5:     0x602d2c307bd0 - test[9d35eded1c95d3be]::test_main_inner::<test[9d35eded1c95d3be]::test_main_static::{closure#0}>::{closure#0}
[INFO] [stdout]    6:     0x602d2c37ae52 - std[70759c8f55707aa4]::panicking::panic_with_hook
[INFO] [stdout]    7:     0x602d2c35de32 - std[70759c8f55707aa4]::panicking::panic_handler::{closure#0}
[INFO] [stdout]    8:     0x602d2c356a19 - std[70759c8f55707aa4]::sys::backtrace::__rust_end_short_backtrace::<std[70759c8f55707aa4]::panicking::panic_handler::{closure#0}, !>
[INFO] [stdout]    9:     0x602d2c35eaad - __rustc[8fa7c3cbc660c2b3]::rust_begin_unwind
[INFO] [stdout]   10:     0x602d2c398c4c - core[df12db4294e9bfd3]::panicking::panic_fmt
[INFO] [stdout]   11:     0x602d2c398a22 - core[df12db4294e9bfd3]::result::unwrap_failed
[INFO] [stdout]   12:     0x602d2c2e1614 - <cli_tests[275ea8f5e8ab484f]::cli_integ_tests::TmpDir>::new
[INFO] [stdout]   13:     0x602d2c2e590a - cli_tests[275ea8f5e8ab484f]::cli_integ_tests::err_auth_failure
[INFO] [stdout]   14:     0x602d2c2f4da9 - <cli_tests[275ea8f5e8ab484f]::cli_integ_tests::err_auth_failure::{closure#0} as core[df12db4294e9bfd3]::ops::function::FnOnce<()>>::call_once
[INFO] [stdout]   15:     0x602d2c2faebb - test[9d35eded1c95d3be]::__rust_begin_short_backtrace::<core[df12db4294e9bfd3]::result::Result<(), alloc[2182bb758b4b3781]::string::String>, fn() -> core[df12db4294e9bfd3]::result::Result<(), alloc[2182bb758b4b3781]::string::String>>
[INFO] [stdout]   16:     0x602d2c308525 - test[9d35eded1c95d3be]::run_test::{closure#0}
[INFO] [stdout]   17:     0x602d2c301de4 - std[70759c8f55707aa4]::sys::backtrace::__rust_begin_short_backtrace::<test[9d35eded1c95d3be]::run_test::{closure#1}, ()>
[INFO] [stdout]   18:     0x602d2c30b682 - <std[70759c8f55707aa4]::thread::lifecycle::spawn_unchecked<test[9d35eded1c95d3be]::run_test::{closure#1}, ()>::{closure#1} as core[df12db4294e9bfd3]::ops::function::FnOnce<()>>::call_once::{shim:vtable#0}
[INFO] [stdout]   19:     0x602d2c3832d9 - <std[70759c8f55707aa4]::sys::thread::unix::Thread>::new::thread_start
[INFO] [stdout]   20:     0x747650448dfa - <unknown>
[INFO] [stdout]   21:     0x7476504dc3d4 - clone
[INFO] [stdout]   22:                0x0 - <unknown>
[INFO] [stdout] 
[INFO] [stdout] ---- cli_integ_tests::err_key_password_change stdout ----
[INFO] [stdout] 
[INFO] [stdout] thread 'cli_integ_tests::err_key_password_change' (1185) panicked at tests/cli_tests.rs:27:38:
[INFO] [stdout] called `Result::unwrap()` on an `Err` value: Os { code: 30, kind: ReadOnlyFilesystem, message: "Read-only file system" }
[INFO] [stdout] stack backtrace:
[INFO] [stdout]    0:     0x602d2c383c61 - <<std[70759c8f55707aa4]::sys::backtrace::BacktraceLock>::print::DisplayBacktrace as core[df12db4294e9bfd3]::fmt::Display>::fmt
[INFO] [stdout]    1:     0x602d2c39851a - core[df12db4294e9bfd3]::fmt::write
[INFO] [stdout]    2:     0x602d2c38837c - <alloc[2182bb758b4b3781]::vec::Vec<u8> as core[df12db4294e9bfd3]::io::write::Write>::write_fmt
[INFO] [stdout]    3:     0x602d2c35dd86 - std[70759c8f55707aa4]::panicking::default_hook::{closure#0}
[INFO] [stdout]    4:     0x602d2c37ac99 - std[70759c8f55707aa4]::panicking::default_hook
[INFO] [stdout]    5:     0x602d2c307bd0 - test[9d35eded1c95d3be]::test_main_inner::<test[9d35eded1c95d3be]::test_main_static::{closure#0}>::{closure#0}
[INFO] [stdout]    6:     0x602d2c37ae52 - std[70759c8f55707aa4]::panicking::panic_with_hook
[INFO] [stdout]    7:     0x602d2c35de32 - std[70759c8f55707aa4]::panicking::panic_handler::{closure#0}
[INFO] [stdout]    8:     0x602d2c356a19 - std[70759c8f55707aa4]::sys::backtrace::__rust_end_short_backtrace::<std[70759c8f55707aa4]::panicking::panic_handler::{closure#0}, !>
[INFO] [stdout]    9:     0x602d2c35eaad - __rustc[8fa7c3cbc660c2b3]::rust_begin_unwind
[INFO] [stdout]   10:     0x602d2c398c4c - core[df12db4294e9bfd3]::panicking::panic_fmt
[INFO] [stdout]   11:     0x602d2c398a22 - core[df12db4294e9bfd3]::result::unwrap_failed
[INFO] [stdout]   12:     0x602d2c2e1614 - <cli_tests[275ea8f5e8ab484f]::cli_integ_tests::TmpDir>::new
[INFO] [stdout]   13:     0x602d2c2ed767 - cli_tests[275ea8f5e8ab484f]::cli_integ_tests::err_key_password_change
[INFO] [stdout]   14:     0x602d2c2f4fe9 - <cli_tests[275ea8f5e8ab484f]::cli_integ_tests::err_key_password_change::{closure#0} as core[df12db4294e9bfd3]::ops::function::FnOnce<()>>::call_once
[INFO] [stdout]   15:     0x602d2c2faebb - test[9d35eded1c95d3be]::__rust_begin_short_backtrace::<core[df12db4294e9bfd3]::result::Result<(), alloc[2182bb758b4b3781]::string::String>, fn() -> core[df12db4294e9bfd3]::result::Result<(), alloc[2182bb758b4b3781]::string::String>>
[INFO] [stdout]   16:     0x602d2c308525 - test[9d35eded1c95d3be]::run_test::{closure#0}
[INFO] [stdout]   17:     0x602d2c301de4 - std[70759c8f55707aa4]::sys::backtrace::__rust_begin_short_backtrace::<test[9d35eded1c95d3be]::run_test::{closure#1}, ()>
[INFO] [stdout]   18:     0x602d2c30b682 - <std[70759c8f55707aa4]::thread::lifecycle::spawn_unchecked<test[9d35eded1c95d3be]::run_test::{closure#1}, ()>::{closure#1} as core[df12db4294e9bfd3]::ops::function::FnOnce<()>>::call_once::{shim:vtable#0}
[INFO] [stdout]   19:     0x602d2c3832d9 - <std[70759c8f55707aa4]::sys::thread::unix::Thread>::new::thread_start
[INFO] [stdout]   20:     0x747650448dfa - <unknown>
[INFO] [stdout]   21:     0x7476504dc3d4 - clone
[INFO] [stdout]   22:                0x0 - <unknown>
[INFO] [stdout] 
[INFO] [stdout] ---- cli_integ_tests::err_new_key_exists stdout ----
[INFO] [stdout] 
[INFO] [stdout] thread 'cli_integ_tests::err_new_key_exists' (1187) panicked at tests/cli_tests.rs:27:38:
[INFO] [stdout] called `Result::unwrap()` on an `Err` value: Os { code: 30, kind: ReadOnlyFilesystem, message: "Read-only file system" }
[INFO] [stdout] stack backtrace:
[INFO] [stdout]    0:     0x602d2c383c61 - <<std[70759c8f55707aa4]::sys::backtrace::BacktraceLock>::print::DisplayBacktrace as core[df12db4294e9bfd3]::fmt::Display>::fmt
[INFO] [stdout]    1:     0x602d2c39851a - core[df12db4294e9bfd3]::fmt::write
[INFO] [stdout]    2:     0x602d2c38837c - <alloc[2182bb758b4b3781]::vec::Vec<u8> as core[df12db4294e9bfd3]::io::write::Write>::write_fmt
[INFO] [stdout]    3:     0x602d2c35dd86 - std[70759c8f55707aa4]::panicking::default_hook::{closure#0}
[INFO] [stdout]    4:     0x602d2c37ac99 - std[70759c8f55707aa4]::panicking::default_hook
[INFO] [stdout]    5:     0x602d2c307bd0 - test[9d35eded1c95d3be]::test_main_inner::<test[9d35eded1c95d3be]::test_main_static::{closure#0}>::{closure#0}
[INFO] [stdout]    6:     0x602d2c37ae52 - std[70759c8f55707aa4]::panicking::panic_with_hook
[INFO] [stdout]    7:     0x602d2c35de32 - std[70759c8f55707aa4]::panicking::panic_handler::{closure#0}
[INFO] [stdout]    8:     0x602d2c356a19 - std[70759c8f55707aa4]::sys::backtrace::__rust_end_short_backtrace::<std[70759c8f55707aa4]::panicking::panic_handler::{closure#0}, !>
[INFO] [stdout]    9:     0x602d2c35eaad - __rustc[8fa7c3cbc660c2b3]::rust_begin_unwind
[INFO] [stdout]   10:     0x602d2c398c4c - core[df12db4294e9bfd3]::panicking::panic_fmt
[INFO] [stdout]   11:     0x602d2c398a22 - core[df12db4294e9bfd3]::result::unwrap_failed
[INFO] [stdout]   12:     0x602d2c2e1614 - <cli_tests[275ea8f5e8ab484f]::cli_integ_tests::TmpDir>::new
[INFO] [stdout]   13:     0x602d2c2e80fa - cli_tests[275ea8f5e8ab484f]::cli_integ_tests::err_new_key_exists
[INFO] [stdout]   14:     0x602d2c2f4e69 - <cli_tests[275ea8f5e8ab484f]::cli_integ_tests::err_new_key_exists::{closure#0} as core[df12db4294e9bfd3]::ops::function::FnOnce<()>>::call_once
[INFO] [stdout]   15:     0x602d2c2faebb - test[9d35eded1c95d3be]::__rust_begin_short_backtrace::<core[df12db4294e9bfd3]::result::Result<(), alloc[2182bb758b4b3781]::string::String>, fn() -> core[df12db4294e9bfd3]::result::Result<(), alloc[2182bb758b4b3781]::string::String>>
[INFO] [stdout]   16:     0x602d2c308525 - test[9d35eded1c95d3be]::run_test::{closure#0}
[INFO] [stdout]   17:     0x602d2c301de4 - std[70759c8f55707aa4]::sys::backtrace::__rust_begin_short_backtrace::<test[9d35eded1c95d3be]::run_test::{closure#1}, ()>
[INFO] [stdout]   18:     0x602d2c30b682 - <std[70759c8f55707aa4]::thread::lifecycle::spawn_unchecked<test[9d35eded1c95d3be]::run_test::{closure#1}, ()>::{closure#1} as core[df12db4294e9bfd3]::ops::function::FnOnce<()>>::call_once::{shim:vtable#0}
[INFO] [stdout]   19:     0x602d2c3832d9 - <std[70759c8f55707aa4]::sys::thread::unix::Thread>::new::thread_start
[INFO] [stdout]   20:     0x747650448dfa - <unknown>
[INFO] [stdout]   21:     0x7476504dc3d4 - clone
[INFO] [stdout]   22:                0x0 - <unknown>
[INFO] [stdout] 
[INFO] [stdout] ---- cli_integ_tests::err_dec_key_file_not_found stdout ----
[INFO] [stdout] 
[INFO] [stdout] thread 'cli_integ_tests::err_dec_key_file_not_found' (1180) panicked at tests/cli_tests.rs:27:38:
[INFO] [stdout] called `Result::unwrap()` on an `Err` value: Os { code: 30, kind: ReadOnlyFilesystem, message: "Read-only file system" }
[INFO] [stdout] stack backtrace:
[INFO] [stdout]    0:     0x602d2c383c61 - <<std[70759c8f55707aa4]::sys::backtrace::BacktraceLock>::print::DisplayBacktrace as core[df12db4294e9bfd3]::fmt::Display>::fmt
[INFO] [stdout]    1:     0x602d2c39851a - core[df12db4294e9bfd3]::fmt::write
[INFO] [stdout]    2:     0x602d2c38837c - <alloc[2182bb758b4b3781]::vec::Vec<u8> as core[df12db4294e9bfd3]::io::write::Write>::write_fmt
[INFO] [stdout]    3:     0x602d2c35dd86 - std[70759c8f55707aa4]::panicking::default_hook::{closure#0}
[INFO] [stdout]    4:     0x602d2c37ac99 - std[70759c8f55707aa4]::panicking::default_hook
[INFO] [stdout]    5:     0x602d2c307bd0 - test[9d35eded1c95d3be]::test_main_inner::<test[9d35eded1c95d3be]::test_main_static::{closure#0}>::{closure#0}
[INFO] [stdout]    6:     0x602d2c37ae52 - std[70759c8f55707aa4]::panicking::panic_with_hook
[INFO] [stdout]    7:     0x602d2c35de32 - std[70759c8f55707aa4]::panicking::panic_handler::{closure#0}
[INFO] [stdout]    8:     0x602d2c356a19 - std[70759c8f55707aa4]::sys::backtrace::__rust_end_short_backtrace::<std[70759c8f55707aa4]::panicking::panic_handler::{closure#0}, !>
[INFO] [stdout]    9:     0x602d2c35eaad - __rustc[8fa7c3cbc660c2b3]::rust_begin_unwind
[INFO] [stdout]   10:     0x602d2c398c4c - core[df12db4294e9bfd3]::panicking::panic_fmt
[INFO] [stdout]   11:     0x602d2c398a22 - core[df12db4294e9bfd3]::result::unwrap_failed
[INFO] [stdout]   12:     0x602d2c2e1614 - <cli_tests[275ea8f5e8ab484f]::cli_integ_tests::TmpDir>::new
[INFO] [stdout]   13:     0x602d2c2ee1a7 - cli_tests[275ea8f5e8ab484f]::cli_integ_tests::err_dec_key_file_not_found
[INFO] [stdout]   14:     0x602d2c2f5029 - <cli_tests[275ea8f5e8ab484f]::cli_integ_tests::err_dec_key_file_not_found::{closure#0} as core[df12db4294e9bfd3]::ops::function::FnOnce<()>>::call_once
[INFO] [stdout]   15:     0x602d2c2faebb - test[9d35eded1c95d3be]::__rust_begin_short_backtrace::<core[df12db4294e9bfd3]::result::Result<(), alloc[2182bb758b4b3781]::string::String>, fn() -> core[df12db4294e9bfd3]::result::Result<(), alloc[2182bb758b4b3781]::string::String>>
[INFO] [stdout]   16:     0x602d2c308525 - test[9d35eded1c95d3be]::run_test::{closure#0}
[INFO] [stdout]   17:     0x602d2c301de4 - std[70759c8f55707aa4]::sys::backtrace::__rust_begin_short_backtrace::<test[9d35eded1c95d3be]::run_test::{closure#1}, ()>
[INFO] [stdout]   18:     0x602d2c30b682 - <std[70759c8f55707aa4]::thread::lifecycle::spawn_unchecked<test[9d35eded1c95d3be]::run_test::{closure#1}, ()>::{closure#1} as core[df12db4294e9bfd3]::ops::function::FnOnce<()>>::call_once::{shim:vtable#0}
[INFO] [stdout]   19:     0x602d2c3832d9 - <std[70759c8f55707aa4]::sys::thread::unix::Thread>::new::thread_start
[INFO] [stdout]   20:     0x747650448dfa - <unknown>
[INFO] [stdout]   21:     0x7476504dc3d4 - clone
[INFO] [stdout]   22:                0x0 - <unknown>
[INFO] [stdout] 
[INFO] [stdout] ---- cli_integ_tests::err_dec_no_extension stdout ----
[INFO] [stdout] 
[INFO] [stdout] thread 'cli_integ_tests::err_dec_no_extension' (1181) panicked at tests/cli_tests.rs:27:38:
[INFO] [stdout] called `Result::unwrap()` on an `Err` value: Os { code: 30, kind: ReadOnlyFilesystem, message: "Read-only file system" }
[INFO] [stdout] stack backtrace:
[INFO] [stdout]    0:     0x602d2c383c61 - <<std[70759c8f55707aa4]::sys::backtrace::BacktraceLock>::print::DisplayBacktrace as core[df12db4294e9bfd3]::fmt::Display>::fmt
[INFO] [stdout]    1:     0x602d2c39851a - core[df12db4294e9bfd3]::fmt::write
[INFO] [stdout]    2:     0x602d2c38837c - <alloc[2182bb758b4b3781]::vec::Vec<u8> as core[df12db4294e9bfd3]::io::write::Write>::write_fmt
[INFO] [stdout]    3:     0x602d2c35dd86 - std[70759c8f55707aa4]::panicking::default_hook::{closure#0}
[INFO] [stdout]    4:     0x602d2c37ac99 - std[70759c8f55707aa4]::panicking::default_hook
[INFO] [stdout]    5:     0x602d2c307bd0 - test[9d35eded1c95d3be]::test_main_inner::<test[9d35eded1c95d3be]::test_main_static::{closure#0}>::{closure#0}
[INFO] [stdout]    6:     0x602d2c37ae52 - std[70759c8f55707aa4]::panicking::panic_with_hook
[INFO] [stdout]    7:     0x602d2c35de32 - std[70759c8f55707aa4]::panicking::panic_handler::{closure#0}
[INFO] [stdout]    8:     0x602d2c356a19 - std[70759c8f55707aa4]::sys::backtrace::__rust_end_short_backtrace::<std[70759c8f55707aa4]::panicking::panic_handler::{closure#0}, !>
[INFO] [stdout]    9:     0x602d2c35eaad - __rustc[8fa7c3cbc660c2b3]::rust_begin_unwind
[INFO] [stdout]   10:     0x602d2c398c4c - core[df12db4294e9bfd3]::panicking::panic_fmt
[INFO] [stdout]   11:     0x602d2c398a22 - core[df12db4294e9bfd3]::result::unwrap_failed
[INFO] [stdout]   12:     0x602d2c2e1614 - <cli_tests[275ea8f5e8ab484f]::cli_integ_tests::TmpDir>::new
[INFO] [stdout]   13:     0x602d2c2eaaf9 - cli_tests[275ea8f5e8ab484f]::cli_integ_tests::err_dec_no_extension
[INFO] [stdout]   14:     0x602d2c2f4f29 - <cli_tests[275ea8f5e8ab484f]::cli_integ_tests::err_dec_no_extension::{closure#0} as core[df12db4294e9bfd3]::ops::function::FnOnce<()>>::call_once
[INFO] [stdout]   15:     0x602d2c2faebb - test[9d35eded1c95d3be]::__rust_begin_short_backtrace::<core[df12db4294e9bfd3]::result::Result<(), alloc[2182bb758b4b3781]::string::String>, fn() -> core[df12db4294e9bfd3]::result::Result<(), alloc[2182bb758b4b3781]::string::String>>
[INFO] [stdout]   16:     0x602d2c308525 - test[9d35eded1c95d3be]::run_test::{closure#0}
[INFO] [stdout]   17:     0x602d2c301de4 - std[70759c8f55707aa4]::sys::backtrace::__rust_begin_short_backtrace::<test[9d35eded1c95d3be]::run_test::{closure#1}, ()>
[INFO] [stdout]   18:     0x602d2c30b682 - <std[70759c8f55707aa4]::thread::lifecycle::spawn_unchecked<test[9d35eded1c95d3be]::run_test::{closure#1}, ()>::{closure#1} as core[df12db4294e9bfd3]::ops::function::FnOnce<()>>::call_once::{shim:vtable#0}
[INFO] [stdout]   19:     0x602d2c3832d9 - <std[70759c8f55707aa4]::sys::thread::unix::Thread>::new::thread_start
[INFO] [stdout]   20:     0x747650448dfa - <unknown>
[INFO] [stdout]   21:     0x7476504dc3d4 - clone
[INFO] [stdout]   22:                0x0 - <unknown>
[INFO] [stdout] 
[INFO] [stdout] ---- cli_integ_tests::force_file_encrypt stdout ----
[INFO] [stdout] 
[INFO] [stdout] thread 'cli_integ_tests::force_file_encrypt' (1194) panicked at tests/cli_tests.rs:27:38:
[INFO] [stdout] called `Result::unwrap()` on an `Err` value: Os { code: 30, kind: ReadOnlyFilesystem, message: "Read-only file system" }
[INFO] [stdout] stack backtrace:
[INFO] [stdout]    0:     0x602d2c383c61 - <<std[70759c8f55707aa4]::sys::backtrace::BacktraceLock>::print::DisplayBacktrace as core[df12db4294e9bfd3]::fmt::Display>::fmt
[INFO] [stdout]    1:     0x602d2c39851a - core[df12db4294e9bfd3]::fmt::write
[INFO] [stdout]    2:     0x602d2c38837c - <alloc[2182bb758b4b3781]::vec::Vec<u8> as core[df12db4294e9bfd3]::io::write::Write>::write_fmt
[INFO] [stdout]    3:     0x602d2c35dd86 - std[70759c8f55707aa4]::panicking::default_hook::{closure#0}
[INFO] [stdout]    4:     0x602d2c37ac99 - std[70759c8f55707aa4]::panicking::default_hook
[INFO] [stdout]    5:     0x602d2c307bd0 - test[9d35eded1c95d3be]::test_main_inner::<test[9d35eded1c95d3be]::test_main_static::{closure#0}>::{closure#0}
[INFO] [stdout]    6:     0x602d2c37ae52 - std[70759c8f55707aa4]::panicking::panic_with_hook
[INFO] [stdout]    7:     0x602d2c35de32 - std[70759c8f55707aa4]::panicking::panic_handler::{closure#0}
[INFO] [stdout]    8:     0x602d2c356a19 - std[70759c8f55707aa4]::sys::backtrace::__rust_end_short_backtrace::<std[70759c8f55707aa4]::panicking::panic_handler::{closure#0}, !>
[INFO] [stdout]    9:     0x602d2c35eaad - __rustc[8fa7c3cbc660c2b3]::rust_begin_unwind
[INFO] [stdout]   10:     0x602d2c398c4c - core[df12db4294e9bfd3]::panicking::panic_fmt
[INFO] [stdout]   11:     0x602d2c398a22 - core[df12db4294e9bfd3]::result::unwrap_failed
[INFO] [stdout]   12:     0x602d2c2e1614 - <cli_tests[275ea8f5e8ab484f]::cli_integ_tests::TmpDir>::new
[INFO] [stdout]   13:     0x602d2c2e8eda - cli_tests[275ea8f5e8ab484f]::cli_integ_tests::force_file_encrypt
[INFO] [stdout]   14:     0x602d2c2f4ea9 - <cli_tests[275ea8f5e8ab484f]::cli_integ_tests::force_file_encrypt::{closure#0} as core[df12db4294e9bfd3]::ops::function::FnOnce<()>>::call_once
[INFO] [stdout]   15:     0x602d2c2faebb - test[9d35eded1c95d3be]::__rust_begin_short_backtrace::<core[df12db4294e9bfd3]::result::Result<(), alloc[2182bb758b4b3781]::string::String>, fn() -> core[df12db4294e9bfd3]::result::Result<(), alloc[2182bb758b4b3781]::string::String>>
[INFO] [stdout]   16:     0x602d2c308525 - test[9d35eded1c95d3be]::run_test::{closure#0}
[INFO] [stdout]   17:     0x602d2c301de4 - std[70759c8f55707aa4]::sys::backtrace::__rust_begin_short_backtrace::<test[9d35eded1c95d3be]::run_test::{closure#1}, ()>
[INFO] [stdout]   18:     0x602d2c30b682 - <std[70759c8f55707aa4]::thread::lifecycle::spawn_unchecked<test[9d35eded1c95d3be]::run_test::{closure#1}, ()>::{closure#1} as core[df12db4294e9bfd3]::ops::function::FnOnce<()>>::call_once::{shim:vtable#0}
[INFO] [stdout]   19:     0x602d2c3832d9 - <std[70759c8f55707aa4]::sys::thread::unix::Thread>::new::thread_start
[INFO] [stdout]   20:     0x747650448dfa - <unknown>
[INFO] [stdout]   21:     0x7476504dc3d4 - clone
[INFO] [stdout]   22:                0x0 - <unknown>
[INFO] [stdout] 
[INFO] [stdout] ---- cli_integ_tests::key_password_change stdout ----
[INFO] [stdout] 
[INFO] [stdout] thread 'cli_integ_tests::key_password_change' (1196) panicked at tests/cli_tests.rs:27:38:
[INFO] [stdout] called `Result::unwrap()` on an `Err` value: Os { code: 30, kind: ReadOnlyFilesystem, message: "Read-only file system" }
[INFO] [stdout] stack backtrace:
[INFO] [stdout]    0:     0x602d2c383c61 - <<std[70759c8f55707aa4]::sys::backtrace::BacktraceLock>::print::DisplayBacktrace as core[df12db4294e9bfd3]::fmt::Display>::fmt
[INFO] [stdout]    1:     0x602d2c39851a - core[df12db4294e9bfd3]::fmt::write
[INFO] [stdout]    2:     0x602d2c38837c - <alloc[2182bb758b4b3781]::vec::Vec<u8> as core[df12db4294e9bfd3]::io::write::Write>::write_fmt
[INFO] [stdout]    3:     0x602d2c35dd86 - std[70759c8f55707aa4]::panicking::default_hook::{closure#0}
[INFO] [stdout]    4:     0x602d2c37ac99 - std[70759c8f55707aa4]::panicking::default_hook
[INFO] [stdout]    5:     0x602d2c307bd0 - test[9d35eded1c95d3be]::test_main_inner::<test[9d35eded1c95d3be]::test_main_static::{closure#0}>::{closure#0}
[INFO] [stdout]    6:     0x602d2c37ae52 - std[70759c8f55707aa4]::panicking::panic_with_hook
[INFO] [stdout]    7:     0x602d2c35de32 - std[70759c8f55707aa4]::panicking::panic_handler::{closure#0}
[INFO] [stdout]    8:     0x602d2c356a19 - std[70759c8f55707aa4]::sys::backtrace::__rust_end_short_backtrace::<std[70759c8f55707aa4]::panicking::panic_handler::{closure#0}, !>
[INFO] [stdout]    9:     0x602d2c35eaad - __rustc[8fa7c3cbc660c2b3]::rust_begin_unwind
[INFO] [stdout]   10:     0x602d2c398c4c - core[df12db4294e9bfd3]::panicking::panic_fmt
[INFO] [stdout]   11:     0x602d2c398a22 - core[df12db4294e9bfd3]::result::unwrap_failed
[INFO] [stdout]   12:     0x602d2c2e1614 - <cli_tests[275ea8f5e8ab484f]::cli_integ_tests::TmpDir>::new
[INFO] [stdout]   13:     0x602d2c2e980d - cli_tests[275ea8f5e8ab484f]::cli_integ_tests::key_password_change
[INFO] [stdout]   14:     0x602d2c2f4ec9 - <cli_tests[275ea8f5e8ab484f]::cli_integ_tests::key_password_change::{closure#0} as core[df12db4294e9bfd3]::ops::function::FnOnce<()>>::call_once
[INFO] [stdout]   15:     0x602d2c2faebb - test[9d35eded1c95d3be]::__rust_begin_short_backtrace::<core[df12db4294e9bfd3]::result::Result<(), alloc[2182bb758b4b3781]::string::String>, fn() -> core[df12db4294e9bfd3]::result::Result<(), alloc[2182bb758b4b3781]::string::String>>
[INFO] [stdout]   16:     0x602d2c308525 - test[9d35eded1c95d3be]::run_test::{closure#0}
[INFO] [stdout]   17:     0x602d2c301de4 - std[70759c8f55707aa4]::sys::backtrace::__rust_begin_short_backtrace::<test[9d35eded1c95d3be]::run_test::{closure#1}, ()>
[INFO] [stdout]   18:     0x602d2c30b682 - <std[70759c8f55707aa4]::thread::lifecycle::spawn_unchecked<test[9d35eded1c95d3be]::run_test::{closure#1}, ()>::{closure#1} as core[df12db4294e9bfd3]::ops::function::FnOnce<()>>::call_once::{shim:vtable#0}
[INFO] [stdout]   19:     0x602d2c3832d9 - <std[70759c8f55707aa4]::sys::thread::unix::Thread>::new::thread_start
[INFO] [stdout]   20:     0x747650448dfa - <unknown>
[INFO] [stdout]   21:     0x7476504dc3d4 - clone
[INFO] [stdout]   22:                0x0 - <unknown>
[INFO] [stdout] 
[INFO] [stdout] ---- cli_integ_tests::new_key_argon_cpu stdout ----
[INFO] [stdout] 
[INFO] [stdout] thread 'cli_integ_tests::new_key_argon_cpu' (1200) panicked at tests/cli_tests.rs:27:38:
[INFO] [stdout] called `Result::unwrap()` on an `Err` value: Os { code: 30, kind: ReadOnlyFilesystem, message: "Read-only file system" }
[INFO] [stdout] stack backtrace:
[INFO] [stdout]    0:     0x602d2c383c61 - <<std[70759c8f55707aa4]::sys::backtrace::BacktraceLock>::print::DisplayBacktrace as core[df12db4294e9bfd3]::fmt::Display>::fmt
[INFO] [stdout]    1:     0x602d2c39851a - core[df12db4294e9bfd3]::fmt::write
[INFO] [stdout]    2:     0x602d2c38837c - <alloc[2182bb758b4b3781]::vec::Vec<u8> as core[df12db4294e9bfd3]::io::write::Write>::write_fmt
[INFO] [stdout]    3:     0x602d2c35dd86 - std[70759c8f55707aa4]::panicking::default_hook::{closure#0}
[INFO] [stdout]    4:     0x602d2c37ac99 - std[70759c8f55707aa4]::panicking::default_hook
[INFO] [stdout]    5:     0x602d2c307bd0 - test[9d35eded1c95d3be]::test_main_inner::<test[9d35eded1c95d3be]::test_main_static::{closure#0}>::{closure#0}
[INFO] [stdout]    6:     0x602d2c37ae52 - std[70759c8f55707aa4]::panicking::panic_with_hook
[INFO] [stdout]    7:     0x602d2c35de32 - std[70759c8f55707aa4]::panicking::panic_handler::{closure#0}
[INFO] [stdout]    8:     0x602d2c356a19 - std[70759c8f55707aa4]::sys::backtrace::__rust_end_short_backtrace::<std[70759c8f55707aa4]::panicking::panic_handler::{closure#0}, !>
[INFO] [stdout]    9:     0x602d2c35eaad - __rustc[8fa7c3cbc660c2b3]::rust_begin_unwind
[INFO] [stdout]   10:     0x602d2c398c4c - core[df12db4294e9bfd3]::panicking::panic_fmt
[INFO] [stdout]   11:     0x602d2c398a22 - core[df12db4294e9bfd3]::result::unwrap_failed
[INFO] [stdout]   12:     0x602d2c2e1614 - <cli_tests[275ea8f5e8ab484f]::cli_integ_tests::TmpDir>::new
[INFO] [stdout]   13:     0x602d2c2e7147 - cli_tests[275ea8f5e8ab484f]::cli_integ_tests::new_key_argon_cpu
[INFO] [stdout]   14:     0x602d2c2f4e09 - <cli_tests[275ea8f5e8ab484f]::cli_integ_tests::new_key_argon_cpu::{closure#0} as core[df12db4294e9bfd3]::ops::function::FnOnce<()>>::call_once
[INFO] [stdout]   15:     0x602d2c2faebb - test[9d35eded1c95d3be]::__rust_begin_short_backtrace::<core[df12db4294e9bfd3]::result::Result<(), alloc[2182bb758b4b3781]::string::String>, fn() -> core[df12db4294e9bfd3]::result::Result<(), alloc[2182bb758b4b3781]::string::String>>
[INFO] [stdout]   16:     0x602d2c308525 - test[9d35eded1c95d3be]::run_test::{closure#0}
[INFO] [stdout]   17:     0x602d2c301de4 - std[70759c8f55707aa4]::sys::backtrace::__rust_begin_short_backtrace::<test[9d35eded1c95d3be]::run_test::{closure#1}, ()>
[INFO] [stdout]   18:     0x602d2c30b682 - <std[70759c8f55707aa4]::thread::lifecycle::spawn_unchecked<test[9d35eded1c95d3be]::run_test::{closure#1}, ()>::{closure#1} as core[df12db4294e9bfd3]::ops::function::FnOnce<()>>::call_once::{shim:vtable#0}
[INFO] [stdout]   19:     0x602d2c3832d9 - <std[70759c8f55707aa4]::sys::thread::unix::Thread>::new::thread_start
[INFO] [stdout]   20:     0x747650448dfa - <unknown>
[INFO] [stdout]   21:     0x7476504dc3d4 - clone
[INFO] [stdout]   22:                0x0 - <unknown>
[INFO] [stdout] 
[INFO] [stdout] ---- cli_integ_tests::new_key_empty_password stdout ----
[INFO] [stdout] 
[INFO] [stdout] thread 'cli_integ_tests::new_key_empty_password' (1202) panicked at tests/cli_tests.rs:27:38:
[INFO] [stderr] error: test failed, to rerun pass `--test cli_tests`
[INFO] [stdout] called `Result::unwrap()` on an `Err` value: Os { code: 30, kind: ReadOnlyFilesystem, message: "Read-only file system" }
[INFO] [stdout] stack backtrace:
[INFO] [stdout]    0:     0x602d2c383c61 - <<std[70759c8f55707aa4]::sys::backtrace::BacktraceLock>::print::DisplayBacktrace as core[df12db4294e9bfd3]::fmt::Display>::fmt
[INFO] [stdout]    1:     0x602d2c39851a - core[df12db4294e9bfd3]::fmt::write
[INFO] [stdout]    2:     0x602d2c38837c - <alloc[2182bb758b4b3781]::vec::Vec<u8> as core[df12db4294e9bfd3]::io::write::Write>::write_fmt
[INFO] [stdout]    3:     0x602d2c35dd86 - std[70759c8f55707aa4]::panicking::default_hook::{closure#0}
[INFO] [stdout]    4:     0x602d2c37ac99 - std[70759c8f55707aa4]::panicking::default_hook
[INFO] [stdout]    5:     0x602d2c307bd0 - test[9d35eded1c95d3be]::test_main_inner::<test[9d35eded1c95d3be]::test_main_static::{closure#0}>::{closure#0}
[INFO] [stdout]    6:     0x602d2c37ae52 - std[70759c8f55707aa4]::panicking::panic_with_hook
[INFO] [stdout]    7:     0x602d2c35de32 - std[70759c8f55707aa4]::panicking::panic_handler::{closure#0}
[INFO] [stdout]    8:     0x602d2c356a19 - std[70759c8f55707aa4]::sys::backtrace::__rust_end_short_backtrace::<std[70759c8f55707aa4]::panicking::panic_handler::{closure#0}, !>
[INFO] [stdout]    9:     0x602d2c35eaad - __rustc[8fa7c3cbc660c2b3]::rust_begin_unwind
[INFO] [stdout]   10:     0x602d2c398c4c - core[df12db4294e9bfd3]::panicking::panic_fmt
[INFO] [stdout]   11:     0x602d2c398a22 - core[df12db4294e9bfd3]::result::unwrap_failed
[INFO] [stdout]   12:     0x602d2c2e1614 - <cli_tests[275ea8f5e8ab484f]::cli_integ_tests::TmpDir>::new
[INFO] [stdout]   13:     0x602d2c2ece4a - cli_tests[275ea8f5e8ab484f]::cli_integ_tests::new_key_empty_password
[INFO] [stdout]   14:     0x602d2c2f4fc9 - <cli_tests[275ea8f5e8ab484f]::cli_integ_tests::new_key_empty_password::{closure#0} as core[df12db4294e9bfd3]::ops::function::FnOnce<()>>::call_once
[INFO] [stdout]   15:     0x602d2c2faebb - test[9d35eded1c95d3be]::__rust_begin_short_backtrace::<core[df12db4294e9bfd3]::result::Result<(), alloc[2182bb758b4b3781]::string::String>, fn() -> core[df12db4294e9bfd3]::result::Result<(), alloc[2182bb758b4b3781]::string::String>>
[INFO] [stdout]   16:     0x602d2c308525 - test[9d35eded1c95d3be]::run_test::{closure#0}
[INFO] [stdout]   17:     0x602d2c301de4 - std[70759c8f55707aa4]::sys::backtrace::__rust_begin_short_backtrace::<test[9d35eded1c95d3be]::run_test::{closure#1}, ()>
[INFO] [stdout]   18:     0x602d2c30b682 - <std[70759c8f55707aa4]::thread::lifecycle::spawn_unchecked<test[9d35eded1c95d3be]::run_test::{closure#1}, ()>::{closure#1} as core[df12db4294e9bfd3]::ops::function::FnOnce<()>>::call_once::{shim:vtable#0}
[INFO] [stdout]   19:     0x602d2c3832d9 - <std[70759c8f55707aa4]::sys::thread::unix::Thread>::new::thread_start
[INFO] [stdout]   20:     0x747650448dfa - <unknown>
[INFO] [stdout]   21:     0x7476504dc3d4 - clone
[INFO] [stdout]   22:                0x0 - <unknown>
[INFO] [stdout] 
[INFO] [stdout] ---- cli_integ_tests::force_file_decrypt stdout ----
[INFO] [stdout] 
[INFO] [stdout] thread 'cli_integ_tests::force_file_decrypt' (1193) panicked at tests/cli_tests.rs:27:38:
[INFO] [stdout] called `Result::unwrap()` on an `Err` value: Os { code: 30, kind: ReadOnlyFilesystem, message: "Read-only file system" }
[INFO] [stdout] stack backtrace:
[INFO] [stdout]    0:     0x602d2c383c61 - <<std[70759c8f55707aa4]::sys::backtrace::BacktraceLock>::print::DisplayBacktrace as core[df12db4294e9bfd3]::fmt::Display>::fmt
[INFO] [stdout]    1:     0x602d2c39851a - core[df12db4294e9bfd3]::fmt::write
[INFO] [stdout]    2:     0x602d2c38837c - <alloc[2182bb758b4b3781]::vec::Vec<u8> as core[df12db4294e9bfd3]::io::write::Write>::write_fmt
[INFO] [stdout]    3:     0x602d2c35dd86 - std[70759c8f55707aa4]::panicking::default_hook::{closure#0}
[INFO] [stdout]    4:     0x602d2c37ac99 - std[70759c8f55707aa4]::panicking::default_hook
[INFO] [stdout]    5:     0x602d2c307bd0 - test[9d35eded1c95d3be]::test_main_inner::<test[9d35eded1c95d3be]::test_main_static::{closure#0}>::{closure#0}
[INFO] [stdout]    6:     0x602d2c37ae52 - std[70759c8f55707aa4]::panicking::panic_with_hook
[INFO] [stdout]    7:     0x602d2c35de32 - std[70759c8f55707aa4]::panicking::panic_handler::{closure#0}
[INFO] [stdout]    8:     0x602d2c356a19 - std[70759c8f55707aa4]::sys::backtrace::__rust_end_short_backtrace::<std[70759c8f55707aa4]::panicking::panic_handler::{closure#0}, !>
[INFO] [stdout]    9:     0x602d2c35eaad - __rustc[8fa7c3cbc660c2b3]::rust_begin_unwind
[INFO] [stdout]   10:     0x602d2c398c4c - core[df12db4294e9bfd3]::panicking::panic_fmt
[INFO] [stdout]   11:     0x602d2c398a22 - core[df12db4294e9bfd3]::result::unwrap_failed
[INFO] [stdout]   12:     0x602d2c2e1614 - <cli_tests[275ea8f5e8ab484f]::cli_integ_tests::TmpDir>::new
[INFO] [stdout]   13:     0x602d2c2e85da - cli_tests[275ea8f5e8ab484f]::cli_integ_tests::force_file_decrypt
[INFO] [stdout]   14:     0x602d2c2f4e89 - <cli_tests[275ea8f5e8ab484f]::cli_integ_tests::force_file_decrypt::{closure#0} as core[df12db4294e9bfd3]::ops::function::FnOnce<()>>::call_once
[INFO] [stdout]   15:     0x602d2c2faebb - test[9d35eded1c95d3be]::__rust_begin_short_backtrace::<core[df12db4294e9bfd3]::result::Result<(), alloc[2182bb758b4b3781]::string::String>, fn() -> core[df12db4294e9bfd3]::result::Result<(), alloc[2182bb758b4b3781]::string::String>>
[INFO] [stdout]   16:     0x602d2c308525 - test[9d35eded1c95d3be]::run_test::{closure#0}
[INFO] [stdout]   17:     0x602d2c301de4 - std[70759c8f55707aa4]::sys::backtrace::__rust_begin_short_backtrace::<test[9d35eded1c95d3be]::run_test::{closure#1}, ()>
[INFO] [stdout]   18:     0x602d2c30b682 - <std[70759c8f55707aa4]::thread::lifecycle::spawn_unchecked<test[9d35eded1c95d3be]::run_test::{closure#1}, ()>::{closure#1} as core[df12db4294e9bfd3]::ops::function::FnOnce<()>>::call_once::{shim:vtable#0}
[INFO] [stdout]   19:     0x602d2c3832d9 - <std[70759c8f55707aa4]::sys::thread::unix::Thread>::new::thread_start
[INFO] [stdout]   20:     0x747650448dfa - <unknown>
[INFO] [stdout]   21:     0x7476504dc3d4 - clone
[INFO] [stdout]   22:                0x0 - <unknown>
[INFO] [stdout] 
[INFO] [stdout] ---- cli_integ_tests::no_force_file_decrypt stdout ----
[INFO] [stdout] 
[INFO] [stdout] thread 'cli_integ_tests::no_force_file_decrypt' (1203) panicked at tests/cli_tests.rs:27:38:
[INFO] [stdout] called `Result::unwrap()` on an `Err` value: Os { code: 30, kind: ReadOnlyFilesystem, message: "Read-only file system" }
[INFO] [stdout] stack backtrace:
[INFO] [stdout]    0:     0x602d2c383c61 - <<std[70759c8f55707aa4]::sys::backtrace::BacktraceLock>::print::DisplayBacktrace as core[df12db4294e9bfd3]::fmt::Display>::fmt
[INFO] [stdout]    1:     0x602d2c39851a - core[df12db4294e9bfd3]::fmt::write
[INFO] [stdout]    2:     0x602d2c38837c - <alloc[2182bb758b4b3781]::vec::Vec<u8> as core[df12db4294e9bfd3]::io::write::Write>::write_fmt
[INFO] [stdout]    3:     0x602d2c35dd86 - std[70759c8f55707aa4]::panicking::default_hook::{closure#0}
[INFO] [stdout]    4:     0x602d2c37ac99 - std[70759c8f55707aa4]::panicking::default_hook
[INFO] [stdout]    5:     0x602d2c307bd0 - test[9d35eded1c95d3be]::test_main_inner::<test[9d35eded1c95d3be]::test_main_static::{closure#0}>::{closure#0}
[INFO] [stdout]    6:     0x602d2c37ae52 - std[70759c8f55707aa4]::panicking::panic_with_hook
[INFO] [stdout]    7:     0x602d2c35de32 - std[70759c8f55707aa4]::panicking::panic_handler::{closure#0}
[INFO] [stdout]    8:     0x602d2c356a19 - std[70759c8f55707aa4]::sys::backtrace::__rust_end_short_backtrace::<std[70759c8f55707aa4]::panicking::panic_handler::{closure#0}, !>
[INFO] [stdout]    9:     0x602d2c35eaad - __rustc[8fa7c3cbc660c2b3]::rust_begin_unwind
[INFO] [stdout]   10:     0x602d2c398c4c - core[df12db4294e9bfd3]::panicking::panic_fmt
[INFO] [stdout]   11:     0x602d2c398a22 - core[df12db4294e9bfd3]::result::unwrap_failed
[INFO] [stdout]   12:     0x602d2c2e1614 - <cli_tests[275ea8f5e8ab484f]::cli_integ_tests::TmpDir>::new
[INFO] [stdout]   13:     0x602d2c2ebcea - cli_tests[275ea8f5e8ab484f]::cli_integ_tests::no_force_file_decrypt
[INFO] [stdout]   14:     0x602d2c2f4f89 - <cli_tests[275ea8f5e8ab484f]::cli_integ_tests::no_force_file_decrypt::{closure#0} as core[df12db4294e9bfd3]::ops::function::FnOnce<()>>::call_once
[INFO] [stdout]   15:     0x602d2c2faebb - test[9d35eded1c95d3be]::__rust_begin_short_backtrace::<core[df12db4294e9bfd3]::result::Result<(), alloc[2182bb758b4b3781]::string::String>, fn() -> core[df12db4294e9bfd3]::result::Result<(), alloc[2182bb758b4b3781]::string::String>>
[INFO] [stdout]   16:     0x602d2c308525 - test[9d35eded1c95d3be]::run_test::{closure#0}
[INFO] [stdout]   17:     0x602d2c301de4 - std[70759c8f55707aa4]::sys::backtrace::__rust_begin_short_backtrace::<test[9d35eded1c95d3be]::run_test::{closure#1}, ()>
[INFO] [stdout]   18:     0x602d2c30b682 - <std[70759c8f55707aa4]::thread::lifecycle::spawn_unchecked<test[9d35eded1c95d3be]::run_test::{closure#1}, ()>::{closure#1} as core[df12db4294e9bfd3]::ops::function::FnOnce<()>>::call_once::{shim:vtable#0}
[INFO] [stdout]   19:     0x602d2c3832d9 - <std[70759c8f55707aa4]::sys::thread::unix::Thread>::new::thread_start
[INFO] [stdout]   20:     0x747650448dfa - <unknown>
[INFO] [stdout]   21:     0x7476504dc3d4 - clone
[INFO] [stdout]   22:                0x0 - <unknown>
[INFO] [stdout] 
[INFO] [stdout] ---- cli_integ_tests::stream_info_auth stdout ----
[INFO] [stdout] 
[INFO] [stdout] thread 'cli_integ_tests::stream_info_auth' (1206) panicked at tests/cli_tests.rs:27:38:
[INFO] [stdout] called `Result::unwrap()` on an `Err` value: Os { code: 30, kind: ReadOnlyFilesystem, message: "Read-only file system" }
[INFO] [stdout] stack backtrace:
[INFO] [stdout]    0:     0x602d2c383c61 - <<std[70759c8f55707aa4]::sys::backtrace::BacktraceLock>::print::DisplayBacktrace as core[df12db4294e9bfd3]::fmt::Display>::fmt
[INFO] [stdout]    1:     0x602d2c39851a - core[df12db4294e9bfd3]::fmt::write
[INFO] [stdout]    2:     0x602d2c38837c - <alloc[2182bb758b4b3781]::vec::Vec<u8> as core[df12db4294e9bfd3]::io::write::Write>::write_fmt
[INFO] [stdout]    3:     0x602d2c35dd86 - std[70759c8f55707aa4]::panicking::default_hook::{closure#0}
[INFO] [stdout]    4:     0x602d2c37ac99 - std[70759c8f55707aa4]::panicking::default_hook
[INFO] [stdout]    5:     0x602d2c307bd0 - test[9d35eded1c95d3be]::test_main_inner::<test[9d35eded1c95d3be]::test_main_static::{closure#0}>::{closure#0}
[INFO] [stdout]    6:     0x602d2c37ae52 - std[70759c8f55707aa4]::panicking::panic_with_hook
[INFO] [stdout]    7:     0x602d2c35de32 - std[70759c8f55707aa4]::panicking::panic_handler::{closure#0}
[INFO] [stdout]    8:     0x602d2c356a19 - std[70759c8f55707aa4]::sys::backtrace::__rust_end_short_backtrace::<std[70759c8f55707aa4]::panicking::panic_handler::{closure#0}, !>
[INFO] [stdout]    9:     0x602d2c35eaad - __rustc[8fa7c3cbc660c2b3]::rust_begin_unwind
[INFO] [stdout]   10:     0x602d2c398c4c - core[df12db4294e9bfd3]::panicking::panic_fmt
[INFO] [stdout]   11:     0x602d2c398a22 - core[df12db4294e9bfd3]::result::unwrap_failed
[INFO] [stdout]   12:     0x602d2c2e1614 - <cli_tests[275ea8f5e8ab484f]::cli_integ_tests::TmpDir>::new
[INFO] [stdout]   13:     0x602d2c2e60da - cli_tests[275ea8f5e8ab484f]::cli_integ_tests::stream_info_auth
[INFO] [stdout]   14:     0x602d2c2f4dc9 - <cli_tests[275ea8f5e8ab484f]::cli_integ_tests::stream_info_auth::{closure#0} as core[df12db4294e9bfd3]::ops::function::FnOnce<()>>::call_once
[INFO] [stdout]   15:     0x602d2c2faebb - test[9d35eded1c95d3be]::__rust_begin_short_backtrace::<core[df12db4294e9bfd3]::result::Result<(), alloc[2182bb758b4b3781]::string::String>, fn() -> core[df12db4294e9bfd3]::result::Result<(), alloc[2182bb758b4b3781]::string::String>>
[INFO] [stdout]   16:     0x602d2c308525 - test[9d35eded1c95d3be]::run_test::{closure#0}
[INFO] [stdout]   17:     0x602d2c301de4 - std[70759c8f55707aa4]::sys::backtrace::__rust_begin_short_backtrace::<test[9d35eded1c95d3be]::run_test::{closure#1}, ()>
[INFO] [stdout]   18:     0x602d2c30b682 - <std[70759c8f55707aa4]::thread::lifecycle::spawn_unchecked<test[9d35eded1c95d3be]::run_test::{closure#1}, ()>::{closure#1} as core[df12db4294e9bfd3]::ops::function::FnOnce<()>>::call_once::{shim:vtable#0}
[INFO] [stdout]   19:     0x602d2c3832d9 - <std[70759c8f55707aa4]::sys::thread::unix::Thread>::new::thread_start
[INFO] [stdout]   20:     0x747650448dfa - <unknown>
[INFO] [stdout]   21:     0x7476504dc3d4 - clone
[INFO] [stdout]   22:                0x0 - <unknown>
[INFO] [stdout] 
[INFO] [stdout] ---- cli_integ_tests::new_key stdout ----
[INFO] [stdout] 
[INFO] [stdout] thread 'cli_integ_tests::new_key' (1199) panicked at tests/cli_tests.rs:27:38:
[INFO] [stdout] called `Result::unwrap()` on an `Err` value: Os { code: 30, kind: ReadOnlyFilesystem, message: "Read-only file system" }
[INFO] [stdout] stack backtrace:
[INFO] [stdout]    0:     0x602d2c383c61 - <<std[70759c8f55707aa4]::sys::backtrace::BacktraceLock>::print::DisplayBacktrace as core[df12db4294e9bfd3]::fmt::Display>::fmt
[INFO] [stdout]    1:     0x602d2c39851a - core[df12db4294e9bfd3]::fmt::write
[INFO] [stdout]    2:     0x602d2c38837c - <alloc[2182bb758b4b3781]::vec::Vec<u8> as core[df12db4294e9bfd3]::io::write::Write>::write_fmt
[INFO] [stdout]    3:     0x602d2c35dd86 - std[70759c8f55707aa4]::panicking::default_hook::{closure#0}
[INFO] [stdout]    4:     0x602d2c37ac99 - std[70759c8f55707aa4]::panicking::default_hook
[INFO] [stdout]    5:     0x602d2c307bd0 - test[9d35eded1c95d3be]::test_main_inner::<test[9d35eded1c95d3be]::test_main_static::{closure#0}>::{closure#0}
[INFO] [stdout]    6:     0x602d2c37ae52 - std[70759c8f55707aa4]::panicking::panic_with_hook
[INFO] [stdout]    7:     0x602d2c35de32 - std[70759c8f55707aa4]::panicking::panic_handler::{closure#0}
[INFO] [stdout]    8:     0x602d2c356a19 - std[70759c8f55707aa4]::sys::backtrace::__rust_end_short_backtrace::<std[70759c8f55707aa4]::panicking::panic_handler::{closure#0}, !>
[INFO] [stdout]    9:     0x602d2c35eaad - __rustc[8fa7c3cbc660c2b3]::rust_begin_unwind
[INFO] [stdout]   10:     0x602d2c398c4c - core[df12db4294e9bfd3]::panicking::panic_fmt
[INFO] [stdout]   11:     0x602d2c398a22 - core[df12db4294e9bfd3]::result::unwrap_failed
[INFO] [stdout]   12:     0x602d2c2e1614 - <cli_tests[275ea8f5e8ab484f]::cli_integ_tests::TmpDir>::new
[INFO] [stdout]   13:     0x602d2c2f0609 - cli_tests[275ea8f5e8ab484f]::cli_integ_tests::new_key
[INFO] [stdout]   14:     0x602d2c2f50e9 - <cli_tests[275ea8f5e8ab484f]::cli_integ_tests::new_key::{closure#0} as core[df12db4294e9bfd3]::ops::function::FnOnce<()>>::call_once
[INFO] [stdout]   15:     0x602d2c2faebb - test[9d35eded1c95d3be]::__rust_begin_short_backtrace::<core[df12db4294e9bfd3]::result::Result<(), alloc[2182bb758b4b3781]::string::String>, fn() -> core[df12db4294e9bfd3]::result::Result<(), alloc[2182bb758b4b3781]::string::String>>
[INFO] [stdout]   16:     0x602d2c308525 - test[9d35eded1c95d3be]::run_test::{closure#0}
[INFO] [stdout]   17:     0x602d2c301de4 - std[70759c8f55707aa4]::sys::backtrace::__rust_begin_short_backtrace::<test[9d35eded1c95d3be]::run_test::{closure#1}, ()>
[INFO] [stdout]   18:     0x602d2c30b682 - <std[70759c8f55707aa4]::thread::lifecycle::spawn_unchecked<test[9d35eded1c95d3be]::run_test::{closure#1}, ()>::{closure#1} as core[df12db4294e9bfd3]::ops::function::FnOnce<()>>::call_once::{shim:vtable#0}
[INFO] [stdout]   19:     0x602d2c3832d9 - <std[70759c8f55707aa4]::sys::thread::unix::Thread>::new::thread_start
[INFO] [stdout]   20:     0x747650448dfa - <unknown>
[INFO] [stdout]   21:     0x7476504dc3d4 - clone
[INFO] [stdout]   22:                0x0 - <unknown>
[INFO] [stdout] 
[INFO] [stdout] ---- cli_integ_tests::new_key_argon_mem stdout ----
[INFO] [stdout] 
[INFO] [stdout] thread 'cli_integ_tests::new_key_argon_mem' (1201) panicked at tests/cli_tests.rs:27:38:
[INFO] [stdout] called `Result::unwrap()` on an `Err` value: Os { code: 30, kind: ReadOnlyFilesystem, message: "Read-only file system" }
[INFO] [stdout] stack backtrace:
[INFO] [stdout]    0:     0x602d2c383c61 - <<std[70759c8f55707aa4]::sys::backtrace::BacktraceLock>::print::DisplayBacktrace as core[df12db4294e9bfd3]::fmt::Display>::fmt
[INFO] [stdout]    1:     0x602d2c39851a - core[df12db4294e9bfd3]::fmt::write
[INFO] [stdout]    2:     0x602d2c38837c - <alloc[2182bb758b4b3781]::vec::Vec<u8> as core[df12db4294e9bfd3]::io::write::Write>::write_fmt
[INFO] [stdout]    3:     0x602d2c35dd86 - std[70759c8f55707aa4]::panicking::default_hook::{closure#0}
[INFO] [stdout]    4:     0x602d2c37ac99 - std[70759c8f55707aa4]::panicking::default_hook
[INFO] [stdout]    5:     0x602d2c307bd0 - test[9d35eded1c95d3be]::test_main_inner::<test[9d35eded1c95d3be]::test_main_static::{closure#0}>::{closure#0}
[INFO] [stdout]    6:     0x602d2c37ae52 - std[70759c8f55707aa4]::panicking::panic_with_hook
[INFO] [stdout]    7:     0x602d2c35de32 - std[70759c8f55707aa4]::panicking::panic_handler::{closure#0}
[INFO] [stdout]    8:     0x602d2c356a19 - std[70759c8f55707aa4]::sys::backtrace::__rust_end_short_backtrace::<std[70759c8f55707aa4]::panicking::panic_handler::{closure#0}, !>
[INFO] [stdout]    9:     0x602d2c35eaad - __rustc[8fa7c3cbc660c2b3]::rust_begin_unwind
[INFO] [stdout]   10:     0x602d2c398c4c - core[df12db4294e9bfd3]::panicking::panic_fmt
[INFO] [stdout]   11:     0x602d2c398a22 - core[df12db4294e9bfd3]::result::unwrap_failed
[INFO] [stdout]   12:     0x602d2c2e1614 - <cli_tests[275ea8f5e8ab484f]::cli_integ_tests::TmpDir>::new
[INFO] [stdout]   13:     0x602d2c2e7687 - cli_tests[275ea8f5e8ab484f]::cli_integ_tests::new_key_argon_mem
[INFO] [stdout]   14:     0x602d2c2f4e29 - <cli_tests[275ea8f5e8ab484f]::cli_integ_tests::new_key_argon_mem::{closure#0} as core[df12db4294e9bfd3]::ops::function::FnOnce<()>>::call_once
[INFO] [stdout]   15:     0x602d2c2faebb - test[9d35eded1c95d3be]::__rust_begin_short_backtrace::<core[df12db4294e9bfd3]::result::Result<(), alloc[2182bb758b4b3781]::string::String>, fn() -> core[df12db4294e9bfd3]::result::Result<(), alloc[2182bb758b4b3781]::string::String>>
[INFO] [stdout]   16:     0x602d2c308525 - test[9d35eded1c95d3be]::run_test::{closure#0}
[INFO] [stdout]   17:     0x602d2c301de4 - std[70759c8f55707aa4]::sys::backtrace::__rust_begin_short_backtrace::<test[9d35eded1c95d3be]::run_test::{closure#1}, ()>
[INFO] [stdout]   18:     0x602d2c30b682 - <std[70759c8f55707aa4]::thread::lifecycle::spawn_unchecked<test[9d35eded1c95d3be]::run_test::{closure#1}, ()>::{closure#1} as core[df12db4294e9bfd3]::ops::function::FnOnce<()>>::call_once::{shim:vtable#0}
[INFO] [stdout]   19:     0x602d2c3832d9 - <std[70759c8f55707aa4]::sys::thread::unix::Thread>::new::thread_start
[INFO] [stdout]   20:     0x747650448dfa - <unknown>
[INFO] [stdout]   21:     0x7476504dc3d4 - clone
[INFO] [stdout]   22:                0x0 - <unknown>
[INFO] [stdout] 
[INFO] [stdout] ---- cli_integ_tests::no_force_file_encrypt stdout ----
[INFO] [stdout] 
[INFO] [stdout] thread 'cli_integ_tests::no_force_file_encrypt' (1204) panicked at tests/cli_tests.rs:27:38:
[INFO] [stdout] called `Result::unwrap()` on an `Err` value: Os { code: 30, kind: ReadOnlyFilesystem, message: "Read-only file system" }
[INFO] [stdout] stack backtrace:
[INFO] [stdout]    0:     0x602d2c383c61 - <<std[70759c8f55707aa4]::sys::backtrace::BacktraceLock>::print::DisplayBacktrace as core[df12db4294e9bfd3]::fmt::Display>::fmt
[INFO] [stdout]    1:     0x602d2c39851a - core[df12db4294e9bfd3]::fmt::write
[INFO] [stdout]    2:     0x602d2c38837c - <alloc[2182bb758b4b3781]::vec::Vec<u8> as core[df12db4294e9bfd3]::io::write::Write>::write_fmt
[INFO] [stdout]    3:     0x602d2c35dd86 - std[70759c8f55707aa4]::panicking::default_hook::{closure#0}
[INFO] [stdout]    4:     0x602d2c37ac99 - std[70759c8f55707aa4]::panicking::default_hook
[INFO] [stdout]    5:     0x602d2c307bd0 - test[9d35eded1c95d3be]::test_main_inner::<test[9d35eded1c95d3be]::test_main_static::{closure#0}>::{closure#0}
[INFO] [stdout]    6:     0x602d2c37ae52 - std[70759c8f55707aa4]::panicking::panic_with_hook
[INFO] [stdout]    7:     0x602d2c35de32 - std[70759c8f55707aa4]::panicking::panic_handler::{closure#0}
[INFO] [stdout]    8:     0x602d2c356a19 - std[70759c8f55707aa4]::sys::backtrace::__rust_end_short_backtrace::<std[70759c8f55707aa4]::panicking::panic_handler::{closure#0}, !>
[INFO] [stdout]    9:     0x602d2c35eaad - __rustc[8fa7c3cbc660c2b3]::rust_begin_unwind
[INFO] [stdout]   10:     0x602d2c398c4c - core[df12db4294e9bfd3]::panicking::panic_fmt
[INFO] [stdout]   11:     0x602d2c398a22 - core[df12db4294e9bfd3]::result::unwrap_failed
[INFO] [stdout]   12:     0x602d2c2e1614 - <cli_tests[275ea8f5e8ab484f]::cli_integ_tests::TmpDir>::new
[INFO] [stdout]   13:     0x602d2c2ec5ba - cli_tests[275ea8f5e8ab484f]::cli_integ_tests::no_force_file_encrypt
[INFO] [stdout]   14:     0x602d2c2f4fa9 - <cli_tests[275ea8f5e8ab484f]::cli_integ_tests::no_force_file_encrypt::{closure#0} as core[df12db4294e9bfd3]::ops::function::FnOnce<()>>::call_once
[INFO] [stdout]   15:     0x602d2c2faebb - test[9d35eded1c95d3be]::__rust_begin_short_backtrace::<core[df12db4294e9bfd3]::result::Result<(), alloc[2182bb758b4b3781]::string::String>, fn() -> core[df12db4294e9bfd3]::result::Result<(), alloc[2182bb758b4b3781]::string::String>>
[INFO] [stdout]   16:     0x602d2c308525 - test[9d35eded1c95d3be]::run_test::{closure#0}
[INFO] [stdout]   17:     0x602d2c301de4 - std[70759c8f55707aa4]::sys::backtrace::__rust_begin_short_backtrace::<test[9d35eded1c95d3be]::run_test::{closure#1}, ()>
[INFO] [stdout]   18:     0x602d2c30b682 - <std[70759c8f55707aa4]::thread::lifecycle::spawn_unchecked<test[9d35eded1c95d3be]::run_test::{closure#1}, ()>::{closure#1} as core[df12db4294e9bfd3]::ops::function::FnOnce<()>>::call_once::{shim:vtable#0}
[INFO] [stdout]   19:     0x602d2c3832d9 - <std[70759c8f55707aa4]::sys::thread::unix::Thread>::new::thread_start
[INFO] [stdout]   20:     0x747650448dfa - <unknown>
[INFO] [stdout]   21:     0x7476504dc3d4 - clone
[INFO] [stdout]   22:                0x0 - <unknown>
[INFO] [stdout] 
[INFO] [stdout] ---- cli_integ_tests::key_password_remove stdout ----
[INFO] [stdout] 
[INFO] [stdout] thread 'cli_integ_tests::key_password_remove' (1198) panicked at tests/cli_tests.rs:27:38:
[INFO] [stdout] called `Result::unwrap()` on an `Err` value: Os { code: 30, kind: ReadOnlyFilesystem, message: "Read-only file system" }
[INFO] [stdout] stack backtrace:
[INFO] [stdout]    0:     0x602d2c383c61 - <<std[70759c8f55707aa4]::sys::backtrace::BacktraceLock>::print::DisplayBacktrace as core[df12db4294e9bfd3]::fmt::Display>::fmt
[INFO] [stdout]    1:     0x602d2c39851a - core[df12db4294e9bfd3]::fmt::write
[INFO] [stdout]    2:     0x602d2c38837c - <alloc[2182bb758b4b3781]::vec::Vec<u8> as core[df12db4294e9bfd3]::io::write::Write>::write_fmt
[INFO] [stdout]    3:     0x602d2c35dd86 - std[70759c8f55707aa4]::panicking::default_hook::{closure#0}
[INFO] [stdout]    4:     0x602d2c37ac99 - std[70759c8f55707aa4]::panicking::default_hook
[INFO] [stdout]    5:     0x602d2c307bd0 - test[9d35eded1c95d3be]::test_main_inner::<test[9d35eded1c95d3be]::test_main_static::{closure#0}>::{closure#0}
[INFO] [stdout]    6:     0x602d2c37ae52 - std[70759c8f55707aa4]::panicking::panic_with_hook
[INFO] [stdout]    7:     0x602d2c35de32 - std[70759c8f55707aa4]::panicking::panic_handler::{closure#0}
[INFO] [stdout]    8:     0x602d2c356a19 - std[70759c8f55707aa4]::sys::backtrace::__rust_end_short_backtrace::<std[70759c8f55707aa4]::panicking::panic_handler::{closure#0}, !>
[INFO] [stdout]    9:     0x602d2c35eaad - __rustc[8fa7c3cbc660c2b3]::rust_begin_unwind
[INFO] [stdout]   10:     0x602d2c398c4c - core[df12db4294e9bfd3]::panicking::panic_fmt
[INFO] [stdout]   11:     0x602d2c398a22 - core[df12db4294e9bfd3]::result::unwrap_failed
[INFO] [stdout]   12:     0x602d2c2e1614 - <cli_tests[275ea8f5e8ab484f]::cli_integ_tests::TmpDir>::new
[INFO] [stdout]   13:     0x602d2c2e98ea - cli_tests[275ea8f5e8ab484f]::cli_integ_tests::key_password_remove
[INFO] [stdout]   14:     0x602d2c2f4ee9 - <cli_tests[275ea8f5e8ab484f]::cli_integ_tests::key_password_remove::{closure#0} as core[df12db4294e9bfd3]::ops::function::FnOnce<()>>::call_once
[INFO] [stdout]   15:     0x602d2c2faebb - test[9d35eded1c95d3be]::__rust_begin_short_backtrace::<core[df12db4294e9bfd3]::result::Result<(), alloc[2182bb758b4b3781]::string::String>, fn() -> core[df12db4294e9bfd3]::result::Result<(), alloc[2182bb758b4b3781]::string::String>>
[INFO] [stdout]   16:     0x602d2c308525 - test[9d35eded1c95d3be]::run_test::{closure#0}
[INFO] [stdout]   17:     0x602d2c301de4 - std[70759c8f55707aa4]::sys::backtrace::__rust_begin_short_backtrace::<test[9d35eded1c95d3be]::run_test::{closure#1}, ()>
[INFO] [stdout]   18:     0x602d2c30b682 - <std[70759c8f55707aa4]::thread::lifecycle::spawn_unchecked<test[9d35eded1c95d3be]::run_test::{closure#1}, ()>::{closure#1} as core[df12db4294e9bfd3]::ops::function::FnOnce<()>>::call_once::{shim:vtable#0}
[INFO] [stdout]   19:     0x602d2c3832d9 - <std[70759c8f55707aa4]::sys::thread::unix::Thread>::new::thread_start
[INFO] [stdout]   20:     0x747650448dfa - <unknown>
[INFO] [stdout]   21:     0x7476504dc3d4 - clone
[INFO] [stdout]   22:                0x0 - <unknown>
[INFO] [stdout] 
[INFO] [stdout] ---- cli_integ_tests::key_info stdout ----
[INFO] [stdout] 
[INFO] [stdout] thread 'cli_integ_tests::key_info' (1195) panicked at tests/cli_tests.rs:27:38:
[INFO] [stdout] called `Result::unwrap()` on an `Err` value: Os { code: 30, kind: ReadOnlyFilesystem, message: "Read-only file system" }
[INFO] [stdout] stack backtrace:
[INFO] [stdout]    0:     0x602d2c383c61 - <<std[70759c8f55707aa4]::sys::backtrace::BacktraceLock>::print::DisplayBacktrace as core[df12db4294e9bfd3]::fmt::Display>::fmt
[INFO] [stdout]    1:     0x602d2c39851a - core[df12db4294e9bfd3]::fmt::write
[INFO] [stdout]    2:     0x602d2c38837c - <alloc[2182bb758b4b3781]::vec::Vec<u8> as core[df12db4294e9bfd3]::io::write::Write>::write_fmt
[INFO] [stdout]    3:     0x602d2c35dd86 - std[70759c8f55707aa4]::panicking::default_hook::{closure#0}
[INFO] [stdout]    4:     0x602d2c37ac99 - std[70759c8f55707aa4]::panicking::default_hook
[INFO] [stdout]    5:     0x602d2c307bd0 - test[9d35eded1c95d3be]::test_main_inner::<test[9d35eded1c95d3be]::test_main_static::{closure#0}>::{closure#0}
[INFO] [stdout]    6:     0x602d2c37ae52 - std[70759c8f55707aa4]::panicking::panic_with_hook
[INFO] [stdout]    7:     0x602d2c35de32 - std[70759c8f55707aa4]::panicking::panic_handler::{closure#0}
[INFO] [stdout]    8:     0x602d2c356a19 - std[70759c8f55707aa4]::sys::backtrace::__rust_end_short_backtrace::<std[70759c8f55707aa4]::panicking::panic_handler::{closure#0}, !>
[INFO] [stdout]    9:     0x602d2c35eaad - __rustc[8fa7c3cbc660c2b3]::rust_begin_unwind
[INFO] [stdout]   10:     0x602d2c398c4c - core[df12db4294e9bfd3]::panicking::panic_fmt
[INFO] [stdout]   11:     0x602d2c398a22 - core[df12db4294e9bfd3]::result::unwrap_failed
[INFO] [stdout]   12:     0x602d2c2e1614 - <cli_tests[275ea8f5e8ab484f]::cli_integ_tests::TmpDir>::new
[INFO] [stdout]   13:     0x602d2c2f0687 - cli_tests[275ea8f5e8ab484f]::cli_integ_tests::key_info
[INFO] [stdout]   14:     0x602d2c2f5109 - <cli_tests[275ea8f5e8ab484f]::cli_integ_tests::key_info::{closure#0} as core[df12db4294e9bfd3]::ops::function::FnOnce<()>>::call_once
[INFO] [stdout]   15:     0x602d2c2faebb - test[9d35eded1c95d3be]::__rust_begin_short_backtrace::<core[df12db4294e9bfd3]::result::Result<(), alloc[2182bb758b4b3781]::string::String>, fn() -> core[df12db4294e9bfd3]::result::Result<(), alloc[2182bb758b4b3781]::string::String>>
[INFO] [stdout]   16:     0x602d2c308525 - test[9d35eded1c95d3be]::run_test::{closure#0}
[INFO] [stdout]   17:     0x602d2c301de4 - std[70759c8f55707aa4]::sys::backtrace::__rust_begin_short_backtrace::<test[9d35eded1c95d3be]::run_test::{closure#1}, ()>
[INFO] [stdout]   18:     0x602d2c30b682 - <std[70759c8f55707aa4]::thread::lifecycle::spawn_unchecked<test[9d35eded1c95d3be]::run_test::{closure#1}, ()>::{closure#1} as core[df12db4294e9bfd3]::ops::function::FnOnce<()>>::call_once::{shim:vtable#0}
[INFO] [stdout]   19:     0x602d2c3832d9 - <std[70759c8f55707aa4]::sys::thread::unix::Thread>::new::thread_start
[INFO] [stdout]   20:     0x747650448dfa - <unknown>
[INFO] [stdout]   21:     0x7476504dc3d4 - clone
[INFO] [stdout]   22:                0x0 - <unknown>
[INFO] [stdout] 
[INFO] [stdout] ---- cli_integ_tests::key_password_change_empty stdout ----
[INFO] [stdout] 
[INFO] [stdout] thread 'cli_integ_tests::key_password_change_empty' (1197) panicked at tests/cli_tests.rs:27:38:
[INFO] [stdout] called `Result::unwrap()` on an `Err` value: Os { code: 30, kind: ReadOnlyFilesystem, message: "Read-only file system" }
[INFO] [stdout] stack backtrace:
[INFO] [stdout]    0:     0x602d2c383c61 - <<std[70759c8f55707aa4]::sys::backtrace::BacktraceLock>::print::DisplayBacktrace as core[df12db4294e9bfd3]::fmt::Display>::fmt
[INFO] [stdout]    1:     0x602d2c39851a - core[df12db4294e9bfd3]::fmt::write
[INFO] [stdout]    2:     0x602d2c38837c - <alloc[2182bb758b4b3781]::vec::Vec<u8> as core[df12db4294e9bfd3]::io::write::Write>::write_fmt
[INFO] [stdout]    3:     0x602d2c35dd86 - std[70759c8f55707aa4]::panicking::default_hook::{closure#0}
[INFO] [stdout]    4:     0x602d2c37ac99 - std[70759c8f55707aa4]::panicking::default_hook
[INFO] [stdout]    5:     0x602d2c307bd0 - test[9d35eded1c95d3be]::test_main_inner::<test[9d35eded1c95d3be]::test_main_static::{closure#0}>::{closure#0}
[INFO] [stdout]    6:     0x602d2c37ae52 - std[70759c8f55707aa4]::panicking::panic_with_hook
[INFO] [stdout]    7:     0x602d2c35de32 - std[70759c8f55707aa4]::panicking::panic_handler::{closure#0}
[INFO] [stdout]    8:     0x602d2c356a19 - std[70759c8f55707aa4]::sys::backtrace::__rust_end_short_backtrace::<std[70759c8f55707aa4]::panicking::panic_handler::{closure#0}, !>
[INFO] [stdout]    9:     0x602d2c35eaad - __rustc[8fa7c3cbc660c2b3]::rust_begin_unwind
[INFO] [stdout]   10:     0x602d2c398c4c - core[df12db4294e9bfd3]::panicking::panic_fmt
[INFO] [stdout]   11:     0x602d2c398a22 - core[df12db4294e9bfd3]::result::unwrap_failed
[INFO] [stdout]   12:     0x602d2c2e1614 - <cli_tests[275ea8f5e8ab484f]::cli_integ_tests::TmpDir>::new
[INFO] [stdout]   13:     0x602d2c2edf72 - cli_tests[275ea8f5e8ab484f]::cli_integ_tests::key_password_change_empty
[INFO] [stdout]   14:     0x602d2c2f5009 - <cli_tests[275ea8f5e8ab484f]::cli_integ_tests::key_password_change_empty::{closure#0} as core[df12db4294e9bfd3]::ops::function::FnOnce<()>>::call_once
[INFO] [stdout]   15:     0x602d2c2faebb - test[9d35eded1c95d3be]::__rust_begin_short_backtrace::<core[df12db4294e9bfd3]::result::Result<(), alloc[2182bb758b4b3781]::string::String>, fn() -> core[df12db4294e9bfd3]::result::Result<(), alloc[2182bb758b4b3781]::string::String>>
[INFO] [stdout]   16:     0x602d2c308525 - test[9d35eded1c95d3be]::run_test::{closure#0}
[INFO] [stdout]   17:     0x602d2c301de4 - std[70759c8f55707aa4]::sys::backtrace::__rust_begin_short_backtrace::<test[9d35eded1c95d3be]::run_test::{closure#1}, ()>
[INFO] [stdout]   18:     0x602d2c30b682 - <std[70759c8f55707aa4]::thread::lifecycle::spawn_unchecked<test[9d35eded1c95d3be]::run_test::{closure#1}, ()>::{closure#1} as core[df12db4294e9bfd3]::ops::function::FnOnce<()>>::call_once::{shim:vtable#0}
[INFO] [stdout]   19:     0x602d2c3832d9 - <std[70759c8f55707aa4]::sys::thread::unix::Thread>::new::thread_start
[INFO] [stdout]   20:     0x747650448dfa - <unknown>
[INFO] [stdout]   21:     0x7476504dc3d4 - clone
[INFO] [stdout]   22:                0x0 - <unknown>
[INFO] [stdout] 
[INFO] [stdout] ---- cli_integ_tests::stream_info stdout ----
[INFO] [stdout] 
[INFO] [stdout] thread 'cli_integ_tests::stream_info' (1205) panicked at tests/cli_tests.rs:27:38:
[INFO] [stdout] called `Result::unwrap()` on an `Err` value: Os { code: 30, kind: ReadOnlyFilesystem, message: "Read-only file system" }
[INFO] [stdout] stack backtrace:
[INFO] [stdout]    0:     0x602d2c383c61 - <<std[70759c8f55707aa4]::sys::backtrace::BacktraceLock>::print::DisplayBacktrace as core[df12db4294e9bfd3]::fmt::Display>::fmt
[INFO] [stdout]    1:     0x602d2c39851a - core[df12db4294e9bfd3]::fmt::write
[INFO] [stdout]    2:     0x602d2c38837c - <alloc[2182bb758b4b3781]::vec::Vec<u8> as core[df12db4294e9bfd3]::io::write::Write>::write_fmt
[INFO] [stdout]    3:     0x602d2c35dd86 - std[70759c8f55707aa4]::panicking::default_hook::{closure#0}
[INFO] [stdout]    4:     0x602d2c37ac99 - std[70759c8f55707aa4]::panicking::default_hook
[INFO] [stdout]    5:     0x602d2c307bd0 - test[9d35eded1c95d3be]::test_main_inner::<test[9d35eded1c95d3be]::test_main_static::{closure#0}>::{closure#0}
[INFO] [stdout]    6:     0x602d2c37ae52 - std[70759c8f55707aa4]::panicking::panic_with_hook
[INFO] [stdout]    7:     0x602d2c35de32 - std[70759c8f55707aa4]::panicking::panic_handler::{closure#0}
[INFO] [stdout]    8:     0x602d2c356a19 - std[70759c8f55707aa4]::sys::backtrace::__rust_end_short_backtrace::<std[70759c8f55707aa4]::panicking::panic_handler::{closure#0}, !>
[INFO] [stdout]    9:     0x602d2c35eaad - __rustc[8fa7c3cbc660c2b3]::rust_begin_unwind
[INFO] [stdout]   10:     0x602d2c398c4c - core[df12db4294e9bfd3]::panicking::panic_fmt
[INFO] [stdout]   11:     0x602d2c398a22 - core[df12db4294e9bfd3]::result::unwrap_failed
[INFO] [stdout]   12:     0x602d2c2e1614 - <cli_tests[275ea8f5e8ab484f]::cli_integ_tests::TmpDir>::new
[INFO] [stdout]   13:     0x602d2c2e4b0a - cli_tests[275ea8f5e8ab484f]::cli_integ_tests::stream_info
[INFO] [stdout]   14:     0x602d2c2f4d69 - <cli_tests[275ea8f5e8ab484f]::cli_integ_tests::stream_info::{closure#0} as core[df12db4294e9bfd3]::ops::function::FnOnce<()>>::call_once
[INFO] [stdout]   15:     0x602d2c2faebb - test[9d35eded1c95d3be]::__rust_begin_short_backtrace::<core[df12db4294e9bfd3]::result::Result<(), alloc[2182bb758b4b3781]::string::String>, fn() -> core[df12db4294e9bfd3]::result::Result<(), alloc[2182bb758b4b3781]::string::String>>
[INFO] [stdout]   16:     0x602d2c308525 - test[9d35eded1c95d3be]::run_test::{closure#0}
[INFO] [stdout]   17:     0x602d2c301de4 - std[70759c8f55707aa4]::sys::backtrace::__rust_begin_short_backtrace::<test[9d35eded1c95d3be]::run_test::{closure#1}, ()>
[INFO] [stdout]   18:     0x602d2c30b682 - <std[70759c8f55707aa4]::thread::lifecycle::spawn_unchecked<test[9d35eded1c95d3be]::run_test::{closure#1}, ()>::{closure#1} as core[df12db4294e9bfd3]::ops::function::FnOnce<()>>::call_once::{shim:vtable#0}
[INFO] [stdout]   19:     0x602d2c3832d9 - <std[70759c8f55707aa4]::sys::thread::unix::Thread>::new::thread_start
[INFO] [stdout]   20:     0x747650448dfa - <unknown>
[INFO] [stdout]   21:     0x7476504dc3d4 - clone
[INFO] [stdout]   22:                0x0 - <unknown>
[INFO] [stdout] 
[INFO] [stdout] 
[INFO] [stdout] failures:
[INFO] [stdout]     cli_integ_tests::config_dir
[INFO] [stdout]     cli_integ_tests::crypt
[INFO] [stdout]     cli_integ_tests::crypt_default_out
[INFO] [stdout]     cli_integ_tests::crypt_stdin_out_dash
[INFO] [stdout]     cli_integ_tests::crypt_stdin_stdout
[INFO] [stdout]     cli_integ_tests::err_auth_failure
[INFO] [stdout]     cli_integ_tests::err_dec_bad_extension
[INFO] [stdout]     cli_integ_tests::err_dec_key_file_not_found
[INFO] [stdout]     cli_integ_tests::err_dec_no_extension
[INFO] [stdout]     cli_integ_tests::err_dir_not_supported
[INFO] [stdout]     cli_integ_tests::err_dir_output
[INFO] [stdout]     cli_integ_tests::err_enc_key_file_not_found
[INFO] [stdout]     cli_integ_tests::err_key_password_change
[INFO] [stdout]     cli_integ_tests::err_key_password_not_match
[INFO] [stdout]     cli_integ_tests::err_new_key_exists
[INFO] [stdout]     cli_integ_tests::force_file_decrypt
[INFO] [stdout]     cli_integ_tests::force_file_encrypt
[INFO] [stdout]     cli_integ_tests::key_info
[INFO] [stdout]     cli_integ_tests::key_password_change
[INFO] [stdout]     cli_integ_tests::key_password_change_empty
[INFO] [stdout]     cli_integ_tests::key_password_remove
[INFO] [stdout]     cli_integ_tests::new_key
[INFO] [stdout]     cli_integ_tests::new_key_argon_cpu
[INFO] [stdout]     cli_integ_tests::new_key_argon_mem
[INFO] [stdout]     cli_integ_tests::new_key_empty_password
[INFO] [stdout]     cli_integ_tests::no_force_file_decrypt
[INFO] [stdout]     cli_integ_tests::no_force_file_encrypt
[INFO] [stdout]     cli_integ_tests::stream_info
[INFO] [stdout]     cli_integ_tests::stream_info_auth
[INFO] [stdout] 
[INFO] [stdout] test result: FAILED. 2 passed; 29 failed; 0 ignored; 0 measured; 0 filtered out; finished in 0.11s
[INFO] [stdout] 
[INFO] running `Command { std: "docker" "inspect" "efda526a994a69f429e32550915753e4e1a177bb0b2dfe731f3ebd333684488b", kill_on_drop: false }`
[INFO] running `Command { std: "docker" "rm" "-f" "efda526a994a69f429e32550915753e4e1a177bb0b2dfe731f3ebd333684488b", kill_on_drop: false }`
[INFO] [stdout] efda526a994a69f429e32550915753e4e1a177bb0b2dfe731f3ebd333684488b
