[INFO] fetching crate zurf 0.3.0...
[INFO] testing zurf-0.3.0 against 1.100.0-beta.1+cargoflags=--release for beta-release-1.100-2
[INFO] extracting crate zurf 0.3.0 into /workspace/builds/worker-5-tc2/source
[INFO] started tweaking crates.io crate zurf 0.3.0
[INFO] finished tweaking crates.io crate zurf 0.3.0
[INFO] tweaked toml for crates.io crate zurf 0.3.0 written to /workspace/builds/worker-5-tc2/source/Cargo.toml
[INFO] validating manifest of crates.io crate zurf 0.3.0 on toolchain 1.100.0-beta.1
[INFO] running `Command { std: CARGO_HOME="/workspace/cargo-home" RUSTUP_HOME="/workspace/rustup-home" "/workspace/cargo-home/bin/cargo" "+1.100.0-beta.1" "metadata" "--manifest-path" "Cargo.toml" "--no-deps", kill_on_drop: false }`
[INFO] crate crates.io crate zurf 0.3.0 already has a lockfile, it will not be regenerated
[INFO] running `Command { std: CARGO_HOME="/workspace/cargo-home" RUSTUP_HOME="/workspace/rustup-home" "/workspace/cargo-home/bin/cargo" "+1.100.0-beta.1" "fetch" "--manifest-path" "Cargo.toml", kill_on_drop: false }`
[INFO] running `Command { std: "docker" "create" "-v" "/var/lib/crater-agent-workspace/builds/worker-5-tc2/source:/opt/rustwide/workdir:ro,Z" "-v" "/var/lib/crater-agent-workspace/builds/worker-5-tc2/target:/opt/rustwide/target:rw,Z" "-v" "/var/lib/crater-agent-workspace/cargo-home:/opt/rustwide/cargo-home:ro,Z" "-v" "/var/lib/crater-agent-workspace/rustup-home:/opt/rustwide/rustup-home:ro,Z" "-m" "1610612736" "--network" "none" "ghcr.io/rust-lang/crates-build-env/linux@sha256:77db811e55d90add9212f6832c23229e3de5f1c1f9905e8cb07319ea15df73ac" "sleep" "infinity", kill_on_drop: false }`
[INFO] [stdout] 77448c750c0b11dd76058f7745f23f57f9b63bf2255b045f9db8fea38803ff1c
[INFO] running `Command { std: "docker" "start" "77448c750c0b11dd76058f7745f23f57f9b63bf2255b045f9db8fea38803ff1c", kill_on_drop: false }`
[INFO] running `Command { std: "docker" "inspect" "77448c750c0b11dd76058f7745f23f57f9b63bf2255b045f9db8fea38803ff1c", kill_on_drop: false }`
[INFO] running `Command { std: "docker" "exec" "-e" "SOURCE_DIR=/opt/rustwide/workdir" "-e" "CARGO_HOME=/opt/rustwide/cargo-home" "-e" "RUSTUP_HOME=/opt/rustwide/rustup-home" "-e" "CARGO_TARGET_DIR=/opt/rustwide/target" "-w" "/opt/rustwide/workdir" "--user" "0:0" "77448c750c0b11dd76058f7745f23f57f9b63bf2255b045f9db8fea38803ff1c" "/opt/rustwide/cargo-home/bin/cargo" "+1.100.0-beta.1" "metadata" "--no-deps" "--format-version=1", kill_on_drop: false }`
[INFO] running `Command { std: "docker" "inspect" "77448c750c0b11dd76058f7745f23f57f9b63bf2255b045f9db8fea38803ff1c", kill_on_drop: false }`
[INFO] running `Command { std: "docker" "exec" "-e" "SOURCE_DIR=/opt/rustwide/workdir" "-e" "CARGO_HOME=/opt/rustwide/cargo-home" "-e" "RUSTUP_HOME=/opt/rustwide/rustup-home" "-e" "CARGO_TARGET_DIR=/opt/rustwide/target" "-e" "CARGO_INCREMENTAL=0" "-e" "RUST_BACKTRACE=full" "-e" "RUSTFLAGS=--cap-lints=warn" "-e" "RUSTDOCFLAGS=--cap-lints=warn" "-w" "/opt/rustwide/workdir" "--user" "0:0" "77448c750c0b11dd76058f7745f23f57f9b63bf2255b045f9db8fea38803ff1c" "/opt/rustwide/cargo-home/bin/cargo" "+1.100.0-beta.1" "build" "--frozen" "--message-format=json" "--release", kill_on_drop: false }`
[INFO] [stderr]    Compiling hybrid-array v0.4.12
[INFO] [stderr]    Compiling cpubits v0.1.1
[INFO] [stderr]    Compiling ctutils v0.4.2
[INFO] [stderr]    Compiling clru v0.6.3
[INFO] [stderr]    Compiling syn v2.0.118
[INFO] [stderr]    Compiling crypto-common v0.2.2
[INFO] [stderr]    Compiling block-buffer v0.12.1
[INFO] [stderr]    Compiling inout v0.2.2
[INFO] [stderr]    Compiling dbl v0.5.0
[INFO] [stderr]    Compiling cipher v0.5.2
[INFO] [stderr]    Compiling digest v0.11.3
[INFO] [stderr]    Compiling aead v0.6.1
[INFO] [stderr]    Compiling ctr v0.10.1
[INFO] [stderr]    Compiling aes v0.9.1
[INFO] [stderr]    Compiling cmac v0.8.0
[INFO] [stderr]    Compiling ccm v0.6.0-rc.3
[INFO] [stderr]    Compiling zurf_enum_derive v0.1.1
[INFO] [stderr]    Compiling zurf v0.3.0 (/opt/rustwide/workdir)
[INFO] [stderr]     Finished `release` profile [optimized] target(s) in 3.00s
[INFO] running `Command { std: "docker" "inspect" "77448c750c0b11dd76058f7745f23f57f9b63bf2255b045f9db8fea38803ff1c", kill_on_drop: false }`
[INFO] running `Command { std: "docker" "exec" "-e" "SOURCE_DIR=/opt/rustwide/workdir" "-e" "CARGO_HOME=/opt/rustwide/cargo-home" "-e" "RUSTUP_HOME=/opt/rustwide/rustup-home" "-e" "CARGO_TARGET_DIR=/opt/rustwide/target" "-e" "CARGO_INCREMENTAL=0" "-e" "RUST_BACKTRACE=full" "-e" "RUSTFLAGS=--cap-lints=warn" "-e" "RUSTDOCFLAGS=--cap-lints=warn" "-w" "/opt/rustwide/workdir" "--user" "0:0" "77448c750c0b11dd76058f7745f23f57f9b63bf2255b045f9db8fea38803ff1c" "/opt/rustwide/cargo-home/bin/cargo" "+1.100.0-beta.1" "test" "--frozen" "--no-run" "--message-format=json" "--release", kill_on_drop: false }`
[INFO] [stderr]    Compiling hex-literal v1.1.0
[INFO] [stderr]    Compiling zurf v0.3.0 (/opt/rustwide/workdir)
[INFO] [stderr]     Finished `release` profile [optimized] target(s) in 2.04s
[INFO] running `Command { std: "docker" "inspect" "77448c750c0b11dd76058f7745f23f57f9b63bf2255b045f9db8fea38803ff1c", kill_on_drop: false }`
[INFO] running `Command { std: "docker" "exec" "-e" "SOURCE_DIR=/opt/rustwide/workdir" "-e" "CARGO_HOME=/opt/rustwide/cargo-home" "-e" "RUSTUP_HOME=/opt/rustwide/rustup-home" "-e" "CARGO_TARGET_DIR=/opt/rustwide/target" "-e" "CARGO_INCREMENTAL=0" "-e" "RUST_BACKTRACE=full" "-e" "RUSTFLAGS=--cap-lints=warn" "-e" "RUSTDOCFLAGS=--cap-lints=warn" "-w" "/opt/rustwide/workdir" "--user" "0:0" "77448c750c0b11dd76058f7745f23f57f9b63bf2255b045f9db8fea38803ff1c" "/opt/rustwide/cargo-home/bin/cargo" "+1.100.0-beta.1" "test" "--frozen" "--release", kill_on_drop: false }`
[INFO] [stderr]     Finished `release` profile [optimized] target(s) in 0.02s
[INFO] [stderr]      Running unittests src/lib.rs (/opt/rustwide/target/release/build/zurf/450a98cf50b3f1b9/out/zurf-450a98cf50b3f1b9)
[INFO] [stdout] 
[INFO] [stdout] running 80 tests
[INFO] [stdout] test frame::tests::beam_end_ok ... ok
[INFO] [stdout] test frame::tests::beam_start_standard_ok ... ok
[INFO] [stdout] test frame::tests::data_frame_empty ... ok
[INFO] [stdout] test frame::tests::data_frame_invalid_channel ... ok
[INFO] [stdout] test frame::tests::beam_start_long_range_ok ... ok
[INFO] [stdout] test frame::tests::data_frame_invalid_sodm ... ok
[INFO] [stdout] test frame::tests::data_frame_invalid_speed ... ok
[INFO] [stdout] test frame::tests::data_frame_lr_channel_mesh_speed ... ok
[INFO] [stdout] test frame::tests::data_frame_mesh_channel_lr_speed ... ok
[INFO] [stdout] test frame::tests::data_frame_parse_ok ... ok
[INFO] [stdout] test frame::tests::data_frame_payload_too_short ... ok
[INFO] [stdout] test frame::tests::data_frame_truncated_channel_speed ... ok
[INFO] [stdout] test frame::tests::data_frame_truncated_length ... ok
[INFO] [stdout] test frame::tests::data_frame_truncated_region ... ok
[INFO] [stdout] test frame::tests::data_frame_truncated_rssi ... ok
[INFO] [stdout] test frame::tests::data_frame_truncated_sodm ... ok
[INFO] [stdout] test frame::tests::data_frame_truncated_timestamp ... ok
[INFO] [stdout] test frame::tests::test_beam_end_truncations ... ok
[INFO] [stdout] test frame::tests::test_beam_start_invalid_markers ... ok
[INFO] [stdout] test frame::tests::test_beam_start_invalid_speed_channel ... ok
[INFO] [stdout] test frame::tests::test_beam_start_truncations ... ok
[INFO] [stdout] test frame::tests::test_frame_invalid_sof ... ok
[INFO] [stdout] test frame::tests::test_frame_invalid_type ... ok
[INFO] [stdout] test frame::tests::test_frame_truncated ... ok
[INFO] [stdout] test mpdu::tests::test_deserialize_channel3_routed_header ... ok
[INFO] [stdout] test keys::tests::test_keystore_s2_routed_decryption ... ok
[INFO] [stdout] test keys::tests::test_keystore_s2_decryption ... ok
[INFO] [stdout] test mpdu::tests::test_deserialize_explorer_normal ... ok
[INFO] [stdout] test mpdu::tests::test_deserialize_empty ... ok
[INFO] [stdout] test mpdu::tests::test_deserialize_extended_routing_header ... ok
[INFO] [stdout] test mpdu::tests::test_deserialize_incomplete_header ... ok
[INFO] [stdout] test mpdu::tests::test_deserialize_invalid_checksum ... ok
[INFO] [stdout] test mpdu::tests::test_deserialize_invalid_crc16 ... ok
[INFO] [stdout] test mpdu::tests::test_deserialize_invalid_header_type ... ok
[INFO] [stdout] test mpdu::tests::test_deserialize_length_too_long ... ok
[INFO] [stdout] test mpdu::tests::test_deserialize_length_too_short ... ok
[INFO] [stdout] test mpdu::tests::test_deserialize_multicast ... ok
[INFO] [stdout] test mpdu::tests::test_deserialize_multicast_forum_report ... ok
[INFO] [stdout] test mpdu::tests::test_deserialize_real_zniffer_data ... ok
[INFO] [stdout] test mpdu::tests::test_deserialize_routed_singlecast_extension ... ok
[INFO] [stdout] test mpdu::tests::test_deserialize_singlecast ... ok
[INFO] [stdout] test mpdu::tests::test_deserialize_singlecast_back_to_back ... ok
[INFO] [stdout] test mpdu::tests::test_deserialize_singlecast_node8 ... ok
[INFO] [stdout] test mpdu::tests::test_deserialize_truncated_payload ... ok
[INFO] [stdout] test mpdu::tests::test_explorer_inbound_inclusion_info ... ok
[INFO] [stdout] test mpdu::tests::test_encapsulation_command_parse_transport_service ... ok
[INFO] [stdout] test mpdu::tests::test_explorer_inclusion_info_zero_home ... ok
[INFO] [stdout] test mpdu::tests::test_explorer_invalid_command ... ok
[INFO] [stdout] test mpdu::tests::test_explorer_invalid_version ... ok
[INFO] [stdout] test mpdu::tests::test_lr_deserialize_singlecast ... ok
[INFO] [stdout] test mpdu::tests::test_explorer_search_command ... ok
[INFO] [stdout] test mpdu::tests::test_lr_deserialize_with_extension ... ok
[INFO] [stdout] test mpdu::tests::test_lr_deserialize_ack ... ok
[INFO] [stdout] test mpdu::tests::test_routed_npdu_beaming_extension ... ok
[INFO] [stdout] test mpdu::tests::test_routed_npdu_too_many_repeaters ... ok
[INFO] [stdout] test mpdu::tests::test_routed_npdu_invalid_extended_header ... ok
[INFO] [stdout] test mpdu::tests::test_transport_service_deserialize_first_segment ... ok
[INFO] [stdout] test mpdu::tests::test_transport_service_deserialize_subsequent_segment ... ok
[INFO] [stdout] test parser::tests::test_append_segment_merging ... ok
[INFO] [stdout] test mpdu::tests::test_transport_service_deserialize_with_extensions ... ok
[INFO] [stdout] test security::s2::tests::test_aad_into_be_bytes ... ok
[INFO] [stdout] test security::s2::tests::test_drbg_generation ... ok
[INFO] [stdout] test security::s2::tests::test_ckdf_network_key_expansion ... ok
[INFO] [stdout] test parser::tests::test_parser_incomplete ... ok
[INFO] [stdout] test parser::tests::test_transfer_service_cache ... ok
[INFO] [stdout] test security::s2::tests::test_drbg_instantiation ... ok
[INFO] [stdout] test security::s2::tests::test_full_s2_multicast_decryption ... ok
[INFO] [stdout] test security::s2::tests::test_mixed_entropy ... ok
[INFO] [stdout] test security::s2::tests::test_nist_cavp_vectors ... ok
[INFO] [stdout] test types::tests::test_capacity_one ... ok
[INFO] [stdout] test types::tests::test_circular_wrap_around_get ... ok
[INFO] [stdout] test types::tests::test_duplicate ... ok
[INFO] [stdout] test types::tests::test_get_lookup ... ok
[INFO] [stdout] test types::tests::test_lr_rssi_from_byte ... ok
[INFO] [stdout] test types::tests::test_noise_floor_from_byte ... ok
[INFO] [stdout] test mpdu::tests::test_transport_service_deserialize_errors ... FAILED
[INFO] [stdout] test types::tests::test_queue_full ... ok
[INFO] [stdout] test types::tests::test_tx_power_from_byte ... ok
[INFO] [stdout] test types::tests::test_push_pop_fifo ... ok
[INFO] [stdout] test security::s2::tests::test_my_decryption ... ok
[INFO] [stdout] 
[INFO] [stdout] failures:
[INFO] [stdout] 
[INFO] [stdout] ---- mpdu::tests::test_transport_service_deserialize_errors stdout ----
[INFO] [stdout] 
[INFO] [stdout] thread 'mpdu::tests::test_transport_service_deserialize_errors' (446) panicked at src/mpdu_tests.rs:898:5:
[INFO] [stdout] assertion `left == right` failed
[INFO] [stdout]   left: Ok(TransportServiceEncapsulation { sender: NodeId(7), destination: Broadcast, home: HomeId(305419896), session: 5, datagram_size: 10, datagram_offset: 0, buffer: [1] })
[INFO] [stdout]  right: Err(Invalid)
[INFO] [stdout] stack backtrace:
[INFO] [stdout]    0:     0x60d8a47bf6c1 - <<std[617be2ca0a6fd877]::sys::backtrace::BacktraceLock>::print::DisplayBacktrace as core[a373ad73a504971]::fmt::Display>::fmt
[INFO] [stdout]    1:     0x60d8a47d3daa - core[a373ad73a504971]::fmt::write
[INFO] [stdout]    2:     0x60d8a47c39dc - <alloc[2e1b2a31b91974c5]::vec::Vec<u8> as core[a373ad73a504971]::io::write::Write>::write_fmt
[INFO] [stdout]    3:     0x60d8a479bb26 - std[617be2ca0a6fd877]::panicking::default_hook::{closure#0}
[INFO] [stdout]    4:     0x60d8a47b7d59 - std[617be2ca0a6fd877]::panicking::default_hook
[INFO] [stdout]    5:     0x60d8a4751dd0 - test[aada8e7e76ba119b]::test_main_inner::{closure#0}
[INFO] [stdout]    6:     0x60d8a47b7f12 - std[617be2ca0a6fd877]::panicking::panic_with_hook
[INFO] [stdout]    7:     0x60d8a479bbd2 - std[617be2ca0a6fd877]::panicking::panic_handler::{closure#0}
[INFO] [stdout]    8:     0x60d8a47948e9 - std[617be2ca0a6fd877]::sys::backtrace::__rust_end_short_backtrace::<std[617be2ca0a6fd877]::panicking::panic_handler::{closure#0}, !>
[INFO] [stdout]    9:     0x60d8a479c7dd - __rustc[ea4f61d10b84890b]::rust_begin_unwind
[INFO] [stdout]   10:     0x60d8a47d44dc - core[a373ad73a504971]::panicking::panic_fmt
[INFO] [stdout]   11:     0x60d8a47d43f3 - core[a373ad73a504971]::panicking::assert_failed_inner
[INFO] [stdout]   12:     0x60d8a4733ec2 - core[a373ad73a504971]::panicking::assert_failed::<core[a373ad73a504971]::result::Result<zurf[19c2218b3f5c2c7d]::mpdu::TransportServiceEncapsulation, zurf[19c2218b3f5c2c7d]::types::ParseError>, core[a373ad73a504971]::result::Result<zurf[19c2218b3f5c2c7d]::mpdu::TransportServiceEncapsulation, zurf[19c2218b3f5c2c7d]::types::ParseError>>
[INFO] [stdout]   13:     0x60d8a4726869 - <zurf[19c2218b3f5c2c7d]::mpdu::tests::test_transport_service_deserialize_errors::{closure#0} as core[a373ad73a504971]::ops::function::FnOnce<()>>::call_once
[INFO] [stdout]   14:     0x60d8a474521b - test[aada8e7e76ba119b]::__rust_begin_short_backtrace::<core[a373ad73a504971]::result::Result<(), alloc[2e1b2a31b91974c5]::string::String>, fn() -> core[a373ad73a504971]::result::Result<(), alloc[2e1b2a31b91974c5]::string::String>>
[INFO] [stdout]   15:     0x60d8a47523f5 - test[aada8e7e76ba119b]::run_test::{closure#0}
[INFO] [stdout]   16:     0x60d8a474bce4 - std[617be2ca0a6fd877]::sys::backtrace::__rust_begin_short_backtrace::<test[aada8e7e76ba119b]::run_test::{closure#1}, ()>
[INFO] [stdout]   17:     0x60d8a4755482 - <std[617be2ca0a6fd877]::thread::lifecycle::spawn_unchecked<test[aada8e7e76ba119b]::run_test::{closure#1}, ()>::{closure#1} as core[a373ad73a504971]::ops::function::FnOnce<()>>::call_once::{shim:vtable#0}
[INFO] [stdout]   18:     0x60d8a47bef1f - <std[617be2ca0a6fd877]::sys::thread::unix::Thread>::new::thread_start
[INFO] [stdout]   19:     0x7a5d1147edfa - <unknown>
[INFO] [stdout]   20:     0x7a5d115123d4 - clone
[INFO] [stdout]   21:                0x0 - <unknown>
[INFO] [stdout] 
[INFO] [stdout] 
[INFO] [stdout] failures:
[INFO] [stdout]     mpdu::tests::test_transport_service_deserialize_errors
[INFO] [stdout] 
[INFO] [stdout] test result: FAILED. 79 passed; 1 failed; 0 ignored; 0 measured; 0 filtered out; finished in 0.01s
[INFO] [stdout] 
[INFO] [stderr] error: test failed, to rerun pass `--lib`
[INFO] running `Command { std: "docker" "inspect" "77448c750c0b11dd76058f7745f23f57f9b63bf2255b045f9db8fea38803ff1c", kill_on_drop: false }`
[INFO] running `Command { std: "docker" "rm" "-f" "77448c750c0b11dd76058f7745f23f57f9b63bf2255b045f9db8fea38803ff1c", kill_on_drop: false }`
[INFO] [stdout] 77448c750c0b11dd76058f7745f23f57f9b63bf2255b045f9db8fea38803ff1c
