[INFO] fetching crate zunivers-rs 1.0.3...
[INFO] testing zunivers-rs-1.0.3 against 1.99.0-beta.8+cargoflags=--release for beta-release-1.100-2
[INFO] extracting crate zunivers-rs 1.0.3 into /workspace/builds/worker-0-tc1/source
[INFO] started tweaking crates.io crate zunivers-rs 1.0.3
[INFO] finished tweaking crates.io crate zunivers-rs 1.0.3
[INFO] tweaked toml for crates.io crate zunivers-rs 1.0.3 written to /workspace/builds/worker-0-tc1/source/Cargo.toml
[INFO] validating manifest of crates.io crate zunivers-rs 1.0.3 on toolchain 1.99.0-beta.8
[INFO] running `Command { std: CARGO_HOME="/workspace/cargo-home" RUSTUP_HOME="/workspace/rustup-home" "/workspace/cargo-home/bin/cargo" "+1.99.0-beta.8" "metadata" "--manifest-path" "Cargo.toml" "--no-deps", kill_on_drop: false }`
[INFO] running `Command { std: CARGO_HOME="/workspace/cargo-home" RUSTUP_HOME="/workspace/rustup-home" "/workspace/cargo-home/bin/cargo" "+1.99.0-beta.8" "generate-lockfile" "--manifest-path" "Cargo.toml", kill_on_drop: false }`
[INFO] [stderr]     Updating crates.io index
[INFO] [stderr]      Locking 169 packages to highest compatible versions
[INFO] [stderr]       Adding reqwest v0.12.28 (available: v0.13.5)
[INFO] running `Command { std: CARGO_HOME="/workspace/cargo-home" RUSTUP_HOME="/workspace/rustup-home" "/workspace/cargo-home/bin/cargo" "+1.99.0-beta.8" "fetch" "--manifest-path" "Cargo.toml", kill_on_drop: false }`
[INFO] running `Command { std: "docker" "create" "-v" "/var/lib/crater-agent-workspace/builds/worker-0-tc1/source:/opt/rustwide/workdir:ro,Z" "-v" "/var/lib/crater-agent-workspace/builds/worker-0-tc1/target:/opt/rustwide/target:rw,Z" "-v" "/var/lib/crater-agent-workspace/cargo-home:/opt/rustwide/cargo-home:ro,Z" "-v" "/var/lib/crater-agent-workspace/rustup-home:/opt/rustwide/rustup-home:ro,Z" "-m" "1610612736" "--network" "none" "ghcr.io/rust-lang/crates-build-env/linux@sha256:77db811e55d90add9212f6832c23229e3de5f1c1f9905e8cb07319ea15df73ac" "sleep" "infinity", kill_on_drop: false }`
[INFO] [stdout] 109e651cb159dd496a7465f02c7cb339975e8ee812ce80397a52cceaf4c2e19c
[INFO] running `Command { std: "docker" "start" "109e651cb159dd496a7465f02c7cb339975e8ee812ce80397a52cceaf4c2e19c", kill_on_drop: false }`
[INFO] running `Command { std: "docker" "inspect" "109e651cb159dd496a7465f02c7cb339975e8ee812ce80397a52cceaf4c2e19c", kill_on_drop: false }`
[INFO] running `Command { std: "docker" "exec" "-e" "SOURCE_DIR=/opt/rustwide/workdir" "-e" "CARGO_HOME=/opt/rustwide/cargo-home" "-e" "RUSTUP_HOME=/opt/rustwide/rustup-home" "-e" "CARGO_TARGET_DIR=/opt/rustwide/target" "-w" "/opt/rustwide/workdir" "--user" "0:0" "109e651cb159dd496a7465f02c7cb339975e8ee812ce80397a52cceaf4c2e19c" "/opt/rustwide/cargo-home/bin/cargo" "+1.99.0-beta.8" "metadata" "--no-deps" "--format-version=1", kill_on_drop: false }`
[INFO] running `Command { std: "docker" "inspect" "109e651cb159dd496a7465f02c7cb339975e8ee812ce80397a52cceaf4c2e19c", kill_on_drop: false }`
[INFO] running `Command { std: "docker" "exec" "-e" "SOURCE_DIR=/opt/rustwide/workdir" "-e" "CARGO_HOME=/opt/rustwide/cargo-home" "-e" "RUSTUP_HOME=/opt/rustwide/rustup-home" "-e" "CARGO_TARGET_DIR=/opt/rustwide/target" "-e" "CARGO_INCREMENTAL=0" "-e" "RUST_BACKTRACE=full" "-e" "RUSTFLAGS=--cap-lints=warn" "-e" "RUSTDOCFLAGS=--cap-lints=warn" "-w" "/opt/rustwide/workdir" "--user" "0:0" "109e651cb159dd496a7465f02c7cb339975e8ee812ce80397a52cceaf4c2e19c" "/opt/rustwide/cargo-home/bin/cargo" "+1.99.0-beta.8" "build" "--frozen" "--message-format=json" "--release", kill_on_drop: false }`
[INFO] [stderr]    Compiling smallvec v1.16.3
[INFO] [stderr]    Compiling zeroize v1.9.1
[INFO] [stderr]    Compiling chrono v0.4.45
[INFO] [stderr]    Compiling parking_lot_core v0.9.12
[INFO] [stderr]    Compiling icu_normalizer v2.3.0
[INFO] [stderr]    Compiling rustls-pki-types v1.15.1
[INFO] [stderr]    Compiling parking_lot v0.12.5
[INFO] [stderr]    Compiling tokio v1.53.3
[INFO] [stderr]    Compiling idna_adapter v1.2.2
[INFO] [stderr]    Compiling idna v1.1.0
[INFO] [stderr]    Compiling url v2.5.8
[INFO] [stderr]    Compiling tokio-util v0.7.20
[INFO] [stderr]    Compiling tokio-native-tls v0.3.1
[INFO] [stderr]    Compiling tower v0.5.3
[INFO] [stderr]    Compiling tower-http v0.6.11
[INFO] [stderr]    Compiling h2 v0.4.20
[INFO] [stderr]    Compiling hyper v1.12.0
[INFO] [stderr]    Compiling hyper-util v0.1.21
[INFO] [stderr]    Compiling hyper-tls v0.6.0
[INFO] [stderr]    Compiling reqwest v0.12.28
[INFO] [stderr]    Compiling zunivers-rs v1.0.3 (/opt/rustwide/workdir)
[INFO] [stderr]     Finished `release` profile [optimized] target(s) in 39.05s
[INFO] running `Command { std: "docker" "inspect" "109e651cb159dd496a7465f02c7cb339975e8ee812ce80397a52cceaf4c2e19c", kill_on_drop: false }`
[INFO] running `Command { std: "docker" "exec" "-e" "SOURCE_DIR=/opt/rustwide/workdir" "-e" "CARGO_HOME=/opt/rustwide/cargo-home" "-e" "RUSTUP_HOME=/opt/rustwide/rustup-home" "-e" "CARGO_TARGET_DIR=/opt/rustwide/target" "-e" "CARGO_INCREMENTAL=0" "-e" "RUST_BACKTRACE=full" "-e" "RUSTFLAGS=--cap-lints=warn" "-e" "RUSTDOCFLAGS=--cap-lints=warn" "-w" "/opt/rustwide/workdir" "--user" "0:0" "109e651cb159dd496a7465f02c7cb339975e8ee812ce80397a52cceaf4c2e19c" "/opt/rustwide/cargo-home/bin/cargo" "+1.99.0-beta.8" "test" "--frozen" "--no-run" "--message-format=json" "--release", kill_on_drop: false }`
[INFO] [stderr]    Compiling zunivers-rs v1.0.3 (/opt/rustwide/workdir)
[INFO] [stderr]     Finished `release` profile [optimized] target(s) in 7.89s
[INFO] running `Command { std: "docker" "inspect" "109e651cb159dd496a7465f02c7cb339975e8ee812ce80397a52cceaf4c2e19c", kill_on_drop: false }`
[INFO] running `Command { std: "docker" "exec" "-e" "SOURCE_DIR=/opt/rustwide/workdir" "-e" "CARGO_HOME=/opt/rustwide/cargo-home" "-e" "RUSTUP_HOME=/opt/rustwide/rustup-home" "-e" "CARGO_TARGET_DIR=/opt/rustwide/target" "-e" "CARGO_INCREMENTAL=0" "-e" "RUST_BACKTRACE=full" "-e" "RUSTFLAGS=--cap-lints=warn" "-e" "RUSTDOCFLAGS=--cap-lints=warn" "-w" "/opt/rustwide/workdir" "--user" "0:0" "109e651cb159dd496a7465f02c7cb339975e8ee812ce80397a52cceaf4c2e19c" "/opt/rustwide/cargo-home/bin/cargo" "+1.99.0-beta.8" "test" "--frozen" "--release", kill_on_drop: false }`
[INFO] [stderr]     Finished `release` profile [optimized] target(s) in 0.15s
[INFO] [stderr]      Running unittests src/lib.rs (/opt/rustwide/target/release/deps/zunivers_rs-744fb196e0015038)
[INFO] [stdout] 
[INFO] [stdout] running 0 tests
[INFO] [stdout] 
[INFO] [stdout] test result: ok. 0 passed; 0 failed; 0 ignored; 0 measured; 0 filtered out; finished in 0.00s
[INFO] [stdout] 
[INFO] [stderr]      Running tests/api_test.rs (/opt/rustwide/target/release/deps/api_test-2b229bbce3f535e7)
[INFO] [stdout] 
[INFO] [stdout] running 21 tests
[INFO] [stdout] test test::test_packs ... FAILED
[INFO] [stdout] test test::test_items ... FAILED
[INFO] [stdout] test test::test_active_challenges ... FAILED
[INFO] [stdout] test test::test_item ... FAILED
[INFO] [stdout] test test::test_search_items ... FAILED
[INFO] [stdout] test test::test_current_events ... FAILED
[INFO] [stdout] test test::test_shop ... FAILED
[INFO] [stdout] test test::test_app_settings ... FAILED
[INFO] [stdout] test test::test_jackpot ... FAILED
[INFO] [stdout] test test::test_post ... FAILED
[INFO] [stdout] test test::test_recycle_config ... FAILED
[INFO] [stdout] test test::test_posts ... FAILED
[INFO] [stdout] test test::test_fusion ... FAILED
[INFO] [stdout] test test::test_user_challenges ... FAILED
[INFO] [stdout] test test::test_app_status ... FAILED
[INFO] [stdout] test test::test_user_profile ... FAILED
[INFO] [stdout] test test::test_vortex_season ... FAILED
[INFO] [stdout] test test::test_inventory ... FAILED
[INFO] [stdout] test test::test_user_loot ... FAILED
[INFO] [stdout] test test::test_vortex_tournament ... FAILED
[INFO] [stdout] test test::test_user_banner ... FAILED
[INFO] [stdout] 
[INFO] [stdout] failures:
[INFO] [stdout] 
[INFO] [stdout] ---- test::test_packs stdout ----
[INFO] [stdout] 
[INFO] [stdout] thread 'test::test_packs' (551) panicked at tests/api_test.rs:18:9:
[INFO] [stdout] assertion failed: packs.is_ok()
[INFO] [stdout] stack backtrace:
[INFO] [stdout]    0:     0x6389f366e891 - <<std[70759c8f55707aa4]::sys::backtrace::BacktraceLock>::print::DisplayBacktrace as core[df12db4294e9bfd3]::fmt::Display>::fmt
[INFO] [stdout]    1:     0x6389f36846ba - core[df12db4294e9bfd3]::fmt::write
[INFO] [stdout]    2:     0x6389f367344c - <alloc[2182bb758b4b3781]::vec::Vec<u8> as core[df12db4294e9bfd3]::io::write::Write>::write_fmt
[INFO] [stdout]    3:     0x6389f3649b86 - std[70759c8f55707aa4]::panicking::default_hook::{closure#0}
[INFO] [stdout]    4:     0x6389f3666799 - std[70759c8f55707aa4]::panicking::default_hook
[INFO] [stdout]    5:     0x6389f34bac30 - test[9d35eded1c95d3be]::test_main_inner::<test[9d35eded1c95d3be]::test_main_static::{closure#0}>::{closure#0}
[INFO] [stdout]    6:     0x6389f3666ac2 - std[70759c8f55707aa4]::panicking::panic_with_hook
[INFO] [stdout]    7:     0x6389f3649c64 - std[70759c8f55707aa4]::panicking::panic_handler::{closure#0}
[INFO] [stdout]    8:     0x6389f36428d9 - std[70759c8f55707aa4]::sys::backtrace::__rust_end_short_backtrace::<std[70759c8f55707aa4]::panicking::panic_handler::{closure#0}, !>
[INFO] [stdout]    9:     0x6389f364aa1d - __rustc[8fa7c3cbc660c2b3]::rust_begin_unwind
[INFO] [stdout]   10:     0x6389f3684e1c - core[df12db4294e9bfd3]::panicking::panic_fmt
[INFO] [stdout]   11:     0x6389f3684de2 - core[df12db4294e9bfd3]::panicking::panic
[INFO] [stdout]   12:     0x6389f3491df6 - api_test[4cb2ce1568247c]::test::test_packs::{closure#0}
[INFO] [stdout]   13:     0x6389f34a1353 - <tokio[b0ca26e470964a50]::runtime::scheduler::current_thread::Context>::enter::<core[df12db4294e9bfd3]::task::poll::Poll<()>, <tokio[b0ca26e470964a50]::runtime::scheduler::current_thread::CoreGuard>::block_on<core[df12db4294e9bfd3]::pin::Pin<&mut core[df12db4294e9bfd3]::pin::Pin<&mut dyn core[df12db4294e9bfd3]::future::future::Future<Output = ()>>>>::{closure#0}::{closure#0}>
[INFO] [stdout]   14:     0x6389f34a9589 - <std[70759c8f55707aa4]::thread::local::LocalKey<tokio[b0ca26e470964a50]::runtime::context::Context>>::with::<tokio[b0ca26e470964a50]::runtime::context::set_scheduler<(alloc[2182bb758b4b3781]::boxed::Box<tokio[b0ca26e470964a50]::runtime::scheduler::current_thread::Core>, core[df12db4294e9bfd3]::option::Option<()>), <tokio[b0ca26e470964a50]::runtime::scheduler::current_thread::CoreGuard>::enter<<tokio[b0ca26e470964a50]::runtime::scheduler::current_thread::CoreGuard>::block_on<core[df12db4294e9bfd3]::pin::Pin<&mut core[df12db4294e9bfd3]::pin::Pin<&mut dyn core[df12db4294e9bfd3]::future::future::Future<Output = ()>>>>::{closure#0}, core[df12db4294e9bfd3]::option::Option<()>>::{closure#0}>::{closure#0}, (alloc[2182bb758b4b3781]::boxed::Box<tokio[b0ca26e470964a50]::runtime::scheduler::current_thread::Core>, core[df12db4294e9bfd3]::option::Option<()>)>
[INFO] [stdout]   15:     0x6389f34a14d7 - <tokio[b0ca26e470964a50]::runtime::scheduler::current_thread::CoreGuard>::block_on::<core[df12db4294e9bfd3]::pin::Pin<&mut core[df12db4294e9bfd3]::pin::Pin<&mut dyn core[df12db4294e9bfd3]::future::future::Future<Output = ()>>>>
[INFO] [stdout]   16:     0x6389f34a39bb - tokio[b0ca26e470964a50]::runtime::context::runtime::enter_runtime::<<tokio[b0ca26e470964a50]::runtime::scheduler::current_thread::CurrentThread>::block_on<core[df12db4294e9bfd3]::pin::Pin<&mut dyn core[df12db4294e9bfd3]::future::future::Future<Output = ()>>>::{closure#0}, ()>
[INFO] [stdout]   17:     0x6389f34a65e5 - <tokio[b0ca26e470964a50]::runtime::runtime::Runtime>::block_on::<core[df12db4294e9bfd3]::pin::Pin<&mut dyn core[df12db4294e9bfd3]::future::future::Future<Output = ()>>>
[INFO] [stdout]   18:     0x6389f349cc6b - api_test[4cb2ce1568247c]::test::test_packs
[INFO] [stdout]   19:     0x6389f34a2a39 - <api_test[4cb2ce1568247c]::test::test_packs::{closure#0} as core[df12db4294e9bfd3]::ops::function::FnOnce<()>>::call_once
[INFO] [stdout]   20:     0x6389f34adf1b - test[9d35eded1c95d3be]::__rust_begin_short_backtrace::<core[df12db4294e9bfd3]::result::Result<(), alloc[2182bb758b4b3781]::string::String>, fn() -> core[df12db4294e9bfd3]::result::Result<(), alloc[2182bb758b4b3781]::string::String>>
[INFO] [stdout]   21:     0x6389f34bb585 - test[9d35eded1c95d3be]::run_test::{closure#0}
[INFO] [stdout]   22:     0x6389f34b4e44 - std[70759c8f55707aa4]::sys::backtrace::__rust_begin_short_backtrace::<test[9d35eded1c95d3be]::run_test::{closure#1}, ()>
[INFO] [stdout]   23:     0x6389f34be6e2 - <std[70759c8f55707aa4]::thread::lifecycle::spawn_unchecked<test[9d35eded1c95d3be]::run_test::{closure#1}, ()>::{closure#1} as core[df12db4294e9bfd3]::ops::function::FnOnce<()>>::call_once::{shim:vtable#0}
[INFO] [stdout]   24:     0x6389f366ddb9 - <std[70759c8f55707aa4]::sys::thread::unix::Thread>::new::thread_start
[INFO] [stdout]   25:     0x70ea7a113dfa - <unknown>
[INFO] [stdout]   26:     0x70ea7a1a73d4 - clone
[INFO] [stdout]   27:                0x0 - <unknown>
[INFO] [stdout] 
[INFO] [stdout] ---- test::test_items stdout ----
[INFO] [stdout] 
[INFO] [stdout] thread 'test::test_items' (549) panicked at tests/api_test.rs:26:9:
[INFO] [stdout] assertion failed: items.is_ok()
[INFO] [stdout] stack backtrace:
[INFO] [stdout]    0:     0x6389f366e891 - <<std[70759c8f55707aa4]::sys::backtrace::BacktraceLock>::print::DisplayBacktrace as core[df12db4294e9bfd3]::fmt::Display>::fmt
[INFO] [stdout]    1:     0x6389f36846ba - core[df12db4294e9bfd3]::fmt::write
[INFO] [stdout]    2:     0x6389f367344c - <alloc[2182bb758b4b3781]::vec::Vec<u8> as core[df12db4294e9bfd3]::io::write::Write>::write_fmt
[INFO] [stdout]    3:     0x6389f3649b86 - std[70759c8f55707aa4]::panicking::default_hook::{closure#0}
[INFO] [stdout]    4:     0x6389f3666799 - std[70759c8f55707aa4]::panicking::default_hook
[INFO] [stdout]    5:     0x6389f34bac30 - test[9d35eded1c95d3be]::test_main_inner::<test[9d35eded1c95d3be]::test_main_static::{closure#0}>::{closure#0}
[INFO] [stdout]    6:     0x6389f3666ac2 - std[70759c8f55707aa4]::panicking::panic_with_hook
[INFO] [stdout]    7:     0x6389f3649c64 - std[70759c8f55707aa4]::panicking::panic_handler::{closure#0}
[INFO] [stdout]    8:     0x6389f36428d9 - std[70759c8f55707aa4]::sys::backtrace::__rust_end_short_backtrace::<std[70759c8f55707aa4]::panicking::panic_handler::{closure#0}, !>
[INFO] [stdout]    9:     0x6389f364aa1d - __rustc[8fa7c3cbc660c2b3]::rust_begin_unwind
[INFO] [stdout]   10:     0x6389f3684e1c - core[df12db4294e9bfd3]::panicking::panic_fmt
[INFO] [stdout]   11:     0x6389f3684de2 - core[df12db4294e9bfd3]::panicking::panic
[INFO] [stdout]   12:     0x6389f34915a1 - api_test[4cb2ce1568247c]::test::test_items::{closure#0}
[INFO] [stdout]   13:     0x6389f34a1353 - <tokio[b0ca26e470964a50]::runtime::scheduler::current_thread::Context>::enter::<core[df12db4294e9bfd3]::task::poll::Poll<()>, <tokio[b0ca26e470964a50]::runtime::scheduler::current_thread::CoreGuard>::block_on<core[df12db4294e9bfd3]::pin::Pin<&mut core[df12db4294e9bfd3]::pin::Pin<&mut dyn core[df12db4294e9bfd3]::future::future::Future<Output = ()>>>>::{closure#0}::{closure#0}>
[INFO] [stdout]   14:     0x6389f34a9589 - <std[70759c8f55707aa4]::thread::local::LocalKey<tokio[b0ca26e470964a50]::runtime::context::Context>>::with::<tokio[b0ca26e470964a50]::runtime::context::set_scheduler<(alloc[2182bb758b4b3781]::boxed::Box<tokio[b0ca26e470964a50]::runtime::scheduler::current_thread::Core>, core[df12db4294e9bfd3]::option::Option<()>), <tokio[b0ca26e470964a50]::runtime::scheduler::current_thread::CoreGuard>::enter<<tokio[b0ca26e470964a50]::runtime::scheduler::current_thread::CoreGuard>::block_on<core[df12db4294e9bfd3]::pin::Pin<&mut core[df12db4294e9bfd3]::pin::Pin<&mut dyn core[df12db4294e9bfd3]::future::future::Future<Output = ()>>>>::{closure#0}, core[df12db4294e9bfd3]::option::Option<()>>::{closure#0}>::{closure#0}, (alloc[2182bb758b4b3781]::boxed::Box<tokio[b0ca26e470964a50]::runtime::scheduler::current_thread::Core>, core[df12db4294e9bfd3]::option::Option<()>)>
[INFO] [stdout]   15:     0x6389f34a14d7 - <tokio[b0ca26e470964a50]::runtime::scheduler::current_thread::CoreGuard>::block_on::<core[df12db4294e9bfd3]::pin::Pin<&mut core[df12db4294e9bfd3]::pin::Pin<&mut dyn core[df12db4294e9bfd3]::future::future::Future<Output = ()>>>>
[INFO] [stdout]   16:     0x6389f34a39bb - tokio[b0ca26e470964a50]::runtime::context::runtime::enter_runtime::<<tokio[b0ca26e470964a50]::runtime::scheduler::current_thread::CurrentThread>::block_on<core[df12db4294e9bfd3]::pin::Pin<&mut dyn core[df12db4294e9bfd3]::future::future::Future<Output = ()>>>::{closure#0}, ()>
[INFO] [stdout]   17:     0x6389f34a65e5 - <tokio[b0ca26e470964a50]::runtime::runtime::Runtime>::block_on::<core[df12db4294e9bfd3]::pin::Pin<&mut dyn core[df12db4294e9bfd3]::future::future::Future<Output = ()>>>
[INFO] [stdout]   18:     0x6389f349cafb - api_test[4cb2ce1568247c]::test::test_items
[INFO] [stdout]   19:     0x6389f34a2a19 - <api_test[4cb2ce1568247c]::test::test_items::{closure#0} as core[df12db4294e9bfd3]::ops::function::FnOnce<()>>::call_once
[INFO] [stdout]   20:     0x6389f34adf1b - test[9d35eded1c95d3be]::__rust_begin_short_backtrace::<core[df12db4294e9bfd3]::result::Result<(), alloc[2182bb758b4b3781]::string::String>, fn() -> core[df12db4294e9bfd3]::result::Result<(), alloc[2182bb758b4b3781]::string::String>>
[INFO] [stdout]   21:     0x6389f34bb585 - test[9d35eded1c95d3be]::run_test::{closure#0}
[INFO] [stdout]   22:     0x6389f34b4e44 - std[70759c8f55707aa4]::sys::backtrace::__rust_begin_short_backtrace::<test[9d35eded1c95d3be]::run_test::{closure#1}, ()>
[INFO] [stdout]   23:     0x6389f34be6e2 - <std[70759c8f55707aa4]::thread::lifecycle::spawn_unchecked<test[9d35eded1c95d3be]::run_test::{closure#1}, ()>::{closure#1} as core[df12db4294e9bfd3]::ops::function::FnOnce<()>>::call_once::{shim:vtable#0}
[INFO] [stdout]   24:     0x6389f366ddb9 - <std[70759c8f55707aa4]::sys::thread::unix::Thread>::new::thread_start
[INFO] [stdout]   25:     0x70ea7a113dfa - <unknown>
[INFO] [stdout]   26:     0x70ea7a1a73d4 - clone
[INFO] [stdout]   27:                0x0 - <unknown>
[INFO] [stdout] 
[INFO] [stdout] ---- test::test_active_challenges stdout ----
[INFO] [stdout] 
[INFO] [stdout] thread 'test::test_active_challenges' (542) panicked at tests/api_test.rs:135:9:
[INFO] [stdout] assertion failed: challenges.is_ok()
[INFO] [stdout] stack backtrace:
[INFO] [stdout]    0:     0x6389f366e891 - <<std[70759c8f55707aa4]::sys::backtrace::BacktraceLock>::print::DisplayBacktrace as core[df12db4294e9bfd3]::fmt::Display>::fmt
[INFO] [stdout]    1:     0x6389f36846ba - core[df12db4294e9bfd3]::fmt::write
[INFO] [stdout]    2:     0x6389f367344c - <alloc[2182bb758b4b3781]::vec::Vec<u8> as core[df12db4294e9bfd3]::io::write::Write>::write_fmt
[INFO] [stdout]    3:     0x6389f3649b86 - std[70759c8f55707aa4]::panicking::default_hook::{closure#0}
[INFO] [stdout]    4:     0x6389f3666799 - std[70759c8f55707aa4]::panicking::default_hook
[INFO] [stdout]    5:     0x6389f34bac30 - test[9d35eded1c95d3be]::test_main_inner::<test[9d35eded1c95d3be]::test_main_static::{closure#0}>::{closure#0}
[INFO] [stdout]    6:     0x6389f3666ac2 - std[70759c8f55707aa4]::panicking::panic_with_hook
[INFO] [stdout]    7:     0x6389f3649c64 - std[70759c8f55707aa4]::panicking::panic_handler::{closure#0}
[INFO] [stdout]    8:     0x6389f36428d9 - std[70759c8f55707aa4]::sys::backtrace::__rust_end_short_backtrace::<std[70759c8f55707aa4]::panicking::panic_handler::{closure#0}, !>
[INFO] [stdout]    9:     0x6389f364aa1d - __rustc[8fa7c3cbc660c2b3]::rust_begin_unwind
[INFO] [stdout]   10:     0x6389f3684e1c - core[df12db4294e9bfd3]::panicking::panic_fmt
[INFO] [stdout]   11:     0x6389f3684de2 - core[df12db4294e9bfd3]::panicking::panic
[INFO] [stdout]   12:     0x6389f3499fe1 - api_test[4cb2ce1568247c]::test::test_active_challenges::{closure#0}
[INFO] [stdout]   13:     0x6389f34a1353 - <tokio[b0ca26e470964a50]::runtime::scheduler::current_thread::Context>::enter::<core[df12db4294e9bfd3]::task::poll::Poll<()>, <tokio[b0ca26e470964a50]::runtime::scheduler::current_thread::CoreGuard>::block_on<core[df12db4294e9bfd3]::pin::Pin<&mut core[df12db4294e9bfd3]::pin::Pin<&mut dyn core[df12db4294e9bfd3]::future::future::Future<Output = ()>>>>::{closure#0}::{closure#0}>
[INFO] [stdout]   14:     0x6389f34a9589 - <std[70759c8f55707aa4]::thread::local::LocalKey<tokio[b0ca26e470964a50]::runtime::context::Context>>::with::<tokio[b0ca26e470964a50]::runtime::context::set_scheduler<(alloc[2182bb758b4b3781]::boxed::Box<tokio[b0ca26e470964a50]::runtime::scheduler::current_thread::Core>, core[df12db4294e9bfd3]::option::Option<()>), <tokio[b0ca26e470964a50]::runtime::scheduler::current_thread::CoreGuard>::enter<<tokio[b0ca26e470964a50]::runtime::scheduler::current_thread::CoreGuard>::block_on<core[df12db4294e9bfd3]::pin::Pin<&mut core[df12db4294e9bfd3]::pin::Pin<&mut dyn core[df12db4294e9bfd3]::future::future::Future<Output = ()>>>>::{closure#0}, core[df12db4294e9bfd3]::option::Option<()>>::{closure#0}>::{closure#0}, (alloc[2182bb758b4b3781]::boxed::Box<tokio[b0ca26e470964a50]::runtime::scheduler::current_thread::Core>, core[df12db4294e9bfd3]::option::Option<()>)>
[INFO] [stdout]   15:     0x6389f34a14d7 - <tokio[b0ca26e470964a50]::runtime::scheduler::current_thread::CoreGuard>::block_on::<core[df12db4294e9bfd3]::pin::Pin<&mut core[df12db4294e9bfd3]::pin::Pin<&mut dyn core[df12db4294e9bfd3]::future::future::Future<Output = ()>>>>
[INFO] [stdout]   16:     0x6389f34a39bb - tokio[b0ca26e470964a50]::runtime::context::runtime::enter_runtime::<<tokio[b0ca26e470964a50]::runtime::scheduler::current_thread::CurrentThread>::block_on<core[df12db4294e9bfd3]::pin::Pin<&mut dyn core[df12db4294e9bfd3]::future::future::Future<Output = ()>>>::{closure#0}, ()>
[INFO] [stdout]   17:     0x6389f34a65e5 - <tokio[b0ca26e470964a50]::runtime::runtime::Runtime>::block_on::<core[df12db4294e9bfd3]::pin::Pin<&mut dyn core[df12db4294e9bfd3]::future::future::Future<Output = ()>>>
[INFO] [stdout]   18:     0x6389f349e38b - api_test[4cb2ce1568247c]::test::test_active_challenges
[INFO] [stdout]   19:     0x6389f34a2c19 - <api_test[4cb2ce1568247c]::test::test_active_challenges::{closure#0} as core[df12db4294e9bfd3]::ops::function::FnOnce<()>>::call_once
[INFO] [stdout]   20:     0x6389f34adf1b - test[9d35eded1c95d3be]::__rust_begin_short_backtrace::<core[df12db4294e9bfd3]::result::Result<(), alloc[2182bb758b4b3781]::string::String>, fn() -> core[df12db4294e9bfd3]::result::Result<(), alloc[2182bb758b4b3781]::string::String>>
[INFO] [stdout]   21:     0x6389f34bb585 - test[9d35eded1c95d3be]::run_test::{closure#0}
[INFO] [stdout]   22:     0x6389f34b4e44 - std[70759c8f55707aa4]::sys::backtrace::__rust_begin_short_backtrace::<test[9d35eded1c95d3be]::run_test::{closure#1}, ()>
[INFO] [stdout]   23:     0x6389f34be6e2 - <std[70759c8f55707aa4]::thread::lifecycle::spawn_unchecked<test[9d35eded1c95d3be]::run_test::{closure#1}, ()>::{closure#1} as core[df12db4294e9bfd3]::ops::function::FnOnce<()>>::call_once::{shim:vtable#0}
[INFO] [stdout]   24:     0x6389f366ddb9 - <std[70759c8f55707aa4]::sys::thread::unix::Thread>::new::thread_start
[INFO] [stdout]   25:     0x70ea7a113dfa - <unknown>
[INFO] [stdout]   26:     0x70ea7a1a73d4 - clone
[INFO] [stdout]   27:                0x0 - <unknown>
[INFO] [stdout] 
[INFO] [stdout] ---- test::test_item stdout ----
[INFO] [stdout] 
[INFO] [stdout] thread 'test::test_item' (548) panicked at tests/api_test.rs:43:9:
[INFO] [stdout] assertion failed: item.is_ok()
[INFO] [stdout] stack backtrace:
[INFO] [stdout]    0:     0x6389f366e891 - <<std[70759c8f55707aa4]::sys::backtrace::BacktraceLock>::print::DisplayBacktrace as core[df12db4294e9bfd3]::fmt::Display>::fmt
[INFO] [stdout]    1:     0x6389f36846ba - core[df12db4294e9bfd3]::fmt::write
[INFO] [stdout]    2:     0x6389f367344c - <alloc[2182bb758b4b3781]::vec::Vec<u8> as core[df12db4294e9bfd3]::io::write::Write>::write_fmt
[INFO] [stdout]    3:     0x6389f3649b86 - std[70759c8f55707aa4]::panicking::default_hook::{closure#0}
[INFO] [stdout]    4:     0x6389f3666799 - std[70759c8f55707aa4]::panicking::default_hook
[INFO] [stdout]    5:     0x6389f34bac30 - test[9d35eded1c95d3be]::test_main_inner::<test[9d35eded1c95d3be]::test_main_static::{closure#0}>::{closure#0}
[INFO] [stdout]    6:     0x6389f3666ac2 - std[70759c8f55707aa4]::panicking::panic_with_hook
[INFO] [stdout]    7:     0x6389f3649c64 - std[70759c8f55707aa4]::panicking::panic_handler::{closure#0}
[INFO] [stdout]    8:     0x6389f36428d9 - std[70759c8f55707aa4]::sys::backtrace::__rust_end_short_backtrace::<std[70759c8f55707aa4]::panicking::panic_handler::{closure#0}, !>
[INFO] [stdout]    9:     0x6389f364aa1d - __rustc[8fa7c3cbc660c2b3]::rust_begin_unwind
[INFO] [stdout]   10:     0x6389f3684e1c - core[df12db4294e9bfd3]::panicking::panic_fmt
[INFO] [stdout]   11:     0x6389f3684de2 - core[df12db4294e9bfd3]::panicking::panic
[INFO] [stdout]   12:     0x6389f349b29f - api_test[4cb2ce1568247c]::test::test_item::{closure#0}
[INFO] [stdout]   13:     0x6389f34a1353 - <tokio[b0ca26e470964a50]::runtime::scheduler::current_thread::Context>::enter::<core[df12db4294e9bfd3]::task::poll::Poll<()>, <tokio[b0ca26e470964a50]::runtime::scheduler::current_thread::CoreGuard>::block_on<core[df12db4294e9bfd3]::pin::Pin<&mut core[df12db4294e9bfd3]::pin::Pin<&mut dyn core[df12db4294e9bfd3]::future::future::Future<Output = ()>>>>::{closure#0}::{closure#0}>
[INFO] [stdout]   14:     0x6389f34a9589 - <std[70759c8f55707aa4]::thread::local::LocalKey<tokio[b0ca26e470964a50]::runtime::context::Context>>::with::<tokio[b0ca26e470964a50]::runtime::context::set_scheduler<(alloc[2182bb758b4b3781]::boxed::Box<tokio[b0ca26e470964a50]::runtime::scheduler::current_thread::Core>, core[df12db4294e9bfd3]::option::Option<()>), <tokio[b0ca26e470964a50]::runtime::scheduler::current_thread::CoreGuard>::enter<<tokio[b0ca26e470964a50]::runtime::scheduler::current_thread::CoreGuard>::block_on<core[df12db4294e9bfd3]::pin::Pin<&mut core[df12db4294e9bfd3]::pin::Pin<&mut dyn core[df12db4294e9bfd3]::future::future::Future<Output = ()>>>>::{closure#0}, core[df12db4294e9bfd3]::option::Option<()>>::{closure#0}>::{closure#0}, (alloc[2182bb758b4b3781]::boxed::Box<tokio[b0ca26e470964a50]::runtime::scheduler::current_thread::Core>, core[df12db4294e9bfd3]::option::Option<()>)>
[INFO] [stdout]   15:     0x6389f34a14d7 - <tokio[b0ca26e470964a50]::runtime::scheduler::current_thread::CoreGuard>::block_on::<core[df12db4294e9bfd3]::pin::Pin<&mut core[df12db4294e9bfd3]::pin::Pin<&mut dyn core[df12db4294e9bfd3]::future::future::Future<Output = ()>>>>
[INFO] [stdout]   16:     0x6389f34a39bb - tokio[b0ca26e470964a50]::runtime::context::runtime::enter_runtime::<<tokio[b0ca26e470964a50]::runtime::scheduler::current_thread::CurrentThread>::block_on<core[df12db4294e9bfd3]::pin::Pin<&mut dyn core[df12db4294e9bfd3]::future::future::Future<Output = ()>>>::{closure#0}, ()>
[INFO] [stdout]   17:     0x6389f34a65e5 - <tokio[b0ca26e470964a50]::runtime::runtime::Runtime>::block_on::<core[df12db4294e9bfd3]::pin::Pin<&mut dyn core[df12db4294e9bfd3]::future::future::Future<Output = ()>>>
[INFO] [stdout]   18:     0x6389f349e66b - api_test[4cb2ce1568247c]::test::test_item
[INFO] [stdout]   19:     0x6389f34a2c59 - <api_test[4cb2ce1568247c]::test::test_item::{closure#0} as core[df12db4294e9bfd3]::ops::function::FnOnce<()>>::call_once
[INFO] [stdout]   20:     0x6389f34adf1b - test[9d35eded1c95d3be]::__rust_begin_short_backtrace::<core[df12db4294e9bfd3]::result::Result<(), alloc[2182bb758b4b3781]::string::String>, fn() -> core[df12db4294e9bfd3]::result::Result<(), alloc[2182bb758b4b3781]::string::String>>
[INFO] [stdout]   21:     0x6389f34bb585 - test[9d35eded1c95d3be]::run_test::{closure#0}
[INFO] [stdout]   22:     0x6389f34b4e44 - std[70759c8f55707aa4]::sys::backtrace::__rust_begin_short_backtrace::<test[9d35eded1c95d3be]::run_test::{closure#1}, ()>
[INFO] [stdout]   23:     0x6389f34be6e2 - <std[70759c8f55707aa4]::thread::lifecycle::spawn_unchecked<test[9d35eded1c95d3be]::run_test::{closure#1}, ()>::{closure#1} as core[df12db4294e9bfd3]::ops::function::FnOnce<()>>::call_once::{shim:vtable#0}
[INFO] [stdout]   24:     0x6389f366ddb9 - <std[70759c8f55707aa4]::sys::thread::unix::Thread>::new::thread_start
[INFO] [stdout]   25:     0x70ea7a113dfa - <unknown>
[INFO] [stdout]   26:     0x70ea7a1a73d4 - clone
[INFO] [stdout]   27:                0x0 - <unknown>
[INFO] [stdout] 
[INFO] [stdout] ---- test::test_search_items stdout ----
[INFO] [stdout] 
[INFO] [stdout] thread 'test::test_search_items' (555) panicked at tests/api_test.rs:36:9:
[INFO] [stdout] assertion failed: items.is_ok()
[INFO] [stdout] stack backtrace:
[INFO] [stdout]    0:     0x6389f366e891 - <<std[70759c8f55707aa4]::sys::backtrace::BacktraceLock>::print::DisplayBacktrace as core[df12db4294e9bfd3]::fmt::Display>::fmt
[INFO] [stdout]    1:     0x6389f36846ba - core[df12db4294e9bfd3]::fmt::write
[INFO] [stdout]    2:     0x6389f367344c - <alloc[2182bb758b4b3781]::vec::Vec<u8> as core[df12db4294e9bfd3]::io::write::Write>::write_fmt
[INFO] [stdout]    3:     0x6389f3649b86 - std[70759c8f55707aa4]::panicking::default_hook::{closure#0}
[INFO] [stdout]    4:     0x6389f3666799 - std[70759c8f55707aa4]::panicking::default_hook
[INFO] [stdout]    5:     0x6389f34bac30 - test[9d35eded1c95d3be]::test_main_inner::<test[9d35eded1c95d3be]::test_main_static::{closure#0}>::{closure#0}
[INFO] [stdout]    6:     0x6389f3666ac2 - std[70759c8f55707aa4]::panicking::panic_with_hook
[INFO] [stdout]    7:     0x6389f3649c64 - std[70759c8f55707aa4]::panicking::panic_handler::{closure#0}
[INFO] [stdout]    8:     0x6389f36428d9 - std[70759c8f55707aa4]::sys::backtrace::__rust_end_short_backtrace::<std[70759c8f55707aa4]::panicking::panic_handler::{closure#0}, !>
[INFO] [stdout]    9:     0x6389f364aa1d - __rustc[8fa7c3cbc660c2b3]::rust_begin_unwind
[INFO] [stdout]   10:     0x6389f3684e1c - core[df12db4294e9bfd3]::panicking::panic_fmt
[INFO] [stdout]   11:     0x6389f3684de2 - core[df12db4294e9bfd3]::panicking::panic
[INFO] [stdout]   12:     0x6389f3496b09 - api_test[4cb2ce1568247c]::test::test_search_items::{closure#0}
[INFO] [stdout]   13:     0x6389f34a1353 - <tokio[b0ca26e470964a50]::runtime::scheduler::current_thread::Context>::enter::<core[df12db4294e9bfd3]::task::poll::Poll<()>, <tokio[b0ca26e470964a50]::runtime::scheduler::current_thread::CoreGuard>::block_on<core[df12db4294e9bfd3]::pin::Pin<&mut core[df12db4294e9bfd3]::pin::Pin<&mut dyn core[df12db4294e9bfd3]::future::future::Future<Output = ()>>>>::{closure#0}::{closure#0}>
[INFO] [stdout]   14:     0x6389f34a9589 - <std[70759c8f55707aa4]::thread::local::LocalKey<tokio[b0ca26e470964a50]::runtime::context::Context>>::with::<tokio[b0ca26e470964a50]::runtime::context::set_scheduler<(alloc[2182bb758b4b3781]::boxed::Box<tokio[b0ca26e470964a50]::runtime::scheduler::current_thread::Core>, core[df12db4294e9bfd3]::option::Option<()>), <tokio[b0ca26e470964a50]::runtime::scheduler::current_thread::CoreGuard>::enter<<tokio[b0ca26e470964a50]::runtime::scheduler::current_thread::CoreGuard>::block_on<core[df12db4294e9bfd3]::pin::Pin<&mut core[df12db4294e9bfd3]::pin::Pin<&mut dyn core[df12db4294e9bfd3]::future::future::Future<Output = ()>>>>::{closure#0}, core[df12db4294e9bfd3]::option::Option<()>>::{closure#0}>::{closure#0}, (alloc[2182bb758b4b3781]::boxed::Box<tokio[b0ca26e470964a50]::runtime::scheduler::current_thread::Core>, core[df12db4294e9bfd3]::option::Option<()>)>
[INFO] [stdout]   15:     0x6389f34a14d7 - <tokio[b0ca26e470964a50]::runtime::scheduler::current_thread::CoreGuard>::block_on::<core[df12db4294e9bfd3]::pin::Pin<&mut core[df12db4294e9bfd3]::pin::Pin<&mut dyn core[df12db4294e9bfd3]::future::future::Future<Output = ()>>>>
[INFO] [stdout]   16:     0x6389f34a39bb - tokio[b0ca26e470964a50]::runtime::context::runtime::enter_runtime::<<tokio[b0ca26e470964a50]::runtime::scheduler::current_thread::CurrentThread>::block_on<core[df12db4294e9bfd3]::pin::Pin<&mut dyn core[df12db4294e9bfd3]::future::future::Future<Output = ()>>>::{closure#0}, ()>
[INFO] [stdout]   17:     0x6389f34a65e5 - <tokio[b0ca26e470964a50]::runtime::runtime::Runtime>::block_on::<core[df12db4294e9bfd3]::pin::Pin<&mut dyn core[df12db4294e9bfd3]::future::future::Future<Output = ()>>>
[INFO] [stdout]   18:     0x6389f349da1b - api_test[4cb2ce1568247c]::test::test_search_items
[INFO] [stdout]   19:     0x6389f34a2b59 - <api_test[4cb2ce1568247c]::test::test_search_items::{closure#0} as core[df12db4294e9bfd3]::ops::function::FnOnce<()>>::call_once
[INFO] [stdout]   20:     0x6389f34adf1b - test[9d35eded1c95d3be]::__rust_begin_short_backtrace::<core[df12db4294e9bfd3]::result::Result<(), alloc[2182bb758b4b3781]::string::String>, fn() -> core[df12db4294e9bfd3]::result::Result<(), alloc[2182bb758b4b3781]::string::String>>
[INFO] [stdout]   21:     0x6389f34bb585 - test[9d35eded1c95d3be]::run_test::{closure#0}
[INFO] [stdout]   22:     0x6389f34b4e44 - std[70759c8f55707aa4]::sys::backtrace::__rust_begin_short_backtrace::<test[9d35eded1c95d3be]::run_test::{closure#1}, ()>
[INFO] [stdout]   23:     0x6389f34be6e2 - <std[70759c8f55707aa4]::thread::lifecycle::spawn_unchecked<test[9d35eded1c95d3be]::run_test::{closure#1}, ()>::{closure#1} as core[df12db4294e9bfd3]::ops::function::FnOnce<()>>::call_once::{shim:vtable#0}
[INFO] [stdout]   24:     0x6389f366ddb9 - <std[70759c8f55707aa4]::sys::thread::unix::Thread>::new::thread_start
[INFO] [stdout]   25:     0x70ea7a113dfa - <unknown>
[INFO] [stdout]   26:     0x70ea7a1a73d4 - clone
[INFO] [stdout]   27:                0x0 - <unknown>
[INFO] [stdout] 
[INFO] [stdout] ---- test::test_current_events stdout ----
[INFO] [stdout] 
[INFO] [stdout] thread 'test::test_current_events' (545) panicked at tests/api_test.rs:128:9:
[INFO] [stdout] assertion failed: events.is_ok()
[INFO] [stdout] stack backtrace:
[INFO] [stdout]    0:     0x6389f366e891 - <<std[70759c8f55707aa4]::sys::backtrace::BacktraceLock>::print::DisplayBacktrace as core[df12db4294e9bfd3]::fmt::Display>::fmt
[INFO] [stdout]    1:     0x6389f36846ba - core[df12db4294e9bfd3]::fmt::write
[INFO] [stdout]    2:     0x6389f367344c - <alloc[2182bb758b4b3781]::vec::Vec<u8> as core[df12db4294e9bfd3]::io::write::Write>::write_fmt
[INFO] [stdout]    3:     0x6389f3649b86 - std[70759c8f55707aa4]::panicking::default_hook::{closure#0}
[INFO] [stdout]    4:     0x6389f3666799 - std[70759c8f55707aa4]::panicking::default_hook
[INFO] [stdout]    5:     0x6389f34bac30 - test[9d35eded1c95d3be]::test_main_inner::<test[9d35eded1c95d3be]::test_main_static::{closure#0}>::{closure#0}
[INFO] [stdout]    6:     0x6389f3666ac2 - std[70759c8f55707aa4]::panicking::panic_with_hook
[INFO] [stdout]    7:     0x6389f3649c64 - std[70759c8f55707aa4]::panicking::panic_handler::{closure#0}
[INFO] [stdout]    8:     0x6389f36428d9 - std[70759c8f55707aa4]::sys::backtrace::__rust_end_short_backtrace::<std[70759c8f55707aa4]::panicking::panic_handler::{closure#0}, !>
[INFO] [stdout]    9:     0x6389f364aa1d - __rustc[8fa7c3cbc660c2b3]::rust_begin_unwind
[INFO] [stdout]   10:     0x6389f3684e1c - core[df12db4294e9bfd3]::panicking::panic_fmt
[INFO] [stdout]   11:     0x6389f3684de2 - core[df12db4294e9bfd3]::panicking::panic
[INFO] [stdout]   12:     0x6389f3498639 - api_test[4cb2ce1568247c]::test::test_current_events::{closure#0}
[INFO] [stdout]   13:     0x6389f34a1353 - <tokio[b0ca26e470964a50]::runtime::scheduler::current_thread::Context>::enter::<core[df12db4294e9bfd3]::task::poll::Poll<()>, <tokio[b0ca26e470964a50]::runtime::scheduler::current_thread::CoreGuard>::block_on<core[df12db4294e9bfd3]::pin::Pin<&mut core[df12db4294e9bfd3]::pin::Pin<&mut dyn core[df12db4294e9bfd3]::future::future::Future<Output = ()>>>>::{closure#0}::{closure#0}>
[INFO] [stdout]   14:     0x6389f34a9589 - <std[70759c8f55707aa4]::thread::local::LocalKey<tokio[b0ca26e470964a50]::runtime::context::Context>>::with::<tokio[b0ca26e470964a50]::runtime::context::set_scheduler<(alloc[2182bb758b4b3781]::boxed::Box<tokio[b0ca26e470964a50]::runtime::scheduler::current_thread::Core>, core[df12db4294e9bfd3]::option::Option<()>), <tokio[b0ca26e470964a50]::runtime::scheduler::current_thread::CoreGuard>::enter<<tokio[b0ca26e470964a50]::runtime::scheduler::current_thread::CoreGuard>::block_on<core[df12db4294e9bfd3]::pin::Pin<&mut core[df12db4294e9bfd3]::pin::Pin<&mut dyn core[df12db4294e9bfd3]::future::future::Future<Output = ()>>>>::{closure#0}, core[df12db4294e9bfd3]::option::Option<()>>::{closure#0}>::{closure#0}, (alloc[2182bb758b4b3781]::boxed::Box<tokio[b0ca26e470964a50]::runtime::scheduler::current_thread::Core>, core[df12db4294e9bfd3]::option::Option<()>)>
[INFO] [stdout]   15:     0x6389f34a14d7 - <tokio[b0ca26e470964a50]::runtime::scheduler::current_thread::CoreGuard>::block_on::<core[df12db4294e9bfd3]::pin::Pin<&mut core[df12db4294e9bfd3]::pin::Pin<&mut dyn core[df12db4294e9bfd3]::future::future::Future<Output = ()>>>>
[INFO] [stdout]   16:     0x6389f34a39bb - tokio[b0ca26e470964a50]::runtime::context::runtime::enter_runtime::<<tokio[b0ca26e470964a50]::runtime::scheduler::current_thread::CurrentThread>::block_on<core[df12db4294e9bfd3]::pin::Pin<&mut dyn core[df12db4294e9bfd3]::future::future::Future<Output = ()>>>::{closure#0}, ()>
[INFO] [stdout]   17:     0x6389f34a65e5 - <tokio[b0ca26e470964a50]::runtime::runtime::Runtime>::block_on::<core[df12db4294e9bfd3]::pin::Pin<&mut dyn core[df12db4294e9bfd3]::future::future::Future<Output = ()>>>
[INFO] [stdout]   18:     0x6389f349deeb - api_test[4cb2ce1568247c]::test::test_current_events
[INFO] [stdout]   19:     0x6389f34a2bb9 - <api_test[4cb2ce1568247c]::test::test_current_events::{closure#0} as core[df12db4294e9bfd3]::ops::function::FnOnce<()>>::call_once
[INFO] [stdout]   20:     0x6389f34adf1b - test[9d35eded1c95d3be]::__rust_begin_short_backtrace::<core[df12db4294e9bfd3]::result::Result<(), alloc[2182bb758b4b3781]::string::String>, fn() -> core[df12db4294e9bfd3]::result::Result<(), alloc[2182bb758b4b3781]::string::String>>
[INFO] [stdout]   21:     0x6389f34bb585 - test[9d35eded1c95d3be]::run_test::{closure#0}
[INFO] [stdout]   22:     0x6389f34b4e44 - std[70759c8f55707aa4]::sys::backtrace::__rust_begin_short_backtrace::<test[9d35eded1c95d3be]::run_test::{closure#1}, ()>
[INFO] [stdout]   23:     0x6389f34be6e2 - <std[70759c8f55707aa4]::thread::lifecycle::spawn_unchecked<test[9d35eded1c95d3be]::run_test::{closure#1}, ()>::{closure#1} as core[df12db4294e9bfd3]::ops::function::FnOnce<()>>::call_once::{shim:vtable#0}
[INFO] [stdout]   24:     0x6389f366ddb9 - <std[70759c8f55707aa4]::sys::thread::unix::Thread>::new::thread_start
[INFO] [stdout]   25:     0x70ea7a113dfa - <unknown>
[INFO] [stdout]   26:     0x70ea7a1a73d4 - clone
[INFO] [stdout]   27:                0x0 - <unknown>
[INFO] [stdout] 
[INFO] [stdout] ---- test::test_shop stdout ----
[INFO] [stdout] 
[INFO] [stdout] thread 'test::test_shop' (556) panicked at tests/api_test.rs:120:9:
[INFO] [stdout] assertion failed: shop.is_ok()
[INFO] [stdout] stack backtrace:
[INFO] [stdout]    0:     0x6389f366e891 - <<std[70759c8f55707aa4]::sys::backtrace::BacktraceLock>::print::DisplayBacktrace as core[df12db4294e9bfd3]::fmt::Display>::fmt
[INFO] [stdout]    1:     0x6389f36846ba - core[df12db4294e9bfd3]::fmt::write
[INFO] [stdout]    2:     0x6389f367344c - <alloc[2182bb758b4b3781]::vec::Vec<u8> as core[df12db4294e9bfd3]::io::write::Write>::write_fmt
[INFO] [stdout]    3:     0x6389f3649b86 - std[70759c8f55707aa4]::panicking::default_hook::{closure#0}
[INFO] [stdout]    4:     0x6389f3666799 - std[70759c8f55707aa4]::panicking::default_hook
[INFO] [stdout]    5:     0x6389f34bac30 - test[9d35eded1c95d3be]::test_main_inner::<test[9d35eded1c95d3be]::test_main_static::{closure#0}>::{closure#0}
[INFO] [stdout]    6:     0x6389f3666ac2 - std[70759c8f55707aa4]::panicking::panic_with_hook
[INFO] [stdout]    7:     0x6389f3649c64 - std[70759c8f55707aa4]::panicking::panic_handler::{closure#0}
[INFO] [stdout]    8:     0x6389f36428d9 - std[70759c8f55707aa4]::sys::backtrace::__rust_end_short_backtrace::<std[70759c8f55707aa4]::panicking::panic_handler::{closure#0}, !>
[INFO] [stdout]    9:     0x6389f364aa1d - __rustc[8fa7c3cbc660c2b3]::rust_begin_unwind
[INFO] [stdout]   10:     0x6389f3684e1c - core[df12db4294e9bfd3]::panicking::panic_fmt
[INFO] [stdout]   11:     0x6389f3684de2 - core[df12db4294e9bfd3]::panicking::panic
[INFO] [stdout]   12:     0x6389f349c82e - api_test[4cb2ce1568247c]::test::test_shop::{closure#0}
[INFO] [stdout]   13:     0x6389f34a1353 - <tokio[b0ca26e470964a50]::runtime::scheduler::current_thread::Context>::enter::<core[df12db4294e9bfd3]::task::poll::Poll<()>, <tokio[b0ca26e470964a50]::runtime::scheduler::current_thread::CoreGuard>::block_on<core[df12db4294e9bfd3]::pin::Pin<&mut core[df12db4294e9bfd3]::pin::Pin<&mut dyn core[df12db4294e9bfd3]::future::future::Future<Output = ()>>>>::{closure#0}::{closure#0}>
[INFO] [stdout]   14:     0x6389f34a9589 - <std[70759c8f55707aa4]::thread::local::LocalKey<tokio[b0ca26e470964a50]::runtime::context::Context>>::with::<tokio[b0ca26e470964a50]::runtime::context::set_scheduler<(alloc[2182bb758b4b3781]::boxed::Box<tokio[b0ca26e470964a50]::runtime::scheduler::current_thread::Core>, core[df12db4294e9bfd3]::option::Option<()>), <tokio[b0ca26e470964a50]::runtime::scheduler::current_thread::CoreGuard>::enter<<tokio[b0ca26e470964a50]::runtime::scheduler::current_thread::CoreGuard>::block_on<core[df12db4294e9bfd3]::pin::Pin<&mut core[df12db4294e9bfd3]::pin::Pin<&mut dyn core[df12db4294e9bfd3]::future::future::Future<Output = ()>>>>::{closure#0}, core[df12db4294e9bfd3]::option::Option<()>>::{closure#0}>::{closure#0}, (alloc[2182bb758b4b3781]::boxed::Box<tokio[b0ca26e470964a50]::runtime::scheduler::current_thread::Core>, core[df12db4294e9bfd3]::option::Option<()>)>
[INFO] [stdout]   15:     0x6389f34a14d7 - <tokio[b0ca26e470964a50]::runtime::scheduler::current_thread::CoreGuard>::block_on::<core[df12db4294e9bfd3]::pin::Pin<&mut core[df12db4294e9bfd3]::pin::Pin<&mut dyn core[df12db4294e9bfd3]::future::future::Future<Output = ()>>>>
[INFO] [stdout]   16:     0x6389f34a39bb - tokio[b0ca26e470964a50]::runtime::context::runtime::enter_runtime::<<tokio[b0ca26e470964a50]::runtime::scheduler::current_thread::CurrentThread>::block_on<core[df12db4294e9bfd3]::pin::Pin<&mut dyn core[df12db4294e9bfd3]::future::future::Future<Output = ()>>>::{closure#0}, ()>
[INFO] [stdout]   17:     0x6389f34a65e5 - <tokio[b0ca26e470964a50]::runtime::runtime::Runtime>::block_on::<core[df12db4294e9bfd3]::pin::Pin<&mut dyn core[df12db4294e9bfd3]::future::future::Future<Output = ()>>>
[INFO] [stdout]   18:     0x6389f349e9cb - api_test[4cb2ce1568247c]::test::test_shop
[INFO] [stdout]   19:     0x6389f34a2c99 - <api_test[4cb2ce1568247c]::test::test_shop::{closure#0} as core[df12db4294e9bfd3]::ops::function::FnOnce<()>>::call_once
[INFO] [stdout]   20:     0x6389f34adf1b - test[9d35eded1c95d3be]::__rust_begin_short_backtrace::<core[df12db4294e9bfd3]::result::Result<(), alloc[2182bb758b4b3781]::string::String>, fn() -> core[df12db4294e9bfd3]::result::Result<(), alloc[2182bb758b4b3781]::string::String>>
[INFO] [stdout]   21:     0x6389f34bb585 - test[9d35eded1c95d3be]::run_test::{closure#0}
[INFO] [stdout]   22:     0x6389f34b4e44 - std[70759c8f55707aa4]::sys::backtrace::__rust_begin_short_backtrace::<test[9d35eded1c95d3be]::run_test::{closure#1}, ()>
[INFO] [stdout]   23:     0x6389f34be6e2 - <std[70759c8f55707aa4]::thread::lifecycle::spawn_unchecked<test[9d35eded1c95d3be]::run_test::{closure#1}, ()>::{closure#1} as core[df12db4294e9bfd3]::ops::function::FnOnce<()>>::call_once::{shim:vtable#0}
[INFO] [stdout]   24:     0x6389f366ddb9 - <std[70759c8f55707aa4]::sys::thread::unix::Thread>::new::thread_start
[INFO] [stdout]   25:     0x70ea7a113dfa - <unknown>
[INFO] [stdout]   26:     0x70ea7a1a73d4 - clone
[INFO] [stdout]   27:                0x0 - <unknown>
[INFO] [stdout] 
[INFO] [stdout] ---- test::test_app_settings stdout ----
[INFO] [stdout] 
[INFO] [stdout] thread 'test::test_app_settings' (543) panicked at tests/api_test.rs:91:9:
[INFO] [stdout] assertion failed: settings.is_ok()
[INFO] [stdout] stack backtrace:
[INFO] [stdout]    0:     0x6389f366e891 - <<std[70759c8f55707aa4]::sys::backtrace::BacktraceLock>::print::DisplayBacktrace as core[df12db4294e9bfd3]::fmt::Display>::fmt
[INFO] [stdout]    1:     0x6389f36846ba - core[df12db4294e9bfd3]::fmt::write
[INFO] [stdout]    2:     0x6389f367344c - <alloc[2182bb758b4b3781]::vec::Vec<u8> as core[df12db4294e9bfd3]::io::write::Write>::write_fmt
[INFO] [stdout]    3:     0x6389f3649b86 - std[70759c8f55707aa4]::panicking::default_hook::{closure#0}
[INFO] [stdout]    4:     0x6389f3666799 - std[70759c8f55707aa4]::panicking::default_hook
[INFO] [stdout]    5:     0x6389f34bac30 - test[9d35eded1c95d3be]::test_main_inner::<test[9d35eded1c95d3be]::test_main_static::{closure#0}>::{closure#0}
[INFO] [stdout]    6:     0x6389f3666ac2 - std[70759c8f55707aa4]::panicking::panic_with_hook
[INFO] [stdout]    7:     0x6389f3649c64 - std[70759c8f55707aa4]::panicking::panic_handler::{closure#0}
[INFO] [stdout]    8:     0x6389f36428d9 - std[70759c8f55707aa4]::sys::backtrace::__rust_end_short_backtrace::<std[70759c8f55707aa4]::panicking::panic_handler::{closure#0}, !>
[INFO] [stdout]    9:     0x6389f364aa1d - __rustc[8fa7c3cbc660c2b3]::rust_begin_unwind
[INFO] [stdout]   10:     0x6389f3684e1c - core[df12db4294e9bfd3]::panicking::panic_fmt
[INFO] [stdout]   11:     0x6389f3684de2 - core[df12db4294e9bfd3]::panicking::panic
[INFO] [stdout]   12:     0x6389f3496771 - api_test[4cb2ce1568247c]::test::test_app_settings::{closure#0}
[INFO] [stdout]   13:     0x6389f34a1353 - <tokio[b0ca26e470964a50]::runtime::scheduler::current_thread::Context>::enter::<core[df12db4294e9bfd3]::task::poll::Poll<()>, <tokio[b0ca26e470964a50]::runtime::scheduler::current_thread::CoreGuard>::block_on<core[df12db4294e9bfd3]::pin::Pin<&mut core[df12db4294e9bfd3]::pin::Pin<&mut dyn core[df12db4294e9bfd3]::future::future::Future<Output = ()>>>>::{closure#0}::{closure#0}>
[INFO] [stdout]   14:     0x6389f34a9589 - <std[70759c8f55707aa4]::thread::local::LocalKey<tokio[b0ca26e470964a50]::runtime::context::Context>>::with::<tokio[b0ca26e470964a50]::runtime::context::set_scheduler<(alloc[2182bb758b4b3781]::boxed::Box<tokio[b0ca26e470964a50]::runtime::scheduler::current_thread::Core>, core[df12db4294e9bfd3]::option::Option<()>), <tokio[b0ca26e470964a50]::runtime::scheduler::current_thread::CoreGuard>::enter<<tokio[b0ca26e470964a50]::runtime::scheduler::current_thread::CoreGuard>::block_on<core[df12db4294e9bfd3]::pin::Pin<&mut core[df12db4294e9bfd3]::pin::Pin<&mut dyn core[df12db4294e9bfd3]::future::future::Future<Output = ()>>>>::{closure#0}, core[df12db4294e9bfd3]::option::Option<()>>::{closure#0}>::{closure#0}, (alloc[2182bb758b4b3781]::boxed::Box<tokio[b0ca26e470964a50]::runtime::scheduler::current_thread::Core>, core[df12db4294e9bfd3]::option::Option<()>)>
[INFO] [stdout]   15:     0x6389f34a14d7 - <tokio[b0ca26e470964a50]::runtime::scheduler::current_thread::CoreGuard>::block_on::<core[df12db4294e9bfd3]::pin::Pin<&mut core[df12db4294e9bfd3]::pin::Pin<&mut dyn core[df12db4294e9bfd3]::future::future::Future<Output = ()>>>>
[INFO] [stdout]   16:     0x6389f34a39bb - tokio[b0ca26e470964a50]::runtime::context::runtime::enter_runtime::<<tokio[b0ca26e470964a50]::runtime::scheduler::current_thread::CurrentThread>::block_on<core[df12db4294e9bfd3]::pin::Pin<&mut dyn core[df12db4294e9bfd3]::future::future::Future<Output = ()>>>::{closure#0}, ()>
[INFO] [stdout]   17:     0x6389f34a65e5 - <tokio[b0ca26e470964a50]::runtime::runtime::Runtime>::block_on::<core[df12db4294e9bfd3]::pin::Pin<&mut dyn core[df12db4294e9bfd3]::future::future::Future<Output = ()>>>
[INFO] [stdout]   18:     0x6389f349d8ab - api_test[4cb2ce1568247c]::test::test_app_settings
[INFO] [stdout]   19:     0x6389f34a2b39 - <api_test[4cb2ce1568247c]::test::test_app_settings::{closure#0} as core[df12db4294e9bfd3]::ops::function::FnOnce<()>>::call_once
[INFO] [stdout]   20:     0x6389f34adf1b - test[9d35eded1c95d3be]::__rust_begin_short_backtrace::<core[df12db4294e9bfd3]::result::Result<(), alloc[2182bb758b4b3781]::string::String>, fn() -> core[df12db4294e9bfd3]::result::Result<(), alloc[2182bb758b4b3781]::string::String>>
[INFO] [stdout]   21:     0x6389f34bb585 - test[9d35eded1c95d3be]::run_test::{closure#0}
[INFO] [stdout]   22:     0x6389f34b4e44 - std[70759c8f55707aa4]::sys::backtrace::__rust_begin_short_backtrace::<test[9d35eded1c95d3be]::run_test::{closure#1}, ()>
[INFO] [stdout]   23:     0x6389f34be6e2 - <std[70759c8f55707aa4]::thread::lifecycle::spawn_unchecked<test[9d35eded1c95d3be]::run_test::{closure#1}, ()>::{closure#1} as core[df12db4294e9bfd3]::ops::function::FnOnce<()>>::call_once::{shim:vtable#0}
[INFO] [stdout]   24:     0x6389f366ddb9 - <std[70759c8f55707aa4]::sys::thread::unix::Thread>::new::thread_start
[INFO] [stdout]   25:     0x70ea7a113dfa - <unknown>
[INFO] [stdout]   26:     0x70ea7a1a73d4 - clone
[INFO] [stdout]   27:                0x0 - <unknown>
[INFO] [stdout] 
[INFO] [stdout] ---- test::test_jackpot stdout ----
[INFO] [stdout] 
[INFO] [stdout] thread 'test::test_jackpot' (550) panicked at tests/api_test.rs:113:9:
[INFO] [stdout] assertion failed: jackpot.is_ok()
[INFO] [stdout] stack backtrace:
[INFO] [stdout]    0:     0x6389f366e891 - <<std[70759c8f55707aa4]::sys::backtrace::BacktraceLock>::print::DisplayBacktrace as core[df12db4294e9bfd3]::fmt::Display>::fmt
[INFO] [stdout]    1:     0x6389f36846ba - core[df12db4294e9bfd3]::fmt::write
[INFO] [stdout]    2:     0x6389f367344c - <alloc[2182bb758b4b3781]::vec::Vec<u8> as core[df12db4294e9bfd3]::io::write::Write>::write_fmt
[INFO] [stdout]    3:     0x6389f3649b86 - std[70759c8f55707aa4]::panicking::default_hook::{closure#0}
[INFO] [stdout]    4:     0x6389f3666799 - std[70759c8f55707aa4]::panicking::default_hook
[INFO] [stdout]    5:     0x6389f34bac30 - test[9d35eded1c95d3be]::test_main_inner::<test[9d35eded1c95d3be]::test_main_static::{closure#0}>::{closure#0}
[INFO] [stdout]    6:     0x6389f3666ac2 - std[70759c8f55707aa4]::panicking::panic_with_hook
[INFO] [stdout]    7:     0x6389f3649c64 - std[70759c8f55707aa4]::panicking::panic_handler::{closure#0}
[INFO] [stdout]    8:     0x6389f36428d9 - std[70759c8f55707aa4]::sys::backtrace::__rust_end_short_backtrace::<std[70759c8f55707aa4]::panicking::panic_handler::{closure#0}, !>
[INFO] [stdout]    9:     0x6389f364aa1d - __rustc[8fa7c3cbc660c2b3]::rust_begin_unwind
[INFO] [stdout]   10:     0x6389f3684e1c - core[df12db4294e9bfd3]::panicking::panic_fmt
[INFO] [stdout]   11:     0x6389f3684de2 - core[df12db4294e9bfd3]::panicking::panic
[INFO] [stdout]   12:     0x6389f3493806 - api_test[4cb2ce1568247c]::test::test_jackpot::{closure#0}
[INFO] [stdout]   13:     0x6389f34a1353 - <tokio[b0ca26e470964a50]::runtime::scheduler::current_thread::Context>::enter::<core[df12db4294e9bfd3]::task::poll::Poll<()>, <tokio[b0ca26e470964a50]::runtime::scheduler::current_thread::CoreGuard>::block_on<core[df12db4294e9bfd3]::pin::Pin<&mut core[df12db4294e9bfd3]::pin::Pin<&mut dyn core[df12db4294e9bfd3]::future::future::Future<Output = ()>>>>::{closure#0}::{closure#0}>
[INFO] [stdout]   14:     0x6389f34a9589 - <std[70759c8f55707aa4]::thread::local::LocalKey<tokio[b0ca26e470964a50]::runtime::context::Context>>::with::<tokio[b0ca26e470964a50]::runtime::context::set_scheduler<(alloc[2182bb758b4b3781]::boxed::Box<tokio[b0ca26e470964a50]::runtime::scheduler::current_thread::Core>, core[df12db4294e9bfd3]::option::Option<()>), <tokio[b0ca26e470964a50]::runtime::scheduler::current_thread::CoreGuard>::enter<<tokio[b0ca26e470964a50]::runtime::scheduler::current_thread::CoreGuard>::block_on<core[df12db4294e9bfd3]::pin::Pin<&mut core[df12db4294e9bfd3]::pin::Pin<&mut dyn core[df12db4294e9bfd3]::future::future::Future<Output = ()>>>>::{closure#0}, core[df12db4294e9bfd3]::option::Option<()>>::{closure#0}>::{closure#0}, (alloc[2182bb758b4b3781]::boxed::Box<tokio[b0ca26e470964a50]::runtime::scheduler::current_thread::Core>, core[df12db4294e9bfd3]::option::Option<()>)>
[INFO] [stdout]   15:     0x6389f34a14d7 - <tokio[b0ca26e470964a50]::runtime::scheduler::current_thread::CoreGuard>::block_on::<core[df12db4294e9bfd3]::pin::Pin<&mut core[df12db4294e9bfd3]::pin::Pin<&mut dyn core[df12db4294e9bfd3]::future::future::Future<Output = ()>>>>
[INFO] [stdout]   16:     0x6389f34a39bb - tokio[b0ca26e470964a50]::runtime::context::runtime::enter_runtime::<<tokio[b0ca26e470964a50]::runtime::scheduler::current_thread::CurrentThread>::block_on<core[df12db4294e9bfd3]::pin::Pin<&mut dyn core[df12db4294e9bfd3]::future::future::Future<Output = ()>>>::{closure#0}, ()>
[INFO] [stdout]   17:     0x6389f34a65e5 - <tokio[b0ca26e470964a50]::runtime::runtime::Runtime>::block_on::<core[df12db4294e9bfd3]::pin::Pin<&mut dyn core[df12db4294e9bfd3]::future::future::Future<Output = ()>>>
[INFO] [stdout]   18:     0x6389f349d0bb - api_test[4cb2ce1568247c]::test::test_jackpot
[INFO] [stdout]   19:     0x6389f34a2a99 - <api_test[4cb2ce1568247c]::test::test_jackpot::{closure#0} as core[df12db4294e9bfd3]::ops::function::FnOnce<()>>::call_once
[INFO] [stdout]   20:     0x6389f34adf1b - test[9d35eded1c95d3be]::__rust_begin_short_backtrace::<core[df12db4294e9bfd3]::result::Result<(), alloc[2182bb758b4b3781]::string::String>, fn() -> core[df12db4294e9bfd3]::result::Result<(), alloc[2182bb758b4b3781]::string::String>>
[INFO] [stdout]   21:     0x6389f34bb585 - test[9d35eded1c95d3be]::run_test::{closure#0}
[INFO] [stdout]   22:     0x6389f34b4e44 - std[70759c8f55707aa4]::sys::backtrace::__rust_begin_short_backtrace::<test[9d35eded1c95d3be]::run_test::{closure#1}, ()>
[INFO] [stdout]   23:     0x6389f34be6e2 - <std[70759c8f55707aa4]::thread::lifecycle::spawn_unchecked<test[9d35eded1c95d3be]::run_test::{closure#1}, ()>::{closure#1} as core[df12db4294e9bfd3]::ops::function::FnOnce<()>>::call_once::{shim:vtable#0}
[INFO] [stdout]   24:     0x6389f366ddb9 - <std[70759c8f55707aa4]::sys::thread::unix::Thread>::new::thread_start
[INFO] [stdout]   25:     0x70ea7a113dfa - <unknown>
[INFO] [stdout]   26:     0x70ea7a1a73d4 - clone
[INFO] [stdout]   27:                0x0 - <unknown>
[INFO] [stdout] 
[INFO] [stdout] ---- test::test_post stdout ----
[INFO] [stdout] 
[INFO] [stdout] thread 'test::test_post' (552) panicked at tests/api_test.rs:106:9:
[INFO] [stdout] assertion failed: post.is_ok()
[INFO] [stdout] stack backtrace:
[INFO] [stdout]    0:     0x6389f366e891 - <<std[70759c8f55707aa4]::sys::backtrace::BacktraceLock>::print::DisplayBacktrace as core[df12db4294e9bfd3]::fmt::Display>::fmt
[INFO] [stdout]    1:     0x6389f36846ba - core[df12db4294e9bfd3]::fmt::write
[INFO] [stdout]    2:     0x6389f367344c - <alloc[2182bb758b4b3781]::vec::Vec<u8> as core[df12db4294e9bfd3]::io::write::Write>::write_fmt
[INFO] [stdout]    3:     0x6389f3649b86 - std[70759c8f55707aa4]::panicking::default_hook::{closure#0}
[INFO] [stdout]    4:     0x6389f3666799 - std[70759c8f55707aa4]::panicking::default_hook
[INFO] [stdout]    5:     0x6389f34bac30 - test[9d35eded1c95d3be]::test_main_inner::<test[9d35eded1c95d3be]::test_main_static::{closure#0}>::{closure#0}
[INFO] [stdout]    6:     0x6389f3666ac2 - std[70759c8f55707aa4]::panicking::panic_with_hook
[INFO] [stdout]    7:     0x6389f3649c64 - std[70759c8f55707aa4]::panicking::panic_handler::{closure#0}
[INFO] [stdout]    8:     0x6389f36428d9 - std[70759c8f55707aa4]::sys::backtrace::__rust_end_short_backtrace::<std[70759c8f55707aa4]::panicking::panic_handler::{closure#0}, !>
[INFO] [stdout]    9:     0x6389f364aa1d - __rustc[8fa7c3cbc660c2b3]::rust_begin_unwind
[INFO] [stdout]   10:     0x6389f3684e1c - core[df12db4294e9bfd3]::panicking::panic_fmt
[INFO] [stdout]   11:     0x6389f3684de2 - core[df12db4294e9bfd3]::panicking::panic
[INFO] [stdout]   12:     0x6389f349bd69 - api_test[4cb2ce1568247c]::test::test_post::{closure#0}
[INFO] [stdout]   13:     0x6389f34a1353 - <tokio[b0ca26e470964a50]::runtime::scheduler::current_thread::Context>::enter::<core[df12db4294e9bfd3]::task::poll::Poll<()>, <tokio[b0ca26e470964a50]::runtime::scheduler::current_thread::CoreGuard>::block_on<core[df12db4294e9bfd3]::pin::Pin<&mut core[df12db4294e9bfd3]::pin::Pin<&mut dyn core[df12db4294e9bfd3]::future::future::Future<Output = ()>>>>::{closure#0}::{closure#0}>
[INFO] [stdout]   14:     0x6389f34a9589 - <std[70759c8f55707aa4]::thread::local::LocalKey<tokio[b0ca26e470964a50]::runtime::context::Context>>::with::<tokio[b0ca26e470964a50]::runtime::context::set_scheduler<(alloc[2182bb758b4b3781]::boxed::Box<tokio[b0ca26e470964a50]::runtime::scheduler::current_thread::Core>, core[df12db4294e9bfd3]::option::Option<()>), <tokio[b0ca26e470964a50]::runtime::scheduler::current_thread::CoreGuard>::enter<<tokio[b0ca26e470964a50]::runtime::scheduler::current_thread::CoreGuard>::block_on<core[df12db4294e9bfd3]::pin::Pin<&mut core[df12db4294e9bfd3]::pin::Pin<&mut dyn core[df12db4294e9bfd3]::future::future::Future<Output = ()>>>>::{closure#0}, core[df12db4294e9bfd3]::option::Option<()>>::{closure#0}>::{closure#0}, (alloc[2182bb758b4b3781]::boxed::Box<tokio[b0ca26e470964a50]::runtime::scheduler::current_thread::Core>, core[df12db4294e9bfd3]::option::Option<()>)>
[INFO] [stdout]   15:     0x6389f34a14d7 - <tokio[b0ca26e470964a50]::runtime::scheduler::current_thread::CoreGuard>::block_on::<core[df12db4294e9bfd3]::pin::Pin<&mut core[df12db4294e9bfd3]::pin::Pin<&mut dyn core[df12db4294e9bfd3]::future::future::Future<Output = ()>>>>
[INFO] [stdout]   16:     0x6389f34a39bb - tokio[b0ca26e470964a50]::runtime::context::runtime::enter_runtime::<<tokio[b0ca26e470964a50]::runtime::scheduler::current_thread::CurrentThread>::block_on<core[df12db4294e9bfd3]::pin::Pin<&mut dyn core[df12db4294e9bfd3]::future::future::Future<Output = ()>>>::{closure#0}, ()>
[INFO] [stdout]   17:     0x6389f34a65e5 - <tokio[b0ca26e470964a50]::runtime::runtime::Runtime>::block_on::<core[df12db4294e9bfd3]::pin::Pin<&mut dyn core[df12db4294e9bfd3]::future::future::Future<Output = ()>>>
[INFO] [stdout]   18:     0x6389f349e81b - api_test[4cb2ce1568247c]::test::test_post
[INFO] [stdout]   19:     0x6389f34a2c79 - <api_test[4cb2ce1568247c]::test::test_post::{closure#0} as core[df12db4294e9bfd3]::ops::function::FnOnce<()>>::call_once
[INFO] [stdout]   20:     0x6389f34adf1b - test[9d35eded1c95d3be]::__rust_begin_short_backtrace::<core[df12db4294e9bfd3]::result::Result<(), alloc[2182bb758b4b3781]::string::String>, fn() -> core[df12db4294e9bfd3]::result::Result<(), alloc[2182bb758b4b3781]::string::String>>
[INFO] [stdout]   21:     0x6389f34bb585 - test[9d35eded1c95d3be]::run_test::{closure#0}
[INFO] [stdout]   22:     0x6389f34b4e44 - std[70759c8f55707aa4]::sys::backtrace::__rust_begin_short_backtrace::<test[9d35eded1c95d3be]::run_test::{closure#1}, ()>
[INFO] [stdout]   23:     0x6389f34be6e2 - <std[70759c8f55707aa4]::thread::lifecycle::spawn_unchecked<test[9d35eded1c95d3be]::run_test::{closure#1}, ()>::{closure#1} as core[df12db4294e9bfd3]::ops::function::FnOnce<()>>::call_once::{shim:vtable#0}
[INFO] [stdout]   24:     0x6389f366ddb9 - <std[70759c8f55707aa4]::sys::thread::unix::Thread>::new::thread_start
[INFO] [stdout]   25:     0x70ea7a113dfa - <unknown>
[INFO] [stdout]   26:     0x70ea7a1a73d4 - clone
[INFO] [stdout]   27:                0x0 - <unknown>
[INFO] [stdout] 
[INFO] [stdout] ---- test::test_recycle_config stdout ----
[INFO] [stdout] 
[INFO] [stdout] thread 'test::test_recycle_config' (554) panicked at tests/api_test.rs:165:9:
[INFO] [stdout] assertion failed: config.is_ok()
[INFO] [stdout] stack backtrace:
[INFO] [stdout]    0:     0x6389f366e891 - <<std[70759c8f55707aa4]::sys::backtrace::BacktraceLock>::print::DisplayBacktrace as core[df12db4294e9bfd3]::fmt::Display>::fmt
[INFO] [stdout]    1:     0x6389f36846ba - core[df12db4294e9bfd3]::fmt::write
[INFO] [stdout]    2:     0x6389f367344c - <alloc[2182bb758b4b3781]::vec::Vec<u8> as core[df12db4294e9bfd3]::io::write::Write>::write_fmt
[INFO] [stdout]    3:     0x6389f3649b86 - std[70759c8f55707aa4]::panicking::default_hook::{closure#0}
[INFO] [stdout]    4:     0x6389f3666799 - std[70759c8f55707aa4]::panicking::default_hook
[INFO] [stdout]    5:     0x6389f34bac30 - test[9d35eded1c95d3be]::test_main_inner::<test[9d35eded1c95d3be]::test_main_static::{closure#0}>::{closure#0}
[INFO] [stdout]    6:     0x6389f3666ac2 - std[70759c8f55707aa4]::panicking::panic_with_hook
[INFO] [stdout]    7:     0x6389f3649c64 - std[70759c8f55707aa4]::panicking::panic_handler::{closure#0}
[INFO] [stdout]    8:     0x6389f36428d9 - std[70759c8f55707aa4]::sys::backtrace::__rust_end_short_backtrace::<std[70759c8f55707aa4]::panicking::panic_handler::{closure#0}, !>
[INFO] [stdout]    9:     0x6389f364aa1d - __rustc[8fa7c3cbc660c2b3]::rust_begin_unwind
[INFO] [stdout]   10:     0x6389f3684e1c - core[df12db4294e9bfd3]::panicking::panic_fmt
[INFO] [stdout]   11:     0x6389f3684de2 - core[df12db4294e9bfd3]::panicking::panic
[INFO] [stdout]   12:     0x6389f3498eef - api_test[4cb2ce1568247c]::test::test_recycle_config::{closure#0}
[INFO] [stdout]   13:     0x6389f34a1353 - <tokio[b0ca26e470964a50]::runtime::scheduler::current_thread::Context>::enter::<core[df12db4294e9bfd3]::task::poll::Poll<()>, <tokio[b0ca26e470964a50]::runtime::scheduler::current_thread::CoreGuard>::block_on<core[df12db4294e9bfd3]::pin::Pin<&mut core[df12db4294e9bfd3]::pin::Pin<&mut dyn core[df12db4294e9bfd3]::future::future::Future<Output = ()>>>>::{closure#0}::{closure#0}>
[INFO] [stdout]   14:     0x6389f34a9589 - <std[70759c8f55707aa4]::thread::local::LocalKey<tokio[b0ca26e470964a50]::runtime::context::Context>>::with::<tokio[b0ca26e470964a50]::runtime::context::set_scheduler<(alloc[2182bb758b4b3781]::boxed::Box<tokio[b0ca26e470964a50]::runtime::scheduler::current_thread::Core>, core[df12db4294e9bfd3]::option::Option<()>), <tokio[b0ca26e470964a50]::runtime::scheduler::current_thread::CoreGuard>::enter<<tokio[b0ca26e470964a50]::runtime::scheduler::current_thread::CoreGuard>::block_on<core[df12db4294e9bfd3]::pin::Pin<&mut core[df12db4294e9bfd3]::pin::Pin<&mut dyn core[df12db4294e9bfd3]::future::future::Future<Output = ()>>>>::{closure#0}, core[df12db4294e9bfd3]::option::Option<()>>::{closure#0}>::{closure#0}, (alloc[2182bb758b4b3781]::boxed::Box<tokio[b0ca26e470964a50]::runtime::scheduler::current_thread::Core>, core[df12db4294e9bfd3]::option::Option<()>)>
[INFO] [stdout]   15:     0x6389f34a14d7 - <tokio[b0ca26e470964a50]::runtime::scheduler::current_thread::CoreGuard>::block_on::<core[df12db4294e9bfd3]::pin::Pin<&mut core[df12db4294e9bfd3]::pin::Pin<&mut dyn core[df12db4294e9bfd3]::future::future::Future<Output = ()>>>>
[INFO] [stdout]   16:     0x6389f34a39bb - tokio[b0ca26e470964a50]::runtime::context::runtime::enter_runtime::<<tokio[b0ca26e470964a50]::runtime::scheduler::current_thread::CurrentThread>::block_on<core[df12db4294e9bfd3]::pin::Pin<&mut dyn core[df12db4294e9bfd3]::future::future::Future<Output = ()>>>::{closure#0}, ()>
[INFO] [stdout]   17:     0x6389f34a65e5 - <tokio[b0ca26e470964a50]::runtime::runtime::Runtime>::block_on::<core[df12db4294e9bfd3]::pin::Pin<&mut dyn core[df12db4294e9bfd3]::future::future::Future<Output = ()>>>
[INFO] [stdout]   18:     0x6389f349e05b - api_test[4cb2ce1568247c]::test::test_recycle_config
[INFO] [stdout]   19:     0x6389f34a2bd9 - <api_test[4cb2ce1568247c]::test::test_recycle_config::{closure#0} as core[df12db4294e9bfd3]::ops::function::FnOnce<()>>::call_once
[INFO] [stdout]   20:     0x6389f34adf1b - test[9d35eded1c95d3be]::__rust_begin_short_backtrace::<core[df12db4294e9bfd3]::result::Result<(), alloc[2182bb758b4b3781]::string::String>, fn() -> core[df12db4294e9bfd3]::result::Result<(), alloc[2182bb758b4b3781]::string::String>>
[INFO] [stdout]   21:     0x6389f34bb585 - test[9d35eded1c95d3be]::run_test::{closure#0}
[INFO] [stdout]   22:     0x6389f34b4e44 - std[70759c8f55707aa4]::sys::backtrace::__rust_begin_short_backtrace::<test[9d35eded1c95d3be]::run_test::{closure#1}, ()>
[INFO] [stdout]   23:     0x6389f34be6e2 - <std[70759c8f55707aa4]::thread::lifecycle::spawn_unchecked<test[9d35eded1c95d3be]::run_test::{closure#1}, ()>::{closure#1} as core[df12db4294e9bfd3]::ops::function::FnOnce<()>>::call_once::{shim:vtable#0}
[INFO] [stdout]   24:     0x6389f366ddb9 - <std[70759c8f55707aa4]::sys::thread::unix::Thread>::new::thread_start
[INFO] [stdout]   25:     0x70ea7a113dfa - <unknown>
[INFO] [stdout]   26:     0x70ea7a1a73d4 - clone
[INFO] [stdout]   27:                0x0 - <unknown>
[INFO] [stdout] 
[INFO] [stdout] ---- test::test_posts stdout ----
[INFO] [stdout] 
[INFO] [stdout] thread 'test::test_posts' (553) panicked at tests/api_test.rs:98:9:
[INFO] [stdout] assertion failed: posts.is_ok()
[INFO] [stdout] stack backtrace:
[INFO] [stdout]    0:     0x6389f366e891 - <<std[70759c8f55707aa4]::sys::backtrace::BacktraceLock>::print::DisplayBacktrace as core[df12db4294e9bfd3]::fmt::Display>::fmt
[INFO] [stdout]    1:     0x6389f36846ba - core[df12db4294e9bfd3]::fmt::write
[INFO] [stdout]    2:     0x6389f367344c - <alloc[2182bb758b4b3781]::vec::Vec<u8> as core[df12db4294e9bfd3]::io::write::Write>::write_fmt
[INFO] [stdout]    3:     0x6389f3649b86 - std[70759c8f55707aa4]::panicking::default_hook::{closure#0}
[INFO] [stdout]    4:     0x6389f3666799 - std[70759c8f55707aa4]::panicking::default_hook
[INFO] [stdout]    5:     0x6389f34bac30 - test[9d35eded1c95d3be]::test_main_inner::<test[9d35eded1c95d3be]::test_main_static::{closure#0}>::{closure#0}
[INFO] [stdout]    6:     0x6389f3666ac2 - std[70759c8f55707aa4]::panicking::panic_with_hook
[INFO] [stdout]    7:     0x6389f3649c64 - std[70759c8f55707aa4]::panicking::panic_handler::{closure#0}
[INFO] [stdout]    8:     0x6389f36428d9 - std[70759c8f55707aa4]::sys::backtrace::__rust_end_short_backtrace::<std[70759c8f55707aa4]::panicking::panic_handler::{closure#0}, !>
[INFO] [stdout]    9:     0x6389f364aa1d - __rustc[8fa7c3cbc660c2b3]::rust_begin_unwind
[INFO] [stdout]   10:     0x6389f3684e1c - core[df12db4294e9bfd3]::panicking::panic_fmt
[INFO] [stdout]   11:     0x6389f3684de2 - core[df12db4294e9bfd3]::panicking::panic
[INFO] [stdout]   12:     0x6389f3492698 - api_test[4cb2ce1568247c]::test::test_posts::{closure#0}
[INFO] [stdout]   13:     0x6389f34a1353 - <tokio[b0ca26e470964a50]::runtime::scheduler::current_thread::Context>::enter::<core[df12db4294e9bfd3]::task::poll::Poll<()>, <tokio[b0ca26e470964a50]::runtime::scheduler::current_thread::CoreGuard>::block_on<core[df12db4294e9bfd3]::pin::Pin<&mut core[df12db4294e9bfd3]::pin::Pin<&mut dyn core[df12db4294e9bfd3]::future::future::Future<Output = ()>>>>::{closure#0}::{closure#0}>
[INFO] [stdout]   14:     0x6389f34a9589 - <std[70759c8f55707aa4]::thread::local::LocalKey<tokio[b0ca26e470964a50]::runtime::context::Context>>::with::<tokio[b0ca26e470964a50]::runtime::context::set_scheduler<(alloc[2182bb758b4b3781]::boxed::Box<tokio[b0ca26e470964a50]::runtime::scheduler::current_thread::Core>, core[df12db4294e9bfd3]::option::Option<()>), <tokio[b0ca26e470964a50]::runtime::scheduler::current_thread::CoreGuard>::enter<<tokio[b0ca26e470964a50]::runtime::scheduler::current_thread::CoreGuard>::block_on<core[df12db4294e9bfd3]::pin::Pin<&mut core[df12db4294e9bfd3]::pin::Pin<&mut dyn core[df12db4294e9bfd3]::future::future::Future<Output = ()>>>>::{closure#0}, core[df12db4294e9bfd3]::option::Option<()>>::{closure#0}>::{closure#0}, (alloc[2182bb758b4b3781]::boxed::Box<tokio[b0ca26e470964a50]::runtime::scheduler::current_thread::Core>, core[df12db4294e9bfd3]::option::Option<()>)>
[INFO] [stdout]   15:     0x6389f34a14d7 - <tokio[b0ca26e470964a50]::runtime::scheduler::current_thread::CoreGuard>::block_on::<core[df12db4294e9bfd3]::pin::Pin<&mut core[df12db4294e9bfd3]::pin::Pin<&mut dyn core[df12db4294e9bfd3]::future::future::Future<Output = ()>>>>
[INFO] [stdout]   16:     0x6389f34a39bb - tokio[b0ca26e470964a50]::runtime::context::runtime::enter_runtime::<<tokio[b0ca26e470964a50]::runtime::scheduler::current_thread::CurrentThread>::block_on<core[df12db4294e9bfd3]::pin::Pin<&mut dyn core[df12db4294e9bfd3]::future::future::Future<Output = ()>>>::{closure#0}, ()>
[INFO] [stdout]   17:     0x6389f34a65e5 - <tokio[b0ca26e470964a50]::runtime::runtime::Runtime>::block_on::<core[df12db4294e9bfd3]::pin::Pin<&mut dyn core[df12db4294e9bfd3]::future::future::Future<Output = ()>>>
[INFO] [stdout]   18:     0x6389f349cddb - api_test[4cb2ce1568247c]::test::test_posts
[INFO] [stdout]   19:     0x6389f34a2a59 - <api_test[4cb2ce1568247c]::test::test_posts::{closure#0} as core[df12db4294e9bfd3]::ops::function::FnOnce<()>>::call_once
[INFO] [stdout]   20:     0x6389f34adf1b - test[9d35eded1c95d3be]::__rust_begin_short_backtrace::<core[df12db4294e9bfd3]::result::Result<(), alloc[2182bb758b4b3781]::string::String>, fn() -> core[df12db4294e9bfd3]::result::Result<(), alloc[2182bb758b4b3781]::string::String>>
[INFO] [stdout]   21:     0x6389f34bb585 - test[9d35eded1c95d3be]::run_test::{closure#0}
[INFO] [stdout]   22:     0x6389f34b4e44 - std[70759c8f55707aa4]::sys::backtrace::__rust_begin_short_backtrace::<test[9d35eded1c95d3be]::run_test::{closure#1}, ()>
[INFO] [stdout]   23:     0x6389f34be6e2 - <std[70759c8f55707aa4]::thread::lifecycle::spawn_unchecked<test[9d35eded1c95d3be]::run_test::{closure#1}, ()>::{closure#1} as core[df12db4294e9bfd3]::ops::function::FnOnce<()>>::call_once::{shim:vtable#0}
[INFO] [stdout]   24:     0x6389f366ddb9 - <std[70759c8f55707aa4]::sys::thread::unix::Thread>::new::thread_start
[INFO] [stdout]   25:     0x70ea7a113dfa - <unknown>
[INFO] [stdout]   26:     0x70ea7a1a73d4 - clone
[INFO] [stdout]   27:                0x0 - <unknown>
[INFO] [stdout] 
[INFO] [stdout] ---- test::test_fusion stdout ----
[INFO] [stdout] 
[INFO] [stdout] thread 'test::test_fusion' (546) panicked at tests/api_test.rs:50:9:
[INFO] [stdout] assertion failed: fusions.is_ok()
[INFO] [stdout] stack backtrace:
[INFO] [stdout]    0:     0x6389f366e891 - <<std[70759c8f55707aa4]::sys::backtrace::BacktraceLock>::print::DisplayBacktrace as core[df12db4294e9bfd3]::fmt::Display>::fmt
[INFO] [stdout]    1:     0x6389f36846ba - core[df12db4294e9bfd3]::fmt::write
[INFO] [stdout]    2:     0x6389f367344c - <alloc[2182bb758b4b3781]::vec::Vec<u8> as core[df12db4294e9bfd3]::io::write::Write>::write_fmt
[INFO] [stdout]    3:     0x6389f3649b86 - std[70759c8f55707aa4]::panicking::default_hook::{closure#0}
[INFO] [stdout]    4:     0x6389f3666799 - std[70759c8f55707aa4]::panicking::default_hook
[INFO] [stdout]    5:     0x6389f34bac30 - test[9d35eded1c95d3be]::test_main_inner::<test[9d35eded1c95d3be]::test_main_static::{closure#0}>::{closure#0}
[INFO] [stdout]    6:     0x6389f3666ac2 - std[70759c8f55707aa4]::panicking::panic_with_hook
[INFO] [stdout]    7:     0x6389f3649c64 - std[70759c8f55707aa4]::panicking::panic_handler::{closure#0}
[INFO] [stdout]    8:     0x6389f36428d9 - std[70759c8f55707aa4]::sys::backtrace::__rust_end_short_backtrace::<std[70759c8f55707aa4]::panicking::panic_handler::{closure#0}, !>
[INFO] [stdout]    9:     0x6389f364aa1d - __rustc[8fa7c3cbc660c2b3]::rust_begin_unwind
[INFO] [stdout]   10:     0x6389f3684e1c - core[df12db4294e9bfd3]::panicking::panic_fmt
[INFO] [stdout]   11:     0x6389f3684de2 - core[df12db4294e9bfd3]::panicking::panic
[INFO] [stdout]   12:     0x6389f3492f97 - api_test[4cb2ce1568247c]::test::test_fusion::{closure#0}
[INFO] [stdout]   13:     0x6389f34a1353 - <tokio[b0ca26e470964a50]::runtime::scheduler::current_thread::Context>::enter::<core[df12db4294e9bfd3]::task::poll::Poll<()>, <tokio[b0ca26e470964a50]::runtime::scheduler::current_thread::CoreGuard>::block_on<core[df12db4294e9bfd3]::pin::Pin<&mut core[df12db4294e9bfd3]::pin::Pin<&mut dyn core[df12db4294e9bfd3]::future::future::Future<Output = ()>>>>::{closure#0}::{closure#0}>
[INFO] [stdout]   14:     0x6389f34a9589 - <std[70759c8f55707aa4]::thread::local::LocalKey<tokio[b0ca26e470964a50]::runtime::context::Context>>::with::<tokio[b0ca26e470964a50]::runtime::context::set_scheduler<(alloc[2182bb758b4b3781]::boxed::Box<tokio[b0ca26e470964a50]::runtime::scheduler::current_thread::Core>, core[df12db4294e9bfd3]::option::Option<()>), <tokio[b0ca26e470964a50]::runtime::scheduler::current_thread::CoreGuard>::enter<<tokio[b0ca26e470964a50]::runtime::scheduler::current_thread::CoreGuard>::block_on<core[df12db4294e9bfd3]::pin::Pin<&mut core[df12db4294e9bfd3]::pin::Pin<&mut dyn core[df12db4294e9bfd3]::future::future::Future<Output = ()>>>>::{closure#0}, core[df12db4294e9bfd3]::option::Option<()>>::{closure#0}>::{closure#0}, (alloc[2182bb758b4b3781]::boxed::Box<tokio[b0ca26e470964a50]::runtime::scheduler::current_thread::Core>, core[df12db4294e9bfd3]::option::Option<()>)>
[INFO] [stdout]   15:     0x6389f34a14d7 - <tokio[b0ca26e470964a50]::runtime::scheduler::current_thread::CoreGuard>::block_on::<core[df12db4294e9bfd3]::pin::Pin<&mut core[df12db4294e9bfd3]::pin::Pin<&mut dyn core[df12db4294e9bfd3]::future::future::Future<Output = ()>>>>
[INFO] [stdout]   16:     0x6389f34a39bb - tokio[b0ca26e470964a50]::runtime::context::runtime::enter_runtime::<<tokio[b0ca26e470964a50]::runtime::scheduler::current_thread::CurrentThread>::block_on<core[df12db4294e9bfd3]::pin::Pin<&mut dyn core[df12db4294e9bfd3]::future::future::Future<Output = ()>>>::{closure#0}, ()>
[INFO] [stdout]   17:     0x6389f34a65e5 - <tokio[b0ca26e470964a50]::runtime::runtime::Runtime>::block_on::<core[df12db4294e9bfd3]::pin::Pin<&mut dyn core[df12db4294e9bfd3]::future::future::Future<Output = ()>>>
[INFO] [stdout]   18:     0x6389f349cf4b - api_test[4cb2ce1568247c]::test::test_fusion
[INFO] [stdout]   19:     0x6389f34a2a79 - <api_test[4cb2ce1568247c]::test::test_fusion::{closure#0} as core[df12db4294e9bfd3]::ops::function::FnOnce<()>>::call_once
[INFO] [stdout]   20:     0x6389f34adf1b - test[9d35eded1c95d3be]::__rust_begin_short_backtrace::<core[df12db4294e9bfd3]::result::Result<(), alloc[2182bb758b4b3781]::string::String>, fn() -> core[df12db4294e9bfd3]::result::Result<(), alloc[2182bb758b4b3781]::string::String>>
[INFO] [stdout]   21:     0x6389f34bb585 - test[9d35eded1c95d3be]::run_test::{closure#0}
[INFO] [stdout]   22:     0x6389f34b4e44 - std[70759c8f55707aa4]::sys::backtrace::__rust_begin_short_backtrace::<test[9d35eded1c95d3be]::run_test::{closure#1}, ()>
[INFO] [stdout]   23:     0x6389f34be6e2 - <std[70759c8f55707aa4]::thread::lifecycle::spawn_unchecked<test[9d35eded1c95d3be]::run_test::{closure#1}, ()>::{closure#1} as core[df12db4294e9bfd3]::ops::function::FnOnce<()>>::call_once::{shim:vtable#0}
[INFO] [stdout]   24:     0x6389f366ddb9 - <std[70759c8f55707aa4]::sys::thread::unix::Thread>::new::thread_start
[INFO] [stdout]   25:     0x70ea7a113dfa - <unknown>
[INFO] [stdout]   26:     0x70ea7a1a73d4 - clone
[INFO] [stdout]   27:                0x0 - <unknown>
[INFO] [stdout] 
[INFO] [stdout] ---- test::test_user_challenges stdout ----
[INFO] [stdout] 
[INFO] [stdout] thread 'test::test_user_challenges' (561) panicked at tests/api_test.rs:143:9:
[INFO] [stdout] assertion failed: challenges.is_ok()
[INFO] [stdout] stack backtrace:
[INFO] [stdout]    0:     0x6389f366e891 - <<std[70759c8f55707aa4]::sys::backtrace::BacktraceLock>::print::DisplayBacktrace as core[df12db4294e9bfd3]::fmt::Display>::fmt
[INFO] [stdout]    1:     0x6389f36846ba - core[df12db4294e9bfd3]::fmt::write
[INFO] [stdout]    2:     0x6389f367344c - <alloc[2182bb758b4b3781]::vec::Vec<u8> as core[df12db4294e9bfd3]::io::write::Write>::write_fmt
[INFO] [stdout]    3:     0x6389f3649b86 - std[70759c8f55707aa4]::panicking::default_hook::{closure#0}
[INFO] [stdout]    4:     0x6389f3666799 - std[70759c8f55707aa4]::panicking::default_hook
[INFO] [stdout]    5:     0x6389f34bac30 - test[9d35eded1c95d3be]::test_main_inner::<test[9d35eded1c95d3be]::test_main_static::{closure#0}>::{closure#0}
[INFO] [stdout]    6:     0x6389f3666ac2 - std[70759c8f55707aa4]::panicking::panic_with_hook
[INFO] [stdout]    7:     0x6389f3649c64 - std[70759c8f55707aa4]::panicking::panic_handler::{closure#0}
[INFO] [stdout]    8:     0x6389f36428d9 - std[70759c8f55707aa4]::sys::backtrace::__rust_end_short_backtrace::<std[70759c8f55707aa4]::panicking::panic_handler::{closure#0}, !>
[INFO] [stdout]    9:     0x6389f364aa1d - __rustc[8fa7c3cbc660c2b3]::rust_begin_unwind
[INFO] [stdout]   10:     0x6389f3684e1c - core[df12db4294e9bfd3]::panicking::panic_fmt
[INFO] [stdout]   11:     0x6389f3684de2 - core[df12db4294e9bfd3]::panicking::panic
[INFO] [stdout]   12:     0x6389f34997c0 - api_test[4cb2ce1568247c]::test::test_user_challenges::{closure#0}
[INFO] [stdout]   13:     0x6389f34a1353 - <tokio[b0ca26e470964a50]::runtime::scheduler::current_thread::Context>::enter::<core[df12db4294e9bfd3]::task::poll::Poll<()>, <tokio[b0ca26e470964a50]::runtime::scheduler::current_thread::CoreGuard>::block_on<core[df12db4294e9bfd3]::pin::Pin<&mut core[df12db4294e9bfd3]::pin::Pin<&mut dyn core[df12db4294e9bfd3]::future::future::Future<Output = ()>>>>::{closure#0}::{closure#0}>
[INFO] [stdout]   14:     0x6389f34a9589 - <std[70759c8f55707aa4]::thread::local::LocalKey<tokio[b0ca26e470964a50]::runtime::context::Context>>::with::<tokio[b0ca26e470964a50]::runtime::context::set_scheduler<(alloc[2182bb758b4b3781]::boxed::Box<tokio[b0ca26e470964a50]::runtime::scheduler::current_thread::Core>, core[df12db4294e9bfd3]::option::Option<()>), <tokio[b0ca26e470964a50]::runtime::scheduler::current_thread::CoreGuard>::enter<<tokio[b0ca26e470964a50]::runtime::scheduler::current_thread::CoreGuard>::block_on<core[df12db4294e9bfd3]::pin::Pin<&mut core[df12db4294e9bfd3]::pin::Pin<&mut dyn core[df12db4294e9bfd3]::future::future::Future<Output = ()>>>>::{closure#0}, core[df12db4294e9bfd3]::option::Option<()>>::{closure#0}>::{closure#0}, (alloc[2182bb758b4b3781]::boxed::Box<tokio[b0ca26e470964a50]::runtime::scheduler::current_thread::Core>, core[df12db4294e9bfd3]::option::Option<()>)>
[INFO] [stdout]   15:     0x6389f34a14d7 - <tokio[b0ca26e470964a50]::runtime::scheduler::current_thread::CoreGuard>::block_on::<core[df12db4294e9bfd3]::pin::Pin<&mut core[df12db4294e9bfd3]::pin::Pin<&mut dyn core[df12db4294e9bfd3]::future::future::Future<Output = ()>>>>
[INFO] [stdout]   16:     0x6389f34a39bb - tokio[b0ca26e470964a50]::runtime::context::runtime::enter_runtime::<<tokio[b0ca26e470964a50]::runtime::scheduler::current_thread::CurrentThread>::block_on<core[df12db4294e9bfd3]::pin::Pin<&mut dyn core[df12db4294e9bfd3]::future::future::Future<Output = ()>>>::{closure#0}, ()>
[INFO] [stdout]   17:     0x6389f34a65e5 - <tokio[b0ca26e470964a50]::runtime::runtime::Runtime>::block_on::<core[df12db4294e9bfd3]::pin::Pin<&mut dyn core[df12db4294e9bfd3]::future::future::Future<Output = ()>>>
[INFO] [stdout]   18:     0x6389f349e1ce - api_test[4cb2ce1568247c]::test::test_user_challenges
[INFO] [stdout]   19:     0x6389f34a2bf9 - <api_test[4cb2ce1568247c]::test::test_user_challenges::{closure#0} as core[df12db4294e9bfd3]::ops::function::FnOnce<()>>::call_once
[INFO] [stdout]   20:     0x6389f34adf1b - test[9d35eded1c95d3be]::__rust_begin_short_backtrace::<core[df12db4294e9bfd3]::result::Result<(), alloc[2182bb758b4b3781]::string::String>, fn() -> core[df12db4294e9bfd3]::result::Result<(), alloc[2182bb758b4b3781]::string::String>>
[INFO] [stdout]   21:     0x6389f34bb585 - test[9d35eded1c95d3be]::run_test::{closure#0}
[INFO] [stdout]   22:     0x6389f34b4e44 - std[70759c8f55707aa4]::sys::backtrace::__rust_begin_short_backtrace::<test[9d35eded1c95d3be]::run_test::{closure#1}, ()>
[INFO] [stdout]   23:     0x6389f34be6e2 - <std[70759c8f55707aa4]::thread::lifecycle::spawn_unchecked<test[9d35eded1c95d3be]::run_test::{closure#1}, ()>::{closure#1} as core[df12db4294e9bfd3]::ops::function::FnOnce<()>>::call_once::{shim:vtable#0}
[INFO] [stdout]   24:     0x6389f366ddb9 - <std[70759c8f55707aa4]::sys::thread::unix::Thread>::new::thread_start
[INFO] [stdout]   25:     0x70ea7a113dfa - <unknown>
[INFO] [stdout]   26:     0x70ea7a1a73d4 - clone
[INFO] [stdout]   27:                0x0 - <unknown>
[INFO] [stdout] 
[INFO] [stdout] ---- test::test_app_status stdout ----
[INFO] [stdout] 
[INFO] [stdout] thread 'test::test_app_status' (544) panicked at tests/api_test.rs:85:9:
[INFO] [stdout] assertion failed: status.is_ok()
[INFO] [stdout] stack backtrace:
[INFO] [stdout]    0:     0x6389f366e891 - <<std[70759c8f55707aa4]::sys::backtrace::BacktraceLock>::print::DisplayBacktrace as core[df12db4294e9bfd3]::fmt::Display>::fmt
[INFO] [stdout]    1:     0x6389f36846ba - core[df12db4294e9bfd3]::fmt::write
[INFO] [stdout]    2:     0x6389f367344c - <alloc[2182bb758b4b3781]::vec::Vec<u8> as core[df12db4294e9bfd3]::io::write::Write>::write_fmt
[INFO] [stdout]    3:     0x6389f3649b86 - std[70759c8f55707aa4]::panicking::default_hook::{closure#0}
[INFO] [stdout]    4:     0x6389f3666799 - std[70759c8f55707aa4]::panicking::default_hook
[INFO] [stdout]    5:     0x6389f34bac30 - test[9d35eded1c95d3be]::test_main_inner::<test[9d35eded1c95d3be]::test_main_static::{closure#0}>::{closure#0}
[INFO] [stdout]    6:     0x6389f3666ac2 - std[70759c8f55707aa4]::panicking::panic_with_hook
[INFO] [stdout]    7:     0x6389f3649c64 - std[70759c8f55707aa4]::panicking::panic_handler::{closure#0}
[INFO] [stdout]    8:     0x6389f36428d9 - std[70759c8f55707aa4]::sys::backtrace::__rust_end_short_backtrace::<std[70759c8f55707aa4]::panicking::panic_handler::{closure#0}, !>
[INFO] [stdout]    9:     0x6389f364aa1d - __rustc[8fa7c3cbc660c2b3]::rust_begin_unwind
[INFO] [stdout]   10:     0x6389f3684e1c - core[df12db4294e9bfd3]::panicking::panic_fmt
[INFO] [stdout]   11:     0x6389f3684de2 - core[df12db4294e9bfd3]::panicking::panic
[INFO] [stdout]   12:     0x6389f3495544 - api_test[4cb2ce1568247c]::test::test_app_status::{closure#0}
[INFO] [stdout]   13:     0x6389f34a1353 - <tokio[b0ca26e470964a50]::runtime::scheduler::current_thread::Context>::enter::<core[df12db4294e9bfd3]::task::poll::Poll<()>, <tokio[b0ca26e470964a50]::runtime::scheduler::current_thread::CoreGuard>::block_on<core[df12db4294e9bfd3]::pin::Pin<&mut core[df12db4294e9bfd3]::pin::Pin<&mut dyn core[df12db4294e9bfd3]::future::future::Future<Output = ()>>>>::{closure#0}::{closure#0}>
[INFO] [stdout]   14:     0x6389f34a9589 - <std[70759c8f55707aa4]::thread::local::LocalKey<tokio[b0ca26e470964a50]::runtime::context::Context>>::with::<tokio[b0ca26e470964a50]::runtime::context::set_scheduler<(alloc[2182bb758b4b3781]::boxed::Box<tokio[b0ca26e470964a50]::runtime::scheduler::current_thread::Core>, core[df12db4294e9bfd3]::option::Option<()>), <tokio[b0ca26e470964a50]::runtime::scheduler::current_thread::CoreGuard>::enter<<tokio[b0ca26e470964a50]::runtime::scheduler::current_thread::CoreGuard>::block_on<core[df12db4294e9bfd3]::pin::Pin<&mut core[df12db4294e9bfd3]::pin::Pin<&mut dyn core[df12db4294e9bfd3]::future::future::Future<Output = ()>>>>::{closure#0}, core[df12db4294e9bfd3]::option::Option<()>>::{closure#0}>::{closure#0}, (alloc[2182bb758b4b3781]::boxed::Box<tokio[b0ca26e470964a50]::runtime::scheduler::current_thread::Core>, core[df12db4294e9bfd3]::option::Option<()>)>
[INFO] [stdout]   15:     0x6389f34a14d7 - <tokio[b0ca26e470964a50]::runtime::scheduler::current_thread::CoreGuard>::block_on::<core[df12db4294e9bfd3]::pin::Pin<&mut core[df12db4294e9bfd3]::pin::Pin<&mut dyn core[df12db4294e9bfd3]::future::future::Future<Output = ()>>>>
[INFO] [stdout]   16:     0x6389f34a39bb - tokio[b0ca26e470964a50]::runtime::context::runtime::enter_runtime::<<tokio[b0ca26e470964a50]::runtime::scheduler::current_thread::CurrentThread>::block_on<core[df12db4294e9bfd3]::pin::Pin<&mut dyn core[df12db4294e9bfd3]::future::future::Future<Output = ()>>>::{closure#0}, ()>
[INFO] [stdout]   17:     0x6389f34a65e5 - <tokio[b0ca26e470964a50]::runtime::runtime::Runtime>::block_on::<core[df12db4294e9bfd3]::pin::Pin<&mut dyn core[df12db4294e9bfd3]::future::future::Future<Output = ()>>>
[INFO] [stdout]   18:     0x6389f349d58b - api_test[4cb2ce1568247c]::test::test_app_status
[INFO] [stdout]   19:     0x6389f34a2af9 - <api_test[4cb2ce1568247c]::test::test_app_status::{closure#0} as core[df12db4294e9bfd3]::ops::function::FnOnce<()>>::call_once
[INFO] [stdout]   20:     0x6389f34adf1b - test[9d35eded1c95d3be]::__rust_begin_short_backtrace::<core[df12db4294e9bfd3]::result::Result<(), alloc[2182bb758b4b3781]::string::String>, fn() -> core[df12db4294e9bfd3]::result::Result<(), alloc[2182bb758b4b3781]::string::String>>
[INFO] [stdout]   21:     0x6389f34bb585 - test[9d35eded1c95d3be]::run_test::{closure#0}
[INFO] [stdout]   22:     0x6389f34b4e44 - std[70759c8f55707aa4]::sys::backtrace::__rust_begin_short_backtrace::<test[9d35eded1c95d3be]::run_test::{closure#1}, ()>
[INFO] [stdout]   23:     0x6389f34be6e2 - <std[70759c8f55707aa4]::thread::lifecycle::spawn_unchecked<test[9d35eded1c95d3be]::run_test::{closure#1}, ()>::{closure#1} as core[df12db4294e9bfd3]::ops::function::FnOnce<()>>::call_once::{shim:vtable#0}
[INFO] [stdout]   24:     0x6389f366ddb9 - <std[70759c8f55707aa4]::sys::thread::unix::Thread>::new::thread_start
[INFO] [stdout]   25:     0x70ea7a113dfa - <unknown>
[INFO] [stdout]   26:     0x70ea7a1a73d4 - clone
[INFO] [stdout]   27:                0x0 - <unknown>
[INFO] [stdout] 
[INFO] [stdout] ---- test::test_user_profile stdout ----
[INFO] [stdout] 
[INFO] [stdout] thread 'test::test_user_profile' (565) panicked at tests/api_test.rs:65:9:
[INFO] [stdout] assertion failed: user.is_ok()
[INFO] [stdout] stack backtrace:
[INFO] [stdout]    0:     0x6389f366e891 - <<std[70759c8f55707aa4]::sys::backtrace::BacktraceLock>::print::DisplayBacktrace as core[df12db4294e9bfd3]::fmt::Display>::fmt
[INFO] [stdout]    1:     0x6389f36846ba - core[df12db4294e9bfd3]::fmt::write
[INFO] [stdout]    2:     0x6389f367344c - <alloc[2182bb758b4b3781]::vec::Vec<u8> as core[df12db4294e9bfd3]::io::write::Write>::write_fmt
[INFO] [stdout]    3:     0x6389f3649b86 - std[70759c8f55707aa4]::panicking::default_hook::{closure#0}
[INFO] [stdout]    4:     0x6389f3666799 - std[70759c8f55707aa4]::panicking::default_hook
[INFO] [stdout]    5:     0x6389f34bac30 - test[9d35eded1c95d3be]::test_main_inner::<test[9d35eded1c95d3be]::test_main_static::{closure#0}>::{closure#0}
[INFO] [stdout]    6:     0x6389f3666ac2 - std[70759c8f55707aa4]::panicking::panic_with_hook
[INFO] [stdout]    7:     0x6389f3649c64 - std[70759c8f55707aa4]::panicking::panic_handler::{closure#0}
[INFO] [stdout]    8:     0x6389f36428d9 - std[70759c8f55707aa4]::sys::backtrace::__rust_end_short_backtrace::<std[70759c8f55707aa4]::panicking::panic_handler::{closure#0}, !>
[INFO] [stdout]    9:     0x6389f364aa1d - __rustc[8fa7c3cbc660c2b3]::rust_begin_unwind
[INFO] [stdout]   10:     0x6389f3684e1c - core[df12db4294e9bfd3]::panicking::panic_fmt
[INFO] [stdout]   11:     0x6389f3684de2 - core[df12db4294e9bfd3]::panicking::panic
[INFO] [stdout]   12:     0x6389f3497544 - api_test[4cb2ce1568247c]::test::test_user_profile::{closure#0}
[INFO] [stdout]   13:     0x6389f34a1353 - <tokio[b0ca26e470964a50]::runtime::scheduler::current_thread::Context>::enter::<core[df12db4294e9bfd3]::task::poll::Poll<()>, <tokio[b0ca26e470964a50]::runtime::scheduler::current_thread::CoreGuard>::block_on<core[df12db4294e9bfd3]::pin::Pin<&mut core[df12db4294e9bfd3]::pin::Pin<&mut dyn core[df12db4294e9bfd3]::future::future::Future<Output = ()>>>>::{closure#0}::{closure#0}>
[INFO] [stdout]   14:     0x6389f34a9589 - <std[70759c8f55707aa4]::thread::local::LocalKey<tokio[b0ca26e470964a50]::runtime::context::Context>>::with::<tokio[b0ca26e470964a50]::runtime::context::set_scheduler<(alloc[2182bb758b4b3781]::boxed::Box<tokio[b0ca26e470964a50]::runtime::scheduler::current_thread::Core>, core[df12db4294e9bfd3]::option::Option<()>), <tokio[b0ca26e470964a50]::runtime::scheduler::current_thread::CoreGuard>::enter<<tokio[b0ca26e470964a50]::runtime::scheduler::current_thread::CoreGuard>::block_on<core[df12db4294e9bfd3]::pin::Pin<&mut core[df12db4294e9bfd3]::pin::Pin<&mut dyn core[df12db4294e9bfd3]::future::future::Future<Output = ()>>>>::{closure#0}, core[df12db4294e9bfd3]::option::Option<()>>::{closure#0}>::{closure#0}, (alloc[2182bb758b4b3781]::boxed::Box<tokio[b0ca26e470964a50]::runtime::scheduler::current_thread::Core>, core[df12db4294e9bfd3]::option::Option<()>)>
[INFO] [stdout]   15:     0x6389f34a14d7 - <tokio[b0ca26e470964a50]::runtime::scheduler::current_thread::CoreGuard>::block_on::<core[df12db4294e9bfd3]::pin::Pin<&mut core[df12db4294e9bfd3]::pin::Pin<&mut dyn core[df12db4294e9bfd3]::future::future::Future<Output = ()>>>>
[INFO] [stdout]   16:     0x6389f34a39bb - tokio[b0ca26e470964a50]::runtime::context::runtime::enter_runtime::<<tokio[b0ca26e470964a50]::runtime::scheduler::current_thread::CurrentThread>::block_on<core[df12db4294e9bfd3]::pin::Pin<&mut dyn core[df12db4294e9bfd3]::future::future::Future<Output = ()>>>::{closure#0}, ()>
[INFO] [stdout]   17:     0x6389f34a65e5 - <tokio[b0ca26e470964a50]::runtime::runtime::Runtime>::block_on::<core[df12db4294e9bfd3]::pin::Pin<&mut dyn core[df12db4294e9bfd3]::future::future::Future<Output = ()>>>
[INFO] [stdout]   18:     0x6389f349dbcb - api_test[4cb2ce1568247c]::test::test_user_profile
[INFO] [stdout]   19:     0x6389f34a2b79 - <api_test[4cb2ce1568247c]::test::test_user_profile::{closure#0} as core[df12db4294e9bfd3]::ops::function::FnOnce<()>>::call_once
[INFO] [stdout]   20:     0x6389f34adf1b - test[9d35eded1c95d3be]::__rust_begin_short_backtrace::<core[df12db4294e9bfd3]::result::Result<(), alloc[2182bb758b4b3781]::string::String>, fn() -> core[df12db4294e9bfd3]::result::Result<(), alloc[2182bb758b4b3781]::string::String>>
[INFO] [stdout]   21:     0x6389f34bb585 - test[9d35eded1c95d3be]::run_test::{closure#0}
[INFO] [stdout]   22:     0x6389f34b4e44 - std[70759c8f55707aa4]::sys::backtrace::__rust_begin_short_backtrace::<test[9d35eded1c95d3be]::run_test::{closure#1}, ()>
[INFO] [stdout]   23:     0x6389f34be6e2 - <std[70759c8f55707aa4]::thread::lifecycle::spawn_unchecked<test[9d35eded1c95d3be]::run_test::{closure#1}, ()>::{closure#1} as core[df12db4294e9bfd3]::ops::function::FnOnce<()>>::call_once::{shim:vtable#0}
[INFO] [stdout]   24:     0x6389f366ddb9 - <std[70759c8f55707aa4]::sys::thread::unix::Thread>::new::thread_start
[INFO] [stdout]   25:     0x70ea7a113dfa - <unknown>
[INFO] [stdout]   26:     0x70ea7a1a73d4 - clone
[INFO] [stdout]   27:                0x0 - <unknown>
[INFO] [stdout] 
[INFO] [stdout] ---- test::test_vortex_season stdout ----
[INFO] [stdout] 
[INFO] [stdout] thread 'test::test_vortex_season' (566) panicked at tests/api_test.rs:151:9:
[INFO] [stdout] assertion failed: vortex.is_ok()
[INFO] [stdout] stack backtrace:
[INFO] [stdout]    0:     0x6389f366e891 - <<std[70759c8f55707aa4]::sys::backtrace::BacktraceLock>::print::DisplayBacktrace as core[df12db4294e9bfd3]::fmt::Display>::fmt
[INFO] [stdout]    1:     0x6389f36846ba - core[df12db4294e9bfd3]::fmt::write
[INFO] [stdout]    2:     0x6389f367344c - <alloc[2182bb758b4b3781]::vec::Vec<u8> as core[df12db4294e9bfd3]::io::write::Write>::write_fmt
[INFO] [stdout]    3:     0x6389f3649b86 - std[70759c8f55707aa4]::panicking::default_hook::{closure#0}
[INFO] [stdout]    4:     0x6389f3666799 - std[70759c8f55707aa4]::panicking::default_hook
[INFO] [stdout]    5:     0x6389f34bac30 - test[9d35eded1c95d3be]::test_main_inner::<test[9d35eded1c95d3be]::test_main_static::{closure#0}>::{closure#0}
[INFO] [stdout]    6:     0x6389f3666ac2 - std[70759c8f55707aa4]::panicking::panic_with_hook
[INFO] [stdout]    7:     0x6389f3649c64 - std[70759c8f55707aa4]::panicking::panic_handler::{closure#0}
[INFO] [stdout]    8:     0x6389f36428d9 - std[70759c8f55707aa4]::sys::backtrace::__rust_end_short_backtrace::<std[70759c8f55707aa4]::panicking::panic_handler::{closure#0}, !>
[INFO] [stdout]    9:     0x6389f364aa1d - __rustc[8fa7c3cbc660c2b3]::rust_begin_unwind
[INFO] [stdout]   10:     0x6389f3684e1c - core[df12db4294e9bfd3]::panicking::panic_fmt
[INFO] [stdout]   11:     0x6389f3684de2 - core[df12db4294e9bfd3]::panicking::panic
[INFO] [stdout]   12:     0x6389f3497dee - api_test[4cb2ce1568247c]::test::test_vortex_season::{closure#0}
[INFO] [stdout]   13:     0x6389f34a1353 - <tokio[b0ca26e470964a50]::runtime::scheduler::current_thread::Context>::enter::<core[df12db4294e9bfd3]::task::poll::Poll<()>, <tokio[b0ca26e470964a50]::runtime::scheduler::current_thread::CoreGuard>::block_on<core[df12db4294e9bfd3]::pin::Pin<&mut core[df12db4294e9bfd3]::pin::Pin<&mut dyn core[df12db4294e9bfd3]::future::future::Future<Output = ()>>>>::{closure#0}::{closure#0}>
[INFO] [stdout]   14:     0x6389f34a9589 - <std[70759c8f55707aa4]::thread::local::LocalKey<tokio[b0ca26e470964a50]::runtime::context::Context>>::with::<tokio[b0ca26e470964a50]::runtime::context::set_scheduler<(alloc[2182bb758b4b3781]::boxed::Box<tokio[b0ca26e470964a50]::runtime::scheduler::current_thread::Core>, core[df12db4294e9bfd3]::option::Option<()>), <tokio[b0ca26e470964a50]::runtime::scheduler::current_thread::CoreGuard>::enter<<tokio[b0ca26e470964a50]::runtime::scheduler::current_thread::CoreGuard>::block_on<core[df12db4294e9bfd3]::pin::Pin<&mut core[df12db4294e9bfd3]::pin::Pin<&mut dyn core[df12db4294e9bfd3]::future::future::Future<Output = ()>>>>::{closure#0}, core[df12db4294e9bfd3]::option::Option<()>>::{closure#0}>::{closure#0}, (alloc[2182bb758b4b3781]::boxed::Box<tokio[b0ca26e470964a50]::runtime::scheduler::current_thread::Core>, core[df12db4294e9bfd3]::option::Option<()>)>
[INFO] [stdout]   15:     0x6389f34a14d7 - <tokio[b0ca26e470964a50]::runtime::scheduler::current_thread::CoreGuard>::block_on::<core[df12db4294e9bfd3]::pin::Pin<&mut core[df12db4294e9bfd3]::pin::Pin<&mut dyn core[df12db4294e9bfd3]::future::future::Future<Output = ()>>>>
[INFO] [stdout]   16:     0x6389f34a39bb - tokio[b0ca26e470964a50]::runtime::context::runtime::enter_runtime::<<tokio[b0ca26e470964a50]::runtime::scheduler::current_thread::CurrentThread>::block_on<core[df12db4294e9bfd3]::pin::Pin<&mut dyn core[df12db4294e9bfd3]::future::future::Future<Output = ()>>>::{closure#0}, ()>
[INFO] [stdout]   17:     0x6389f34a65e5 - <tokio[b0ca26e470964a50]::runtime::runtime::Runtime>::block_on::<core[df12db4294e9bfd3]::pin::Pin<&mut dyn core[df12db4294e9bfd3]::future::future::Future<Output = ()>>>
[INFO] [stdout]   18:     0x6389f349dd7b - api_test[4cb2ce1568247c]::test::test_vortex_season
[INFO] [stdout]   19:     0x6389f34a2b99 - <api_test[4cb2ce1568247c]::test::test_vortex_season::{closure#0} as core[df12db4294e9bfd3]::ops::function::FnOnce<()>>::call_once
[INFO] [stderr] error: test failed, to rerun pass `--test api_test`
[INFO] [stdout]   20:     0x6389f34adf1b - test[9d35eded1c95d3be]::__rust_begin_short_backtrace::<core[df12db4294e9bfd3]::result::Result<(), alloc[2182bb758b4b3781]::string::String>, fn() -> core[df12db4294e9bfd3]::result::Result<(), alloc[2182bb758b4b3781]::string::String>>
[INFO] [stdout]   21:     0x6389f34bb585 - test[9d35eded1c95d3be]::run_test::{closure#0}
[INFO] [stdout]   22:     0x6389f34b4e44 - std[70759c8f55707aa4]::sys::backtrace::__rust_begin_short_backtrace::<test[9d35eded1c95d3be]::run_test::{closure#1}, ()>
[INFO] [stdout]   23:     0x6389f34be6e2 - <std[70759c8f55707aa4]::thread::lifecycle::spawn_unchecked<test[9d35eded1c95d3be]::run_test::{closure#1}, ()>::{closure#1} as core[df12db4294e9bfd3]::ops::function::FnOnce<()>>::call_once::{shim:vtable#0}
[INFO] [stdout]   24:     0x6389f366ddb9 - <std[70759c8f55707aa4]::sys::thread::unix::Thread>::new::thread_start
[INFO] [stdout]   25:     0x70ea7a113dfa - <unknown>
[INFO] [stdout]   26:     0x70ea7a1a73d4 - clone
[INFO] [stdout]   27:                0x0 - <unknown>
[INFO] [stdout] 
[INFO] [stdout] ---- test::test_inventory stdout ----
[INFO] [stdout] 
[INFO] [stdout] thread 'test::test_inventory' (547) panicked at tests/api_test.rs:58:9:
[INFO] [stdout] assertion failed: inventory.is_ok()
[INFO] [stdout] stack backtrace:
[INFO] [stdout]    0:     0x6389f366e891 - <<std[70759c8f55707aa4]::sys::backtrace::BacktraceLock>::print::DisplayBacktrace as core[df12db4294e9bfd3]::fmt::Display>::fmt
[INFO] [stdout]    1:     0x6389f36846ba - core[df12db4294e9bfd3]::fmt::write
[INFO] [stdout]    2:     0x6389f367344c - <alloc[2182bb758b4b3781]::vec::Vec<u8> as core[df12db4294e9bfd3]::io::write::Write>::write_fmt
[INFO] [stdout]    3:     0x6389f3649b86 - std[70759c8f55707aa4]::panicking::default_hook::{closure#0}
[INFO] [stdout]    4:     0x6389f3666799 - std[70759c8f55707aa4]::panicking::default_hook
[INFO] [stdout]    5:     0x6389f34bac30 - test[9d35eded1c95d3be]::test_main_inner::<test[9d35eded1c95d3be]::test_main_static::{closure#0}>::{closure#0}
[INFO] [stdout]    6:     0x6389f3666ac2 - std[70759c8f55707aa4]::panicking::panic_with_hook
[INFO] [stdout]    7:     0x6389f3649c64 - std[70759c8f55707aa4]::panicking::panic_handler::{closure#0}
[INFO] [stdout]    8:     0x6389f36428d9 - std[70759c8f55707aa4]::sys::backtrace::__rust_end_short_backtrace::<std[70759c8f55707aa4]::panicking::panic_handler::{closure#0}, !>
[INFO] [stdout]    9:     0x6389f364aa1d - __rustc[8fa7c3cbc660c2b3]::rust_begin_unwind
[INFO] [stdout]   10:     0x6389f3684e1c - core[df12db4294e9bfd3]::panicking::panic_fmt
[INFO] [stdout]   11:     0x6389f3684de2 - core[df12db4294e9bfd3]::panicking::panic
[INFO] [stdout]   12:     0x6389f34941be - api_test[4cb2ce1568247c]::test::test_inventory::{closure#0}
[INFO] [stdout]   13:     0x6389f34a1353 - <tokio[b0ca26e470964a50]::runtime::scheduler::current_thread::Context>::enter::<core[df12db4294e9bfd3]::task::poll::Poll<()>, <tokio[b0ca26e470964a50]::runtime::scheduler::current_thread::CoreGuard>::block_on<core[df12db4294e9bfd3]::pin::Pin<&mut core[df12db4294e9bfd3]::pin::Pin<&mut dyn core[df12db4294e9bfd3]::future::future::Future<Output = ()>>>>::{closure#0}::{closure#0}>
[INFO] [stdout]   14:     0x6389f34a9589 - <std[70759c8f55707aa4]::thread::local::LocalKey<tokio[b0ca26e470964a50]::runtime::context::Context>>::with::<tokio[b0ca26e470964a50]::runtime::context::set_scheduler<(alloc[2182bb758b4b3781]::boxed::Box<tokio[b0ca26e470964a50]::runtime::scheduler::current_thread::Core>, core[df12db4294e9bfd3]::option::Option<()>), <tokio[b0ca26e470964a50]::runtime::scheduler::current_thread::CoreGuard>::enter<<tokio[b0ca26e470964a50]::runtime::scheduler::current_thread::CoreGuard>::block_on<core[df12db4294e9bfd3]::pin::Pin<&mut core[df12db4294e9bfd3]::pin::Pin<&mut dyn core[df12db4294e9bfd3]::future::future::Future<Output = ()>>>>::{closure#0}, core[df12db4294e9bfd3]::option::Option<()>>::{closure#0}>::{closure#0}, (alloc[2182bb758b4b3781]::boxed::Box<tokio[b0ca26e470964a50]::runtime::scheduler::current_thread::Core>, core[df12db4294e9bfd3]::option::Option<()>)>
[INFO] [stdout]   15:     0x6389f34a14d7 - <tokio[b0ca26e470964a50]::runtime::scheduler::current_thread::CoreGuard>::block_on::<core[df12db4294e9bfd3]::pin::Pin<&mut core[df12db4294e9bfd3]::pin::Pin<&mut dyn core[df12db4294e9bfd3]::future::future::Future<Output = ()>>>>
[INFO] [stdout]   16:     0x6389f34a39bb - tokio[b0ca26e470964a50]::runtime::context::runtime::enter_runtime::<<tokio[b0ca26e470964a50]::runtime::scheduler::current_thread::CurrentThread>::block_on<core[df12db4294e9bfd3]::pin::Pin<&mut dyn core[df12db4294e9bfd3]::future::future::Future<Output = ()>>>::{closure#0}, ()>
[INFO] [stdout]   17:     0x6389f34a65e5 - <tokio[b0ca26e470964a50]::runtime::runtime::Runtime>::block_on::<core[df12db4294e9bfd3]::pin::Pin<&mut dyn core[df12db4294e9bfd3]::future::future::Future<Output = ()>>>
[INFO] [stdout]   18:     0x6389f349d22b - api_test[4cb2ce1568247c]::test::test_inventory
[INFO] [stdout]   19:     0x6389f34a2ab9 - <api_test[4cb2ce1568247c]::test::test_inventory::{closure#0} as core[df12db4294e9bfd3]::ops::function::FnOnce<()>>::call_once
[INFO] [stdout]   20:     0x6389f34adf1b - test[9d35eded1c95d3be]::__rust_begin_short_backtrace::<core[df12db4294e9bfd3]::result::Result<(), alloc[2182bb758b4b3781]::string::String>, fn() -> core[df12db4294e9bfd3]::result::Result<(), alloc[2182bb758b4b3781]::string::String>>
[INFO] [stdout]   21:     0x6389f34bb585 - test[9d35eded1c95d3be]::run_test::{closure#0}
[INFO] [stdout]   22:     0x6389f34b4e44 - std[70759c8f55707aa4]::sys::backtrace::__rust_begin_short_backtrace::<test[9d35eded1c95d3be]::run_test::{closure#1}, ()>
[INFO] [stdout]   23:     0x6389f34be6e2 - <std[70759c8f55707aa4]::thread::lifecycle::spawn_unchecked<test[9d35eded1c95d3be]::run_test::{closure#1}, ()>::{closure#1} as core[df12db4294e9bfd3]::ops::function::FnOnce<()>>::call_once::{shim:vtable#0}
[INFO] [stdout]   24:     0x6389f366ddb9 - <std[70759c8f55707aa4]::sys::thread::unix::Thread>::new::thread_start
[INFO] [stdout]   25:     0x70ea7a113dfa - <unknown>
[INFO] [stdout]   26:     0x70ea7a1a73d4 - clone
[INFO] [stdout]   27:                0x0 - <unknown>
[INFO] [stdout] 
[INFO] [stdout] ---- test::test_user_loot stdout ----
[INFO] [stdout] 
[INFO] [stdout] thread 'test::test_user_loot' (564) panicked at tests/api_test.rs:71:9:
[INFO] [stdout] assertion failed: loot.is_ok()
[INFO] [stdout] stack backtrace:
[INFO] [stdout]    0:     0x6389f366e891 - <<std[70759c8f55707aa4]::sys::backtrace::BacktraceLock>::print::DisplayBacktrace as core[df12db4294e9bfd3]::fmt::Display>::fmt
[INFO] [stdout]    1:     0x6389f36846ba - core[df12db4294e9bfd3]::fmt::write
[INFO] [stdout]    2:     0x6389f367344c - <alloc[2182bb758b4b3781]::vec::Vec<u8> as core[df12db4294e9bfd3]::io::write::Write>::write_fmt
[INFO] [stdout]    3:     0x6389f3649b86 - std[70759c8f55707aa4]::panicking::default_hook::{closure#0}
[INFO] [stdout]    4:     0x6389f3666799 - std[70759c8f55707aa4]::panicking::default_hook
[INFO] [stdout]    5:     0x6389f34bac30 - test[9d35eded1c95d3be]::test_main_inner::<test[9d35eded1c95d3be]::test_main_static::{closure#0}>::{closure#0}
[INFO] [stdout]    6:     0x6389f3666ac2 - std[70759c8f55707aa4]::panicking::panic_with_hook
[INFO] [stdout]    7:     0x6389f3649c64 - std[70759c8f55707aa4]::panicking::panic_handler::{closure#0}
[INFO] [stdout]    8:     0x6389f36428d9 - std[70759c8f55707aa4]::sys::backtrace::__rust_end_short_backtrace::<std[70759c8f55707aa4]::panicking::panic_handler::{closure#0}, !>
[INFO] [stdout]    9:     0x6389f364aa1d - __rustc[8fa7c3cbc660c2b3]::rust_begin_unwind
[INFO] [stdout]   10:     0x6389f3684e1c - core[df12db4294e9bfd3]::panicking::panic_fmt
[INFO] [stdout]   11:     0x6389f3684de2 - core[df12db4294e9bfd3]::panicking::panic
[INFO] [stdout]   12:     0x6389f3494bbc - api_test[4cb2ce1568247c]::test::test_user_loot::{closure#0}
[INFO] [stdout]   13:     0x6389f34a1353 - <tokio[b0ca26e470964a50]::runtime::scheduler::current_thread::Context>::enter::<core[df12db4294e9bfd3]::task::poll::Poll<()>, <tokio[b0ca26e470964a50]::runtime::scheduler::current_thread::CoreGuard>::block_on<core[df12db4294e9bfd3]::pin::Pin<&mut core[df12db4294e9bfd3]::pin::Pin<&mut dyn core[df12db4294e9bfd3]::future::future::Future<Output = ()>>>>::{closure#0}::{closure#0}>
[INFO] [stdout]   14:     0x6389f34a9589 - <std[70759c8f55707aa4]::thread::local::LocalKey<tokio[b0ca26e470964a50]::runtime::context::Context>>::with::<tokio[b0ca26e470964a50]::runtime::context::set_scheduler<(alloc[2182bb758b4b3781]::boxed::Box<tokio[b0ca26e470964a50]::runtime::scheduler::current_thread::Core>, core[df12db4294e9bfd3]::option::Option<()>), <tokio[b0ca26e470964a50]::runtime::scheduler::current_thread::CoreGuard>::enter<<tokio[b0ca26e470964a50]::runtime::scheduler::current_thread::CoreGuard>::block_on<core[df12db4294e9bfd3]::pin::Pin<&mut core[df12db4294e9bfd3]::pin::Pin<&mut dyn core[df12db4294e9bfd3]::future::future::Future<Output = ()>>>>::{closure#0}, core[df12db4294e9bfd3]::option::Option<()>>::{closure#0}>::{closure#0}, (alloc[2182bb758b4b3781]::boxed::Box<tokio[b0ca26e470964a50]::runtime::scheduler::current_thread::Core>, core[df12db4294e9bfd3]::option::Option<()>)>
[INFO] [stdout]   15:     0x6389f34a14d7 - <tokio[b0ca26e470964a50]::runtime::scheduler::current_thread::CoreGuard>::block_on::<core[df12db4294e9bfd3]::pin::Pin<&mut core[df12db4294e9bfd3]::pin::Pin<&mut dyn core[df12db4294e9bfd3]::future::future::Future<Output = ()>>>>
[INFO] [stdout]   16:     0x6389f34a39bb - tokio[b0ca26e470964a50]::runtime::context::runtime::enter_runtime::<<tokio[b0ca26e470964a50]::runtime::scheduler::current_thread::CurrentThread>::block_on<core[df12db4294e9bfd3]::pin::Pin<&mut dyn core[df12db4294e9bfd3]::future::future::Future<Output = ()>>>::{closure#0}, ()>
[INFO] [stdout]   17:     0x6389f34a65e5 - <tokio[b0ca26e470964a50]::runtime::runtime::Runtime>::block_on::<core[df12db4294e9bfd3]::pin::Pin<&mut dyn core[df12db4294e9bfd3]::future::future::Future<Output = ()>>>
[INFO] [stdout]   18:     0x6389f349d3db - api_test[4cb2ce1568247c]::test::test_user_loot
[INFO] [stdout]   19:     0x6389f34a2ad9 - <api_test[4cb2ce1568247c]::test::test_user_loot::{closure#0} as core[df12db4294e9bfd3]::ops::function::FnOnce<()>>::call_once
[INFO] [stdout]   20:     0x6389f34adf1b - test[9d35eded1c95d3be]::__rust_begin_short_backtrace::<core[df12db4294e9bfd3]::result::Result<(), alloc[2182bb758b4b3781]::string::String>, fn() -> core[df12db4294e9bfd3]::result::Result<(), alloc[2182bb758b4b3781]::string::String>>
[INFO] [stdout]   21:     0x6389f34bb585 - test[9d35eded1c95d3be]::run_test::{closure#0}
[INFO] [stdout]   22:     0x6389f34b4e44 - std[70759c8f55707aa4]::sys::backtrace::__rust_begin_short_backtrace::<test[9d35eded1c95d3be]::run_test::{closure#1}, ()>
[INFO] [stdout]   23:     0x6389f34be6e2 - <std[70759c8f55707aa4]::thread::lifecycle::spawn_unchecked<test[9d35eded1c95d3be]::run_test::{closure#1}, ()>::{closure#1} as core[df12db4294e9bfd3]::ops::function::FnOnce<()>>::call_once::{shim:vtable#0}
[INFO] [stdout]   24:     0x6389f366ddb9 - <std[70759c8f55707aa4]::sys::thread::unix::Thread>::new::thread_start
[INFO] [stdout]   25:     0x70ea7a113dfa - <unknown>
[INFO] [stdout]   26:     0x70ea7a1a73d4 - clone
[INFO] [stdout]   27:                0x0 - <unknown>
[INFO] [stdout] 
[INFO] [stdout] ---- test::test_vortex_tournament stdout ----
[INFO] [stdout] 
[INFO] [stdout] thread 'test::test_vortex_tournament' (567) panicked at tests/api_test.rs:158:9:
[INFO] [stdout] assertion failed: tournament.is_ok()
[INFO] [stdout] stack backtrace:
[INFO] [stdout]    0:     0x6389f366e891 - <<std[70759c8f55707aa4]::sys::backtrace::BacktraceLock>::print::DisplayBacktrace as core[df12db4294e9bfd3]::fmt::Display>::fmt
[INFO] [stdout]    1:     0x6389f36846ba - core[df12db4294e9bfd3]::fmt::write
[INFO] [stdout]    2:     0x6389f367344c - <alloc[2182bb758b4b3781]::vec::Vec<u8> as core[df12db4294e9bfd3]::io::write::Write>::write_fmt
[INFO] [stdout]    3:     0x6389f3649b86 - std[70759c8f55707aa4]::panicking::default_hook::{closure#0}
[INFO] [stdout]    4:     0x6389f3666799 - std[70759c8f55707aa4]::panicking::default_hook
[INFO] [stdout]    5:     0x6389f34bac30 - test[9d35eded1c95d3be]::test_main_inner::<test[9d35eded1c95d3be]::test_main_static::{closure#0}>::{closure#0}
[INFO] [stdout]    6:     0x6389f3666ac2 - std[70759c8f55707aa4]::panicking::panic_with_hook
[INFO] [stdout]    7:     0x6389f3649c64 - std[70759c8f55707aa4]::panicking::panic_handler::{closure#0}
[INFO] [stdout]    8:     0x6389f36428d9 - std[70759c8f55707aa4]::sys::backtrace::__rust_end_short_backtrace::<std[70759c8f55707aa4]::panicking::panic_handler::{closure#0}, !>
[INFO] [stdout]    9:     0x6389f364aa1d - __rustc[8fa7c3cbc660c2b3]::rust_begin_unwind
[INFO] [stdout]   10:     0x6389f3684e1c - core[df12db4294e9bfd3]::panicking::panic_fmt
[INFO] [stdout]   11:     0x6389f3684de2 - core[df12db4294e9bfd3]::panicking::panic
[INFO] [stdout]   12:     0x6389f349a922 - api_test[4cb2ce1568247c]::test::test_vortex_tournament::{closure#0}
[INFO] [stdout]   13:     0x6389f34a1353 - <tokio[b0ca26e470964a50]::runtime::scheduler::current_thread::Context>::enter::<core[df12db4294e9bfd3]::task::poll::Poll<()>, <tokio[b0ca26e470964a50]::runtime::scheduler::current_thread::CoreGuard>::block_on<core[df12db4294e9bfd3]::pin::Pin<&mut core[df12db4294e9bfd3]::pin::Pin<&mut dyn core[df12db4294e9bfd3]::future::future::Future<Output = ()>>>>::{closure#0}::{closure#0}>
[INFO] [stdout]   14:     0x6389f34a9589 - <std[70759c8f55707aa4]::thread::local::LocalKey<tokio[b0ca26e470964a50]::runtime::context::Context>>::with::<tokio[b0ca26e470964a50]::runtime::context::set_scheduler<(alloc[2182bb758b4b3781]::boxed::Box<tokio[b0ca26e470964a50]::runtime::scheduler::current_thread::Core>, core[df12db4294e9bfd3]::option::Option<()>), <tokio[b0ca26e470964a50]::runtime::scheduler::current_thread::CoreGuard>::enter<<tokio[b0ca26e470964a50]::runtime::scheduler::current_thread::CoreGuard>::block_on<core[df12db4294e9bfd3]::pin::Pin<&mut core[df12db4294e9bfd3]::pin::Pin<&mut dyn core[df12db4294e9bfd3]::future::future::Future<Output = ()>>>>::{closure#0}, core[df12db4294e9bfd3]::option::Option<()>>::{closure#0}>::{closure#0}, (alloc[2182bb758b4b3781]::boxed::Box<tokio[b0ca26e470964a50]::runtime::scheduler::current_thread::Core>, core[df12db4294e9bfd3]::option::Option<()>)>
[INFO] [stdout]   15:     0x6389f34a14d7 - <tokio[b0ca26e470964a50]::runtime::scheduler::current_thread::CoreGuard>::block_on::<core[df12db4294e9bfd3]::pin::Pin<&mut core[df12db4294e9bfd3]::pin::Pin<&mut dyn core[df12db4294e9bfd3]::future::future::Future<Output = ()>>>>
[INFO] [stdout]   16:     0x6389f34a39bb - tokio[b0ca26e470964a50]::runtime::context::runtime::enter_runtime::<<tokio[b0ca26e470964a50]::runtime::scheduler::current_thread::CurrentThread>::block_on<core[df12db4294e9bfd3]::pin::Pin<&mut dyn core[df12db4294e9bfd3]::future::future::Future<Output = ()>>>::{closure#0}, ()>
[INFO] [stdout]   17:     0x6389f34a65e5 - <tokio[b0ca26e470964a50]::runtime::runtime::Runtime>::block_on::<core[df12db4294e9bfd3]::pin::Pin<&mut dyn core[df12db4294e9bfd3]::future::future::Future<Output = ()>>>
[INFO] [stdout]   18:     0x6389f349e4fb - api_test[4cb2ce1568247c]::test::test_vortex_tournament
[INFO] [stdout]   19:     0x6389f34a2c39 - <api_test[4cb2ce1568247c]::test::test_vortex_tournament::{closure#0} as core[df12db4294e9bfd3]::ops::function::FnOnce<()>>::call_once
[INFO] [stdout]   20:     0x6389f34adf1b - test[9d35eded1c95d3be]::__rust_begin_short_backtrace::<core[df12db4294e9bfd3]::result::Result<(), alloc[2182bb758b4b3781]::string::String>, fn() -> core[df12db4294e9bfd3]::result::Result<(), alloc[2182bb758b4b3781]::string::String>>
[INFO] [stdout]   21:     0x6389f34bb585 - test[9d35eded1c95d3be]::run_test::{closure#0}
[INFO] [stdout]   22:     0x6389f34b4e44 - std[70759c8f55707aa4]::sys::backtrace::__rust_begin_short_backtrace::<test[9d35eded1c95d3be]::run_test::{closure#1}, ()>
[INFO] [stdout]   23:     0x6389f34be6e2 - <std[70759c8f55707aa4]::thread::lifecycle::spawn_unchecked<test[9d35eded1c95d3be]::run_test::{closure#1}, ()>::{closure#1} as core[df12db4294e9bfd3]::ops::function::FnOnce<()>>::call_once::{shim:vtable#0}
[INFO] [stdout]   24:     0x6389f366ddb9 - <std[70759c8f55707aa4]::sys::thread::unix::Thread>::new::thread_start
[INFO] [stdout]   25:     0x70ea7a113dfa - <unknown>
[INFO] [stdout]   26:     0x70ea7a1a73d4 - clone
[INFO] [stdout]   27:                0x0 - <unknown>
[INFO] [stdout] 
[INFO] [stdout] ---- test::test_user_banner stdout ----
[INFO] [stdout] 
[INFO] [stdout] thread 'test::test_user_banner' (557) panicked at tests/api_test.rs:78:9:
[INFO] [stdout] assertion failed: banners.is_ok()
[INFO] [stdout] stack backtrace:
[INFO] [stdout]    0:     0x6389f366e891 - <<std[70759c8f55707aa4]::sys::backtrace::BacktraceLock>::print::DisplayBacktrace as core[df12db4294e9bfd3]::fmt::Display>::fmt
[INFO] [stdout]    1:     0x6389f36846ba - core[df12db4294e9bfd3]::fmt::write
[INFO] [stdout]    2:     0x6389f367344c - <alloc[2182bb758b4b3781]::vec::Vec<u8> as core[df12db4294e9bfd3]::io::write::Write>::write_fmt
[INFO] [stdout]    3:     0x6389f3649b86 - std[70759c8f55707aa4]::panicking::default_hook::{closure#0}
[INFO] [stdout]    4:     0x6389f3666799 - std[70759c8f55707aa4]::panicking::default_hook
[INFO] [stdout]    5:     0x6389f34bac30 - test[9d35eded1c95d3be]::test_main_inner::<test[9d35eded1c95d3be]::test_main_static::{closure#0}>::{closure#0}
[INFO] [stdout]    6:     0x6389f3666ac2 - std[70759c8f55707aa4]::panicking::panic_with_hook
[INFO] [stdout]    7:     0x6389f3649c64 - std[70759c8f55707aa4]::panicking::panic_handler::{closure#0}
[INFO] [stdout]    8:     0x6389f36428d9 - std[70759c8f55707aa4]::sys::backtrace::__rust_end_short_backtrace::<std[70759c8f55707aa4]::panicking::panic_handler::{closure#0}, !>
[INFO] [stdout]    9:     0x6389f364aa1d - __rustc[8fa7c3cbc660c2b3]::rust_begin_unwind
[INFO] [stdout]   10:     0x6389f3684e1c - core[df12db4294e9bfd3]::panicking::panic_fmt
[INFO] [stdout]   11:     0x6389f3684de2 - core[df12db4294e9bfd3]::panicking::panic
[INFO] [stdout]   12:     0x6389f3495e91 - api_test[4cb2ce1568247c]::test::test_user_banner::{closure#0}
[INFO] [stdout]   13:     0x6389f34a1353 - <tokio[b0ca26e470964a50]::runtime::scheduler::current_thread::Context>::enter::<core[df12db4294e9bfd3]::task::poll::Poll<()>, <tokio[b0ca26e470964a50]::runtime::scheduler::current_thread::CoreGuard>::block_on<core[df12db4294e9bfd3]::pin::Pin<&mut core[df12db4294e9bfd3]::pin::Pin<&mut dyn core[df12db4294e9bfd3]::future::future::Future<Output = ()>>>>::{closure#0}::{closure#0}>
[INFO] [stdout]   14:     0x6389f34a9589 - <std[70759c8f55707aa4]::thread::local::LocalKey<tokio[b0ca26e470964a50]::runtime::context::Context>>::with::<tokio[b0ca26e470964a50]::runtime::context::set_scheduler<(alloc[2182bb758b4b3781]::boxed::Box<tokio[b0ca26e470964a50]::runtime::scheduler::current_thread::Core>, core[df12db4294e9bfd3]::option::Option<()>), <tokio[b0ca26e470964a50]::runtime::scheduler::current_thread::CoreGuard>::enter<<tokio[b0ca26e470964a50]::runtime::scheduler::current_thread::CoreGuard>::block_on<core[df12db4294e9bfd3]::pin::Pin<&mut core[df12db4294e9bfd3]::pin::Pin<&mut dyn core[df12db4294e9bfd3]::future::future::Future<Output = ()>>>>::{closure#0}, core[df12db4294e9bfd3]::option::Option<()>>::{closure#0}>::{closure#0}, (alloc[2182bb758b4b3781]::boxed::Box<tokio[b0ca26e470964a50]::runtime::scheduler::current_thread::Core>, core[df12db4294e9bfd3]::option::Option<()>)>
[INFO] [stdout]   15:     0x6389f34a14d7 - <tokio[b0ca26e470964a50]::runtime::scheduler::current_thread::CoreGuard>::block_on::<core[df12db4294e9bfd3]::pin::Pin<&mut core[df12db4294e9bfd3]::pin::Pin<&mut dyn core[df12db4294e9bfd3]::future::future::Future<Output = ()>>>>
[INFO] [stdout]   16:     0x6389f34a39bb - tokio[b0ca26e470964a50]::runtime::context::runtime::enter_runtime::<<tokio[b0ca26e470964a50]::runtime::scheduler::current_thread::CurrentThread>::block_on<core[df12db4294e9bfd3]::pin::Pin<&mut dyn core[df12db4294e9bfd3]::future::future::Future<Output = ()>>>::{closure#0}, ()>
[INFO] [stdout]   17:     0x6389f34a65e5 - <tokio[b0ca26e470964a50]::runtime::runtime::Runtime>::block_on::<core[df12db4294e9bfd3]::pin::Pin<&mut dyn core[df12db4294e9bfd3]::future::future::Future<Output = ()>>>
[INFO] [stdout]   18:     0x6389f349d6fb - api_test[4cb2ce1568247c]::test::test_user_banner
[INFO] [stdout]   19:     0x6389f34a2b19 - <api_test[4cb2ce1568247c]::test::test_user_banner::{closure#0} as core[df12db4294e9bfd3]::ops::function::FnOnce<()>>::call_once
[INFO] [stdout]   20:     0x6389f34adf1b - test[9d35eded1c95d3be]::__rust_begin_short_backtrace::<core[df12db4294e9bfd3]::result::Result<(), alloc[2182bb758b4b3781]::string::String>, fn() -> core[df12db4294e9bfd3]::result::Result<(), alloc[2182bb758b4b3781]::string::String>>
[INFO] [stdout]   21:     0x6389f34bb585 - test[9d35eded1c95d3be]::run_test::{closure#0}
[INFO] [stdout]   22:     0x6389f34b4e44 - std[70759c8f55707aa4]::sys::backtrace::__rust_begin_short_backtrace::<test[9d35eded1c95d3be]::run_test::{closure#1}, ()>
[INFO] [stdout]   23:     0x6389f34be6e2 - <std[70759c8f55707aa4]::thread::lifecycle::spawn_unchecked<test[9d35eded1c95d3be]::run_test::{closure#1}, ()>::{closure#1} as core[df12db4294e9bfd3]::ops::function::FnOnce<()>>::call_once::{shim:vtable#0}
[INFO] [stdout]   24:     0x6389f366ddb9 - <std[70759c8f55707aa4]::sys::thread::unix::Thread>::new::thread_start
[INFO] [stdout]   25:     0x70ea7a113dfa - <unknown>
[INFO] [stdout]   26:     0x70ea7a1a73d4 - clone
[INFO] [stdout]   27:                0x0 - <unknown>
[INFO] [stdout] 
[INFO] [stdout] 
[INFO] [stdout] failures:
[INFO] [stdout]     test::test_active_challenges
[INFO] [stdout]     test::test_app_settings
[INFO] [stdout]     test::test_app_status
[INFO] [stdout]     test::test_current_events
[INFO] [stdout]     test::test_fusion
[INFO] [stdout]     test::test_inventory
[INFO] [stdout]     test::test_item
[INFO] [stdout]     test::test_items
[INFO] [stdout]     test::test_jackpot
[INFO] [stdout]     test::test_packs
[INFO] [stdout]     test::test_post
[INFO] [stdout]     test::test_posts
[INFO] [stdout]     test::test_recycle_config
[INFO] [stdout]     test::test_search_items
[INFO] [stdout]     test::test_shop
[INFO] [stdout]     test::test_user_banner
[INFO] [stdout]     test::test_user_challenges
[INFO] [stdout]     test::test_user_loot
[INFO] [stdout]     test::test_user_profile
[INFO] [stdout]     test::test_vortex_season
[INFO] [stdout]     test::test_vortex_tournament
[INFO] [stdout] 
[INFO] [stdout] test result: FAILED. 0 passed; 21 failed; 0 ignored; 0 measured; 0 filtered out; finished in 0.36s
[INFO] [stdout] 
[INFO] running `Command { std: "docker" "inspect" "109e651cb159dd496a7465f02c7cb339975e8ee812ce80397a52cceaf4c2e19c", kill_on_drop: false }`
[INFO] running `Command { std: "docker" "rm" "-f" "109e651cb159dd496a7465f02c7cb339975e8ee812ce80397a52cceaf4c2e19c", kill_on_drop: false }`
[INFO] [stdout] 109e651cb159dd496a7465f02c7cb339975e8ee812ce80397a52cceaf4c2e19c
