[INFO] fetching crate zune-image 0.5.0...
[INFO] testing zune-image-0.5.0 against 1.99.0-beta.8+cargoflags=--release for beta-release-1.100-2
[INFO] extracting crate zune-image 0.5.0 into /workspace/builds/worker-6-tc1/source
[INFO] started tweaking crates.io crate zune-image 0.5.0
[INFO] removed 0 missing examples
[INFO] finished tweaking crates.io crate zune-image 0.5.0
[INFO] tweaked toml for crates.io crate zune-image 0.5.0 written to /workspace/builds/worker-6-tc1/source/Cargo.toml
[INFO] validating manifest of crates.io crate zune-image 0.5.0 on toolchain 1.99.0-beta.8
[INFO] running `Command { std: CARGO_HOME="/workspace/cargo-home" RUSTUP_HOME="/workspace/rustup-home" "/workspace/cargo-home/bin/cargo" "+1.99.0-beta.8" "metadata" "--manifest-path" "Cargo.toml" "--no-deps", kill_on_drop: false }`
[INFO] crate crates.io crate zune-image 0.5.0 already has a lockfile, it will not be regenerated
[INFO] running `Command { std: CARGO_HOME="/workspace/cargo-home" RUSTUP_HOME="/workspace/rustup-home" "/workspace/cargo-home/bin/cargo" "+1.99.0-beta.8" "fetch" "--manifest-path" "Cargo.toml", kill_on_drop: false }`
[INFO] [stderr]     Updating crates.io index
[INFO] [stderr]  Downloading crates ...
[INFO] [stderr]   Downloaded zune-jpegxl v0.5.2
[INFO] [stderr]   Downloaded zune-qoi v0.5.2
[INFO] [stderr]   Downloaded zune-ppm v0.5.1
[INFO] [stderr]   Downloaded zune-psd v0.5.1
[INFO] [stderr]   Downloaded zune-png v0.5.1
[INFO] [stderr]   Downloaded bytemuck v1.24.0
[INFO] [stderr]   Downloaded zune-bmp v0.5.2
[INFO] [stderr]   Downloaded jxl-vardct v0.11.1
[INFO] [stderr]   Downloaded jxl-oxide-common v1.0.0
[INFO] [stderr]   Downloaded jxl-color v0.11.0
[INFO] [stderr]   Downloaded jpeg-encoder v0.7.0
[INFO] [stderr]   Downloaded jxl-threadpool v1.0.0
[INFO] [stderr]   Downloaded kamadak-exif v0.6.1
[INFO] [stderr]   Downloaded zune-hdr v0.5.2
[INFO] [stderr]   Downloaded mutate_once v0.1.2
[INFO] [stderr]   Downloaded jxl-bitstream v1.1.0
[INFO] [stderr]   Downloaded jxl-modular v0.11.2
[INFO] [stderr]   Downloaded jxl-image v0.13.0
[INFO] [stderr]   Downloaded zune-farbfeld v0.5.2
[INFO] [stderr]   Downloaded jxl-render v0.12.3
[INFO] [stderr]   Downloaded jxl-grid v0.6.1
[INFO] [stderr]   Downloaded jxl-coding v1.0.1
[INFO] [stderr]   Downloaded jxl-frame v0.13.3
[INFO] [stderr]   Downloaded jxl-jbr v0.2.1
[INFO] [stderr]   Downloaded zune-jpeg v0.5.11
[INFO] [stderr]   Downloaded nanorand v0.7.0
[INFO] [stderr]   Downloaded jxl-oxide v0.12.5
[INFO] running `Command { std: "docker" "create" "-v" "/var/lib/crater-agent-workspace/builds/worker-6-tc1/source:/opt/rustwide/workdir:ro,Z" "-v" "/var/lib/crater-agent-workspace/builds/worker-6-tc1/target:/opt/rustwide/target:rw,Z" "-v" "/var/lib/crater-agent-workspace/cargo-home:/opt/rustwide/cargo-home:ro,Z" "-v" "/var/lib/crater-agent-workspace/rustup-home:/opt/rustwide/rustup-home:ro,Z" "-m" "1610612736" "--network" "none" "ghcr.io/rust-lang/crates-build-env/linux@sha256:77db811e55d90add9212f6832c23229e3de5f1c1f9905e8cb07319ea15df73ac" "sleep" "infinity", kill_on_drop: false }`
[INFO] [stdout] c793615d4dcd4ae8449d58e7c58af33c54960bbfc0688d3cdcb6c04e29de5dd9
[INFO] running `Command { std: "docker" "start" "c793615d4dcd4ae8449d58e7c58af33c54960bbfc0688d3cdcb6c04e29de5dd9", kill_on_drop: false }`
[INFO] running `Command { std: "docker" "inspect" "c793615d4dcd4ae8449d58e7c58af33c54960bbfc0688d3cdcb6c04e29de5dd9", kill_on_drop: false }`
[INFO] running `Command { std: "docker" "exec" "-e" "SOURCE_DIR=/opt/rustwide/workdir" "-e" "CARGO_HOME=/opt/rustwide/cargo-home" "-e" "RUSTUP_HOME=/opt/rustwide/rustup-home" "-e" "CARGO_TARGET_DIR=/opt/rustwide/target" "-w" "/opt/rustwide/workdir" "--user" "0:0" "c793615d4dcd4ae8449d58e7c58af33c54960bbfc0688d3cdcb6c04e29de5dd9" "/opt/rustwide/cargo-home/bin/cargo" "+1.99.0-beta.8" "metadata" "--no-deps" "--format-version=1", kill_on_drop: false }`
[INFO] running `Command { std: "docker" "inspect" "c793615d4dcd4ae8449d58e7c58af33c54960bbfc0688d3cdcb6c04e29de5dd9", kill_on_drop: false }`
[INFO] running `Command { std: "docker" "exec" "-e" "SOURCE_DIR=/opt/rustwide/workdir" "-e" "CARGO_HOME=/opt/rustwide/cargo-home" "-e" "RUSTUP_HOME=/opt/rustwide/rustup-home" "-e" "CARGO_TARGET_DIR=/opt/rustwide/target" "-e" "CARGO_INCREMENTAL=0" "-e" "RUST_BACKTRACE=full" "-e" "RUSTFLAGS=--cap-lints=warn" "-e" "RUSTDOCFLAGS=--cap-lints=warn" "-w" "/opt/rustwide/workdir" "--user" "0:0" "c793615d4dcd4ae8449d58e7c58af33c54960bbfc0688d3cdcb6c04e29de5dd9" "/opt/rustwide/cargo-home/bin/cargo" "+1.99.0-beta.8" "build" "--frozen" "--message-format=json" "--release", kill_on_drop: false }`
[INFO] [stderr]    Compiling tracing-core v0.1.35
[INFO] [stderr]    Compiling serde v1.0.228
[INFO] [stderr]    Compiling either v1.15.0
[INFO] [stderr]    Compiling alloc-no-stdlib v2.0.4
[INFO] [stderr]    Compiling bytemuck v1.24.0
[INFO] [stderr]    Compiling quick-error v2.0.1
[INFO] [stderr]    Compiling mutate_once v0.1.2
[INFO] [stderr]    Compiling byteorder-lite v0.1.0
[INFO] [stderr]    Compiling jpeg-encoder v0.7.0
[INFO] [stderr]    Compiling zune-inflate v0.2.54
[INFO] [stderr]    Compiling kamadak-exif v0.6.1
[INFO] [stderr]    Compiling alloc-stdlib v0.2.2
[INFO] [stderr]    Compiling brotli-decompressor v5.0.0
[INFO] [stderr]    Compiling rayon v1.11.0
[INFO] [stderr]    Compiling image-webp v0.2.4
[INFO] [stderr]    Compiling tracing v0.1.43
[INFO] [stderr]    Compiling jxl-bitstream v1.1.0
[INFO] [stderr]    Compiling jxl-grid v0.6.1
[INFO] [stderr]    Compiling zune-core v0.5.1
[INFO] [stderr]    Compiling jxl-oxide-common v1.0.0
[INFO] [stderr]    Compiling jxl-coding v1.0.1
[INFO] [stderr]    Compiling jxl-image v0.13.0
[INFO] [stderr]    Compiling zune-png v0.5.1
[INFO] [stderr]    Compiling zune-bmp v0.5.2
[INFO] [stderr]    Compiling zune-jpegxl v0.5.2
[INFO] [stderr]    Compiling zune-jpeg v0.5.11
[INFO] [stderr]    Compiling zune-hdr v0.5.2
[INFO] [stderr]    Compiling zune-farbfeld v0.5.2
[INFO] [stderr]    Compiling zune-psd v0.5.1
[INFO] [stderr]    Compiling zune-qoi v0.5.2
[INFO] [stderr]    Compiling zune-ppm v0.5.1
[INFO] [stderr]    Compiling jxl-threadpool v1.0.0
[INFO] [stderr]    Compiling jxl-modular v0.11.2
[INFO] [stderr]    Compiling jxl-color v0.11.0
[INFO] [stderr]    Compiling jxl-vardct v0.11.1
[INFO] [stderr]    Compiling jxl-frame v0.13.3
[INFO] [stderr]    Compiling jxl-jbr v0.2.1
[INFO] [stderr]    Compiling jxl-render v0.12.3
[INFO] [stderr]    Compiling jxl-oxide v0.12.5
[INFO] [stderr]    Compiling zune-image v0.5.0 (/opt/rustwide/workdir)
[INFO] [stderr]     Finished `release` profile [optimized] target(s) in 14.88s
[INFO] running `Command { std: "docker" "inspect" "c793615d4dcd4ae8449d58e7c58af33c54960bbfc0688d3cdcb6c04e29de5dd9", kill_on_drop: false }`
[INFO] running `Command { std: "docker" "exec" "-e" "SOURCE_DIR=/opt/rustwide/workdir" "-e" "CARGO_HOME=/opt/rustwide/cargo-home" "-e" "RUSTUP_HOME=/opt/rustwide/rustup-home" "-e" "CARGO_TARGET_DIR=/opt/rustwide/target" "-e" "CARGO_INCREMENTAL=0" "-e" "RUST_BACKTRACE=full" "-e" "RUSTFLAGS=--cap-lints=warn" "-e" "RUSTDOCFLAGS=--cap-lints=warn" "-w" "/opt/rustwide/workdir" "--user" "0:0" "c793615d4dcd4ae8449d58e7c58af33c54960bbfc0688d3cdcb6c04e29de5dd9" "/opt/rustwide/cargo-home/bin/cargo" "+1.99.0-beta.8" "test" "--frozen" "--no-run" "--message-format=json" "--release", kill_on_drop: false }`
[INFO] [stderr]    Compiling num-traits v0.2.19
[INFO] [stderr]    Compiling nanorand v0.7.0
[INFO] [stderr]    Compiling num-complex v0.4.6
[INFO] [stderr]    Compiling zune-image v0.5.0 (/opt/rustwide/workdir)
[INFO] [stderr]     Finished `release` profile [optimized] target(s) in 9.62s
[INFO] running `Command { std: "docker" "inspect" "c793615d4dcd4ae8449d58e7c58af33c54960bbfc0688d3cdcb6c04e29de5dd9", kill_on_drop: false }`
[INFO] running `Command { std: "docker" "exec" "-e" "SOURCE_DIR=/opt/rustwide/workdir" "-e" "CARGO_HOME=/opt/rustwide/cargo-home" "-e" "RUSTUP_HOME=/opt/rustwide/rustup-home" "-e" "CARGO_TARGET_DIR=/opt/rustwide/target" "-e" "CARGO_INCREMENTAL=0" "-e" "RUST_BACKTRACE=full" "-e" "RUSTFLAGS=--cap-lints=warn" "-e" "RUSTDOCFLAGS=--cap-lints=warn" "-w" "/opt/rustwide/workdir" "--user" "0:0" "c793615d4dcd4ae8449d58e7c58af33c54960bbfc0688d3cdcb6c04e29de5dd9" "/opt/rustwide/cargo-home/bin/cargo" "+1.99.0-beta.8" "test" "--frozen" "--release", kill_on_drop: false }`
[INFO] [stderr]     Finished `release` profile [optimized] target(s) in 0.03s
[INFO] [stderr]      Running unittests src/lib.rs (/opt/rustwide/target/release/deps/zune_image-2b74dd3938ffab2a)
[INFO] [stdout] 
[INFO] [stdout] running 29 tests
[INFO] [stdout] test channel::tests::test_correct_interpretation ... ok
[INFO] [stdout] test channel::tests::test_wrong_interpretation ... ok
[INFO] [stdout] test channel::tests::test_clone_works ... ok
[INFO] [stdout] test core_filters::colorspace::rgb_to_hsv::tests::test_round_trip_random ... ok
[INFO] [stdout] test core_filters::colorspace::rgb_to_hsl::tests::test_round_trip_random ... ok
[INFO] [stdout] test codecs::png::tests::test_png_decode_into ... ok
[INFO] [stdout] test core_filters::colorspace::tests::test_cmyk_to_rgb ... ok
[INFO] [stdout] test core_filters::colorspace::tests::test_rgb_to_cmyk ... ok
[INFO] [stdout] test frame::tests::test_color_separation_argb ... ok
[INFO] [stdout] test frame::tests::test_color_separation_rgba ... ok
[INFO] [stdout] test frame::tests::test_conversion_to_native_endian ... ok
[INFO] [stdout] test frame::tests::test_multiband ... ok
[INFO] [stdout] test deinterleave::tests::deinterleave_multiband_u16 ... ok
[INFO] [stdout] test core_filters::colorspace::tests::test_luma_to_other_colors ... ok
[INFO] [stdout] test deinterleave::tests::deinterleave_multiband_extra_pixels - should panic ... ok
[INFO] [stdout] test deinterleave::tests::deinterleave_multiband_zero_array - should panic ... ok
[INFO] [stdout] test deinterleave::tests::deinterleave_multiband_u8 ... ok
[INFO] [stdout] test frame::tests::test_multiband_iteration ... ok
[INFO] [stdout] test deinterleave::tests::deinterleave_multiband_f32 ... ok
[INFO] [stdout] test ops::add ... ok
[INFO] [stdout] test frame::tests::test_color_separation_luma_a ... ok
[INFO] [stdout] test core_filters::colorspace::tests::test_real_time_rgb_to_cmyk ... FAILED
[INFO] [stdout] test core_filters::colorspace::tests::test_rgb_to_other_colors ... ok
[INFO] [stdout] test core_filters::colorspace::tests::test_rgba_to_other_colors ... ok
[INFO] [stdout] test core_filters::colorspace::tests::test_luma_a_to_other_colors ... ok
[INFO] [stdout] test core_filters::colorspace::tests::test_bgr_to_other_colors ... ok
[INFO] [stdout] test core_filters::colorspace::tests::test_bgra_to_other_colors ... ok
[INFO] [stdout] test core_filters::colorspace::tests::test_hsl_to_other_colors ... ok
[INFO] [stdout] test tests::test_fractal ... ok
[INFO] [stdout] 
[INFO] [stdout] failures:
[INFO] [stdout] 
[INFO] [stdout] ---- core_filters::colorspace::tests::test_real_time_rgb_to_cmyk stdout ----
[INFO] [stdout] 
[INFO] [stdout] thread 'core_filters::colorspace::tests::test_real_time_rgb_to_cmyk' (1025) panicked at src/core_filters/colorspace/tests.rs:39:44:
[INFO] [stdout] called `Result::unwrap()` on an `Err` value: Os { code: 2, kind: NotFound, message: "No such file or directory" }
[INFO] [stdout] stack backtrace:
[INFO] [stdout]    0:     0x62880ae44431 - <<std[70759c8f55707aa4]::sys::backtrace::BacktraceLock>::print::DisplayBacktrace as core[df12db4294e9bfd3]::fmt::Display>::fmt
[INFO] [stdout]    1:     0x62880ae5ab0a - core[df12db4294e9bfd3]::fmt::write
[INFO] [stdout]    2:     0x62880ae48abc - <alloc[2182bb758b4b3781]::vec::Vec<u8> as core[df12db4294e9bfd3]::io::write::Write>::write_fmt
[INFO] [stdout]    3:     0x62880ae20096 - std[70759c8f55707aa4]::panicking::default_hook::{closure#0}
[INFO] [stdout]    4:     0x62880ae3c4c9 - std[70759c8f55707aa4]::panicking::default_hook
[INFO] [stdout]    5:     0x62880abcb140 - test[9d35eded1c95d3be]::test_main_inner::<test[9d35eded1c95d3be]::test_main_static::{closure#0}>::{closure#0}
[INFO] [stdout]    6:     0x62880ae3c7f2 - std[70759c8f55707aa4]::panicking::panic_with_hook
[INFO] [stdout]    7:     0x62880ae20142 - std[70759c8f55707aa4]::panicking::panic_handler::{closure#0}
[INFO] [stdout]    8:     0x62880ae18d09 - std[70759c8f55707aa4]::sys::backtrace::__rust_end_short_backtrace::<std[70759c8f55707aa4]::panicking::panic_handler::{closure#0}, !>
[INFO] [stdout]    9:     0x62880ae20d3d - __rustc[8fa7c3cbc660c2b3]::rust_begin_unwind
[INFO] [stdout]   10:     0x62880ae5b26c - core[df12db4294e9bfd3]::panicking::panic_fmt
[INFO] [stdout]   11:     0x62880ae5b042 - core[df12db4294e9bfd3]::result::unwrap_failed
[INFO] [stdout]   12:     0x62880ab93c17 - zune_image[94f90b02ad136383]::core_filters::colorspace::tests::test_real_time_rgb_to_cmyk
[INFO] [stdout]   13:     0x62880abbc2e9 - <zune_image[94f90b02ad136383]::core_filters::colorspace::tests::test_real_time_rgb_to_cmyk::{closure#0} as core[df12db4294e9bfd3]::ops::function::FnOnce<()>>::call_once
[INFO] [stdout]   14:     0x62880abbe42b - test[9d35eded1c95d3be]::__rust_begin_short_backtrace::<core[df12db4294e9bfd3]::result::Result<(), alloc[2182bb758b4b3781]::string::String>, fn() -> core[df12db4294e9bfd3]::result::Result<(), alloc[2182bb758b4b3781]::string::String>>
[INFO] [stdout]   15:     0x62880abcba95 - test[9d35eded1c95d3be]::run_test::{closure#0}
[INFO] [stdout]   16:     0x62880abc5354 - std[70759c8f55707aa4]::sys::backtrace::__rust_begin_short_backtrace::<test[9d35eded1c95d3be]::run_test::{closure#1}, ()>
[INFO] [stdout]   17:     0x62880abcebf2 - <std[70759c8f55707aa4]::thread::lifecycle::spawn_unchecked<test[9d35eded1c95d3be]::run_test::{closure#1}, ()>::{closure#1} as core[df12db4294e9bfd3]::ops::function::FnOnce<()>>::call_once::{shim:vtable#0}
[INFO] [stdout]   18:     0x62880ae439a9 - <std[70759c8f55707aa4]::sys::thread::unix::Thread>::new::thread_start
[INFO] [stdout]   19:     0x730d07e5bdfa - <unknown>
[INFO] [stdout]   20:     0x730d07eef3d4 - clone
[INFO] [stdout]   21:                0x0 - <unknown>
[INFO] [stdout] 
[INFO] [stdout] 
[INFO] [stdout] failures:
[INFO] [stdout]     core_filters::colorspace::tests::test_real_time_rgb_to_cmyk
[INFO] [stdout] 
[INFO] [stdout] test result: FAILED. 28 passed; 1 failed; 0 ignored; 0 measured; 0 filtered out; finished in 0.08s
[INFO] [stdout] 
[INFO] [stderr] error: test failed, to rerun pass `--lib`
[INFO] running `Command { std: "docker" "inspect" "c793615d4dcd4ae8449d58e7c58af33c54960bbfc0688d3cdcb6c04e29de5dd9", kill_on_drop: false }`
[INFO] running `Command { std: "docker" "rm" "-f" "c793615d4dcd4ae8449d58e7c58af33c54960bbfc0688d3cdcb6c04e29de5dd9", kill_on_drop: false }`
[INFO] [stdout] c793615d4dcd4ae8449d58e7c58af33c54960bbfc0688d3cdcb6c04e29de5dd9
